CRAN Package Check Results for Package pscl

Last updated on 2015-03-01 12:47:45.

Flavor Version Tinstall Tcheck Ttotal Status Flags
r-devel-linux-x86_64-debian-clang 1.4.8 3.39 78.73 82.12 OK
r-devel-linux-x86_64-debian-gcc 1.4.8 3.44 78.73 82.17 OK
r-devel-linux-x86_64-fedora-clang 1.4.8 158.69 OK
r-devel-linux-x86_64-fedora-gcc 1.4.8 151.38 OK
r-devel-osx-x86_64-clang 1.4.8 131.20 OK
r-devel-windows-ix86+x86_64 1.4.8 33.00 142.00 175.00 OK
r-patched-linux-x86_64 1.4.8 3.56 85.79 89.35 OK
r-patched-solaris-sparc 1.4.8 876.40 OK
r-patched-solaris-x86 1.4.8 224.40 OK
r-release-linux-ix86 1.4.8 5.33 108.15 113.48 OK
r-release-linux-x86_64 1.4.8 3.41 89.83 93.24 OK
r-release-osx-x86_64-mavericks 1.4.8 NOTE
r-release-osx-x86_64-snowleopard 1.4.8 OK
r-release-windows-ix86+x86_64 1.4.8 27.00 149.00 176.00 OK
r-oldrel-windows-ix86+x86_64 1.4.8 28.00 171.00 199.00 OK

Check Details

Version: 1.4.8
Check: re-building of vignette outputs
Result: NOTE
    Error in re-building vignettes:
     ...
    Error in texi2dvi(file = file, pdf = TRUE, clean = clean, quiet = quiet, :
     Running 'texi2dvi' on 'countreg.tex' failed.
    LaTeX errors:
    ! Undefined control sequence.
    l.16 <c4><eb>g^^Z<88><d7><cf>4^^P<af><9f>i <de>^^Q^^RB^^H!<8e>ޗR<aa><eb>B<a1><80>1RJ\<e0>
     o<b5>Z
    The control sequence at the end of the top line
    of your error message was never \def'ed. If you have
    ! LaTeX Error: Missing \begin{document}.
    
    See the LaTeX manual or LaTeX Companion for explanation.
    Type H <return> for immediate help.
     ...
    ! Undefined control sequence.
    l.18 \K
     ?<d3><f0><e7><9f>^^?~<fa><d1><d8><e5>R<ca>J<a5><b2><b3><b3><b3><b8><b8><b8><b8><b8><c8>9^^?<f8><f0><a1>m۷n<dd>::<9e>s^<ad>V766^^J
    The control sequence at the end of the top line
    of your error message was never \def'ed. If you have
    ! Missing $ inserted.
    <inserted text>
     $
    l.18 ...<f0><e7><9f>^^?~<fa><d1><d8><e5>R<ca>J<a5><b2><b3><b3><b3><b8><b8><b8><b8><b8><c8>9^^?<f8><f0><a1>m۷n<dd>::<9e>s^
    
    Calls: buildVignettes -> texi2pdf -> texi2dvi
    Execution halted
Flavor: r-release-osx-x86_64-mavericks