CRAN Package Check Results for Package pscl

Last updated on 2014-04-21 01:48:09.

Flavor Version Tinstall Tcheck Ttotal Status Flags
r-devel-linux-x86_64-debian-clang 1.04.4 3.92 144.04 147.96 NOTE
r-devel-linux-x86_64-debian-gcc 1.04.4 3.96 137.27 141.23 NOTE
r-devel-linux-x86_64-fedora-clang 1.04.4 289.68 NOTE
r-devel-linux-x86_64-fedora-gcc 1.04.4 279.89 NOTE
r-devel-macosx-x86_64-clang 1.04.4 205.73 NOTE
r-devel-macosx-x86_64-gcc 1.04.4 NOTE
r-devel-windows-ix86+x86_64 1.04.4 27.00 331.00 358.00 NOTE
r-patched-linux-x86_64 1.04.4 3.92 136.58 140.50 NOTE
r-patched-solaris-sparc 1.04.4 1925.20 NOTE
r-patched-solaris-x86 1.04.4 354.60 NOTE
r-release-linux-ix86 NOTE
r-release-linux-x86_64 1.04.4 4.06 136.68 140.74 NOTE
r-release-windows-ix86+x86_64 1.04.4 32.00 332.00 364.00 NOTE
r-oldrel-windows-ix86+x86_64 1.04.4 26.00 375.00 401.00 NOTE

Memtest notes: valgrind

Check Details

Version: 1.04.4
Check: DESCRIPTION meta-information
Result: NOTE
    Packages listed in more than one of Depends, Imports, Suggests, Enhances:
     ‘stats’ ‘MASS’
    A package should be listed in only one of these fields.
Flavors: r-devel-linux-x86_64-debian-clang, r-devel-linux-x86_64-debian-gcc, r-devel-linux-x86_64-fedora-clang, r-devel-linux-x86_64-fedora-gcc, r-devel-macosx-x86_64-clang, r-devel-macosx-x86_64-gcc, r-devel-windows-ix86+x86_64, r-patched-linux-x86_64, r-patched-solaris-sparc, r-patched-solaris-x86, r-release-linux-ix86, r-release-linux-x86_64, r-release-windows-ix86+x86_64, r-oldrel-windows-ix86+x86_64

Version: 1.04.4
Check: dependencies in R code
Result: NOTE
    'library' or 'require' calls to packages already attached by Depends:
     ‘MASS’ ‘stats’
     Please remove these calls from your code.
    Namespace in Imports field not imported from: ‘lattice’
     All declared Imports should be used.
    Packages in Depends field not imported from:
     ‘coda’ ‘gam’ ‘mvtnorm’ ‘vcd’
     These packages need to be imported from (in the NAMESPACE file)
     for when this namespace is loaded but not attached.
    See the information on DESCRIPTION files in the chapter ‘Creating R
    packages’ of the ‘Writing R Extensions’ manual.
Flavors: r-devel-linux-x86_64-debian-clang, r-devel-linux-x86_64-debian-gcc, r-devel-linux-x86_64-fedora-clang, r-devel-linux-x86_64-fedora-gcc, r-devel-macosx-x86_64-clang, r-devel-macosx-x86_64-gcc, r-devel-windows-ix86+x86_64, r-patched-linux-x86_64, r-patched-solaris-sparc, r-patched-solaris-x86, r-release-linux-ix86, r-release-linux-x86_64, r-release-windows-ix86+x86_64, r-oldrel-windows-ix86+x86_64

Version: 1.04.4
Check: R code for possible problems
Result: NOTE
    Found the following calls to data() loading into the global environment:
    File ‘pscl/R/readKH.r’:
     data(partycodes)
     data(state.info)
    See section ‘Good practice’ in ‘?data’.
Flavors: r-devel-linux-x86_64-debian-clang, r-devel-linux-x86_64-debian-gcc, r-devel-linux-x86_64-fedora-clang, r-devel-macosx-x86_64-clang, r-patched-linux-x86_64, r-release-linux-ix86, r-release-linux-x86_64

Version: 1.04.4
Check: for old-style vignette sources
Result: NOTE
    Vignette sources only in ‘inst/doc’:
     ‘countreg.Rnw’
    A ‘vignettes’ directory is required as from R 3.1.0
    and these will not be indexed nor checked
Flavors: r-devel-linux-x86_64-debian-clang, r-devel-linux-x86_64-debian-gcc, r-devel-linux-x86_64-fedora-clang, r-devel-linux-x86_64-fedora-gcc, r-devel-macosx-x86_64-clang, r-devel-macosx-x86_64-gcc, r-patched-linux-x86_64, r-patched-solaris-sparc, r-patched-solaris-x86, r-release-linux-ix86, r-release-linux-x86_64

Version: 1.04.4
Check: top-level files
Result: NOTE
    Non-standard file/directory found at top level:
     ‘COPYRIGHTS’
    Copyright information should be in file inst/COPYRIGHTS
Flavors: r-devel-linux-x86_64-fedora-clang, r-devel-linux-x86_64-fedora-gcc

Version: 1.04.4
Check: package dependencies
Result: NOTE
    Packages suggested but not available for checking:
     ‘car’ ‘lmtest’ ‘sandwich’ ‘zoo’
Flavor: r-devel-macosx-x86_64-gcc

Version: 1.04.4
Check: Rd cross-references
Result: NOTE
    Package unavailable to check Rd xrefs: ‘car’
Flavor: r-devel-macosx-x86_64-gcc

Version: 1.04.4
Check: for old-style vignette sources
Result: NOTE
    Vignette sources only in 'inst/doc':
     'countreg.Rnw'
    A 'vignettes' directory is required as from R 3.1.0
    and these will not be indexed nor checked
    * checking examples ...
Flavors: r-devel-windows-ix86+x86_64, r-release-windows-ix86+x86_64

Version: 1.04.4
Check: for old-style vignette sources
Result: NOTE
    Vignette sources only in 'inst/doc':
     'countreg.Rnw'
    A 'vignettes' directory will be required as from R 3.1.0
    * checking examples ...
Flavor: r-oldrel-windows-ix86+x86_64