CRAN Package Check Results for Package pscl

Last updated on 2015-05-24 10:47:06.

Flavor Version Tinstall Tcheck Ttotal Status Flags
r-devel-linux-x86_64-debian-clang 1.4.9 3.29 71.55 74.84 OK
r-devel-linux-x86_64-debian-gcc 1.4.9 3.29 70.77 74.06 OK
r-devel-linux-x86_64-fedora-clang 1.4.9 149.18 OK
r-devel-linux-x86_64-fedora-gcc 1.4.9 143.53 OK
r-devel-osx-x86_64-clang 1.4.9 120.69 OK
r-devel-windows-ix86+x86_64 1.4.9 32.00 137.00 169.00 OK
r-patched-linux-x86_64 1.4.9 3.36 70.84 74.19 OK
r-patched-solaris-sparc 1.4.9 890.80 OK
r-patched-solaris-x86 1.4.9 177.30 OK
r-release-linux-x86_64 1.4.9 3.52 73.06 76.58 OK
r-release-osx-x86_64-mavericks 1.4.9 NOTE
r-release-osx-x86_64-snowleopard 1.4.9 ERROR
r-release-windows-ix86+x86_64 1.4.9 26.00 128.00 154.00 OK
r-oldrel-windows-ix86+x86_64 1.4.9 26.00 138.00 164.00 OK

Check Details

Version: 1.4.9
Check: re-building of vignette outputs
Result: NOTE
    Error in re-building vignettes:
     ...
    Error in texi2dvi(file = file, pdf = TRUE, clean = clean, quiet = quiet, :
     Running 'texi2dvi' on 'countreg.tex' failed.
    LaTeX errors:
    ! Undefined control sequence.
    l.16 <c4><eb>g^^Z<88><d7><cf>4^^P<af><9f>i <de>^^Q^^RB^^H!<8e>ޗR<aa><eb>B<a1><80>1RJ\<e0>
     o<b5>Z
    The control sequence at the end of the top line
    of your error message was never \def'ed. If you have
    ! LaTeX Error: Missing \begin{document}.
    
    See the LaTeX manual or LaTeX Companion for explanation.
    Type H <return> for immediate help.
     ...
    ! Undefined control sequence.
    l.18 \K
     ?<d3><f0><e7><9f>^^?~<fa><d1><d8><e5>R<ca>J<a5><b2><b3><b3><b3><b8><b8><b8><b8><b8><c8>9^^?<f8><f0><a1>m۷n<dd>::<9e>s^<ad>V766^^J
    The control sequence at the end of the top line
    of your error message was never \def'ed. If you have
    ! Missing $ inserted.
    <inserted text>
     $
    l.18 ...<f0><e7><9f>^^?~<fa><d1><d8><e5>R<ca>J<a5><b2><b3><b3><b3><b8><b8><b8><b8><b8><c8>9^^?<f8><f0><a1>m۷n<dd>::<9e>s^
    
    Calls: buildVignettes -> texi2pdf -> texi2dvi
    Execution halted
Flavor: r-release-osx-x86_64-mavericks

Version: 1.4.9
Check: package dependencies
Result: NOTE
    Packages suggested but not available for checking:
     ‘car’ ‘lmtest’ ‘sandwich’ ‘zoo’
Flavor: r-release-osx-x86_64-snowleopard

Version: 1.4.9
Check: Rd cross-references
Result: NOTE
    Package unavailable to check Rd xrefs: ‘car’
Flavor: r-release-osx-x86_64-snowleopard

Version: 1.4.9
Check: examples
Result: ERROR
    Running examples in ‘pscl-Ex.R’ failed
    The error most likely occurred in:
    
    > ### Name: hurdletest
    > ### Title: Testing for the Presence of a Zero Hurdle
    > ### Aliases: hurdletest
    > ### Keywords: regression
    >
    > ### ** Examples
    >
    > data("bioChemists", package = "pscl")
    > fm <- hurdle(art ~ ., data = bioChemists, dist = "negbin", zero = "negbin")
    > hurdletest(fm)
    Loading required namespace: car
    Failed with error: ‘there is no package called ‘car’’
    Error: requireNamespace("car") is not TRUE
    Execution halted
Flavor: r-release-osx-x86_64-snowleopard

Version: 1.4.9
Check: running R code from vignettes
Result: WARN
    Errors in running code in vignettes:
    when running code in ‘countreg.Rnw’
     ...
    
    > library("sandwich")
    
     When sourcing ‘countreg.R’:
    Error: there is no package called ‘sandwich’
    Execution halted
Flavor: r-release-osx-x86_64-snowleopard

Version: 1.4.9
Check: re-building of vignette outputs
Result: NOTE
    Error in re-building vignettes:
     ...
    
    Error: processing vignette 'countreg.Rnw' failed with diagnostics:
     chunk 1 (label = preliminaries)
    Error in library("sandwich") : there is no package called ‘sandwich’
    Execution halted
Flavor: r-release-osx-x86_64-snowleopard