CRAN Package Check Results for Package pscl

Last updated on 2015-01-27 16:48:32.

Flavor Version Tinstall Tcheck Ttotal Status Flags
r-devel-linux-x86_64-debian-clang 1.4.8 3.42 83.10 86.52 OK
r-devel-linux-x86_64-debian-gcc 1.4.8 3.36 74.30 77.66 OK
r-devel-linux-x86_64-fedora-clang 1.4.8 124.11 OK
r-devel-linux-x86_64-fedora-gcc 1.4.8 109.11 OK
r-devel-osx-x86_64-clang 1.4.8 131.33 OK
r-devel-windows-ix86+x86_64 1.4.8 24.00 144.00 168.00 OK
r-patched-linux-x86_64 1.4.8 3.54 78.12 81.66 OK
r-patched-solaris-sparc 1.4.8 876.40 OK
r-patched-solaris-x86 1.4.8 166.00 OK
r-release-linux-ix86 1.4.6 4.61 128.42 133.03 OK
r-release-linux-x86_64 1.4.8 3.62 81.60 85.22 OK
r-release-osx-x86_64-mavericks 1.4.8 NOTE
r-release-osx-x86_64-snowleopard 1.4.8 OK
r-release-windows-ix86+x86_64 1.4.8 26.00 154.00 180.00 OK
r-oldrel-windows-ix86+x86_64 1.4.8 38.00 150.00 188.00 OK

Check Details

Version: 1.4.8
Check: re-building of vignette outputs
Result: NOTE
    Error in re-building vignettes:
     ...
    Error in texi2dvi(file = file, pdf = TRUE, clean = clean, quiet = quiet, :
     Running 'texi2dvi' on 'countreg.tex' failed.
    LaTeX errors:
    ! Undefined control sequence.
    l.16 <c4><eb>g^^Z<88><d7><cf>4^^P<af><9f>i <de>^^Q^^RB^^H!<8e>ޗR<aa><eb>B<a1><80>1RJ\<e0>
     o<b5>Z
    The control sequence at the end of the top line
    of your error message was never \def'ed. If you have
    ! LaTeX Error: Missing \begin{document}.
    
    See the LaTeX manual or LaTeX Companion for explanation.
    Type H <return> for immediate help.
     ...
    ! Undefined control sequence.
    l.18 \K
     ?<d3><f0><e7><9f>^^?~<fa><d1><d8><e5>R<ca>J<a5><b2><b3><b3><b3><b8><b8><b8><b8><b8><c8>9^^?<f8><f0><a1>m۷n<dd>::<9e>s^<ad>V766^^J
    The control sequence at the end of the top line
    of your error message was never \def'ed. If you have
    ! Missing $ inserted.
    <inserted text>
     $
    l.18 ...<f0><e7><9f>^^?~<fa><d1><d8><e5>R<ca>J<a5><b2><b3><b3><b3><b8><b8><b8><b8><b8><c8>9^^?<f8><f0><a1>m۷n<dd>::<9e>s^
    
    Calls: buildVignettes -> texi2pdf -> texi2dvi
    Execution halted
Flavor: r-release-osx-x86_64-mavericks