CRAN Package Check Results for Package pscl

Last updated on 2017-11-24 09:48:07 CET.

Flavor Version Tinstall Tcheck Ttotal Status Flags
r-devel-linux-x86_64-debian-clang 1.5.2 4.25 107.55 111.80 OK
r-devel-linux-x86_64-debian-gcc 1.5.2 4.39 136.53 140.92 OK
r-devel-linux-x86_64-fedora-clang 1.5.2 129.63 OK
r-devel-linux-x86_64-fedora-gcc 1.5.2 126.33 OK
r-devel-windows-ix86+x86_64 1.5.2 28.00 191.00 219.00 OK
r-patched-linux-x86_64 1.5.2 4.46 161.38 165.84 OK
r-patched-solaris-x86 1.5.2 167.80 OK
r-release-linux-x86_64 1.5.2 5.20 155.32 160.52 OK
r-release-windows-ix86+x86_64 1.5.2 26.00 139.00 165.00 OK
r-release-osx-x86_64 1.5.2 OK
r-oldrel-windows-ix86+x86_64 1.5.2 26.00 150.00 176.00 OK
r-oldrel-osx-x86_64 1.5.2 NOTE

Check Details

Version: 1.5.2
Check: re-building of vignette outputs
Result: NOTE
    Error in re-building vignettes:
     ...
    Error in texi2dvi(file = file, pdf = TRUE, clean = clean, quiet = quiet, :
     Running 'texi2dvi' on 'countreg.tex' failed.
    LaTeX errors:
    ! Undefined control sequence.
    l.16 <c4><eb>g^^Z<88><d7><cf>4^^P<af><9f>i <de>^^Q^^RB^^H!<8e>ޗR<aa><eb>B<a1><80>1RJ\<e0>
     o<b5>Z
    The control sequence at the end of the top line
    of your error message was never \def'ed. If you have
    ! LaTeX Error: Missing \begin{document}.
    
    See the LaTeX manual or LaTeX Companion for explanation.
    Type H <return> for immediate help.
     ...
    ! Undefined control sequence.
    l.18 \K
     ?<d3><f0><e7><9f>^^?~<fa><d1><d8><e5>R<ca>J<a5><b2><b3><b3><b3><b8><b8><b8><b8><b8><c8>9^^?<f8><f0><a1>m۷n<dd>::<9e>s^<ad>V766^^J
    The control sequence at the end of the top line
    of your error message was never \def'ed. If you have
    ! Missing $ inserted.
    <inserted text>
     $
    l.18 ...<f0><e7><9f>^^?~<fa><d1><d8><e5>R<ca>J<a5><b2><b3><b3><b3><b8><b8><b8><b8><b8><c8>9^^?<f8><f0><a1>m۷n<dd>::<9e>s^
    
    Calls: buildVignettes -> texi2pdf -> texi2dvi
    Execution halted
Flavor: r-oldrel-osx-x86_64