CRAN Package Check Results for Package pscl

Last updated on 2015-04-21 06:47:35.

Flavor Version Tinstall Tcheck Ttotal Status Flags
r-devel-linux-x86_64-debian-clang 1.4.9 3.36 73.82 77.18 OK
r-devel-linux-x86_64-debian-gcc 1.4.9 3.86 71.88 75.74 OK
r-devel-linux-x86_64-fedora-clang 1.4.9 150.94 OK
r-devel-linux-x86_64-fedora-gcc 1.4.9 145.57 OK
r-devel-osx-x86_64-clang 1.4.9 121.01 OK
r-devel-windows-ix86+x86_64 1.4.8 36.00 191.00 227.00 OK
r-patched-linux-x86_64 1.4.9 3.37 78.38 81.76 OK
r-patched-solaris-sparc 1.4.9 800.00 OK
r-patched-solaris-x86 1.4.9 179.70 OK
r-release-linux-x86_64 1.4.9 3.99 70.41 74.40 OK
r-release-osx-x86_64-mavericks 1.4.9 ERROR
r-release-osx-x86_64-snowleopard 1.4.9 ERROR
r-release-windows-ix86+x86_64 1.4.9 18.00 130.00 148.00 OK
r-oldrel-windows-ix86+x86_64 1.4.9 20.00 135.00 155.00 OK

Check Details

Version: 1.4.9
Check: package dependencies
Result: NOTE
    Package suggested but not available for checking: ‘car’
Flavor: r-release-osx-x86_64-mavericks

Version: 1.4.9
Check: Rd cross-references
Result: NOTE
    Package unavailable to check Rd xrefs: ‘car’
Flavors: r-release-osx-x86_64-mavericks, r-release-osx-x86_64-snowleopard

Version: 1.4.9
Check: examples
Result: ERROR
    Running examples in ‘pscl-Ex.R’ failed
    The error most likely occurred in:
    
    > ### Name: hurdletest
    > ### Title: Testing for the Presence of a Zero Hurdle
    > ### Aliases: hurdletest
    > ### Keywords: regression
    >
    > ### ** Examples
    >
    > data("bioChemists", package = "pscl")
    > fm <- hurdle(art ~ ., data = bioChemists, dist = "negbin", zero = "negbin")
    > hurdletest(fm)
    Loading required namespace: car
    Failed with error: ‘there is no package called ‘car’’
    Error: requireNamespace("car") is not TRUE
    Execution halted
Flavors: r-release-osx-x86_64-mavericks, r-release-osx-x86_64-snowleopard

Version: 1.4.9
Check: running R code from vignettes
Result: WARN
    Errors in running code in vignettes:
    when running code in ‘countreg.Rnw’
     ...
     as.Date, as.Date.numeric
    
    
    > library("MASS")
    
    > library("car")
    
     When sourcing ‘countreg.R’:
    Error: there is no package called ‘car’
    Execution halted
Flavor: r-release-osx-x86_64-mavericks

Version: 1.4.9
Check: re-building of vignette outputs
Result: NOTE
    Error in re-building vignettes:
     ...
    Loading required package: zoo
    
    Attaching package: ‘zoo’
    
    The following objects are masked from ‘package:base’:
    
     as.Date, as.Date.numeric
    
    
    Error: processing vignette 'countreg.Rnw' failed with diagnostics:
     chunk 1 (label = preliminaries)
    Error in library("car") : there is no package called ‘car’
    Execution halted
Flavor: r-release-osx-x86_64-mavericks

Version: 1.4.9
Check: package dependencies
Result: NOTE
    Packages suggested but not available for checking:
     ‘car’ ‘lmtest’ ‘sandwich’ ‘zoo’
Flavor: r-release-osx-x86_64-snowleopard

Version: 1.4.9
Check: running R code from vignettes
Result: WARN
    Errors in running code in vignettes:
    when running code in ‘countreg.Rnw’
     ...
    
    > library("sandwich")
    
     When sourcing ‘countreg.R’:
    Error: there is no package called ‘sandwich’
    Execution halted
Flavor: r-release-osx-x86_64-snowleopard

Version: 1.4.9
Check: re-building of vignette outputs
Result: NOTE
    Error in re-building vignettes:
     ...
    
    Error: processing vignette 'countreg.Rnw' failed with diagnostics:
     chunk 1 (label = preliminaries)
    Error in library("sandwich") : there is no package called ‘sandwich’
    Execution halted
Flavor: r-release-osx-x86_64-snowleopard