CRAN Package Check Results for Package pscl

Last updated on 2014-08-23 08:51:40.

Flavor Version Tinstall Tcheck Ttotal Status Flags
r-devel-linux-x86_64-debian-clang 1.04.4 3.68 134.25 137.94 NOTE
r-devel-linux-x86_64-debian-gcc 1.04.4 3.89 128.24 132.13 NOTE
r-devel-linux-x86_64-fedora-clang 1.04.4 279.55 NOTE
r-devel-linux-x86_64-fedora-gcc 1.04.4 271.26 NOTE
r-devel-osx-x86_64-clang 1.04.4 198.24 NOTE
r-devel-windows-ix86+x86_64 1.04.4 25.00 330.00 355.00 NOTE
r-patched-linux-x86_64 1.04.4 4.08 136.54 140.62 NOTE
r-patched-solaris-sparc 1.04.4 1978.60 NOTE
r-patched-solaris-x86 1.04.4 360.10 NOTE
r-release-linux-ix86 1.04.4 5.28 185.68 190.96 NOTE
r-release-linux-x86_64 1.04.4 3.98 133.81 137.79 NOTE
r-release-osx-x86_64-mavericks 1.04.4 WARN
r-release-windows-ix86+x86_64 1.04.4 26.00 345.00 371.00 NOTE
r-oldrel-windows-ix86+x86_64 1.04.4 28.00 376.00 404.00 NOTE

Memtest notes: valgrind

Check Details

Version: 1.04.4
Check: DESCRIPTION meta-information
Result: NOTE
    Packages listed in more than one of Depends, Imports, Suggests, Enhances:
     ‘stats’ ‘MASS’
    A package should be listed in only one of these fields.
Flavors: r-devel-linux-x86_64-debian-clang, r-devel-linux-x86_64-debian-gcc, r-devel-linux-x86_64-fedora-clang, r-devel-linux-x86_64-fedora-gcc, r-devel-osx-x86_64-clang, r-devel-windows-ix86+x86_64, r-patched-linux-x86_64, r-patched-solaris-sparc, r-patched-solaris-x86, r-release-linux-ix86, r-release-linux-x86_64, r-release-osx-x86_64-mavericks, r-release-windows-ix86+x86_64, r-oldrel-windows-ix86+x86_64

Version: 1.04.4
Check: dependencies in R code
Result: NOTE
    'library' or 'require' calls to packages already attached by Depends:
     ‘MASS’ ‘stats’
     Please remove these calls from your code.
    Namespace in Imports field not imported from: ‘lattice’
     All declared Imports should be used.
    Packages in Depends field not imported from:
     ‘coda’ ‘gam’ ‘mvtnorm’ ‘vcd’
     These packages need to be imported from (in the NAMESPACE file)
     for when this namespace is loaded but not attached.
    See the information on DESCRIPTION files in the chapter ‘Creating R
    packages’ of the ‘Writing R Extensions’ manual.
Flavors: r-devel-linux-x86_64-debian-clang, r-devel-linux-x86_64-debian-gcc, r-devel-linux-x86_64-fedora-clang, r-devel-linux-x86_64-fedora-gcc, r-devel-osx-x86_64-clang, r-devel-windows-ix86+x86_64, r-patched-linux-x86_64, r-patched-solaris-sparc, r-patched-solaris-x86, r-release-linux-ix86, r-release-linux-x86_64, r-release-osx-x86_64-mavericks, r-release-windows-ix86+x86_64, r-oldrel-windows-ix86+x86_64

Version: 1.04.4
Check: R code for possible problems
Result: NOTE
    readKH : partyfunc: no visible binding for global variable ‘partycodes’
    readKH : statename: no visible binding for global variable ‘state.info’
    zeroinfl: no visible global function definition for ‘negative.binomial’
    
    Found the following calls to data() loading into the global environment:
    File ‘pscl/R/readKH.r’:
     data(partycodes)
     data(state.info)
    See section ‘Good practice’ in ‘?data’.
Flavors: r-devel-linux-x86_64-debian-clang, r-devel-linux-x86_64-debian-gcc, r-devel-linux-x86_64-fedora-clang, r-devel-osx-x86_64-clang

Version: 1.04.4
Check: for old-style vignette sources
Result: NOTE
    Vignette sources only in ‘inst/doc’:
     ‘countreg.Rnw’
    A ‘vignettes’ directory is required as from R 3.1.0
    and these will not be indexed nor checked
Flavors: r-devel-linux-x86_64-debian-clang, r-devel-linux-x86_64-debian-gcc, r-devel-linux-x86_64-fedora-clang, r-devel-linux-x86_64-fedora-gcc, r-devel-osx-x86_64-clang, r-devel-windows-ix86+x86_64, r-patched-linux-x86_64, r-patched-solaris-sparc, r-patched-solaris-x86, r-release-linux-ix86, r-release-linux-x86_64, r-release-osx-x86_64-mavericks, r-release-windows-ix86+x86_64

Version: 1.04.4
Check: top-level files
Result: NOTE
    Non-standard file/directory found at top level:
     ‘COPYRIGHTS’
    Copyright information should be in file inst/COPYRIGHTS
Flavors: r-devel-linux-x86_64-fedora-clang, r-devel-linux-x86_64-fedora-gcc

Version: 1.04.4
Check: R code for possible problems
Result: NOTE
    readKH : partyfunc: no visible binding for global variable ‘partycodes’
    readKH : statename: no visible binding for global variable ‘state.info’
    zeroinfl: no visible global function definition for ‘negative.binomial’
Flavor: r-devel-linux-x86_64-fedora-gcc

Version: 1.04.4
Check: R code for possible problems
Result: NOTE
    Found the following calls to data() loading into the global environment:
    File ‘pscl/R/readKH.r’:
     data(partycodes)
     data(state.info)
    See section ‘Good practice’ in ‘?data’.
Flavors: r-patched-linux-x86_64, r-release-linux-ix86, r-release-linux-x86_64

Version: 1.04.4
Check: package dependencies
Result: NOTE
    Package suggested but not available for checking: ‘MCMCpack’
Flavor: r-release-osx-x86_64-mavericks

Version: 1.04.4
Check: R code for possible problems
Result: NOTE
    Error in library.dynam(lib, package, package.lib) :
     shared object ‘MCMCpack.so’ not found
Flavor: r-release-osx-x86_64-mavericks

Version: 1.04.4
Check: Rd cross-references
Result: WARN
    package ‘MCMCpack’ exists but was not installed under R >= 2.10.0 so xrefs cannot be checked
Flavor: r-release-osx-x86_64-mavericks

Version: 1.04.4
Check: for old-style vignette sources
Result: NOTE
    Vignette sources only in 'inst/doc':
     'countreg.Rnw'
    A 'vignettes' directory will be required as from R 3.1.0
Flavor: r-oldrel-windows-ix86+x86_64