CRAN Package Check Results for Package pscl

Last updated on 2014-07-22 10:47:23.

Flavor Version Tinstall Tcheck Ttotal Status Flags
r-devel-linux-x86_64-debian-clang 1.04.4 3.93 137.30 141.23 NOTE
r-devel-linux-x86_64-debian-gcc 1.04.4 3.94 130.78 134.72 NOTE
r-devel-linux-x86_64-fedora-clang 1.04.4 299.11 NOTE
r-devel-linux-x86_64-fedora-gcc 1.04.4 277.46 NOTE
r-devel-osx-x86_64-clang 1.04.4 203.01 NOTE
r-devel-windows-ix86+x86_64 1.04.4 24.00 344.00 368.00 NOTE
r-patched-linux-x86_64 1.04.4 4.01 132.80 136.81 NOTE
r-patched-solaris-sparc 1.04.4 1925.20 NOTE
r-patched-solaris-x86 1.04.4 358.30 NOTE
r-release-linux-ix86 1.04.4 5.30 185.55 190.85 NOTE
r-release-linux-x86_64 1.04.4 4.14 131.93 136.08 NOTE
r-release-osx-x86_64-mavericks 1.04.4 WARN
r-release-windows-ix86+x86_64 1.04.4 26.00 337.00 363.00 NOTE
r-oldrel-windows-ix86+x86_64 1.04.4 28.00 368.00 396.00 NOTE

Memtest notes: valgrind

Check Details

Version: 1.04.4
Check: DESCRIPTION meta-information
Result: NOTE
    Packages listed in more than one of Depends, Imports, Suggests, Enhances:
     ‘stats’ ‘MASS’
    A package should be listed in only one of these fields.
Flavors: r-devel-linux-x86_64-debian-clang, r-devel-linux-x86_64-debian-gcc, r-devel-linux-x86_64-fedora-clang, r-devel-linux-x86_64-fedora-gcc, r-devel-osx-x86_64-clang, r-devel-windows-ix86+x86_64, r-patched-linux-x86_64, r-patched-solaris-sparc, r-patched-solaris-x86, r-release-linux-ix86, r-release-linux-x86_64, r-release-osx-x86_64-mavericks, r-release-windows-ix86+x86_64, r-oldrel-windows-ix86+x86_64

Version: 1.04.4
Check: dependencies in R code
Result: NOTE
    'library' or 'require' calls to packages already attached by Depends:
     ‘MASS’ ‘stats’
     Please remove these calls from your code.
    Namespace in Imports field not imported from: ‘lattice’
     All declared Imports should be used.
    Packages in Depends field not imported from:
     ‘coda’ ‘gam’ ‘mvtnorm’ ‘vcd’
     These packages need to be imported from (in the NAMESPACE file)
     for when this namespace is loaded but not attached.
    See the information on DESCRIPTION files in the chapter ‘Creating R
    packages’ of the ‘Writing R Extensions’ manual.
Flavors: r-devel-linux-x86_64-debian-clang, r-devel-linux-x86_64-debian-gcc, r-devel-linux-x86_64-fedora-clang, r-devel-linux-x86_64-fedora-gcc, r-devel-osx-x86_64-clang, r-devel-windows-ix86+x86_64, r-patched-linux-x86_64, r-patched-solaris-sparc, r-patched-solaris-x86, r-release-linux-ix86, r-release-linux-x86_64, r-release-osx-x86_64-mavericks, r-release-windows-ix86+x86_64, r-oldrel-windows-ix86+x86_64

Version: 1.04.4
Check: R code for possible problems
Result: NOTE
    Found the following calls to data() loading into the global environment:
    File ‘pscl/R/readKH.r’:
     data(partycodes)
     data(state.info)
    See section ‘Good practice’ in ‘?data’.
Flavors: r-devel-linux-x86_64-debian-clang, r-devel-linux-x86_64-debian-gcc, r-devel-linux-x86_64-fedora-clang, r-devel-osx-x86_64-clang, r-patched-linux-x86_64, r-release-linux-ix86, r-release-linux-x86_64

Version: 1.04.4
Check: for old-style vignette sources
Result: NOTE
    Vignette sources only in ‘inst/doc’:
     ‘countreg.Rnw’
    A ‘vignettes’ directory is required as from R 3.1.0
    and these will not be indexed nor checked
Flavors: r-devel-linux-x86_64-debian-clang, r-devel-linux-x86_64-debian-gcc, r-devel-linux-x86_64-fedora-clang, r-devel-linux-x86_64-fedora-gcc, r-devel-osx-x86_64-clang, r-patched-linux-x86_64, r-patched-solaris-sparc, r-patched-solaris-x86, r-release-linux-ix86, r-release-linux-x86_64, r-release-osx-x86_64-mavericks

Version: 1.04.4
Check: top-level files
Result: NOTE
    Non-standard file/directory found at top level:
     ‘COPYRIGHTS’
    Copyright information should be in file inst/COPYRIGHTS
Flavors: r-devel-linux-x86_64-fedora-clang, r-devel-linux-x86_64-fedora-gcc

Version: 1.04.4
Check: for old-style vignette sources
Result: NOTE
    Vignette sources only in 'inst/doc':
     'countreg.Rnw'
    A 'vignettes' directory is required as from R 3.1.0
    and these will not be indexed nor checked
    * checking examples ...
Flavors: r-devel-windows-ix86+x86_64, r-release-windows-ix86+x86_64

Version: 1.04.4
Check: package dependencies
Result: NOTE
    Package suggested but not available for checking: ‘MCMCpack’
Flavor: r-release-osx-x86_64-mavericks

Version: 1.04.4
Check: R code for possible problems
Result: NOTE
    Error in library.dynam(lib, package, package.lib) :
     shared object ‘MCMCpack.so’ not found
Flavor: r-release-osx-x86_64-mavericks

Version: 1.04.4
Check: Rd cross-references
Result: WARNING
    package ‘MCMCpack’ exists but was not installed under R >= 2.10.0 so xrefs cannot be checked
Flavor: r-release-osx-x86_64-mavericks

Version: 1.04.4
Check: for old-style vignette sources
Result: NOTE
    Vignette sources only in 'inst/doc':
     'countreg.Rnw'
    A 'vignettes' directory will be required as from R 3.1.0
    * checking examples ...
Flavor: r-oldrel-windows-ix86+x86_64