CRAN Package Check Results for Package psd

Last updated on 2015-01-27 01:48:11.

Flavor Version Tinstall Tcheck Ttotal Status Flags
r-devel-linux-x86_64-debian-clang 0.4-1 1.53 40.98 42.51 OK
r-devel-linux-x86_64-debian-gcc 0.4-1 1.40 40.46 41.86 OK
r-devel-linux-x86_64-fedora-clang 0.4-1 94.08 OK
r-devel-linux-x86_64-fedora-gcc 0.4-1 91.92 OK
r-devel-osx-x86_64-clang 0.4-1 102.29 OK
r-devel-windows-ix86+x86_64 0.4-1 7.00 100.00 107.00 OK
r-patched-linux-x86_64 0.4-1 1.65 46.63 48.28 OK
r-patched-solaris-sparc 0.4-1 544.70 OK
r-patched-solaris-x86 0.4-1 119.40 OK
r-release-linux-ix86 0.4-1 2.26 57.45 59.70 OK
r-release-linux-x86_64 0.4-1 1.60 45.58 47.18 OK
r-release-osx-x86_64-mavericks 0.4-1 ERROR
r-release-osx-x86_64-snowleopard 0.4-1 OK
r-release-windows-ix86+x86_64 0.4-1 12.00 122.00 134.00 OK
r-oldrel-windows-ix86+x86_64 0.4-1 14.00 126.00 140.00 OK

Check Details

Version: 0.4-1
Check: package dependencies
Result: ERROR
    Package required but not available: ‘fftw’
    
    See the information on DESCRIPTION files in the chapter ‘Creating R
    packages’ of the ‘Writing R Extensions’ manual.
Flavor: r-release-osx-x86_64-mavericks