CRAN Package Check Results for Package psd

Last updated on 2014-11-26 13:47:12.

Flavor Version Tinstall Tcheck Ttotal Status Flags
r-devel-linux-x86_64-debian-clang 0.4-1 1.62 45.33 46.95 OK
r-devel-linux-x86_64-debian-gcc 0.4-1 1.56 43.84 45.40 OK
r-devel-linux-x86_64-fedora-clang 0.4-1 91.85 OK
r-devel-linux-x86_64-fedora-gcc 0.4-1 92.65 OK
r-devel-osx-x86_64-clang 0.4-1 101.09 OK
r-devel-windows-ix86+x86_64 0.4-1 9.00 108.00 117.00 OK
r-patched-linux-x86_64 0.4-1 1.74 45.48 47.22 OK
r-patched-solaris-sparc 0.4-1 539.60 OK
r-patched-solaris-x86 0.4-1 117.40 OK
r-release-linux-ix86 0.4-1 2.24 56.98 59.22 OK
r-release-linux-x86_64 0.4-1 1.60 45.13 46.72 OK
r-release-osx-x86_64-mavericks 0.4-1 ERROR
r-release-osx-x86_64-snowleopard 0.4-1 OK
r-release-windows-ix86+x86_64 0.4-1 8.00 116.00 124.00 OK
r-oldrel-windows-ix86+x86_64 0.4-1 6.00 118.00 124.00 OK

Check Details

Version: 0.4-1
Check: package dependencies
Result: ERROR
    Package required but not available: ‘fftw’
    
    See the information on DESCRIPTION files in the chapter ‘Creating R
    packages’ of the ‘Writing R Extensions’ manual.
Flavor: r-release-osx-x86_64-mavericks