CRAN Package Check Results for Package psd

Last updated on 2017-11-24 22:51:30 CET.

Flavor Version Tinstall Tcheck Ttotal Status Flags
r-devel-linux-x86_64-debian-clang 1.0-1 22.50 124.02 146.52 NOTE
r-devel-linux-x86_64-debian-gcc 1.0-1 21.30 110.70 132.00 NOTE
r-devel-linux-x86_64-fedora-clang 1.0-1 118.96 NOTE
r-devel-linux-x86_64-fedora-gcc 1.0-1 116.20 NOTE
r-devel-windows-ix86+x86_64 1.0-1 58.00 200.00 258.00 NOTE
r-patched-linux-x86_64 1.0-1 24.59 125.59 150.19 NOTE
r-patched-solaris-x86 1.0-1 138.70 NOTE
r-release-linux-x86_64 1.0-1 25.14 123.89 149.02 NOTE
r-release-windows-ix86+x86_64 1.0-1 57.00 201.00 258.00 NOTE
r-release-osx-x86_64 1.0-1 NOTE
r-oldrel-windows-ix86+x86_64 1.0-1 53.00 216.00 269.00 NOTE
r-oldrel-osx-x86_64 1.0-1 NOTE

Check Details

Version: 1.0-1
Check: R code for possible problems
Result: NOTE
    ctap_loess.default: no visible global function definition for
     ‘loess.control’
    lines.spec: no visible global function definition for ‘plot’
    pgram_compare.amt: no visible global function definition for ‘as.ts’
    pgram_compare.amt: no visible global function definition for
     ‘frequency’
    pgram_compare.amt: no visible global function definition for
     ‘spec.pgram’
    pgram_compare.amt: no visible global function definition for ‘par’
    pgram_compare.amt: no visible global function definition for ‘layout’
    pgram_compare.amt: no visible global function definition for ‘plot’
    pgram_compare.amt: no visible global function definition for ‘lines’
    pgram_compare.amt: no visible global function definition for ‘legend’
    pgram_compare.amt: no visible global function definition for ‘mtext’
    pgram_compare.amt: no visible global function definition for ‘acf’
    pgram_compare.amt: no visible global function definition for ‘title’
    pilot_spec.default: no visible global function definition for ‘var’
    pilot_spec.default: no visible global function definition for ‘par’
    pilot_spec.default: no visible global function definition for ‘mtext’
    pilot_spec.default: no visible global function definition for ‘legend’
    pilot_spec.ts: no visible global function definition for ‘is.ts’
    pilot_spec.ts: no visible global function definition for ‘frequency’
    prewhiten.default: no visible global function definition for ‘ts’
    prewhiten.ts: no visible global function definition for ‘is.ts’
    prewhiten.ts: no visible global function definition for ‘frequency’
    prewhiten.ts: no visible global function definition for ‘start’
    prewhiten.ts : NAFUN: no visible global function definition for ‘is.ts’
    prewhiten.ts : NAFUN: no visible global function definition for ‘as.ts’
    prewhiten.ts: no visible global function definition for ‘lm’
    prewhiten.ts: no visible global function definition for ‘residuals’
    prewhiten.ts: no visible global function definition for ‘par’
    prewhiten.ts : PANELFUN: no visible global function definition for
     ‘lines’
    prewhiten.ts : PANELFUN: no visible global function definition for
     ‘abline’
    prewhiten.ts: no visible global function definition for ‘mtext’
    print.tapers: no visible global function definition for ‘head’
    print.tapers: no visible global function definition for ‘tail’
    psdcore.default: no visible global function definition for ‘is.ts’
    psdcore.default: no visible global function definition for ‘ts’
    pspectrum.ts: no visible global function definition for ‘frequency’
    spec_confint.default: no visible global function definition for
     ‘pchisq’
    spec_confint.default: no visible global function definition for
     ‘qchisq’
    splineGrad.default: no visible global function definition for ‘par’
    splineGrad.default: no visible global function definition for ‘plot’
    splineGrad.default: no visible global function definition for ‘lines’
    Undefined global functions or variables:
     abline acf as.ts frequency head is.ts layout legend lines lm
     loess.control mtext par pchisq plot qchisq residuals spec.pgram start
     tail title ts var
    Consider adding
     importFrom("graphics", "abline", "layout", "legend", "lines", "mtext",
     "par", "plot", "title")
     importFrom("stats", "acf", "as.ts", "frequency", "is.ts", "lm",
     "loess.control", "pchisq", "qchisq", "residuals",
     "spec.pgram", "start", "ts", "var")
     importFrom("utils", "head", "tail")
    to your NAMESPACE file.
Flavors: r-devel-linux-x86_64-debian-clang, r-devel-linux-x86_64-debian-gcc, r-devel-linux-x86_64-fedora-clang, r-devel-linux-x86_64-fedora-gcc, r-devel-windows-ix86+x86_64, r-patched-linux-x86_64, r-patched-solaris-x86, r-release-linux-x86_64, r-release-windows-ix86+x86_64, r-release-osx-x86_64, r-oldrel-windows-ix86+x86_64, r-oldrel-osx-x86_64

Version: 1.0-1
Check: compiled code
Result: NOTE
    File ‘psd/libs/psd.so’:
     Found no calls to: ‘R_registerRoutines’, ‘R_useDynamicSymbols’
    
    It is good practice to register native routines and to disable symbol
    search.
    
    See ‘Writing portable packages’ in the ‘Writing R Extensions’ manual.
Flavors: r-devel-linux-x86_64-debian-clang, r-devel-linux-x86_64-debian-gcc, r-devel-linux-x86_64-fedora-clang, r-devel-linux-x86_64-fedora-gcc, r-patched-linux-x86_64, r-release-linux-x86_64

Version: 1.0-1
Check: package dependencies
Result: NOTE
    Package suggested but not available for checking: ‘fftw’
Flavor: r-release-osx-x86_64