CRAN Package Check Results for Package psd

Last updated on 2016-05-26 06:47:19.

Flavor Version Tinstall Tcheck Ttotal Status Flags
r-devel-linux-x86_64-debian-gcc 1.0-1 19.36 37.22 56.58 NOTE
r-devel-linux-x86_64-fedora-clang 1.0-1 95.01 NOTE
r-devel-linux-x86_64-fedora-gcc 1.0-1 88.95 NOTE
r-devel-osx-x86_64-clang 1.0-1 100.20 NOTE
r-devel-windows-ix86+x86_64 1.0-1 41.00 206.00 247.00 NOTE
r-patched-linux-x86_64 1.0-1 13.17 36.30 49.48 NOTE
r-patched-solaris-sparc 1.0-1 522.40 NOTE
r-patched-solaris-x86 1.0-1 113.10 NOTE
r-release-linux-x86_64 1.0-1 13.44 36.71 50.15 NOTE
r-release-osx-x86_64-mavericks 1.0-1 NOTE
r-release-windows-ix86+x86_64 1.0-1 71.00 182.00 253.00 NOTE
r-oldrel-windows-ix86+x86_64 1.0-1 49.00 176.00 225.00 OK

Check Details

Version: 1.0-1
Check: R code for possible problems
Result: NOTE
    ctap_loess.default: no visible global function definition for
     ‘loess.control’
    lines.spec: no visible global function definition for ‘plot’
    pgram_compare.amt: no visible global function definition for ‘as.ts’
    pgram_compare.amt: no visible global function definition for
     ‘frequency’
    pgram_compare.amt: no visible global function definition for
     ‘spec.pgram’
    pgram_compare.amt: no visible global function definition for ‘par’
    pgram_compare.amt: no visible global function definition for ‘layout’
    pgram_compare.amt: no visible global function definition for ‘plot’
    pgram_compare.amt: no visible global function definition for ‘lines’
    pgram_compare.amt: no visible global function definition for ‘legend’
    pgram_compare.amt: no visible global function definition for ‘mtext’
    pgram_compare.amt: no visible global function definition for ‘acf’
    pgram_compare.amt: no visible global function definition for ‘title’
    pilot_spec.default: no visible global function definition for ‘var’
    pilot_spec.default: no visible global function definition for ‘par’
    pilot_spec.default: no visible global function definition for ‘mtext’
    pilot_spec.default: no visible global function definition for ‘legend’
    pilot_spec.ts: no visible global function definition for ‘is.ts’
    pilot_spec.ts: no visible global function definition for ‘frequency’
    prewhiten.default: no visible global function definition for ‘ts’
    prewhiten.ts: no visible global function definition for ‘is.ts’
    prewhiten.ts: no visible global function definition for ‘frequency’
    prewhiten.ts: no visible global function definition for ‘start’
    prewhiten.ts : NAFUN: no visible global function definition for ‘is.ts’
    prewhiten.ts : NAFUN: no visible global function definition for ‘as.ts’
    prewhiten.ts: no visible global function definition for ‘lm’
    prewhiten.ts: no visible global function definition for ‘residuals’
    prewhiten.ts: no visible global function definition for ‘par’
    prewhiten.ts : PANELFUN: no visible global function definition for
     ‘lines’
    prewhiten.ts : PANELFUN: no visible global function definition for
     ‘abline’
    prewhiten.ts: no visible global function definition for ‘mtext’
    print.tapers: no visible global function definition for ‘head’
    print.tapers: no visible global function definition for ‘tail’
    psdcore.default: no visible global function definition for ‘is.ts’
    psdcore.default: no visible global function definition for ‘ts’
    pspectrum.ts: no visible global function definition for ‘frequency’
    spec_confint.default: no visible global function definition for
     ‘pchisq’
    spec_confint.default: no visible global function definition for
     ‘qchisq’
    splineGrad.default: no visible global function definition for ‘par’
    splineGrad.default: no visible global function definition for ‘plot’
    splineGrad.default: no visible global function definition for ‘lines’
    Undefined global functions or variables:
     abline acf as.ts frequency head is.ts layout legend lines lm
     loess.control mtext par pchisq plot qchisq residuals spec.pgram start
     tail title ts var
    Consider adding
     importFrom("graphics", "abline", "layout", "legend", "lines", "mtext",
     "par", "plot", "title")
     importFrom("stats", "acf", "as.ts", "frequency", "is.ts", "lm",
     "loess.control", "pchisq", "qchisq", "residuals",
     "spec.pgram", "start", "ts", "var")
     importFrom("utils", "head", "tail")
    to your NAMESPACE file.
Flavors: r-devel-linux-x86_64-debian-gcc, r-devel-linux-x86_64-fedora-clang, r-devel-linux-x86_64-fedora-gcc, r-devel-osx-x86_64-clang, r-devel-windows-ix86+x86_64, r-patched-linux-x86_64, r-patched-solaris-sparc, r-patched-solaris-x86, r-release-linux-x86_64, r-release-osx-x86_64-mavericks, r-release-windows-ix86+x86_64