CRAN Package Check Results for Package psd

Last updated on 2015-03-01 00:49:46.

Flavor Version Tinstall Tcheck Ttotal Status Flags
r-devel-linux-x86_64-debian-clang 0.4-1 1.64 41.75 43.39 OK
r-devel-linux-x86_64-debian-gcc 0.4-1 1.36 39.08 40.45 OK
r-devel-linux-x86_64-fedora-clang 0.4-1 79.46 OK
r-devel-linux-x86_64-fedora-gcc 0.4-1 76.90 OK
r-devel-osx-x86_64-clang 0.4-1 94.43 OK
r-devel-windows-ix86+x86_64 0.4-1 11.00 99.00 110.00 OK
r-patched-linux-x86_64 0.4-1 1.62 45.47 47.10 OK
r-patched-solaris-sparc 0.4-1 544.70 OK
r-patched-solaris-x86 0.4-1 120.50 OK
r-release-linux-ix86 0.4-1 2.26 62.95 65.21 OK
r-release-linux-x86_64 0.4-1 1.66 45.25 46.92 OK
r-release-osx-x86_64-mavericks 0.4-1 ERROR
r-release-osx-x86_64-snowleopard 0.4-1 OK
r-release-windows-ix86+x86_64 0.4-1 9.00 114.00 123.00 OK
r-oldrel-windows-ix86+x86_64 0.4-1 8.00 125.00 133.00 OK

Check Details

Version: 0.4-1
Check: package dependencies
Result: ERROR
    Package required but not available: ‘fftw’
    
    See section ‘The DESCRIPTION file’ in the ‘Writing R Extensions’
    manual.
Flavor: r-release-osx-x86_64-mavericks