CRAN Package Check Results for Package psd

Last updated on 2014-09-16 23:47:44.

Flavor Version Tinstall Tcheck Ttotal Status Flags
r-devel-linux-x86_64-debian-clang 0.4-1 1.64 44.46 46.10 OK
r-devel-linux-x86_64-debian-gcc 0.4-1 1.47 43.31 44.78 OK
r-devel-linux-x86_64-fedora-clang 0.4-1 87.65 OK
r-devel-linux-x86_64-fedora-gcc 0.4-1 85.88 OK
r-devel-osx-x86_64-clang 0.4-1 96.02 OK
r-devel-windows-ix86+x86_64 0.4-1 8.00 106.00 114.00 OK
r-patched-linux-x86_64 0.4-1 1.85 43.66 45.51 OK
r-patched-solaris-sparc 0.4-1 539.60 OK
r-patched-solaris-x86 0.4-1 115.60 OK
r-release-linux-ix86 0.4-1 2.27 60.52 62.78 OK
r-release-linux-x86_64 0.4-1 1.68 46.22 47.90 OK
r-release-osx-x86_64-mavericks 0.4-1 ERROR
r-release-osx-x86_64-snowleopard 0.4-1 OK
r-release-windows-ix86+x86_64 0.4-1 7.00 115.00 122.00 OK
r-oldrel-windows-ix86+x86_64 0.4-1 8.00 122.00 130.00 OK

Check Details

Version: 0.4-1
Check: package dependencies
Result: ERROR
    Package required but not available: ‘fftw’
    
    See the information on DESCRIPTION files in the chapter ‘Creating R
    packages’ of the ‘Writing R Extensions’ manual.
Flavor: r-release-osx-x86_64-mavericks