CRAN Package Check Results for Package psd

Last updated on 2015-07-05 22:47:40.

Flavor Version Tinstall Tcheck Ttotal Status Flags
r-devel-linux-x86_64-debian-clang 1.0-1 12.66 36.56 49.22 NOTE
r-devel-linux-x86_64-debian-gcc 1.0-1 13.46 34.50 47.96 NOTE
r-devel-linux-x86_64-fedora-clang 1.0-1 96.98 NOTE
r-devel-linux-x86_64-fedora-gcc 1.0-1 91.82 NOTE
r-devel-osx-x86_64-clang 1.0-1 84.83 OK
r-devel-windows-ix86+x86_64 1.0-1 58.00 108.00 166.00 NOTE
r-patched-linux-x86_64 1.0-1 13.62 36.04 49.66 OK
r-patched-solaris-sparc 1.0-1 582.20 OK
r-patched-solaris-x86 1.0-1 120.60 OK
r-release-linux-x86_64 1.0-1 13.79 34.85 48.64 OK
r-release-osx-x86_64-mavericks 1.0-1 NOTE
r-release-windows-ix86+x86_64 1.0-1 58.00 98.00 156.00 OK
r-oldrel-windows-ix86+x86_64 1.0-1 62.00 116.00 178.00 OK

Check Details

Version: 1.0-1
Check: R code for possible problems
Result: NOTE
    ctap_loess.default: no visible global function definition for
     ‘loess.control’
    lines.spec: no visible global function definition for ‘plot’
    pgram_compare.amt: no visible global function definition for ‘as.ts’
    pgram_compare.amt: no visible global function definition for
     ‘frequency’
    pgram_compare.amt: no visible global function definition for
     ‘spec.pgram’
    pgram_compare.amt: no visible global function definition for ‘par’
    pgram_compare.amt: no visible global function definition for ‘layout’
    pgram_compare.amt: no visible global function definition for ‘plot’
    pgram_compare.amt: no visible global function definition for ‘lines’
    pgram_compare.amt: no visible global function definition for ‘legend’
    pgram_compare.amt: no visible global function definition for ‘mtext’
    pgram_compare.amt: no visible global function definition for ‘acf’
    pgram_compare.amt: no visible global function definition for ‘title’
    pilot_spec.default: no visible global function definition for ‘var’
    pilot_spec.default: no visible global function definition for ‘par’
    pilot_spec.default: no visible global function definition for ‘mtext’
    pilot_spec.default: no visible global function definition for ‘legend’
    pilot_spec.ts: no visible global function definition for ‘is.ts’
    pilot_spec.ts: no visible global function definition for ‘frequency’
    prewhiten.default: no visible global function definition for ‘ts’
    prewhiten.ts: no visible global function definition for ‘is.ts’
    prewhiten.ts: no visible global function definition for ‘frequency’
    prewhiten.ts: no visible global function definition for ‘start’
    prewhiten.ts : NAFUN: no visible global function definition for ‘is.ts’
    prewhiten.ts : NAFUN: no visible global function definition for ‘as.ts’
    prewhiten.ts: no visible global function definition for ‘lm’
    prewhiten.ts: no visible global function definition for ‘residuals’
    prewhiten.ts: no visible global function definition for ‘par’
    prewhiten.ts : PANELFUN: no visible global function definition for
     ‘lines’
    prewhiten.ts : PANELFUN: no visible global function definition for
     ‘abline’
    prewhiten.ts: no visible global function definition for ‘mtext’
    print.tapers: no visible global function definition for ‘head’
    print.tapers: no visible global function definition for ‘tail’
    psdcore.default: no visible global function definition for ‘is.ts’
    psdcore.default: no visible global function definition for ‘ts’
    pspectrum.ts: no visible global function definition for ‘frequency’
    spec_confint.default: no visible global function definition for
     ‘pchisq’
    spec_confint.default: no visible global function definition for
     ‘qchisq’
    splineGrad.default: no visible global function definition for ‘par’
    splineGrad.default: no visible global function definition for ‘plot’
    splineGrad.default: no visible global function definition for ‘lines’
    Undefined global functions or variables:
     abline acf as.ts frequency head is.ts layout legend lines lm
     loess.control mtext par pchisq plot qchisq residuals spec.pgram start
     tail title ts var
Flavors: r-devel-linux-x86_64-debian-clang, r-devel-linux-x86_64-debian-gcc, r-devel-linux-x86_64-fedora-clang, r-devel-linux-x86_64-fedora-gcc, r-devel-windows-ix86+x86_64

Version: 1.0-1
Check: package dependencies
Result: NOTE
    Package suggested but not available for checking: ‘fftw’
Flavor: r-release-osx-x86_64-mavericks