CRAN Package Check Results for Package psd

Last updated on 2014-07-22 08:47:14.

Flavor Version Tinstall Tcheck Ttotal Status Flags
r-devel-linux-x86_64-debian-clang 0.4-1 1.55 42.86 44.42 OK
r-devel-linux-x86_64-debian-gcc 0.4-1 1.76 42.27 44.03 OK
r-devel-linux-x86_64-fedora-clang 0.4-1 94.32 OK
r-devel-linux-x86_64-fedora-gcc 0.4-1 92.37 OK
r-devel-osx-x86_64-clang 0.4-1 98.68 OK
r-devel-windows-ix86+x86_64 0.4-1 7.00 107.00 114.00 OK
r-patched-linux-x86_64 0.4-1 1.57 43.01 44.58 OK
r-patched-solaris-sparc 0.4-1 492.00 OK
r-patched-solaris-x86 0.4-1 123.40 OK
r-release-linux-ix86 0.4-1 2.28 59.52 61.80 OK
r-release-linux-x86_64 0.4-1 1.67 42.93 44.60 OK
r-release-osx-x86_64-mavericks 0.4-1 ERROR
r-release-osx-x86_64-snowleopard 0.4-1 OK
r-release-windows-ix86+x86_64 0.4-1 7.00 116.00 123.00 OK
r-oldrel-windows-ix86+x86_64 0.4-1 8.00 115.00 123.00 OK

Check Details

Version: 0.4-1
Check: package dependencies
Result: ERROR
    Package required but not available: ‘fftw’
    
    See the information on DESCRIPTION files in the chapter ‘Creating R
    packages’ of the ‘Writing R Extensions’ manual.
Flavor: r-release-osx-x86_64-mavericks