CRAN Package Check Results for Package psd

Last updated on 2018-02-23 14:49:39 CET.

Flavor Version Tinstall Tcheck Ttotal Status Flags
r-devel-linux-x86_64-debian-clang 1.0-1 24.52 60.13 84.65 NOTE
r-devel-linux-x86_64-debian-gcc 1.0-1 20.37 47.18 67.55 NOTE
r-devel-linux-x86_64-fedora-clang 1.0-1 117.52 NOTE
r-devel-linux-x86_64-fedora-gcc 1.0-1 110.06 NOTE
r-devel-windows-ix86+x86_64 1.0-1 85.00 262.00 347.00 NOTE
r-patched-linux-x86_64 1.0-1 26.32 69.92 96.24 NOTE
r-patched-solaris-x86 1.0-1 138.60 NOTE
r-release-linux-x86_64 1.0-1 24.33 70.55 94.88 NOTE
r-release-windows-ix86+x86_64 1.0-1 55.00 121.00 176.00 WARN
r-release-osx-x86_64 1.0-1 NOTE
r-oldrel-windows-ix86+x86_64 1.0-1 57.00 213.00 270.00 NOTE
r-oldrel-osx-x86_64 1.0-1 NOTE

Check Details

Version: 1.0-1
Check: R code for possible problems
Result: NOTE
    ctap_loess.default: no visible global function definition for
     ‘loess.control’
    lines.spec: no visible global function definition for ‘plot’
    pgram_compare.amt: no visible global function definition for ‘as.ts’
    pgram_compare.amt: no visible global function definition for
     ‘frequency’
    pgram_compare.amt: no visible global function definition for
     ‘spec.pgram’
    pgram_compare.amt: no visible global function definition for ‘par’
    pgram_compare.amt: no visible global function definition for ‘layout’
    pgram_compare.amt: no visible global function definition for ‘plot’
    pgram_compare.amt: no visible global function definition for ‘lines’
    pgram_compare.amt: no visible global function definition for ‘legend’
    pgram_compare.amt: no visible global function definition for ‘mtext’
    pgram_compare.amt: no visible global function definition for ‘acf’
    pgram_compare.amt: no visible global function definition for ‘title’
    pilot_spec.default: no visible global function definition for ‘var’
    pilot_spec.default: no visible global function definition for ‘par’
    pilot_spec.default: no visible global function definition for ‘mtext’
    pilot_spec.default: no visible global function definition for ‘legend’
    pilot_spec.ts: no visible global function definition for ‘is.ts’
    pilot_spec.ts: no visible global function definition for ‘frequency’
    prewhiten.default: no visible global function definition for ‘ts’
    prewhiten.ts: no visible global function definition for ‘is.ts’
    prewhiten.ts: no visible global function definition for ‘frequency’
    prewhiten.ts: no visible global function definition for ‘start’
    prewhiten.ts : NAFUN: no visible global function definition for ‘is.ts’
    prewhiten.ts : NAFUN: no visible global function definition for ‘as.ts’
    prewhiten.ts: no visible global function definition for ‘lm’
    prewhiten.ts: no visible global function definition for ‘residuals’
    prewhiten.ts: no visible global function definition for ‘par’
    prewhiten.ts : PANELFUN: no visible global function definition for
     ‘lines’
    prewhiten.ts : PANELFUN: no visible global function definition for
     ‘abline’
    prewhiten.ts: no visible global function definition for ‘mtext’
    print.tapers: no visible global function definition for ‘head’
    print.tapers: no visible global function definition for ‘tail’
    psdcore.default: no visible global function definition for ‘is.ts’
    psdcore.default: no visible global function definition for ‘ts’
    pspectrum.ts: no visible global function definition for ‘frequency’
    spec_confint.default: no visible global function definition for
     ‘pchisq’
    spec_confint.default: no visible global function definition for
     ‘qchisq’
    splineGrad.default: no visible global function definition for ‘par’
    splineGrad.default: no visible global function definition for ‘plot’
    splineGrad.default: no visible global function definition for ‘lines’
    Undefined global functions or variables:
     abline acf as.ts frequency head is.ts layout legend lines lm
     loess.control mtext par pchisq plot qchisq residuals spec.pgram start
     tail title ts var
    Consider adding
     importFrom("graphics", "abline", "layout", "legend", "lines", "mtext",
     "par", "plot", "title")
     importFrom("stats", "acf", "as.ts", "frequency", "is.ts", "lm",
     "loess.control", "pchisq", "qchisq", "residuals",
     "spec.pgram", "start", "ts", "var")
     importFrom("utils", "head", "tail")
    to your NAMESPACE file.
Flavors: r-devel-linux-x86_64-debian-clang, r-devel-linux-x86_64-debian-gcc, r-devel-linux-x86_64-fedora-clang, r-devel-linux-x86_64-fedora-gcc, r-devel-windows-ix86+x86_64, r-patched-linux-x86_64, r-patched-solaris-x86, r-release-linux-x86_64, r-release-windows-ix86+x86_64, r-release-osx-x86_64, r-oldrel-windows-ix86+x86_64, r-oldrel-osx-x86_64

Version: 1.0-1
Check: compiled code
Result: NOTE
    File ‘psd/libs/psd.so’:
     Found no calls to: ‘R_registerRoutines’, ‘R_useDynamicSymbols’
    
    It is good practice to register native routines and to disable symbol
    search.
    
    See ‘Writing portable packages’ in the ‘Writing R Extensions’ manual.
Flavors: r-devel-linux-x86_64-debian-clang, r-devel-linux-x86_64-debian-gcc, r-devel-linux-x86_64-fedora-clang, r-devel-linux-x86_64-fedora-gcc, r-patched-linux-x86_64, r-release-linux-x86_64

Version: 1.0-1
Check: re-building of vignette outputs
Result: WARN
    Error in re-building vignettes:
     ...
    Warning in (if (out_format(c("latex", "sweave", "listings"))) sanitize_fn else paste0)(path, :
     replaced special characters in figure filename "figure/Structure of mtapspec-psd" -> "figure/Structure_of_mtapspec-psd"
    Warning in (if (out_format(c("latex", "sweave", "listings"))) sanitize_fn else paste0)(path, :
     replaced special characters in figure filename "figure/Comparative spectra: mtapspec vs pspectrum" -> "figure/Comparative_spectra:_mtapspec_vs_pspectrum"
    Warning in (if (out_format(c("latex", "sweave", "listings"))) sanitize_fn else paste0)(path, :
     replaced special characters in figure filename "figure/Interpolate results" -> "figure/Interpolate_results"
    Warning in (if (out_format(c("latex", "sweave", "listings"))) sanitize_fn else paste0)(path, :
     replaced special characters in figure filename "figure/Summarize regression statistics" -> "figure/Summarize_regression_statistics"
    Warning in (if (out_format(c("latex", "sweave", "listings"))) sanitize_fn else paste0)(path, :
     replaced special characters in figure filename "figure/AR spectrum" -> "figure/AR_spectrum"
    Warning in (if (out_format(c("latex", "sweave", "listings"))) sanitize_fn else paste0)(path, :
     replaced special characters in figure filename "figure/Compute spectral properties" -> "figure/Compute_spectral_properties"
    Warning in (if (out_format(c("latex", "sweave", "listings"))) sanitize_fn else paste0)(path, :
     replaced special characters in figure filename "figure/Get adaptive history" -> "figure/Get_adaptive_history"
    Warning in (if (out_format(c("latex", "sweave", "listings"))) sanitize_fn else paste0)(path, :
     replaced special characters in figure filename "figure/and manipulate it a bit" -> "figure/and_manipulate_it_a_bit"
    make[1]: Entering directory `/cygdrive/d/RCompile/CRANpkg/local/3.4/psd.Rcheck/vign_test/psd/vignettes'
    D:/RCompile/recent/R-34~1.3/bin/Rscript -e "if (getRversion() < '3.0.0') knitr::knit2pdf('fftw.Rnw') else tools::texi2pdf('fftw.tex')"
    Das System kann die angegebene Datei nicht finden.
    make[1]: *** [fftw.pdf] Error 1
    make[1]: Leaving directory `/cygdrive/d/RCompile/CRANpkg/local/3.4/psd.Rcheck/vign_test/psd/vignettes'
    Warning: running command 'make' had status 2
    Error in buildVignettes(dir = "d:/Rcompile/CRANpkg/local/3.4/psd.Rcheck/vign_test/psd") :
     running 'make' failed
    Execution halted
Flavor: r-release-windows-ix86+x86_64

Version: 1.0-1
Check: package dependencies
Result: NOTE
    Package suggested but not available for checking: ‘fftw’
Flavor: r-release-osx-x86_64