CRAN Package Check Results for Package psd

Last updated on 2014-08-23 06:48:40.

Flavor Version Tinstall Tcheck Ttotal Status Flags
r-devel-linux-x86_64-debian-clang 0.4-1 1.57 41.25 42.82 OK
r-devel-linux-x86_64-debian-gcc 0.4-1 1.50 39.50 41.00 OK
r-devel-linux-x86_64-fedora-clang 0.4-1 89.12 OK
r-devel-linux-x86_64-fedora-gcc 0.4-1 86.01 OK
r-devel-osx-x86_64-clang 0.4-1 94.17 OK
r-devel-windows-ix86+x86_64 0.4-1 8.00 110.00 118.00 OK
r-patched-linux-x86_64 0.4-1 1.66 42.52 44.18 OK
r-patched-solaris-sparc 0.4-1 539.60 OK
r-patched-solaris-x86 0.4-1 123.80 OK
r-release-linux-ix86 0.4-1 2.28 60.02 62.30 OK
r-release-linux-x86_64 0.4-1 1.64 43.06 44.70 OK
r-release-osx-x86_64-mavericks 0.4-1 ERROR
r-release-osx-x86_64-snowleopard 0.4-1 OK
r-release-windows-ix86+x86_64 0.4-1 8.00 110.00 118.00 OK
r-oldrel-windows-ix86+x86_64 0.4-1 9.00 115.00 124.00 OK

Check Details

Version: 0.4-1
Check: package dependencies
Result: ERROR
    Package required but not available: ‘fftw’
    
    See the information on DESCRIPTION files in the chapter ‘Creating R
    packages’ of the ‘Writing R Extensions’ manual.
Flavor: r-release-osx-x86_64-mavericks