CRAN Package Check Results for Package psd

Last updated on 2015-05-28 19:47:38.

Flavor Version Tinstall Tcheck Ttotal Status Flags
r-devel-linux-x86_64-debian-clang 1.0-1 13.18 35.86 49.04 OK
r-devel-linux-x86_64-debian-gcc 1.0-1 13.54 35.30 48.84 OK
r-devel-linux-x86_64-fedora-clang 1.0-1 99.63 OK
r-devel-linux-x86_64-fedora-gcc 1.0-1 93.15 OK
r-devel-osx-x86_64-clang 1.0-1 99.50 OK
r-devel-windows-ix86+x86_64 1.0-1 45.00 100.00 145.00 OK
r-patched-linux-x86_64 1.0-1 13.55 36.03 49.58 OK
r-patched-solaris-sparc 1.0-1 582.20 OK
r-patched-solaris-x86 1.0-1 120.50 OK
r-release-linux-x86_64 1.0-1 14.63 35.45 50.08 OK
r-release-osx-x86_64-mavericks 1.0-1 NOTE
r-release-osx-x86_64-snowleopard 1.0-1 ERROR
r-release-windows-ix86+x86_64 1.0-1 45.00 100.00 145.00 OK
r-oldrel-windows-ix86+x86_64 1.0-1 48.00 118.00 166.00 OK

Check Details

Version: 1.0-1
Check: package dependencies
Result: NOTE
    Package suggested but not available for checking: ‘fftw’
Flavor: r-release-osx-x86_64-mavericks

Version: 1.0-1
Check: package dependencies
Result: ERROR
    Package required but not available: ‘zoo’
    
    Packages suggested but not available for checking: ‘ggplot2’ ‘knitr’
    
    VignetteBuilder package required for checking but not installed: ‘knitr’
    
    Files named as vignettes but with no recognized vignette engine:
     ‘inst/doc/fftw.Rnw’
     ‘inst/doc/normalization.Rnw’
     ‘inst/doc/psd_overview.Rnw’
    (Is a VignetteBuilder field missing?)
    
    See section ‘The DESCRIPTION file’ in the ‘Writing R Extensions’
    manual.
Flavor: r-release-osx-x86_64-snowleopard