CRAN Package Check Results for Package psd

Last updated on 2014-12-20 16:49:07.

Flavor Version Tinstall Tcheck Ttotal Status Flags
r-devel-linux-x86_64-debian-clang 0.4-1 1.76 43.51 45.27 OK
r-devel-linux-x86_64-debian-gcc 0.4-1 1.52 43.53 45.05 OK
r-devel-linux-x86_64-fedora-clang 0.4-1 92.52 OK
r-devel-linux-x86_64-fedora-gcc 0.4-1 84.71 OK
r-devel-osx-x86_64-clang 0.4-1 98.30 OK
r-devel-windows-ix86+x86_64 0.4-1 10.00 107.00 117.00 OK
r-patched-linux-x86_64 0.4-1 1.59 44.97 46.56 OK
r-patched-solaris-sparc 0.4-1 539.60 OK
r-patched-solaris-x86 0.4-1 117.30 OK
r-release-linux-ix86 0.4-1 2.25 56.92 59.17 OK
r-release-linux-x86_64 0.4-1 1.60 46.74 48.34 OK
r-release-osx-x86_64-mavericks 0.4-1 ERROR
r-release-osx-x86_64-snowleopard 0.4-1 OK
r-release-windows-ix86+x86_64 0.4-1 9.00 119.00 128.00 OK
r-oldrel-windows-ix86+x86_64 0.4-1 8.00 120.00 128.00 OK

Check Details

Version: 0.4-1
Check: package dependencies
Result: ERROR
    Package required but not available: ‘fftw’
    
    See the information on DESCRIPTION files in the chapter ‘Creating R
    packages’ of the ‘Writing R Extensions’ manual.
Flavor: r-release-osx-x86_64-mavericks