CRAN Package Check Results for Package psdr

Last updated on 2022-11-29 02:55:09 CET.

Flavor Version Tinstall Tcheck Ttotal Status Flags
r-devel-linux-x86_64-debian-clang 1.0.1 3.35 73.22 76.57 OK
r-devel-linux-x86_64-debian-gcc 1.0.1 2.55 52.96 55.51 OK
r-devel-linux-x86_64-fedora-clang 1.0.1 101.76 NOTE
r-devel-linux-x86_64-fedora-gcc 1.0.1 98.51 NOTE
r-devel-windows-x86_64 1.0.1 10.00 104.00 114.00 OK
r-patched-linux-x86_64 1.0.1 3.20 66.51 69.71 OK
r-release-linux-x86_64 1.0.1 3.01 65.37 68.38 OK
r-release-macos-arm64 1.0.1 49.00 NOTE
r-release-macos-x86_64 1.0.1 89.00 NOTE
r-release-windows-x86_64 1.0.1 24.00 99.00 123.00 OK
r-oldrel-macos-arm64 1.0.1 132.00 NOTE
r-oldrel-macos-x86_64 1.0.1 67.00 NOTE
r-oldrel-windows-ix86+x86_64 1.0.1 9.00 92.00 101.00 OK

Check Details

Version: 1.0.1
Check: dependencies in R code
Result: NOTE
    Namespaces in Imports field not imported from:
     ‘devtools’ ‘qpdf’
     All declared Imports should be used.
Flavors: r-devel-linux-x86_64-fedora-clang, r-devel-linux-x86_64-fedora-gcc, r-release-macos-arm64, r-release-macos-x86_64, r-oldrel-macos-arm64, r-oldrel-macos-x86_64