CRAN Package Check Results for Package pse

Last updated on 2017-12-15 08:48:55 CET.

Flavor Version Tinstall Tcheck Ttotal Status Flags
r-devel-linux-x86_64-debian-clang 0.4.7 5.09 49.53 54.62 FAIL
r-devel-linux-x86_64-debian-gcc 0.4.7 5.08 67.02 72.10 OK
r-devel-linux-x86_64-fedora-clang 0.4.7 111.94 OK
r-devel-linux-x86_64-fedora-gcc 0.4.7 111.47 OK
r-devel-windows-ix86+x86_64 0.4.7 20.00 134.00 154.00 OK
r-patched-linux-x86_64 0.4.7 5.16 89.66 94.82 OK
r-patched-solaris-x86 0.4.7 176.70 OK
r-release-linux-x86_64 0.4.7 5.62 89.78 95.40 OK
r-release-windows-ix86+x86_64 0.4.7 16.00 110.00 126.00 OK
r-release-osx-x86_64 0.4.7 NOTE
r-oldrel-windows-ix86+x86_64 0.4.7 18.00 180.00 198.00 OK
r-oldrel-osx-x86_64 0.4.7 OK

Check Details

Version: 0.4.7
Check: pragmas in C/C++ headers and code
Result: FAIL
    
Flavor: r-devel-linux-x86_64-debian-clang

Version: 0.4.7
Check: re-building of vignette outputs
Result: NOTE
    Error in re-building vignettes:
     ...
    Loading required package: Formula
    Loading required package: ggplot2
    
    Attaching package: ‘Hmisc’
    
    The following objects are masked from ‘package:base’:
    
     format.pval, round.POSIXt, trunc.POSIXt, units
    
    Error in texi2dvi(file = file, pdf = TRUE, clean = clean, quiet = quiet, :
     Running 'texi2dvi' on 'multiple.tex' failed.
    LaTeX errors:
    ! LaTeX Error: File `framed.sty' not found.
    
    Type X to quit or <RETURN> to proceed,
    or enter new name. (Default extension: sty)
    
    ! Emergency stop.
    <read *>
    
    l.8 \definecolor
     {shadecolor}{rgb}{0.9, 0.9, 0.9}^^M
    ! ==> Fatal error occurred, no output PDF file produced!
    Calls: buildVignettes -> texi2pdf -> texi2dvi
    Execution halted
Flavor: r-release-osx-x86_64