CRAN Package Check Results for Package pse

Last updated on 2015-03-29 19:48:49.

Flavor Version Tinstall Tcheck Ttotal Status Flags
r-devel-linux-x86_64-debian-clang 0.4.0 1.96 46.28 48.23 NOTE
r-devel-linux-x86_64-debian-gcc 0.4.0 1.88 46.10 47.98 NOTE
r-devel-linux-x86_64-fedora-clang 0.4.0 99.30 NOTE
r-devel-linux-x86_64-fedora-gcc 0.4.0 97.89 NOTE
r-devel-osx-x86_64-clang 0.4.0 100.96 NOTE
r-prerel-windows-ix86+x86_64 0.4.0 14.00 97.00 111.00 NOTE
r-prerel-linux-x86_64 0.4.0 1.86 44.91 46.77 NOTE
r-prerel-solaris-sparc 0.4.0 573.90 NOTE
r-prerel-solaris-x86 0.4.0 131.30 NOTE
r-release-linux-x86_64 0.4.0 4.39 59.90 64.29 NOTE
r-release-osx-x86_64-mavericks 0.4.0 OK
r-release-osx-x86_64-snowleopard 0.4.0 OK
r-release-windows-ix86+x86_64 0.4.0 14.00 128.00 142.00 NOTE
r-oldrel-windows-ix86+x86_64 0.4.0 14.00 159.00 173.00 OK

Check Details

Version: 0.4.0
Check: dependencies in R code
Result: NOTE
    'library' or 'require' call to ‘mcmc’ in package code.
     Please use :: or requireNamespace() instead.
     See section 'Suggested packages' in the 'Writing R Extensions' manual.
Flavors: r-devel-linux-x86_64-debian-clang, r-devel-linux-x86_64-debian-gcc, r-devel-linux-x86_64-fedora-clang, r-devel-linux-x86_64-fedora-gcc, r-devel-osx-x86_64-clang, r-prerel-windows-ix86+x86_64, r-prerel-linux-x86_64, r-prerel-solaris-sparc, r-prerel-solaris-x86, r-release-linux-x86_64, r-release-windows-ix86+x86_64