CRAN Package Check Results for Package pse

Last updated on 2017-04-27 05:51:59.

Flavor Version Tinstall Tcheck Ttotal Status Flags
r-devel-linux-x86_64-debian-clang 0.4.6 4.00 53.56 57.56 NOTE
r-devel-linux-x86_64-debian-gcc 0.4.6 3.58 51.52 55.10 NOTE
r-devel-linux-x86_64-fedora-clang 0.4.6 131.91 NOTE --no-stop-on-test-error
r-devel-linux-x86_64-fedora-gcc 0.4.6 122.20 NOTE --no-stop-on-test-error
r-devel-windows-ix86+x86_64 0.4.6 15.00 169.00 184.00 OK
r-patched-linux-x86_64 0.4.6 3.80 52.03 55.83 NOTE
r-patched-solaris-sparc 0.4.6 706.20 OK
r-patched-solaris-x86 0.4.6 169.20 OK
r-release-linux-x86_64 0.4.6 3.70 51.71 55.41 NOTE
r-release-windows-ix86+x86_64 0.4.6 16.00 138.00 154.00 OK
r-release-osx-x86_64 0.4.6 NOTE
r-oldrel-windows-ix86+x86_64 0.4.6 13.00 164.00 177.00 OK
r-oldrel-osx-x86_64 0.4.6 OK

Check Details

Version: 0.4.6
Check: compiled code
Result: NOTE
    File ‘pse/libs/pse.so’:
     Found no calls to: ‘R_registerRoutines’, ‘R_useDynamicSymbols’
    
    It is good practice to register native routines and to disable symbol
    search.
    
    See ‘Writing portable packages’ in the ‘Writing R Extensions’ manual.
Flavors: r-devel-linux-x86_64-debian-clang, r-devel-linux-x86_64-debian-gcc, r-patched-linux-x86_64, r-release-linux-x86_64

Version: 0.4.6
Flags: --no-stop-on-test-error
Check: compiled code
Result: NOTE
    File ‘pse/libs/pse.so’:
     Found no calls to: ‘R_registerRoutines’, ‘R_useDynamicSymbols’
    
    It is good practice to register native routines and to disable symbol
    search.
    
    See ‘Writing portable packages’ in the ‘Writing R Extensions’ manual.
Flavors: r-devel-linux-x86_64-fedora-clang, r-devel-linux-x86_64-fedora-gcc

Version: 0.4.6
Check: re-building of vignette outputs
Result: NOTE
    Error in re-building vignettes:
     ...
    Loading required package: Formula
    Loading required package: ggplot2
    
    Attaching package: ‘Hmisc’
    
    The following objects are masked from ‘package:base’:
    
     format.pval, round.POSIXt, trunc.POSIXt, units
    
    Error in texi2dvi(file = file, pdf = TRUE, clean = clean, quiet = quiet, :
     Running 'texi2dvi' on 'multiple.tex' failed.
    LaTeX errors:
    ! LaTeX Error: File `framed.sty' not found.
    
    Type X to quit or <RETURN> to proceed,
    or enter new name. (Default extension: sty)
    
    ! Emergency stop.
    <read *>
    
    l.8 \definecolor
     {shadecolor}{rgb}{0.9, 0.9, 0.9}^^M
    ! ==> Fatal error occurred, no output PDF file produced!
    Calls: buildVignettes -> texi2pdf -> texi2dvi
    Execution halted
Flavor: r-release-osx-x86_64