CRAN Package Check Results for Package pse

Last updated on 2017-08-18 23:47:56.

Flavor Version Tinstall Tcheck Ttotal Status Flags
r-devel-linux-x86_64-debian-clang 0.4.7 3.97 51.85 55.82 OK
r-devel-linux-x86_64-debian-gcc 0.4.7 3.82 51.32 55.14 OK
r-devel-linux-x86_64-fedora-clang 0.4.7 125.30 OK
r-devel-linux-x86_64-fedora-gcc 0.4.7 132.41 OK
r-devel-windows-ix86+x86_64 0.4.7 13.00 112.00 125.00 OK
r-patched-linux-x86_64 0.4.7 3.89 52.94 56.83 OK
r-patched-solaris-x86 0.4.7 169.70 OK
r-release-linux-x86_64 0.4.7 4.28 53.26 57.54 OK
r-release-windows-ix86+x86_64 0.4.7 22.00 207.00 229.00 OK
r-release-osx-x86_64 0.4.7 NOTE
r-oldrel-windows-ix86+x86_64 0.4.7 14.00 186.00 200.00 OK
r-oldrel-osx-x86_64 0.4.7 OK

Check Details

Version: 0.4.7
Check: re-building of vignette outputs
Result: NOTE
    Error in re-building vignettes:
     ...
    Loading required package: Formula
    Loading required package: ggplot2
    
    Attaching package: ‘Hmisc’
    
    The following objects are masked from ‘package:base’:
    
     format.pval, round.POSIXt, trunc.POSIXt, units
    
    Error in texi2dvi(file = file, pdf = TRUE, clean = clean, quiet = quiet, :
     Running 'texi2dvi' on 'multiple.tex' failed.
    LaTeX errors:
    ! LaTeX Error: File `framed.sty' not found.
    
    Type X to quit or <RETURN> to proceed,
    or enter new name. (Default extension: sty)
    
    ! Emergency stop.
    <read *>
    
    l.8 \definecolor
     {shadecolor}{rgb}{0.9, 0.9, 0.9}^^M
    ! ==> Fatal error occurred, no output PDF file produced!
    Calls: buildVignettes -> texi2pdf -> texi2dvi
    Execution halted
Flavor: r-release-osx-x86_64