CRAN Package Check Results for Package pse

Last updated on 2017-06-26 16:47:17.

Flavor Version Tinstall Tcheck Ttotal Status Flags
r-devel-linux-x86_64-debian-clang 0.4.7 3.83 52.46 56.30 OK
r-devel-linux-x86_64-debian-gcc 0.4.7 3.70 51.66 55.36 OK
r-devel-linux-x86_64-fedora-clang 0.4.7 124.79 OK
r-devel-linux-x86_64-fedora-gcc 0.4.7 132.87 OK
r-devel-windows-ix86+x86_64 0.4.7 18.00 111.00 129.00 OK
r-patched-linux-x86_64 0.4.7 3.78 52.38 56.16 OK
r-patched-solaris-sparc 0.4.7 686.40 OK
r-patched-solaris-x86 0.4.7 168.80 OK
r-release-linux-x86_64 0.4.7 3.73 52.64 56.38 OK
r-release-windows-ix86+x86_64 0.4.7 14.00 175.00 189.00 OK
r-release-osx-x86_64 0.4.7 NOTE
r-oldrel-windows-ix86+x86_64 0.4.7 15.00 171.00 186.00 OK
r-oldrel-osx-x86_64 0.4.7 OK

Check Details

Version: 0.4.7
Check: re-building of vignette outputs
Result: NOTE
    Error in re-building vignettes:
     ...
    Loading required package: Formula
    Loading required package: ggplot2
    
    Attaching package: ‘Hmisc’
    
    The following objects are masked from ‘package:base’:
    
     format.pval, round.POSIXt, trunc.POSIXt, units
    
    Error in texi2dvi(file = file, pdf = TRUE, clean = clean, quiet = quiet, :
     Running 'texi2dvi' on 'multiple.tex' failed.
    LaTeX errors:
    ! LaTeX Error: File `framed.sty' not found.
    
    Type X to quit or <RETURN> to proceed,
    or enter new name. (Default extension: sty)
    
    ! Emergency stop.
    <read *>
    
    l.8 \definecolor
     {shadecolor}{rgb}{0.9, 0.9, 0.9}^^M
    ! ==> Fatal error occurred, no output PDF file produced!
    Calls: buildVignettes -> texi2pdf -> texi2dvi
    Execution halted
Flavor: r-release-osx-x86_64