CRAN Package Check Results for Package pse

Last updated on 2014-11-27 11:55:50.

Flavor Version Tinstall Tcheck Ttotal Status Flags
r-devel-linux-x86_64-debian-clang 0.3.4 1.49 38.96 40.45 WARN
r-devel-linux-x86_64-debian-gcc 0.3.4 1.46 37.14 38.60 WARN
r-devel-linux-x86_64-fedora-clang 0.3.4 82.85 WARN
r-devel-linux-x86_64-fedora-gcc 0.3.4 78.49 WARN
r-devel-osx-x86_64-clang 0.3.4 76.63 WARN
r-devel-windows-ix86+x86_64 0.3.4 10.00 67.00 77.00 WARN
r-patched-linux-x86_64 0.3.4 1.54 39.53 41.07 WARN
r-patched-solaris-sparc 0.3.4 438.80 WARN
r-patched-solaris-x86 0.3.4 101.10 WARN
r-release-linux-ix86 0.3.4 2.05 47.68 49.72 WARN
r-release-linux-x86_64 0.3.4 1.53 40.72 42.25 WARN
r-release-osx-x86_64-mavericks 0.3.4 NOTE
r-release-osx-x86_64-snowleopard 0.3.4 OK
r-release-windows-ix86+x86_64 0.3.4 9.00 76.00 85.00 WARN
r-oldrel-windows-ix86+x86_64 0.3.4 9.00 82.00 91.00 OK

Check Details

Version: 0.3.4
Check: dependencies in R code
Result: WARN
    'library' or 'require' call not declared from: ‘parallel’
    See the information on DESCRIPTION files in the chapter ‘Creating R
    packages’ of the ‘Writing R Extensions’ manual.
Flavors: r-devel-linux-x86_64-debian-clang, r-devel-linux-x86_64-debian-gcc, r-devel-linux-x86_64-fedora-clang, r-devel-linux-x86_64-fedora-gcc, r-devel-osx-x86_64-clang, r-devel-windows-ix86+x86_64, r-patched-linux-x86_64, r-patched-solaris-sparc, r-patched-solaris-x86, r-release-linux-ix86, r-release-linux-x86_64, r-release-windows-ix86+x86_64

Version: 0.3.4
Check: re-building of vignette outputs
Result: NOTE
    Error in re-building vignettes:
     ...
    
    Loading required package: boot
    
    Attaching package: ‘boot’
    
    The following object is masked from ‘package:survival’:
    
     aml
    
    The following object is masked from ‘package:lattice’:
    
     melanoma
    
    Error in texi2dvi(file = file, pdf = TRUE, clean = clean, quiet = quiet, :
     Running 'texi2dvi' on 'multiple.tex' failed.
    LaTeX errors:
    ! LaTeX Error: File `framed.sty' not found.
    
    Type X to quit or <RETURN> to proceed,
    or enter new name. (Default extension: sty)
    
    t/pse/vignettes/multiple.tex:8: ==> Fatal error occurred, no output PDF file p
    roduced!
    Calls: buildVignettes -> texi2pdf -> texi2dvi
    Execution halted
Flavor: r-release-osx-x86_64-mavericks