CRAN Package Check Results for Package pse

Last updated on 2015-01-31 08:49:50.

Flavor Version Tinstall Tcheck Ttotal Status Flags
r-devel-linux-x86_64-debian-clang 0.4.0 1.42 41.24 42.65 NOTE
r-devel-linux-x86_64-debian-gcc 0.4.0 1.41 39.32 40.73 NOTE
r-devel-linux-x86_64-fedora-clang 0.4.0 95.44 NOTE
r-devel-linux-x86_64-fedora-gcc 0.4.0 86.48 NOTE
r-devel-osx-x86_64-clang 0.4.0 92.24 NOTE
r-devel-windows-ix86+x86_64 0.4.0 11.00 78.00 89.00 NOTE
r-patched-linux-x86_64 0.4.0 1.74 48.00 49.74 OK
r-patched-solaris-sparc 0.4.0 571.00 OK
r-patched-solaris-x86 0.4.0 128.80 OK
r-release-linux-ix86 0.4.0 2.13 57.47 59.60 OK
r-release-linux-x86_64 0.4.0 1.72 51.37 53.09 OK
r-release-osx-x86_64-mavericks 0.4.0 OK
r-release-osx-x86_64-snowleopard 0.4.0 OK
r-release-windows-ix86+x86_64 0.4.0 10.00 105.00 115.00 OK
r-oldrel-windows-ix86+x86_64 0.4.0 10.00 110.00 120.00 OK

Check Details

Version: 0.4.0
Check: dependencies in R code
Result: NOTE
    'library' or 'require' call to ‘mcmc’ in package code.
     Please use :: or requireNamespace() instead.
     See section 'Suggested packages' in the 'Writing R Extensions' manual.
Flavors: r-devel-linux-x86_64-debian-clang, r-devel-linux-x86_64-debian-gcc, r-devel-linux-x86_64-fedora-clang, r-devel-linux-x86_64-fedora-gcc, r-devel-osx-x86_64-clang, r-devel-windows-ix86+x86_64