CRAN Package Check Results for Package pse

Last updated on 2014-07-28 20:47:02.

Flavor Version Tinstall Tcheck Ttotal Status Flags
r-devel-linux-x86_64-debian-clang 0.3.4 1.52 37.15 38.66 OK
r-devel-linux-x86_64-debian-gcc 0.3.4 1.44 37.84 39.28 OK
r-devel-linux-x86_64-fedora-clang 0.3.4 85.87 OK
r-devel-linux-x86_64-fedora-gcc 0.3.4 77.56 OK
r-devel-osx-x86_64-clang 0.3.4 70.79 OK
r-devel-windows-ix86+x86_64 0.3.4 8.00 69.00 77.00 OK
r-patched-linux-x86_64 0.3.4 1.60 36.34 37.94 OK
r-patched-solaris-sparc 0.3.4 400.00 OK
r-patched-solaris-x86 0.3.4 99.70 OK
r-release-linux-ix86 0.3.4 2.09 46.72 48.82 OK
r-release-linux-x86_64 0.3.4 1.56 38.13 39.68 OK
r-release-osx-x86_64-mavericks 0.3.4 NOTE
r-release-osx-x86_64-snowleopard 0.3.4 OK
r-release-windows-ix86+x86_64 0.3.4 7.00 70.00 77.00 OK
r-oldrel-windows-ix86+x86_64 0.3.4 8.00 71.00 79.00 OK

Check Details

Version: 0.3.4
Check: re-building of vignette outputs
Result: NOTE
    Error in re-building vignettes:
     ...
    
    Loading required package: boot
    
    Attaching package: boot
    
    The following object is masked from package:survival :
    
     aml
    
    The following object is masked from package:lattice :
    
     melanoma
    
    Error in texi2dvi(file = file, pdf = TRUE, clean = clean, quiet = quiet, :
     Running 'texi2dvi' on 'multiple.tex' failed.
    LaTeX errors:
    ! LaTeX Error: File `framed.sty' not found.
    
    Type X to quit or <RETURN> to proceed,
    or enter new name. (Default extension: sty)
    
    t/pse/vignettes/multiple.tex:8: ==> Fatal error occurred, no output PDF file p
    roduced!
    Calls: buildVignettes -> texi2pdf -> texi2dvi
    Execution halted
Flavor: r-release-osx-x86_64-mavericks