CRAN Package Check Results for Package pse

Last updated on 2015-07-05 17:47:40.

Flavor Version Tinstall Tcheck Ttotal Status Flags
r-devel-linux-x86_64-debian-clang 0.4.0 1.98 46.10 48.08 NOTE
r-devel-linux-x86_64-debian-gcc 0.4.0 1.83 44.97 46.80 NOTE
r-devel-linux-x86_64-fedora-clang 0.4.0 97.94 NOTE
r-devel-linux-x86_64-fedora-gcc 0.4.0 91.71 NOTE
r-devel-osx-x86_64-clang 0.4.0 84.75 NOTE
r-devel-windows-ix86+x86_64 0.4.0 12.00 138.00 150.00 NOTE
r-patched-linux-x86_64 0.4.0 1.92 45.36 47.28 NOTE
r-patched-solaris-sparc 0.4.0 575.50 NOTE
r-patched-solaris-x86 0.4.0 134.50 NOTE
r-release-linux-x86_64 0.4.0 1.92 45.15 47.07 NOTE
r-release-osx-x86_64-mavericks 0.4.0 NOTE
r-release-windows-ix86+x86_64 0.4.0 19.00 103.00 122.00 NOTE
r-oldrel-windows-ix86+x86_64 0.4.0 22.00 229.00 251.00 NOTE

Check Details

Version: 0.4.0
Check: dependencies in R code
Result: NOTE
    'library' or 'require' call to ‘mcmc’ in package code.
     Please use :: or requireNamespace() instead.
     See section 'Suggested packages' in the 'Writing R Extensions' manual.
Flavors: r-devel-linux-x86_64-debian-clang, r-devel-linux-x86_64-debian-gcc, r-devel-linux-x86_64-fedora-clang, r-devel-linux-x86_64-fedora-gcc, r-devel-osx-x86_64-clang, r-devel-windows-ix86+x86_64, r-patched-linux-x86_64, r-patched-solaris-sparc, r-patched-solaris-x86, r-release-linux-x86_64, r-release-osx-x86_64-mavericks, r-release-windows-ix86+x86_64, r-oldrel-windows-ix86+x86_64

Version: 0.4.0
Check: R code for possible problems
Result: NOTE
    MCMC.internal : Q: no visible global function definition for ‘rnorm’
    MCMC.internal: no visible global function definition for ‘runif’
    bootstats: no visible global function definition for ‘sd’
    cv: no visible global function definition for ‘sd’
    estim.pcc: no visible global function definition for ‘lm’
    estim.pcc: no visible global function definition for ‘formula’
    estim.pcc: no visible global function definition for ‘cor’
    estim.pcc: no visible global function definition for ‘fitted’
    estim.pic: no visible global function definition for ‘lm’
    estim.pic: no visible global function definition for ‘formula’
    estim.pic: no visible global function definition for ‘fitted’
    estim.pic: no visible global function definition for ‘coef’
    internal.LHScorcorr: no visible global function definition for ‘cor’
    machinefile: no visible global function definition for ‘read.table’
    nodeplot: no visible global function definition for ‘par’
    nodeplot: no visible global function definition for ‘plot’
    nodeplot: no visible global function definition for ‘axis’
    nodeplot: no visible global function definition for ‘box’
    nodeplot: no visible global function definition for ‘lines’
    nodeplot: no visible global function definition for ‘points’
    oneplotscatter: no visible global function definition for ‘plot’
    oneplotscatter: no visible global function definition for ‘lm’
    oneplotscatter: no visible global function definition for
     ‘coefficients’
    oneplotscatter: no visible global function definition for ‘abline’
    plot.PLUE: no visible global function definition for ‘plot’
    plot.PLUE: no visible global function definition for ‘abline’
    plotcv: no visible global function definition for ‘abline’
    plotcv: no visible global function definition for ‘text’
    plotprcc: no visible global function definition for ‘par’
    plotprcc: no visible global function definition for ‘plot’
    plotprcc: no visible global function definition for ‘abline’
    plotscatter: no visible global function definition for ‘par’
    Undefined global functions or variables:
     abline axis box coef coefficients cor fitted formula lines lm par
     plot points read.table rnorm runif sd text
Flavors: r-devel-linux-x86_64-debian-clang, r-devel-linux-x86_64-debian-gcc, r-devel-linux-x86_64-fedora-clang, r-devel-linux-x86_64-fedora-gcc, r-devel-windows-ix86+x86_64