CRAN Package Check Results for Package pse

Last updated on 2014-10-21 12:49:14.

Flavor Version Tinstall Tcheck Ttotal Status Flags
r-devel-linux-x86_64-debian-clang 0.3.4 1.53 38.31 39.84 WARN
r-devel-linux-x86_64-debian-gcc 0.3.4 1.60 38.15 39.75 WARN
r-devel-linux-x86_64-fedora-clang 0.3.4 82.85 WARN
r-devel-linux-x86_64-fedora-gcc 0.3.4 78.34 WARN
r-devel-osx-x86_64-clang 0.3.4 75.78 WARN
r-devel-windows-ix86+x86_64 0.3.4 9.00 70.00 79.00 WARN
r-patched-linux-x86_64 0.3.4 1.58 40.31 41.90 WARN
r-patched-solaris-sparc 0.3.4 438.80 WARN
r-patched-solaris-x86 0.3.4 101.90 WARN
r-release-linux-ix86 0.3.4 2.17 50.52 52.69 OK
r-release-linux-x86_64 0.3.4 1.62 40.52 42.15 OK
r-release-osx-x86_64-mavericks 0.3.4 NOTE
r-release-osx-x86_64-snowleopard 0.3.4 OK
r-release-windows-ix86+x86_64 0.3.4 8.00 75.00 83.00 OK
r-oldrel-windows-ix86+x86_64 0.3.4 9.00 77.00 86.00 OK

Check Details

Version: 0.3.4
Check: dependencies in R code
Result: WARN
    'library' or 'require' call not declared from: ‘parallel’
    See the information on DESCRIPTION files in the chapter ‘Creating R
    packages’ of the ‘Writing R Extensions’ manual.
Flavors: r-devel-linux-x86_64-debian-clang, r-devel-linux-x86_64-debian-gcc, r-devel-linux-x86_64-fedora-clang, r-devel-linux-x86_64-fedora-gcc, r-devel-osx-x86_64-clang, r-devel-windows-ix86+x86_64, r-patched-linux-x86_64, r-patched-solaris-sparc, r-patched-solaris-x86

Version: 0.3.4
Check: re-building of vignette outputs
Result: NOTE
    Error in re-building vignettes:
     ...
    
    Loading required package: boot
    
    Attaching package: ‘boot’
    
    The following object is masked from ‘package:survival’:
    
     aml
    
    The following object is masked from ‘package:lattice’:
    
     melanoma
    
    Error in texi2dvi(file = file, pdf = TRUE, clean = clean, quiet = quiet, :
     Running 'texi2dvi' on 'multiple.tex' failed.
    LaTeX errors:
    ! LaTeX Error: File `framed.sty' not found.
    
    Type X to quit or <RETURN> to proceed,
    or enter new name. (Default extension: sty)
    
    t/pse/vignettes/multiple.tex:8: ==> Fatal error occurred, no output PDF file p
    roduced!
    Calls: buildVignettes -> texi2pdf -> texi2dvi
    Execution halted
Flavor: r-release-osx-x86_64-mavericks