CRAN Package Check Results for Package pse

Last updated on 2015-04-18 21:49:13.

Flavor Version Tinstall Tcheck Ttotal Status Flags
r-devel-linux-x86_64-debian-clang 0.4.0 1.83 45.49 47.32 NOTE
r-devel-linux-x86_64-debian-gcc 0.4.0 1.82 44.34 46.16 NOTE
r-devel-linux-x86_64-fedora-clang 0.4.0 98.91 NOTE
r-devel-linux-x86_64-fedora-gcc 0.4.0 93.80 NOTE
r-devel-osx-x86_64-clang 0.4.0 89.40 NOTE
r-patched-linux-x86_64 0.4.0 1.90 44.79 46.69 NOTE
r-patched-solaris-sparc 0.4.0 573.90 NOTE
r-patched-solaris-x86 0.4.0 127.90 NOTE
r-release-linux-x86_64 0.4.0 1.77 45.62 47.39 NOTE
r-release-osx-x86_64-mavericks 0.4.0 NOTE
r-release-osx-x86_64-snowleopard 0.4.0 ERROR
r-release-windows-ix86+x86_64 0.4.0 7.00 116.00 123.00 NOTE
r-oldrel-windows-ix86+x86_64 0.4.0 18.00 200.00 218.00 OK

Check Details

Version: 0.4.0
Check: dependencies in R code
Result: NOTE
    'library' or 'require' call to ‘mcmc’ in package code.
     Please use :: or requireNamespace() instead.
     See section 'Suggested packages' in the 'Writing R Extensions' manual.
Flavors: r-devel-linux-x86_64-debian-clang, r-devel-linux-x86_64-debian-gcc, r-devel-linux-x86_64-fedora-clang, r-devel-linux-x86_64-fedora-gcc, r-devel-osx-x86_64-clang, r-patched-linux-x86_64, r-patched-solaris-sparc, r-patched-solaris-x86, r-release-linux-x86_64, r-release-osx-x86_64-mavericks, r-release-windows-ix86+x86_64

Version: 0.4.0
Check: package dependencies
Result: ERROR
    Package required but not available: ‘Hmisc’
    
    See section ‘The DESCRIPTION file’ in the ‘Writing R Extensions’
    manual.
Flavor: r-release-osx-x86_64-snowleopard