CRAN Package Check Results for Package pse

Last updated on 2014-12-22 01:47:43.

Flavor Version Tinstall Tcheck Ttotal Status Flags
r-devel-linux-x86_64-debian-clang 0.4.0 1.62 48.22 49.84 OK
r-devel-linux-x86_64-debian-gcc 0.4.0 1.51 45.66 47.16 OK
r-devel-linux-x86_64-fedora-clang 0.4.0 53.86 OK
r-devel-linux-x86_64-fedora-gcc 0.4.0 94.50 OK
r-devel-osx-x86_64-clang 0.4.0 81.94 OK
r-devel-windows-ix86+x86_64 0.3.4 10.00 71.00 81.00 WARN
r-patched-linux-x86_64 0.3.4 1.61 39.59 41.20 WARN
r-patched-solaris-sparc 0.3.4 438.80 WARN
r-patched-solaris-x86 0.4.0 104.00 OK
r-release-linux-ix86 0.3.4 2.12 48.13 50.25 WARN
r-release-linux-x86_64 0.3.4 1.68 41.05 42.73 WARN
r-release-osx-x86_64-mavericks 0.4.0 NOTE
r-release-osx-x86_64-snowleopard 0.4.0 OK
r-release-windows-ix86+x86_64 0.4.0 11.00 103.00 114.00 OK
r-oldrel-windows-ix86+x86_64 0.4.0 11.00 106.00 117.00 OK

Check Details

Version: 0.3.4
Check: dependencies in R code
Result: WARN
    'library' or 'require' call not declared from: 'parallel'
    See the information on DESCRIPTION files in the chapter 'Creating R
    packages' of the 'Writing R Extensions' manual.
Flavors: r-devel-windows-ix86+x86_64, r-patched-linux-x86_64, r-patched-solaris-sparc, r-release-linux-ix86, r-release-linux-x86_64

Version: 0.4.0
Check: re-building of vignette outputs
Result: NOTE
    Error in re-building vignettes:
     ...
    Loading required package: boot
    
    Attaching package: ‘boot’
    
    The following object is masked from ‘package:survival’:
    
     aml
    
    The following object is masked from ‘package:lattice’:
    
     melanoma
    
    Loading required package: parallel
    Error in texi2dvi(file = file, pdf = TRUE, clean = clean, quiet = quiet, :
     Running 'texi2dvi' on 'multiple.tex' failed.
    LaTeX errors:
    ! LaTeX Error: File `framed.sty' not found.
    
    Type X to quit or <RETURN> to proceed,
    or enter new name. (Default extension: sty)
    
    t/pse/vignettes/multiple.tex:8: ==> Fatal error occurred, no output PDF file p
    roduced!
    Calls: buildVignettes -> texi2pdf -> texi2dvi
    Execution halted
Flavor: r-release-osx-x86_64-mavericks