CRAN Package Check Results for Package pse

Last updated on 2015-05-30 21:46:48.

Flavor Version Tinstall Tcheck Ttotal Status Flags
r-devel-linux-x86_64-debian-clang 0.4.0 2.10 45.83 47.92 NOTE
r-devel-linux-x86_64-debian-gcc 0.4.0 1.81 44.65 46.46 NOTE
r-devel-linux-x86_64-fedora-clang 0.4.0 97.66 NOTE
r-devel-linux-x86_64-fedora-gcc 0.4.0 92.61 NOTE
r-devel-osx-x86_64-clang 0.4.0 91.05 NOTE
r-devel-windows-ix86+x86_64 0.4.0 9.00 93.00 102.00 NOTE
r-patched-linux-x86_64 0.4.0 1.94 45.20 47.14 NOTE
r-patched-solaris-sparc 0.4.0 575.50 NOTE
r-patched-solaris-x86 0.4.0 133.40 NOTE
r-release-linux-x86_64 0.4.0 1.85 45.99 47.84 NOTE
r-release-osx-x86_64-mavericks 0.4.0 NOTE
r-release-osx-x86_64-snowleopard 0.4.0 ERROR
r-release-windows-ix86+x86_64 0.4.0 11.00 97.00 108.00 NOTE
r-oldrel-windows-ix86+x86_64 0.4.0 17.00 139.00 156.00 NOTE

Check Details

Version: 0.4.0
Check: dependencies in R code
Result: NOTE
    'library' or 'require' call to ‘mcmc’ in package code.
     Please use :: or requireNamespace() instead.
     See section 'Suggested packages' in the 'Writing R Extensions' manual.
Flavors: r-devel-linux-x86_64-debian-clang, r-devel-linux-x86_64-debian-gcc, r-devel-linux-x86_64-fedora-clang, r-devel-linux-x86_64-fedora-gcc, r-devel-osx-x86_64-clang, r-devel-windows-ix86+x86_64, r-patched-linux-x86_64, r-patched-solaris-sparc, r-patched-solaris-x86, r-release-linux-x86_64, r-release-osx-x86_64-mavericks, r-release-windows-ix86+x86_64, r-oldrel-windows-ix86+x86_64

Version: 0.4.0
Check: package dependencies
Result: ERROR
    Package required but not available: ‘Hmisc’
    
    See section ‘The DESCRIPTION file’ in the ‘Writing R Extensions’
    manual.
Flavor: r-release-osx-x86_64-snowleopard