CRAN Package Check Results for Package pse

Last updated on 2018-05-22 22:48:43 CEST.

Flavor Version Tinstall Tcheck Ttotal Status Flags
r-devel-linux-x86_64-debian-clang 0.4.7 5.91 95.74 101.65 OK
r-devel-linux-x86_64-debian-gcc 0.4.7 6.11 73.96 80.07 OK
r-devel-linux-x86_64-fedora-clang 0.4.7 131.60 OK
r-devel-linux-x86_64-fedora-gcc 0.4.7 125.83 OK
r-devel-windows-ix86+x86_64 0.4.7 15.00 169.00 184.00 OK
r-patched-linux-x86_64 0.4.7 5.60 85.23 90.83 OK
r-patched-solaris-x86 0.4.7 169.20 OK
r-release-linux-x86_64 0.4.7 7.31 84.60 91.91 OK
r-release-windows-ix86+x86_64 0.4.7 21.00 176.00 197.00 OK
r-release-osx-x86_64 0.4.7 OK
r-oldrel-windows-ix86+x86_64 0.4.7 25.00 118.00 143.00 OK
r-oldrel-osx-x86_64 0.4.7 NOTE

Check Details

Version: 0.4.7
Check: re-building of vignette outputs
Result: NOTE
    Error in re-building vignettes:
     ...
    Loading required package: Formula
    Loading required package: ggplot2
    
    Attaching package: ‘Hmisc’
    
    The following objects are masked from ‘package:base’:
    
     format.pval, round.POSIXt, trunc.POSIXt, units
    
    Error in texi2dvi(file = file, pdf = TRUE, clean = clean, quiet = quiet, :
     Running 'texi2dvi' on 'multiple.tex' failed.
    LaTeX errors:
    ! LaTeX Error: File `framed.sty' not found.
    
    Type X to quit or <RETURN> to proceed,
    or enter new name. (Default extension: sty)
    
    ! Emergency stop.
    <read *>
    
    l.8 \definecolor
     {shadecolor}{rgb}{0.9, 0.9, 0.9}^^M
    ! ==> Fatal error occurred, no output PDF file produced!
    Calls: buildVignettes -> texi2pdf -> texi2dvi
    Execution halted
Flavor: r-oldrel-osx-x86_64