CRAN Package Check Results for Package pse

Last updated on 2017-03-27 18:50:06.

Flavor Version Tinstall Tcheck Ttotal Status Flags
r-devel-linux-x86_64-debian-clang 0.4.6 3.67 52.52 56.20 NOTE
r-devel-linux-x86_64-debian-gcc 0.4.6 5.72 52.35 58.07 NOTE
r-devel-linux-x86_64-fedora-clang 0.4.6 126.82 NOTE --no-stop-on-test-error
r-devel-linux-x86_64-fedora-gcc 0.4.6 122.73 NOTE --no-stop-on-test-error
r-devel-macos-x86_64-clang 0.4.6 94.35 NOTE --no-stop-on-test-error
r-devel-windows-ix86+x86_64 0.4.6 16.00 192.00 208.00 OK
r-patched-linux-x86_64 0.4.6 3.88 52.12 56.00 NOTE
r-patched-solaris-sparc 0.4.6 706.20 OK
r-patched-solaris-x86 0.4.6 177.80 OK
r-release-linux-x86_64 0.4.6 3.65 49.05 52.70 OK
r-release-osx-x86_64-mavericks 0.4.6 OK
r-release-windows-ix86+x86_64 0.4.6 22.00 111.00 133.00 OK
r-oldrel-windows-ix86+x86_64 0.4.6 15.00 128.00 143.00 OK

Check Details

Version: 0.4.6
Check: compiled code
Result: NOTE
    File ‘pse/libs/pse.so’:
     Found no calls to: ‘R_registerRoutines’, ‘R_useDynamicSymbols’
    
    It is good practice to register native routines and to disable symbol
    search.
    
    See ‘Writing portable packages’ in the ‘Writing R Extensions’ manual.
Flavors: r-devel-linux-x86_64-debian-clang, r-devel-linux-x86_64-debian-gcc, r-patched-linux-x86_64

Version: 0.4.6
Flags: --no-stop-on-test-error
Check: compiled code
Result: NOTE
    File ‘pse/libs/pse.so’:
     Found no calls to: ‘R_registerRoutines’, ‘R_useDynamicSymbols’
    
    It is good practice to register native routines and to disable symbol
    search.
    
    See ‘Writing portable packages’ in the ‘Writing R Extensions’ manual.
Flavors: r-devel-linux-x86_64-fedora-clang, r-devel-linux-x86_64-fedora-gcc, r-devel-macos-x86_64-clang