CRAN Package Check Results for Package pse

Last updated on 2017-02-25 11:48:41.

Flavor Version Tinstall Tcheck Ttotal Status Flags
r-devel-linux-x86_64-debian-clang 0.4.6 3.62 52.84 56.47 NOTE
r-devel-linux-x86_64-debian-gcc 0.4.6 3.58 52.48 56.06 NOTE
r-devel-linux-x86_64-fedora-clang 0.4.6 133.78 NOTE --no-stop-on-test-error
r-devel-linux-x86_64-fedora-gcc 0.4.6 124.52 NOTE --no-stop-on-test-error
r-devel-macos-x86_64-clang 0.4.6 95.43 NOTE --no-stop-on-test-error
r-devel-windows-ix86+x86_64 0.4.6 23.00 175.00 198.00 OK
r-patched-linux-x86_64 0.4.6 3.92 49.94 53.86 OK
r-patched-solaris-sparc 0.4.6 632.00 OK
r-patched-solaris-x86 0.4.6 149.50 OK
r-release-linux-x86_64 0.4.6 3.61 50.09 53.70 OK
r-release-osx-x86_64-mavericks 0.4.6 OK
r-release-windows-ix86+x86_64 0.4.6 22.00 146.00 168.00 OK
r-oldrel-windows-ix86+x86_64 0.4.6 22.00 171.00 193.00 OK

Check Details

Version: 0.4.6
Check: compiled code
Result: NOTE
    File ‘pse/libs/pse.so’:
     Found no calls to: ‘R_registerRoutines’, ‘R_useDynamicSymbols’
    
    It is good practice to register native routines and to disable symbol
    search.
    
    See ‘Writing portable packages’ in the ‘Writing R Extensions’ manual.
Flavors: r-devel-linux-x86_64-debian-clang, r-devel-linux-x86_64-debian-gcc

Version: 0.4.6
Flags: --no-stop-on-test-error
Check: compiled code
Result: NOTE
    File ‘pse/libs/pse.so’:
     Found no calls to: ‘R_registerRoutines’, ‘R_useDynamicSymbols’
    
    It is good practice to register native routines and to disable symbol
    search.
    
    See ‘Writing portable packages’ in the ‘Writing R Extensions’ manual.
Flavors: r-devel-linux-x86_64-fedora-clang, r-devel-linux-x86_64-fedora-gcc, r-devel-macos-x86_64-clang