CRAN Package Check Results for Package pseudo

Last updated on 2017-03-27 21:49:01.

Flavor Version Tinstall Tcheck Ttotal Status Flags
r-devel-linux-x86_64-debian-clang 1.1 0.57 12.20 12.77 NOTE
r-devel-linux-x86_64-debian-gcc 1.1 0.66 11.73 12.40 NOTE
r-devel-linux-x86_64-fedora-clang 1.1 20.96 NOTE --no-stop-on-test-error
r-devel-linux-x86_64-fedora-gcc 1.1 19.21 NOTE --no-stop-on-test-error
r-devel-macos-x86_64-clang 1.1 18.28 NOTE --no-stop-on-test-error
r-devel-windows-ix86+x86_64 1.1 2.00 44.00 46.00 NOTE
r-patched-linux-x86_64 1.1 0.64 12.16 12.79 NOTE
r-patched-solaris-sparc 1.1 125.50 NOTE
r-patched-solaris-x86 1.1 31.10 NOTE
r-release-linux-x86_64 1.1 0.54 10.13 10.67 NOTE
r-release-osx-x86_64-mavericks 1.1 NOTE
r-release-windows-ix86+x86_64 1.1 2.00 26.00 28.00 NOTE
r-oldrel-windows-ix86+x86_64 1.1 3.00 25.00 28.00 NOTE

Check Details

Version: 1.1
Check: DESCRIPTION meta-information
Result: NOTE
    Malformed Description field: should contain one or more complete sentences.
Flavors: r-devel-linux-x86_64-debian-clang, r-devel-linux-x86_64-debian-gcc, r-devel-windows-ix86+x86_64, r-patched-linux-x86_64, r-patched-solaris-sparc, r-patched-solaris-x86, r-release-linux-x86_64, r-release-osx-x86_64-mavericks, r-release-windows-ix86+x86_64, r-oldrel-windows-ix86+x86_64

Version: 1.1
Flags: --no-stop-on-test-error
Check: DESCRIPTION meta-information
Result: NOTE
    Malformed Description field: should contain one or more complete sentences.
Flavors: r-devel-linux-x86_64-fedora-clang, r-devel-linux-x86_64-fedora-gcc, r-devel-macos-x86_64-clang