CRAN Package Check Results for Package pseudo

Last updated on 2015-08-04 14:48:13.

Flavor Version Tinstall Tcheck Ttotal Status Flags
r-devel-linux-x86_64-debian-clang 1.1 0.51 9.14 9.64 NOTE
r-devel-linux-x86_64-debian-gcc 1.1 0.50 9.11 9.62 NOTE
r-devel-linux-x86_64-fedora-clang 1.1 18.02 NOTE
r-devel-linux-x86_64-fedora-gcc 1.1 16.91 NOTE
r-devel-osx-x86_64-clang 1.1 19.33 NOTE
r-devel-windows-ix86+x86_64 1.1 3.00 18.00 21.00 NOTE
r-patched-linux-x86_64 1.1 0.54 9.99 10.53 NOTE
r-patched-solaris-sparc 1.1 132.40 NOTE
r-patched-solaris-x86 1.1 29.20 NOTE
r-release-linux-x86_64 1.1 0.54 9.57 10.11 NOTE
r-release-osx-x86_64-mavericks 1.1 NOTE
r-release-windows-ix86+x86_64 1.1 3.00 20.00 23.00 NOTE
r-oldrel-windows-ix86+x86_64 1.1 4.00 21.00 25.00 OK

Check Details

Version: 1.1
Check: DESCRIPTION meta-information
Result: NOTE
    Malformed Description field: should contain one or more complete sentences.
Flavors: r-devel-linux-x86_64-debian-clang, r-devel-linux-x86_64-debian-gcc, r-devel-linux-x86_64-fedora-clang, r-devel-linux-x86_64-fedora-gcc, r-devel-osx-x86_64-clang, r-devel-windows-ix86+x86_64, r-patched-linux-x86_64, r-patched-solaris-sparc, r-patched-solaris-x86, r-release-linux-x86_64, r-release-osx-x86_64-mavericks, r-release-windows-ix86+x86_64