CRAN Package Check Results for Package pseudo

Last updated on 2018-06-25 00:49:45 CEST.

Flavor Version Tinstall Tcheck Ttotal Status Flags
r-devel-linux-x86_64-debian-clang 1.4.3 0.90 16.91 17.81 OK
r-devel-linux-x86_64-debian-gcc 1.4.3 0.87 14.94 15.81 OK
r-devel-linux-x86_64-fedora-clang 1.4.3 24.42 OK
r-devel-linux-x86_64-fedora-gcc 1.4.3 21.85 OK
r-devel-windows-ix86+x86_64 1.4.3 5.00 30.00 35.00 OK
r-patched-linux-x86_64 1.4.3 1.06 17.80 18.86 NOTE
r-patched-solaris-x86 1.4.3 38.30 OK
r-release-linux-x86_64 1.4.3 1.14 17.98 19.12 NOTE
r-release-windows-ix86+x86_64 1.4.3 4.00 28.00 32.00 OK
r-release-osx-x86_64 1.4.3 OK
r-oldrel-windows-ix86+x86_64 1.4.3 3.00 28.00 31.00 OK
r-oldrel-osx-x86_64 1.4.3 OK

Check Details

Version: 1.4.3
Check: DESCRIPTION meta-information
Result: NOTE
    Dependence on R version ‘3.3.3’ not with patchlevel 0
Flavors: r-patched-linux-x86_64, r-release-linux-x86_64