CRAN Package Check Results for Package pseudo

Last updated on 2017-12-13 00:46:59 CET.

Flavor Version Tinstall Tcheck Ttotal Status Flags
r-devel-linux-x86_64-debian-clang 1.4.3 0.66 16.14 16.80 OK
r-devel-linux-x86_64-debian-gcc 1.4.3 0.60 13.65 14.25 OK
r-devel-linux-x86_64-fedora-clang 1.4.3 19.87 OK
r-devel-windows-ix86+x86_64 1.4.3 5.00 24.00 29.00 OK
r-patched-linux-x86_64 1.4.3 0.71 16.72 17.43 OK
r-patched-solaris-x86 1.4.3 32.40 OK
r-release-linux-x86_64 1.4.3 0.81 16.34 17.15 OK
r-release-windows-ix86+x86_64 1.4.3 3.00 28.00 31.00 OK
r-release-osx-x86_64 1.4.3 OK
r-oldrel-windows-ix86+x86_64 1.4.3 2.00 28.00 30.00 OK
r-oldrel-osx-x86_64 1.4.3 ERROR

Check Details

Version: 1.4.3
Check: whether package can be installed
Result: ERROR
    Installation failed.
Flavor: r-oldrel-osx-x86_64