CRAN Package Check Results for Package pseudo

Last updated on 2016-12-11 10:47:13.

Flavor Version Tinstall Tcheck Ttotal Status Flags
r-devel-linux-x86_64-debian-clang 1.1 0.64 11.49 12.13 NOTE
r-devel-linux-x86_64-debian-gcc 1.1 0.63 11.28 11.91 NOTE
r-devel-linux-x86_64-fedora-clang 1.1 21.05 NOTE --no-stop-on-test-error
r-devel-linux-x86_64-fedora-gcc 1.1 19.24 NOTE --no-stop-on-test-error
r-devel-macos-x86_64-clang 1.1 18.19 NOTE --no-stop-on-test-error
r-devel-windows-ix86+x86_64 1.1 2.00 39.00 41.00 NOTE
r-patched-linux-x86_64 1.1 0.59 9.66 10.25 NOTE
r-patched-solaris-sparc 1.1 108.60 NOTE
r-patched-solaris-x86 1.1 25.10 NOTE
r-release-linux-x86_64 1.1 0.57 9.82 10.39 NOTE
r-release-osx-x86_64-mavericks 1.1 NOTE
r-release-windows-ix86+x86_64 1.1 2.00 26.00 28.00 NOTE
r-oldrel-windows-ix86+x86_64 1.1 3.00 25.00 28.00 NOTE

Check Details

Version: 1.1
Check: DESCRIPTION meta-information
Result: NOTE
    Malformed Description field: should contain one or more complete sentences.
Flavors: r-devel-linux-x86_64-debian-clang, r-devel-linux-x86_64-debian-gcc, r-devel-windows-ix86+x86_64, r-patched-linux-x86_64, r-patched-solaris-sparc, r-patched-solaris-x86, r-release-linux-x86_64, r-release-osx-x86_64-mavericks, r-release-windows-ix86+x86_64, r-oldrel-windows-ix86+x86_64

Version: 1.1
Flags: --no-stop-on-test-error
Check: DESCRIPTION meta-information
Result: NOTE
    Malformed Description field: should contain one or more complete sentences.
Flavors: r-devel-linux-x86_64-fedora-clang, r-devel-linux-x86_64-fedora-gcc, r-devel-macos-x86_64-clang