CRAN Package Check Results for Package pseudo

Last updated on 2017-04-28 23:52:36.

Flavor Version Tinstall Tcheck Ttotal Status Flags
r-devel-linux-x86_64-debian-clang 1.1 0.58 12.40 12.98 NOTE
r-devel-linux-x86_64-debian-gcc 1.1 0.58 11.69 12.27 NOTE
r-devel-linux-x86_64-fedora-clang 1.1 22.01 NOTE --no-stop-on-test-error
r-devel-linux-x86_64-fedora-gcc 1.1 19.28 NOTE --no-stop-on-test-error
r-devel-windows-ix86+x86_64 1.1 4.00 32.00 36.00 NOTE
r-patched-linux-x86_64 1.1 0.65 12.18 12.83 NOTE
r-patched-solaris-sparc 1.1 125.50 NOTE
r-patched-solaris-x86 1.1 29.90 NOTE
r-release-linux-x86_64 1.1 0.61 11.81 12.41 NOTE
r-release-windows-ix86+x86_64 1.1 3.00 27.00 30.00 NOTE
r-release-osx-x86_64 1.1 NOTE
r-oldrel-windows-ix86+x86_64 1.1 2.00 26.00 28.00 NOTE
r-oldrel-osx-x86_64 1.1 NOTE

Check Details

Version: 1.1
Check: DESCRIPTION meta-information
Result: NOTE
    Malformed Description field: should contain one or more complete sentences.
Flavors: r-devel-linux-x86_64-debian-clang, r-devel-linux-x86_64-debian-gcc, r-devel-windows-ix86+x86_64, r-patched-linux-x86_64, r-patched-solaris-sparc, r-patched-solaris-x86, r-release-linux-x86_64, r-release-windows-ix86+x86_64, r-release-osx-x86_64, r-oldrel-windows-ix86+x86_64, r-oldrel-osx-x86_64

Version: 1.1
Flags: --no-stop-on-test-error
Check: DESCRIPTION meta-information
Result: NOTE
    Malformed Description field: should contain one or more complete sentences.
Flavors: r-devel-linux-x86_64-fedora-clang, r-devel-linux-x86_64-fedora-gcc