CRAN Package Check Results for Package pseudo

Last updated on 2016-09-30 04:49:12.

Flavor Version Tinstall Tcheck Ttotal Status Flags
r-devel-linux-x86_64-debian-clang 1.1 0.52 9.87 10.39 NOTE
r-devel-linux-x86_64-debian-gcc 1.1 0.64 10.55 11.19 NOTE
r-devel-linux-x86_64-fedora-clang 1.1 18.49 NOTE
r-devel-linux-x86_64-fedora-gcc 1.1 15.63 NOTE
r-devel-macos-x86_64-clang 1.1 15.76 NOTE
r-devel-windows-ix86+x86_64 1.1 7.00 36.00 43.00 NOTE
r-patched-linux-x86_64 1.1 0.58 9.77 10.34 NOTE
r-patched-solaris-sparc 1.1 108.60 NOTE
r-patched-solaris-x86 1.1 24.80 NOTE
r-release-linux-x86_64 1.1 0.66 9.77 10.43 NOTE
r-release-osx-x86_64-mavericks 1.1 NOTE
r-release-windows-ix86+x86_64 1.1 8.00 38.00 46.00 NOTE
r-oldrel-windows-ix86+x86_64 1.1 3.00 33.00 36.00 NOTE

Check Details

Version: 1.1
Check: DESCRIPTION meta-information
Result: NOTE
    Malformed Description field: should contain one or more complete sentences.
Flavors: r-devel-linux-x86_64-debian-clang, r-devel-linux-x86_64-debian-gcc, r-devel-linux-x86_64-fedora-clang, r-devel-linux-x86_64-fedora-gcc, r-devel-macos-x86_64-clang, r-devel-windows-ix86+x86_64, r-patched-linux-x86_64, r-patched-solaris-sparc, r-patched-solaris-x86, r-release-linux-x86_64, r-release-osx-x86_64-mavericks, r-release-windows-ix86+x86_64, r-oldrel-windows-ix86+x86_64