CRAN Package Check Results for Package pseudo

Last updated on 2018-04-23 03:50:45 CEST.

Flavor Version Tinstall Tcheck Ttotal Status Flags
r-devel-linux-x86_64-debian-clang 1.4.3 0.87 16.12 16.99 OK
r-devel-linux-x86_64-debian-gcc 1.4.3 0.94 14.28 15.22 OK
r-devel-linux-x86_64-fedora-clang 1.4.3 23.15 OK
r-devel-linux-x86_64-fedora-gcc 1.4.3 21.69 OK
r-devel-windows-ix86+x86_64 1.4.3 4.00 28.00 32.00 OK
r-devel-osx-x86_64 1.4.3 OK
r-patched-linux-x86_64 1.4.3 0.96 17.29 18.25 NOTE
r-patched-solaris-x86 1.4.3 37.40 OK
r-release-linux-x86_64 1.4.3 0.84 17.06 17.90 OK
r-release-windows-ix86+x86_64 1.4.3 3.00 28.00 31.00 OK
r-release-osx-x86_64 1.4.3 OK
r-oldrel-windows-ix86+x86_64 1.4.3 2.00 28.00 30.00 OK

Check Details

Version: 1.4.3
Check: DESCRIPTION meta-information
Result: NOTE
    Dependence on R version ‘3.3.3’ not with patchlevel 0
Flavor: r-patched-linux-x86_64