CRAN Package Check Results for Package pseudo

Last updated on 2015-03-06 14:47:04.

Flavor Version Tinstall Tcheck Ttotal Status Flags
r-devel-linux-x86_64-debian-clang 1.1 0.55 9.76 10.32 NOTE
r-devel-linux-x86_64-debian-gcc 1.1 0.57 10.02 10.59 NOTE
r-devel-linux-x86_64-fedora-clang 1.1 19.93 NOTE
r-devel-linux-x86_64-fedora-gcc 1.1 18.42 NOTE
r-devel-osx-x86_64-clang 1.1 24.24 NOTE
r-devel-windows-ix86+x86_64 1.1 3.00 19.00 22.00 NOTE
r-patched-linux-x86_64 1.1 0.62 11.26 11.88 OK
r-patched-solaris-sparc 1.1 159.60 OK
r-patched-solaris-x86 1.1 34.50 OK
r-release-linux-ix86 1.1 0.98 18.75 19.73 OK
r-release-linux-x86_64 1.1 0.62 11.11 11.73 OK
r-release-osx-x86_64-mavericks 1.1 OK
r-release-osx-x86_64-snowleopard 1.1 OK
r-release-windows-ix86+x86_64 1.1 3.00 20.00 23.00 OK
r-oldrel-windows-ix86+x86_64 1.1 3.00 20.00 23.00 OK

Check Details

Version: 1.1
Check: DESCRIPTION meta-information
Result: NOTE
    Malformed Description field: should contain one or more complete sentences.
Flavors: r-devel-linux-x86_64-debian-clang, r-devel-linux-x86_64-debian-gcc, r-devel-linux-x86_64-fedora-clang, r-devel-linux-x86_64-fedora-gcc, r-devel-osx-x86_64-clang, r-devel-windows-ix86+x86_64