CRAN Package Check Results for Package pseudo

Last updated on 2016-02-07 03:50:45.

Flavor Version Tinstall Tcheck Ttotal Status Flags
r-devel-linux-x86_64-debian-gcc 1.1 0.57 8.79 9.37 NOTE
r-devel-linux-x86_64-fedora-clang 1.1 16.40 NOTE
r-devel-linux-x86_64-fedora-gcc 1.1 15.40 NOTE
r-devel-osx-x86_64-clang 1.1 20.12 NOTE
r-devel-windows-ix86+x86_64 1.1 4.00 19.00 23.00 NOTE
r-patched-linux-x86_64 1.1 0.60 9.49 10.09 NOTE
r-patched-solaris-sparc 1.1 111.00 NOTE
r-patched-solaris-x86 1.1 25.40 NOTE
r-release-linux-x86_64 1.1 0.68 9.35 10.03 NOTE
r-release-osx-x86_64-mavericks 1.1 NOTE
r-release-windows-ix86+x86_64 1.1 3.00 24.00 27.00 NOTE
r-oldrel-windows-ix86+x86_64 1.1 5.00 20.00 25.00 OK

Check Details

Version: 1.1
Check: DESCRIPTION meta-information
Result: NOTE
    Malformed Description field: should contain one or more complete sentences.
Flavors: r-devel-linux-x86_64-debian-gcc, r-devel-linux-x86_64-fedora-clang, r-devel-linux-x86_64-fedora-gcc, r-devel-osx-x86_64-clang, r-devel-windows-ix86+x86_64, r-patched-linux-x86_64, r-patched-solaris-sparc, r-patched-solaris-x86, r-release-linux-x86_64, r-release-osx-x86_64-mavericks, r-release-windows-ix86+x86_64