CRAN Package Check Results for Package pseudo

Last updated on 2016-05-06 23:47:07.

Flavor Version Tinstall Tcheck Ttotal Status Flags
r-devel-linux-x86_64-debian-gcc 1.1 0.60 9.61 10.21 NOTE
r-devel-linux-x86_64-fedora-clang 1.1 17.23 NOTE
r-devel-linux-x86_64-fedora-gcc 1.1 15.48 NOTE
r-devel-osx-x86_64-clang 1.1 20.65 NOTE
r-devel-windows-ix86+x86_64 1.1 2.00 33.00 35.00 NOTE
r-patched-linux-x86_64 1.1 0.54 9.34 9.88 NOTE
r-patched-solaris-sparc 1.1 109.10 NOTE
r-patched-solaris-x86 1.1 25.50 NOTE
r-release-linux-x86_64 1.1 0.54 9.30 9.84 NOTE
r-release-osx-x86_64-mavericks 1.1 NOTE
r-release-windows-ix86+x86_64 1.1 2.00 33.00 35.00 NOTE
r-oldrel-windows-ix86+x86_64 1.1 3.00 24.00 27.00 NOTE

Check Details

Version: 1.1
Check: DESCRIPTION meta-information
Result: NOTE
    Malformed Description field: should contain one or more complete sentences.
Flavors: r-devel-linux-x86_64-debian-gcc, r-devel-linux-x86_64-fedora-clang, r-devel-linux-x86_64-fedora-gcc, r-devel-osx-x86_64-clang, r-devel-windows-ix86+x86_64, r-patched-linux-x86_64, r-patched-solaris-sparc, r-patched-solaris-x86, r-release-linux-x86_64, r-release-osx-x86_64-mavericks, r-release-windows-ix86+x86_64, r-oldrel-windows-ix86+x86_64