CRAN Package Check Results for Package pseudo

Last updated on 2017-06-25 16:52:25.

Flavor Version Tinstall Tcheck Ttotal Status Flags
r-devel-linux-x86_64-debian-clang 1.1 0.67 12.43 13.09 NOTE
r-devel-linux-x86_64-debian-gcc 1.1 0.60 12.20 12.80 NOTE
r-devel-linux-x86_64-fedora-clang 1.1 20.46 NOTE
r-devel-linux-x86_64-fedora-gcc 1.1 20.62 NOTE
r-devel-windows-ix86+x86_64 1.1 5.00 27.00 32.00 NOTE
r-patched-linux-x86_64 1.1 0.67 11.80 12.47 NOTE
r-patched-solaris-sparc 1.1 125.50 NOTE
r-patched-solaris-x86 1.1 28.70 NOTE
r-release-linux-x86_64 1.1 0.62 12.13 12.75 NOTE
r-release-windows-ix86+x86_64 1.1 3.00 27.00 30.00 NOTE
r-release-osx-x86_64 1.1 NOTE
r-oldrel-windows-ix86+x86_64 1.1 2.00 26.00 28.00 NOTE
r-oldrel-osx-x86_64 1.1 NOTE

Check Details

Version: 1.1
Check: DESCRIPTION meta-information
Result: NOTE
    Malformed Description field: should contain one or more complete sentences.
Flavors: r-devel-linux-x86_64-debian-clang, r-devel-linux-x86_64-debian-gcc, r-devel-linux-x86_64-fedora-clang, r-devel-linux-x86_64-fedora-gcc, r-devel-windows-ix86+x86_64, r-patched-linux-x86_64, r-patched-solaris-sparc, r-patched-solaris-x86, r-release-linux-x86_64, r-release-windows-ix86+x86_64, r-release-osx-x86_64, r-oldrel-windows-ix86+x86_64, r-oldrel-osx-x86_64