CRAN Package Check Results for Package pseudo

Last updated on 2018-02-25 19:49:13 CET.

Flavor Version Tinstall Tcheck Ttotal Status Flags
r-devel-linux-x86_64-debian-clang 1.4.3 1.34 17.44 18.78 NOTE
r-devel-linux-x86_64-debian-gcc 1.4.3 0.69 14.03 14.72 NOTE
r-devel-linux-x86_64-fedora-clang 1.4.3 22.64 NOTE
r-devel-linux-x86_64-fedora-gcc 1.4.3 22.03 NOTE
r-devel-windows-ix86+x86_64 1.4.3 5.00 25.00 30.00 OK
r-patched-linux-x86_64 1.4.3 0.82 17.35 18.17 OK
r-patched-solaris-x86 1.4.3 31.70 OK
r-release-linux-x86_64 1.4.3 0.81 16.97 17.78 OK
r-release-windows-ix86+x86_64 1.4.3 3.00 28.00 31.00 OK
r-release-osx-x86_64 1.4.3 OK
r-oldrel-windows-ix86+x86_64 1.4.3 2.00 28.00 30.00 OK
r-oldrel-osx-x86_64 1.4.3 ERROR

Check Details

Version: 1.4.3
Check: DESCRIPTION meta-information
Result: NOTE
    Dependence on R version ‘3.3.3’ not with patchlevel 0
Flavors: r-devel-linux-x86_64-debian-clang, r-devel-linux-x86_64-debian-gcc, r-devel-linux-x86_64-fedora-clang, r-devel-linux-x86_64-fedora-gcc

Version: 1.4.3
Check: whether package can be installed
Result: ERROR
    Installation failed.
Flavor: r-oldrel-osx-x86_64