CRAN Package Check Results for Package pseudo

Last updated on 2015-04-19 11:51:17.

Flavor Version Tinstall Tcheck Ttotal Status Flags
r-devel-linux-x86_64-debian-clang 1.1 0.66 9.69 10.36 NOTE
r-devel-linux-x86_64-debian-gcc 1.1 0.60 9.65 10.26 NOTE
r-devel-linux-x86_64-fedora-clang 1.1 19.76 NOTE
r-devel-linux-x86_64-fedora-gcc 1.1 18.12 NOTE
r-devel-osx-x86_64-clang 1.1 23.65 NOTE
r-devel-windows-ix86+x86_64 1.1 3.00 20.00 23.00 NOTE
r-patched-linux-x86_64 1.1 0.55 9.74 10.29 NOTE
r-patched-solaris-sparc 1.1 133.00 NOTE
r-patched-solaris-x86 1.1 29.10 NOTE
r-release-linux-x86_64 1.1 0.54 9.71 10.25 NOTE
r-release-osx-x86_64-mavericks 1.1 NOTE
r-release-osx-x86_64-snowleopard 1.1 NOTE
r-release-windows-ix86+x86_64 1.1 2.00 20.00 22.00 NOTE
r-oldrel-windows-ix86+x86_64 1.1 4.00 21.00 25.00 OK

Check Details

Version: 1.1
Check: DESCRIPTION meta-information
Result: NOTE
    Malformed Description field: should contain one or more complete sentences.
Flavors: r-devel-linux-x86_64-debian-clang, r-devel-linux-x86_64-debian-gcc, r-devel-linux-x86_64-fedora-clang, r-devel-linux-x86_64-fedora-gcc, r-devel-osx-x86_64-clang, r-devel-windows-ix86+x86_64, r-patched-linux-x86_64, r-patched-solaris-sparc, r-patched-solaris-x86, r-release-linux-x86_64, r-release-osx-x86_64-mavericks, r-release-osx-x86_64-snowleopard, r-release-windows-ix86+x86_64