CRAN Package Check Results for Package pseudo

Last updated on 2017-10-21 18:47:25.

Flavor Version Tinstall Tcheck Ttotal Status Flags
r-devel-linux-x86_64-debian-clang 1.4.3 0.63 11.97 12.60 OK
r-devel-linux-x86_64-debian-gcc 1.4.3 0.69 13.18 13.88 OK
r-devel-linux-x86_64-fedora-clang 1.4.3 21.41 OK
r-devel-linux-x86_64-fedora-gcc 1.4.3 20.44 OK
r-devel-windows-ix86+x86_64 1.4.3 3.00 44.00 47.00 OK
r-patched-linux-x86_64 1.4.3 0.66 11.84 12.50 OK
r-patched-solaris-x86 1.4.3 31.70 OK
r-release-linux-x86_64 1.4.3 0.65 12.13 12.78 OK
r-release-windows-ix86+x86_64 1.4.3 3.00 28.00 31.00 OK
r-release-osx-x86_64 1.4.3 OK
r-oldrel-windows-ix86+x86_64 1.4.3 2.00 28.00 30.00 OK
r-oldrel-osx-x86_64 1.4.3 ERROR

Check Details

Version: 1.4.3
Check: whether package can be installed
Result: ERROR
    Installation failed.
Flavor: r-oldrel-osx-x86_64