CRAN Package Check Results for Package pseudo

Last updated on 2017-08-16 16:46:59.

Flavor Version Tinstall Tcheck Ttotal Status Flags
r-devel-linux-x86_64-debian-clang 1.4.3 0.64 12.34 12.98 OK
r-devel-linux-x86_64-debian-gcc 1.4.3 0.58 12.30 12.88 OK
r-devel-linux-x86_64-fedora-clang 1.4.3 20.31 OK
r-devel-linux-x86_64-fedora-gcc 1.4.3 19.72 OK
r-devel-windows-ix86+x86_64 1.4.3 5.00 29.00 34.00 OK
r-patched-linux-x86_64 1.4.3 0.61 12.40 13.01 OK
r-patched-solaris-x86 1.4.3 30.20 OK
r-release-linux-x86_64 1.4.3 0.64 12.30 12.94 OK
r-release-windows-ix86+x86_64 1.4.3 2.00 29.00 31.00 OK
r-release-osx-x86_64 1.4.3 OK
r-oldrel-windows-ix86+x86_64 1.4.3 2.00 28.00 30.00 OK
r-oldrel-osx-x86_64 1.4.3 ERROR

Check Details

Version: 1.4.3
Check: whether package can be installed
Result: ERROR
    Installation failed.
Flavor: r-oldrel-osx-x86_64