CRAN Package Check Results for Package psfmi

Last updated on 2019-10-14 07:49:29 CEST.

Flavor Version Tinstall Tcheck Ttotal Status Flags
r-devel-linux-x86_64-debian-clang 0.1.0 12.25 143.13 155.38 OK
r-devel-linux-x86_64-debian-gcc 0.1.0 10.91 111.67 122.58 OK
r-devel-linux-x86_64-fedora-clang 0.1.0 194.91 NOTE
r-devel-linux-x86_64-fedora-gcc 0.1.0 183.44 NOTE
r-devel-windows-ix86+x86_64 0.1.0 31.00 227.00 258.00 OK
r-patched-linux-x86_64 0.1.0 10.82 142.07 152.89 OK
r-patched-solaris-x86 0.1.0 272.00 NOTE
r-release-linux-x86_64 0.1.0 11.11 139.94 151.05 OK
r-release-windows-ix86+x86_64 0.1.0 47.00 142.00 189.00 OK
r-release-osx-x86_64 0.1.0 NOTE
r-oldrel-windows-ix86+x86_64 0.1.0 18.00 141.00 159.00 OK
r-oldrel-osx-x86_64 0.1.0 NOTE

Check Details

Version: 0.1.0
Check: dependencies in R code
Result: NOTE
    Namespaces in Imports field not imported from:
     ‘foreign’ ‘mitools’
     All declared Imports should be used.
Flavors: r-devel-linux-x86_64-fedora-clang, r-devel-linux-x86_64-fedora-gcc, r-patched-solaris-x86, r-release-osx-x86_64, r-oldrel-osx-x86_64