CRAN Package Check Results for Package psgp

Last updated on 2015-04-25 06:46:25.

Flavor Version Tinstall Tcheck Ttotal Status Flags
r-devel-linux-x86_64-debian-clang 0.3-6 0.29 1.67 1.96 ERROR
r-devel-linux-x86_64-debian-gcc 0.3-6 113.72 30.48 144.20 NOTE
r-devel-linux-x86_64-fedora-clang 0.3-6 321.70 NOTE
r-devel-linux-x86_64-fedora-gcc 0.3-6 278.63 NOTE
r-devel-osx-x86_64-clang 0.3-6 180.65 NOTE
r-devel-windows-ix86+x86_64 0.3-6 353.00 85.00 438.00 NOTE
r-patched-linux-x86_64 0.3-6 113.72 31.10 144.82 NOTE
r-patched-solaris-sparc 0.3-6 1541.50 NOTE
r-patched-solaris-x86 0.3-6 301.90 NOTE
r-release-linux-x86_64 0.3-6 110.56 30.80 141.36 NOTE
r-release-osx-x86_64-mavericks 0.3-6 NOTE
r-release-osx-x86_64-snowleopard 0.3-6 ERROR
r-release-windows-ix86+x86_64 0.3-6 359.00 86.00 445.00 NOTE
r-oldrel-windows-ix86+x86_64 0.3-6 281.00 106.00 387.00 NOTE

Check Details

Version: 0.3-6
Check: DESCRIPTION meta-information
Result: NOTE
    Malformed Description field: should contain one or more complete sentences.
Flavors: r-devel-windows-ix86+x86_64, r-patched-linux-x86_64, r-release-windows-ix86+x86_64

Version: 0.3-6
Check: dependencies in R code
Result: NOTE
    'library' or 'require' call to 'doParallel' in package code.
     Please use :: or requireNamespace() instead.
     See section 'Suggested packages' in the 'Writing R Extensions' manual.
Flavors: r-devel-windows-ix86+x86_64, r-patched-linux-x86_64, r-release-windows-ix86+x86_64, r-oldrel-windows-ix86+x86_64

Version: 0.3-6
Check: R code for possible problems
Result: NOTE
    learnParameters: no visible global function definition for
     'coordinates'
    makePrediction: no visible global function definition for 'coordinates'
    spatialPredict.psgp: no visible global function definition for
     'coordinates'
    spatialPredict.psgp: no visible global function definition for
     'makeCluster'
    spatialPredict.psgp: no visible global function definition for
     'registerDoParallel'
    spatialPredict.psgp: no visible global function definition for
     'clusterEvalQ'
    spatialPredict.psgp: no visible global function definition for
     '%dopar%'
    spatialPredict.psgp: no visible global function definition for
     'foreach'
    spatialPredict.psgp: no visible global function definition for
     'stopCluster'
    spatialPredict.psgp: no visible global function definition for
     'SpatialPointsDataFrame'
    spatialPredict.psgp: no visible global function definition for 'bbox'
    spatialPredict.psgp: no visible global function definition for
     'proj4string<-'
    spatialPredict.psgp: no visible global function definition for
     'proj4string'
Flavors: r-devel-windows-ix86+x86_64, r-patched-linux-x86_64, r-release-windows-ix86+x86_64, r-oldrel-windows-ix86+x86_64

Version: 0.3-6
Check: installed package size
Result: NOTE
     installed size is 8.3Mb
     sub-directories of 1Mb or more:
     libs 8.1Mb
Flavor: r-patched-linux-x86_64