CRAN Package Check Results for Package psgp

Last updated on 2016-12-10 12:53:58.

Flavor Version Tinstall Tcheck Ttotal Status Flags
r-devel-linux-x86_64-debian-clang 0.3-6 133.51 69.55 203.06 NOTE
r-devel-linux-x86_64-debian-gcc 0.3-6 142.57 68.57 211.14 NOTE
r-devel-linux-x86_64-fedora-clang 0.3-6 407.60 NOTE --no-stop-on-test-error
r-devel-linux-x86_64-fedora-gcc 0.3-6 394.16 NOTE --no-stop-on-test-error
r-devel-macos-x86_64-clang 0.3-6 263.19 NOTE --no-stop-on-test-error
r-devel-windows-ix86+x86_64 0.3-6 418.00 206.00 624.00 NOTE
r-patched-linux-x86_64 0.3-6 111.40 59.28 170.68 NOTE
r-patched-solaris-sparc 0.3-6 7320.40 NOTE
r-patched-solaris-x86 0.3-6 323.10 NOTE
r-release-linux-x86_64 0.3-6 111.76 59.20 170.96 NOTE
r-release-osx-x86_64-mavericks 0.3-6 NOTE
r-release-windows-ix86+x86_64 0.3-6 564.00 134.00 698.00 NOTE
r-oldrel-windows-ix86+x86_64 0.3-6 525.00 144.00 669.00 NOTE

Check Details

Version: 0.3-6
Check: DESCRIPTION meta-information
Result: NOTE
    Malformed Description field: should contain one or more complete sentences.
Flavors: r-devel-linux-x86_64-debian-clang, r-devel-linux-x86_64-debian-gcc, r-devel-windows-ix86+x86_64, r-patched-linux-x86_64, r-patched-solaris-sparc, r-patched-solaris-x86, r-release-linux-x86_64, r-release-osx-x86_64-mavericks, r-release-windows-ix86+x86_64, r-oldrel-windows-ix86+x86_64

Version: 0.3-6
Check: dependencies in R code
Result: NOTE
    'library' or 'require' call to ‘doParallel’ in package code.
     Please use :: or requireNamespace() instead.
     See section 'Suggested packages' in the 'Writing R Extensions' manual.
Flavors: r-devel-linux-x86_64-debian-clang, r-devel-linux-x86_64-debian-gcc, r-devel-windows-ix86+x86_64, r-patched-linux-x86_64, r-patched-solaris-sparc, r-patched-solaris-x86, r-release-linux-x86_64, r-release-osx-x86_64-mavericks, r-release-windows-ix86+x86_64, r-oldrel-windows-ix86+x86_64

Version: 0.3-6
Check: R code for possible problems
Result: NOTE
    learnParameters: no visible global function definition for
     ‘coordinates’
    makePrediction: no visible global function definition for ‘coordinates’
    spatialPredict.psgp: no visible global function definition for
     ‘coordinates’
    spatialPredict.psgp: no visible global function definition for
     ‘makeCluster’
    spatialPredict.psgp: no visible global function definition for
     ‘registerDoParallel’
    spatialPredict.psgp: no visible global function definition for
     ‘clusterEvalQ’
    spatialPredict.psgp: no visible global function definition for
     ‘%dopar%’
    spatialPredict.psgp: no visible global function definition for
     ‘foreach’
    spatialPredict.psgp: no visible global function definition for
     ‘stopCluster’
    spatialPredict.psgp: no visible global function definition for
     ‘SpatialPointsDataFrame’
    spatialPredict.psgp: no visible global function definition for ‘bbox’
    spatialPredict.psgp: no visible global function definition for
     ‘proj4string<-’
    spatialPredict.psgp: no visible global function definition for
     ‘proj4string’
    Undefined global functions or variables:
     %dopar% SpatialPointsDataFrame bbox clusterEvalQ coordinates foreach
     makeCluster proj4string proj4string<- registerDoParallel stopCluster
Flavors: r-devel-linux-x86_64-debian-clang, r-devel-linux-x86_64-debian-gcc, r-devel-windows-ix86+x86_64, r-patched-linux-x86_64, r-patched-solaris-sparc, r-patched-solaris-x86, r-release-linux-x86_64, r-release-osx-x86_64-mavericks, r-release-windows-ix86+x86_64

Version: 0.3-6
Flags: --no-stop-on-test-error
Check: installed package size
Result: NOTE
     installed size is 6.2Mb
     sub-directories of 1Mb or more:
     libs 6.0Mb
Flavors: r-devel-linux-x86_64-fedora-clang, r-devel-linux-x86_64-fedora-gcc

Version: 0.3-6
Flags: --no-stop-on-test-error
Check: DESCRIPTION meta-information
Result: NOTE
    Malformed Description field: should contain one or more complete sentences.
Flavors: r-devel-linux-x86_64-fedora-clang, r-devel-linux-x86_64-fedora-gcc, r-devel-macos-x86_64-clang

Version: 0.3-6
Flags: --no-stop-on-test-error
Check: dependencies in R code
Result: NOTE
    'library' or 'require' call to ‘doParallel’ in package code.
     Please use :: or requireNamespace() instead.
     See section 'Suggested packages' in the 'Writing R Extensions' manual.
Flavors: r-devel-linux-x86_64-fedora-clang, r-devel-linux-x86_64-fedora-gcc, r-devel-macos-x86_64-clang

Version: 0.3-6
Flags: --no-stop-on-test-error
Check: R code for possible problems
Result: NOTE
    learnParameters: no visible global function definition for
     ‘coordinates’
    makePrediction: no visible global function definition for ‘coordinates’
    spatialPredict.psgp: no visible global function definition for
     ‘coordinates’
    spatialPredict.psgp: no visible global function definition for
     ‘makeCluster’
    spatialPredict.psgp: no visible global function definition for
     ‘registerDoParallel’
    spatialPredict.psgp: no visible global function definition for
     ‘clusterEvalQ’
    spatialPredict.psgp: no visible global function definition for
     ‘%dopar%’
    spatialPredict.psgp: no visible global function definition for
     ‘foreach’
    spatialPredict.psgp: no visible global function definition for
     ‘stopCluster’
    spatialPredict.psgp: no visible global function definition for
     ‘SpatialPointsDataFrame’
    spatialPredict.psgp: no visible global function definition for ‘bbox’
    spatialPredict.psgp: no visible global function definition for
     ‘proj4string<-’
    spatialPredict.psgp: no visible global function definition for
     ‘proj4string’
    Undefined global functions or variables:
     %dopar% SpatialPointsDataFrame bbox clusterEvalQ coordinates foreach
     makeCluster proj4string proj4string<- registerDoParallel stopCluster
Flavors: r-devel-linux-x86_64-fedora-clang, r-devel-linux-x86_64-fedora-gcc, r-devel-macos-x86_64-clang

Version: 0.3-6
Check: installed package size
Result: NOTE
     installed size is 7.3Mb
     sub-directories of 1Mb or more:
     libs 7.1Mb
Flavor: r-release-osx-x86_64-mavericks

Version: 0.3-6
Check: R code for possible problems
Result: NOTE
    learnParameters: no visible global function definition for
     'coordinates'
    makePrediction: no visible global function definition for 'coordinates'
    spatialPredict.psgp: no visible global function definition for
     'coordinates'
    spatialPredict.psgp: no visible global function definition for
     'makeCluster'
    spatialPredict.psgp: no visible global function definition for
     'registerDoParallel'
    spatialPredict.psgp: no visible global function definition for
     'clusterEvalQ'
    spatialPredict.psgp: no visible global function definition for
     '%dopar%'
    spatialPredict.psgp: no visible global function definition for
     'foreach'
    spatialPredict.psgp: no visible global function definition for
     'stopCluster'
    spatialPredict.psgp: no visible global function definition for
     'SpatialPointsDataFrame'
    spatialPredict.psgp: no visible global function definition for 'bbox'
    spatialPredict.psgp: no visible global function definition for
     'proj4string<-'
    spatialPredict.psgp: no visible global function definition for
     'proj4string'
Flavor: r-oldrel-windows-ix86+x86_64