CRAN Package Check Results for Package psgp

Last updated on 2014-07-23 23:48:29.

Flavor Version Tinstall Tcheck Ttotal Status Flags
r-devel-linux-x86_64-debian-clang 0.3-6 96.91 42.30 139.21 NOTE
r-devel-linux-x86_64-debian-gcc 0.3-6 109.24 40.86 150.10 NOTE
r-devel-linux-x86_64-fedora-clang 0.3-6 309.89 NOTE
r-devel-linux-x86_64-fedora-gcc 0.3-6 294.28 NOTE
r-devel-osx-x86_64-clang 0.3-6 197.67 OK
r-devel-windows-ix86+x86_64 0.3-6 309.00 106.00 415.00 OK
r-patched-linux-x86_64 0.3-6 107.53 41.66 149.18 NOTE
r-patched-solaris-sparc 0.3-6 1642.80 NOTE
r-patched-solaris-x86 0.3-6 326.80 NOTE
r-release-linux-ix86 0.3-6 131.62 53.65 185.28 NOTE
r-release-linux-x86_64 0.3-6 109.53 41.93 151.46 NOTE
r-release-osx-x86_64-mavericks 0.3-6 ERROR
r-release-osx-x86_64-snowleopard 0.3-6 OK
r-release-windows-ix86+x86_64 0.3-6 244.00 107.00 351.00 OK
r-oldrel-windows-ix86+x86_64 0.3-6 228.00 110.00 338.00 OK

Check Details

Version: 0.3-6
Check: installed package size
Result: NOTE
     installed size is 5.5Mb
     sub-directories of 1Mb or more:
     libs 5.3Mb
Flavors: r-devel-linux-x86_64-debian-clang, r-devel-linux-x86_64-debian-gcc, r-devel-linux-x86_64-fedora-clang, r-devel-linux-x86_64-fedora-gcc, r-patched-linux-x86_64, r-patched-solaris-sparc, r-patched-solaris-x86, r-release-linux-ix86, r-release-linux-x86_64

Version: 0.3-6
Check: package dependencies
Result: ERROR
    Packages required but not available: ‘intamap’ ‘automap’ ‘gstat’
    
    Package suggested but not available for checking: ‘rgdal’
    
    See the information on DESCRIPTION files in the chapter ‘Creating R
    packages’ of the ‘Writing R Extensions’ manual.
Flavor: r-release-osx-x86_64-mavericks