CRAN Package Check Results for Package psgp

Last updated on 2016-06-29 15:48:01.

Flavor Version Tinstall Tcheck Ttotal Status Flags
r-devel-linux-x86_64-debian-gcc 0.3-6 174.60 58.24 232.83 NOTE
r-devel-linux-x86_64-fedora-clang 0.3-6 388.71 NOTE
r-devel-linux-x86_64-fedora-gcc 0.3-6 327.00 NOTE
r-devel-osx-x86_64-clang 0.3-6 251.52 NOTE
r-devel-windows-ix86+x86_64 0.3-6 393.00 129.00 522.00 NOTE
r-patched-linux-x86_64 0.3-6 113.83 56.46 170.28 NOTE
r-patched-solaris-sparc 0.3-6 7535.60 NOTE
r-patched-solaris-x86 0.3-6 315.70 NOTE
r-release-linux-x86_64 0.3-6 110.70 54.50 165.20 NOTE
r-release-osx-x86_64-mavericks 0.3-6 NOTE
r-release-windows-ix86+x86_64 0.3-6 540.00 364.00 904.00 NOTE
r-oldrel-windows-ix86+x86_64 0.3-6 496.00 152.00 648.00 NOTE

Check Details

Version: 0.3-6
Check: installed package size
Result: NOTE
     installed size is 9.6Mb
     sub-directories of 1Mb or more:
     libs 9.4Mb
Flavors: r-devel-linux-x86_64-debian-gcc, r-devel-linux-x86_64-fedora-clang, r-devel-linux-x86_64-fedora-gcc, r-patched-linux-x86_64, r-patched-solaris-sparc, r-patched-solaris-x86, r-release-linux-x86_64, r-release-osx-x86_64-mavericks

Version: 0.3-6
Check: DESCRIPTION meta-information
Result: NOTE
    Malformed Description field: should contain one or more complete sentences.
Flavors: r-devel-linux-x86_64-debian-gcc, r-devel-linux-x86_64-fedora-clang, r-devel-linux-x86_64-fedora-gcc, r-devel-osx-x86_64-clang, r-devel-windows-ix86+x86_64, r-patched-linux-x86_64, r-patched-solaris-sparc, r-patched-solaris-x86, r-release-linux-x86_64, r-release-osx-x86_64-mavericks, r-release-windows-ix86+x86_64, r-oldrel-windows-ix86+x86_64

Version: 0.3-6
Check: dependencies in R code
Result: NOTE
    'library' or 'require' call to ‘doParallel’ in package code.
     Please use :: or requireNamespace() instead.
     See section 'Suggested packages' in the 'Writing R Extensions' manual.
Flavors: r-devel-linux-x86_64-debian-gcc, r-devel-linux-x86_64-fedora-clang, r-devel-linux-x86_64-fedora-gcc, r-devel-osx-x86_64-clang, r-devel-windows-ix86+x86_64, r-patched-linux-x86_64, r-patched-solaris-sparc, r-patched-solaris-x86, r-release-linux-x86_64, r-release-osx-x86_64-mavericks, r-release-windows-ix86+x86_64, r-oldrel-windows-ix86+x86_64

Version: 0.3-6
Check: R code for possible problems
Result: NOTE
    learnParameters: no visible global function definition for
     ‘coordinates’
    makePrediction: no visible global function definition for ‘coordinates’
    spatialPredict.psgp: no visible global function definition for
     ‘coordinates’
    spatialPredict.psgp: no visible global function definition for
     ‘makeCluster’
    spatialPredict.psgp: no visible global function definition for
     ‘registerDoParallel’
    spatialPredict.psgp: no visible global function definition for
     ‘clusterEvalQ’
    spatialPredict.psgp: no visible global function definition for
     ‘%dopar%’
    spatialPredict.psgp: no visible global function definition for
     ‘foreach’
    spatialPredict.psgp: no visible global function definition for
     ‘stopCluster’
    spatialPredict.psgp: no visible global function definition for
     ‘SpatialPointsDataFrame’
    spatialPredict.psgp: no visible global function definition for ‘bbox’
    spatialPredict.psgp: no visible global function definition for
     ‘proj4string<-’
    spatialPredict.psgp: no visible global function definition for
     ‘proj4string’
    Undefined global functions or variables:
     %dopar% SpatialPointsDataFrame bbox clusterEvalQ coordinates foreach
     makeCluster proj4string proj4string<- registerDoParallel stopCluster
Flavors: r-devel-linux-x86_64-debian-gcc, r-devel-linux-x86_64-fedora-clang, r-devel-linux-x86_64-fedora-gcc, r-devel-osx-x86_64-clang, r-devel-windows-ix86+x86_64, r-patched-linux-x86_64, r-patched-solaris-sparc, r-patched-solaris-x86, r-release-linux-x86_64, r-release-osx-x86_64-mavericks, r-release-windows-ix86+x86_64

Version: 0.3-6
Check: R code for possible problems
Result: NOTE
    learnParameters: no visible global function definition for
     'coordinates'
    makePrediction: no visible global function definition for 'coordinates'
    spatialPredict.psgp: no visible global function definition for
     'coordinates'
    spatialPredict.psgp: no visible global function definition for
     'makeCluster'
    spatialPredict.psgp: no visible global function definition for
     'registerDoParallel'
    spatialPredict.psgp: no visible global function definition for
     'clusterEvalQ'
    spatialPredict.psgp: no visible global function definition for
     '%dopar%'
    spatialPredict.psgp: no visible global function definition for
     'foreach'
    spatialPredict.psgp: no visible global function definition for
     'stopCluster'
    spatialPredict.psgp: no visible global function definition for
     'SpatialPointsDataFrame'
    spatialPredict.psgp: no visible global function definition for 'bbox'
    spatialPredict.psgp: no visible global function definition for
     'proj4string<-'
    spatialPredict.psgp: no visible global function definition for
     'proj4string'
Flavor: r-oldrel-windows-ix86+x86_64