CRAN Package Check Results for Package psgp

Last updated on 2018-05-22 13:46:43 CEST.

Flavor Version Tinstall Tcheck Ttotal Status Flags
r-devel-linux-x86_64-debian-clang 0.3-18 198.33 88.94 287.27 OK
r-devel-linux-x86_64-debian-gcc 0.3-18 170.37 73.42 243.79 OK
r-devel-linux-x86_64-fedora-clang 0.3-18 400.72 NOTE
r-devel-linux-x86_64-fedora-gcc 0.3-18 364.45 NOTE
r-devel-windows-ix86+x86_64 0.3-18 375.00 183.00 558.00 OK
r-patched-linux-x86_64 0.3-18 211.94 80.78 292.72 OK
r-patched-solaris-x86 0.3-18 377.30 OK
r-release-linux-x86_64 0.3-18 217.79 79.96 297.75 OK
r-release-windows-ix86+x86_64 0.3-18 419.00 198.00 617.00 OK
r-release-osx-x86_64 0.3-18 NOTE
r-oldrel-windows-ix86+x86_64 0.3-18 484.00 188.00 672.00 OK
r-oldrel-osx-x86_64 0.3-17 NOTE

Check Details

Version: 0.3-18
Check: installed package size
Result: NOTE
     installed size is 6.8Mb
     sub-directories of 1Mb or more:
     libs 6.6Mb
Flavors: r-devel-linux-x86_64-fedora-clang, r-devel-linux-x86_64-fedora-gcc, r-release-osx-x86_64

Version: 0.3-17
Check: installed package size
Result: NOTE
     installed size is 5.7Mb
     sub-directories of 1Mb or more:
     libs 5.6Mb
Flavor: r-oldrel-osx-x86_64