CRAN Package Check Results for Package psgp

Last updated on 2015-05-29 03:48:39.

Flavor Version Tinstall Tcheck Ttotal Status Flags
r-devel-linux-x86_64-debian-clang 0.3-6 106.84 31.76 138.60 NOTE
r-devel-linux-x86_64-debian-gcc 0.3-6 113.49 30.67 144.16 NOTE
r-devel-linux-x86_64-fedora-clang 0.3-6 324.09 NOTE
r-devel-linux-x86_64-fedora-gcc 0.3-6 278.82 NOTE
r-devel-osx-x86_64-clang 0.3-6 185.12 NOTE
r-devel-windows-ix86+x86_64 0.3-6 361.00 83.00 444.00 NOTE
r-patched-linux-x86_64 0.3-6 111.67 30.41 142.08 NOTE
r-patched-solaris-sparc 0.3-6 1606.60 NOTE
r-patched-solaris-x86 0.3-6 305.40 NOTE
r-release-linux-x86_64 0.3-6 115.44 30.74 146.18 NOTE
r-release-osx-x86_64-mavericks 0.3-6 NOTE
r-release-osx-x86_64-snowleopard 0.3-6 ERROR
r-release-windows-ix86+x86_64 0.3-6 329.00 79.00 408.00 NOTE
r-oldrel-windows-ix86+x86_64 0.3-6 345.00 111.00 456.00 NOTE

Check Details

Version: 0.3-6
Check: installed package size
Result: NOTE
     installed size is 6.5Mb
     sub-directories of 1Mb or more:
     libs 6.3Mb
Flavors: r-devel-linux-x86_64-debian-clang, r-devel-linux-x86_64-debian-gcc, r-devel-linux-x86_64-fedora-clang, r-devel-linux-x86_64-fedora-gcc, r-patched-linux-x86_64, r-patched-solaris-sparc, r-patched-solaris-x86, r-release-linux-x86_64, r-release-osx-x86_64-mavericks

Version: 0.3-6
Check: DESCRIPTION meta-information
Result: NOTE
    Malformed Description field: should contain one or more complete sentences.
Flavors: r-devel-linux-x86_64-debian-clang, r-devel-linux-x86_64-debian-gcc, r-devel-linux-x86_64-fedora-clang, r-devel-linux-x86_64-fedora-gcc, r-devel-osx-x86_64-clang, r-devel-windows-ix86+x86_64, r-patched-linux-x86_64, r-patched-solaris-sparc, r-patched-solaris-x86, r-release-linux-x86_64, r-release-osx-x86_64-mavericks, r-release-windows-ix86+x86_64

Version: 0.3-6
Check: dependencies in R code
Result: NOTE
    'library' or 'require' call to ‘doParallel’ in package code.
     Please use :: or requireNamespace() instead.
     See section 'Suggested packages' in the 'Writing R Extensions' manual.
Flavors: r-devel-linux-x86_64-debian-clang, r-devel-linux-x86_64-debian-gcc, r-devel-linux-x86_64-fedora-clang, r-devel-linux-x86_64-fedora-gcc, r-devel-osx-x86_64-clang, r-devel-windows-ix86+x86_64, r-patched-linux-x86_64, r-patched-solaris-sparc, r-patched-solaris-x86, r-release-linux-x86_64, r-release-osx-x86_64-mavericks, r-release-windows-ix86+x86_64, r-oldrel-windows-ix86+x86_64

Version: 0.3-6
Check: R code for possible problems
Result: NOTE
    learnParameters: no visible global function definition for
     ‘coordinates’
    makePrediction: no visible global function definition for ‘coordinates’
    spatialPredict.psgp: no visible global function definition for
     ‘coordinates’
    spatialPredict.psgp: no visible global function definition for
     ‘makeCluster’
    spatialPredict.psgp: no visible global function definition for
     ‘registerDoParallel’
    spatialPredict.psgp: no visible global function definition for
     ‘clusterEvalQ’
    spatialPredict.psgp: no visible global function definition for
     ‘%dopar%’
    spatialPredict.psgp: no visible global function definition for
     ‘foreach’
    spatialPredict.psgp: no visible global function definition for
     ‘stopCluster’
    spatialPredict.psgp: no visible global function definition for
     ‘SpatialPointsDataFrame’
    spatialPredict.psgp: no visible global function definition for ‘bbox’
    spatialPredict.psgp: no visible global function definition for
     ‘proj4string<-’
    spatialPredict.psgp: no visible global function definition for
     ‘proj4string’
Flavors: r-devel-linux-x86_64-debian-clang, r-devel-linux-x86_64-debian-gcc, r-devel-linux-x86_64-fedora-clang, r-devel-linux-x86_64-fedora-gcc, r-devel-osx-x86_64-clang, r-devel-windows-ix86+x86_64, r-patched-linux-x86_64, r-patched-solaris-sparc, r-patched-solaris-x86, r-release-linux-x86_64, r-release-osx-x86_64-mavericks, r-release-windows-ix86+x86_64, r-oldrel-windows-ix86+x86_64

Version: 0.3-6
Check: package dependencies
Result: NOTE
    Package suggested but not available for checking: ‘rgdal’
Flavor: r-release-osx-x86_64-mavericks

Version: 0.3-6
Check: package dependencies
Result: ERROR
    Packages required but not available: ‘intamap’ ‘automap’ ‘gstat’
    
    See section ‘The DESCRIPTION file’ in the ‘Writing R Extensions’
    manual.
Flavor: r-release-osx-x86_64-snowleopard