CRAN Package Check Results for Package psgp

Last updated on 2014-09-01 23:46:49.

Flavor Version Tinstall Tcheck Ttotal Status Flags
r-devel-linux-x86_64-debian-clang 0.3-6 97.94 40.84 138.78 NOTE
r-devel-linux-x86_64-debian-gcc 0.3-6 113.01 39.60 152.61 NOTE
r-devel-linux-x86_64-fedora-clang 0.3-6 315.43 NOTE
r-devel-linux-x86_64-fedora-gcc 0.3-6 290.80 NOTE
r-devel-osx-x86_64-clang 0.3-6 200.17 NOTE
r-devel-windows-ix86+x86_64 0.3-6 291.00 102.00 393.00 NOTE
r-patched-linux-x86_64 0.3-6 109.10 41.20 150.30 NOTE
r-patched-solaris-sparc 0.3-6 1644.90 NOTE
r-patched-solaris-x86 0.3-6 331.70 NOTE
r-release-linux-ix86 0.3-6 136.21 54.66 190.87 NOTE
r-release-linux-x86_64 0.3-6 110.62 42.93 153.55 NOTE
r-release-osx-x86_64-mavericks 0.3-6 ERROR
r-release-osx-x86_64-snowleopard 0.3-6 OK
r-release-windows-ix86+x86_64 0.3-6 276.00 104.00 380.00 OK
r-oldrel-windows-ix86+x86_64 0.3-6 285.00 113.00 398.00 OK

Check Details

Version: 0.3-6
Check: installed package size
Result: NOTE
     installed size is 5.7Mb
     sub-directories of 1Mb or more:
     libs 5.5Mb
Flavors: r-devel-linux-x86_64-debian-clang, r-devel-linux-x86_64-debian-gcc, r-devel-linux-x86_64-fedora-clang, r-devel-linux-x86_64-fedora-gcc, r-patched-linux-x86_64, r-patched-solaris-sparc, r-patched-solaris-x86, r-release-linux-ix86, r-release-linux-x86_64

Version: 0.3-6
Check: R code for possible problems
Result: NOTE
    learnParameters: no visible global function definition for
     ‘coordinates’
    makePrediction: no visible global function definition for ‘coordinates’
    spatialPredict.psgp: no visible global function definition for
     ‘coordinates’
    spatialPredict.psgp: no visible global function definition for
     ‘makeCluster’
    spatialPredict.psgp: no visible global function definition for
     ‘registerDoParallel’
    spatialPredict.psgp: no visible global function definition for
     ‘clusterEvalQ’
    spatialPredict.psgp: no visible global function definition for
     ‘%dopar%’
    spatialPredict.psgp: no visible global function definition for
     ‘foreach’
    spatialPredict.psgp: no visible global function definition for
     ‘stopCluster’
    spatialPredict.psgp: no visible global function definition for
     ‘SpatialPointsDataFrame’
    spatialPredict.psgp: no visible global function definition for ‘bbox’
    spatialPredict.psgp: no visible global function definition for
     ‘proj4string<-’
    spatialPredict.psgp: no visible global function definition for
     ‘proj4string’
Flavors: r-devel-linux-x86_64-debian-clang, r-devel-linux-x86_64-debian-gcc, r-devel-linux-x86_64-fedora-clang, r-devel-linux-x86_64-fedora-gcc, r-devel-osx-x86_64-clang, r-devel-windows-ix86+x86_64

Version: 0.3-6
Check: compiled code
Result: NOTE
    File ‘/home/hornik/tmp/R.check/r-devel-clang/Work/build/Packages/psgp/libs/psgp.so’:
     Found ‘rand’, possibly from ‘rand’ (C)
     Objects: ‘gaussianProcesses/PSGP.o’, ‘psgp_common.o’
    
    Compiled code should not call entry points which might terminate R nor
    write to stdout/stderr instead of to the console, nor the C RNG.
    
    See ‘Writing portable packages’ in the ‘Writing R Extensions’ manual.
Flavor: r-devel-linux-x86_64-debian-clang

Version: 0.3-6
Check: compiled code
Result: NOTE
    File ‘/home/hornik/tmp/R.check/r-devel-gcc/Work/build/Packages/psgp/libs/psgp.so’:
     Found ‘rand’, possibly from ‘rand’ (C)
     Objects: ‘gaussianProcesses/PSGP.o’, ‘psgp_common.o’
    
    Compiled code should not call entry points which might terminate R nor
    write to stdout/stderr instead of to the console, nor the C RNG.
    
    See ‘Writing portable packages’ in the ‘Writing R Extensions’ manual.
Flavor: r-devel-linux-x86_64-debian-gcc

Version: 0.3-6
Check: compiled code
Result: NOTE
    File ‘/data/gannet/ripley/R/packages/tests-clang/psgp.Rcheck/psgp/libs/psgp.so’:
     Found ‘rand’, possibly from ‘rand’ (C)
     Objects: ‘gaussianProcesses/PSGP.o’, ‘psgp_common.o’
    
    Compiled code should not call entry points which might terminate R nor
    write to stdout/stderr instead of to the console, nor the C RNG.
    
    See ‘Writing portable packages’ in the ‘Writing R Extensions’ manual.
Flavor: r-devel-linux-x86_64-fedora-clang

Version: 0.3-6
Check: compiled code
Result: NOTE
    File ‘/data/gannet/ripley/R/packages/tests-devel/psgp.Rcheck/psgp/libs/psgp.so’:
     Found ‘rand’, possibly from ‘rand’ (C)
     Objects: ‘gaussianProcesses/PSGP.o’, ‘psgp_common.o’
    
    Compiled code should not call entry points which might terminate R nor
    write to stdout/stderr instead of to the console, nor the C RNG.
    
    See ‘Writing portable packages’ in the ‘Writing R Extensions’ manual.
Flavor: r-devel-linux-x86_64-fedora-gcc

Version: 0.3-6
Check: compiled code
Result: NOTE
    File ‘/Users/ripley/R/packages/tests-devel/psgp.Rcheck/psgp/libs/psgp.so’:
     Found ‘_rand’, possibly from ‘rand’ (C)
     Objects: ‘gaussianProcesses/PSGP.o’, ‘psgp_common.o’
    
    Compiled code should not call entry points which might terminate R nor
    write to stdout/stderr instead of to the console, nor the C RNG.
    
    See ‘Writing portable packages’ in the ‘Writing R Extensions’ manual.
Flavor: r-devel-osx-x86_64-clang

Version: 0.3-6
Check: compiled code
Result: NOTE
    File 'd:/Rcompile/CRANpkg/lib/3.2/psgp/libs/i386/psgp.dll':
     Found 'rand', possibly from 'rand' (C)
     Objects: 'gaussianProcesses/PSGP.o', 'psgp_common.o'
    File 'd:/Rcompile/CRANpkg/lib/3.2/psgp/libs/x64/psgp.dll':
     Found 'rand', possibly from 'rand' (C)
     Objects: 'gaussianProcesses/PSGP.o', 'psgp_common.o'
    
    Compiled code should not call entry points which might terminate R nor
    write to stdout/stderr instead of to the console, nor the C RNG.
    
    See 'Writing portable packages' in the 'Writing R Extensions' manual.
Flavor: r-devel-windows-ix86+x86_64

Version: 0.3-6
Check: package dependencies
Result: ERROR
    Packages required but not available: ‘intamap’ ‘automap’ ‘gstat’
    
    Package suggested but not available for checking: ‘rgdal’
    
    See the information on DESCRIPTION files in the chapter ‘Creating R
    packages’ of the ‘Writing R Extensions’ manual.
Flavor: r-release-osx-x86_64-mavericks