CRAN Package Check Results for Package psgp

Last updated on 2015-08-03 06:47:17.

Flavor Version Tinstall Tcheck Ttotal Status Flags
r-devel-linux-x86_64-debian-clang 0.3-6 107.82 31.56 139.38 NOTE
r-devel-linux-x86_64-debian-gcc 0.3-6 113.32 30.43 143.75 NOTE
r-devel-linux-x86_64-fedora-clang 0.3-6 317.64 NOTE
r-devel-linux-x86_64-fedora-gcc 0.3-6 275.34 NOTE
r-devel-osx-x86_64-clang 0.3-6 183.83 NOTE
r-devel-windows-ix86+x86_64 0.3-6 367.00 88.00 455.00 NOTE
r-patched-linux-x86_64 0.3-6 114.76 31.86 146.62 NOTE
r-patched-solaris-sparc 0.3-6 1545.00 NOTE
r-patched-solaris-x86 0.3-6 308.50 NOTE
r-release-linux-x86_64 0.3-6 116.94 30.50 147.44 NOTE
r-release-osx-x86_64-mavericks 0.3-6 NOTE
r-release-windows-ix86+x86_64 0.3-6 487.00 89.00 576.00 NOTE
r-oldrel-windows-ix86+x86_64 0.3-6 471.00 130.00 601.00 NOTE

Check Details

Version: 0.3-6
Check: installed package size
Result: NOTE
     installed size is 6.5Mb
     sub-directories of 1Mb or more:
     libs 6.3Mb
Flavors: r-devel-linux-x86_64-debian-clang, r-devel-linux-x86_64-debian-gcc, r-devel-linux-x86_64-fedora-clang, r-devel-linux-x86_64-fedora-gcc, r-patched-linux-x86_64, r-release-linux-x86_64, r-release-osx-x86_64-mavericks

Version: 0.3-6
Check: DESCRIPTION meta-information
Result: NOTE
    Malformed Description field: should contain one or more complete sentences.
Flavors: r-devel-linux-x86_64-debian-clang, r-devel-linux-x86_64-debian-gcc, r-devel-linux-x86_64-fedora-clang, r-devel-linux-x86_64-fedora-gcc, r-devel-osx-x86_64-clang, r-devel-windows-ix86+x86_64, r-patched-linux-x86_64, r-patched-solaris-sparc, r-patched-solaris-x86, r-release-linux-x86_64, r-release-osx-x86_64-mavericks, r-release-windows-ix86+x86_64

Version: 0.3-6
Check: dependencies in R code
Result: NOTE
    'library' or 'require' call to ‘doParallel’ in package code.
     Please use :: or requireNamespace() instead.
     See section 'Suggested packages' in the 'Writing R Extensions' manual.
Flavors: r-devel-linux-x86_64-debian-clang, r-devel-linux-x86_64-debian-gcc, r-devel-linux-x86_64-fedora-clang, r-devel-linux-x86_64-fedora-gcc, r-devel-osx-x86_64-clang, r-devel-windows-ix86+x86_64, r-patched-linux-x86_64, r-patched-solaris-sparc, r-patched-solaris-x86, r-release-linux-x86_64, r-release-osx-x86_64-mavericks, r-release-windows-ix86+x86_64, r-oldrel-windows-ix86+x86_64

Version: 0.3-6
Check: R code for possible problems
Result: NOTE
    learnParameters: no visible global function definition for
     ‘coordinates’
    makePrediction: no visible global function definition for ‘coordinates’
    spatialPredict.psgp: no visible global function definition for
     ‘coordinates’
    spatialPredict.psgp: no visible global function definition for
     ‘makeCluster’
    spatialPredict.psgp: no visible global function definition for
     ‘registerDoParallel’
    spatialPredict.psgp: no visible global function definition for
     ‘clusterEvalQ’
    spatialPredict.psgp: no visible global function definition for
     ‘%dopar%’
    spatialPredict.psgp: no visible global function definition for
     ‘foreach’
    spatialPredict.psgp: no visible global function definition for
     ‘stopCluster’
    spatialPredict.psgp: no visible global function definition for
     ‘SpatialPointsDataFrame’
    spatialPredict.psgp: no visible global function definition for ‘bbox’
    spatialPredict.psgp: no visible global function definition for
     ‘proj4string<-’
    spatialPredict.psgp: no visible global function definition for
     ‘proj4string’
    Undefined global functions or variables:
     %dopar% SpatialPointsDataFrame bbox clusterEvalQ coordinates foreach
     makeCluster proj4string proj4string<- registerDoParallel stopCluster
Flavors: r-devel-linux-x86_64-debian-clang, r-devel-linux-x86_64-debian-gcc, r-devel-linux-x86_64-fedora-clang, r-devel-linux-x86_64-fedora-gcc, r-devel-osx-x86_64-clang, r-devel-windows-ix86+x86_64

Version: 0.3-6
Check: R code for possible problems
Result: NOTE
    learnParameters: no visible global function definition for
     ‘coordinates’
    makePrediction: no visible global function definition for ‘coordinates’
    spatialPredict.psgp: no visible global function definition for
     ‘coordinates’
    spatialPredict.psgp: no visible global function definition for
     ‘makeCluster’
    spatialPredict.psgp: no visible global function definition for
     ‘registerDoParallel’
    spatialPredict.psgp: no visible global function definition for
     ‘clusterEvalQ’
    spatialPredict.psgp: no visible global function definition for
     ‘%dopar%’
    spatialPredict.psgp: no visible global function definition for
     ‘foreach’
    spatialPredict.psgp: no visible global function definition for
     ‘stopCluster’
    spatialPredict.psgp: no visible global function definition for
     ‘SpatialPointsDataFrame’
    spatialPredict.psgp: no visible global function definition for ‘bbox’
    spatialPredict.psgp: no visible global function definition for
     ‘proj4string<-’
    spatialPredict.psgp: no visible global function definition for
     ‘proj4string’
Flavors: r-patched-linux-x86_64, r-patched-solaris-sparc, r-patched-solaris-x86, r-release-linux-x86_64, r-release-osx-x86_64-mavericks, r-release-windows-ix86+x86_64, r-oldrel-windows-ix86+x86_64

Version: 0.3-6
Check: package dependencies
Result: NOTE
    Package suggested but not available for checking: ‘rgdal’
Flavor: r-release-osx-x86_64-mavericks