Last updated on 2022-07-04 17:51:39 CEST.
Flavor | Version | Tinstall | Tcheck | Ttotal | Status | Flags |
---|---|---|---|---|---|---|
r-devel-linux-x86_64-debian-clang | 0.3-19 | 255.82 | 113.26 | 369.08 | OK | |
r-devel-linux-x86_64-debian-gcc | 0.3-19 | 209.97 | 82.94 | 292.91 | OK | |
r-devel-linux-x86_64-fedora-clang | 0.3-19 | 586.21 | NOTE | |||
r-devel-linux-x86_64-fedora-gcc | 0.3-19 | 533.12 | OK | |||
r-devel-windows-x86_64 | 0.3-19 | 404.00 | 180.00 | 584.00 | OK | |
r-patched-linux-x86_64 | 0.3-19 | 224.70 | 103.99 | 328.69 | OK | |
r-release-linux-x86_64 | 0.3-19 | 235.60 | 103.40 | 339.00 | OK | |
r-release-macos-arm64 | 0.3-19 | 92.00 | NOTE | |||
r-release-macos-x86_64 | 0.3-19 | 218.00 | NOTE | |||
r-release-windows-x86_64 | 0.3-19 | 217.00 | 182.00 | 399.00 | OK | |
r-oldrel-macos-arm64 | 0.3-19 | 117.00 | NOTE | |||
r-oldrel-macos-x86_64 | 0.3-19 | 179.00 | NOTE | |||
r-oldrel-windows-ix86+x86_64 | 0.3-19 | 692.00 | 247.00 | 939.00 | OK |
Version: 0.3-19
Check: installed package size
Result: NOTE
installed size is 5.5Mb
sub-directories of 1Mb or more:
libs 5.4Mb
Flavors: r-devel-linux-x86_64-fedora-clang, r-release-macos-arm64, r-release-macos-x86_64, r-oldrel-macos-arm64, r-oldrel-macos-x86_64