CRAN Package Check Results for Package psgp

Last updated on 2016-10-01 08:47:43.

Flavor Version Tinstall Tcheck Ttotal Status Flags
r-devel-linux-x86_64-debian-clang 0.3-6 134.73 63.71 198.44 NOTE
r-devel-linux-x86_64-debian-gcc 0.3-6 143.72 61.48 205.19 NOTE
r-devel-linux-x86_64-fedora-clang 0.3-6 398.37 NOTE
r-devel-linux-x86_64-fedora-gcc 0.3-6 374.02 NOTE
r-devel-macos-x86_64-clang 0.3-6 247.97 NOTE
r-devel-windows-ix86+x86_64 0.3-6 584.00 161.00 745.00 NOTE
r-patched-linux-x86_64 0.3-6 113.87 59.54 173.41 NOTE
r-patched-solaris-sparc 0.3-6 7203.40 NOTE
r-patched-solaris-x86 0.3-6 329.20 NOTE
r-release-linux-x86_64 0.3-6 113.48 60.07 173.55 NOTE
r-release-osx-x86_64-mavericks 0.3-6 NOTE
r-release-windows-ix86+x86_64 0.3-6 407.00 133.00 540.00 NOTE
r-oldrel-windows-ix86+x86_64 0.3-6 551.00 194.00 745.00 NOTE

Check Details

Version: 0.3-6
Check: installed package size
Result: NOTE
     installed size is 5.8Mb
     sub-directories of 1Mb or more:
     libs 5.6Mb
Flavors: r-devel-linux-x86_64-debian-clang, r-devel-linux-x86_64-debian-gcc, r-devel-linux-x86_64-fedora-clang, r-devel-linux-x86_64-fedora-gcc, r-patched-linux-x86_64, r-release-linux-x86_64, r-release-osx-x86_64-mavericks

Version: 0.3-6
Check: DESCRIPTION meta-information
Result: NOTE
    Malformed Description field: should contain one or more complete sentences.
Flavors: r-devel-linux-x86_64-debian-clang, r-devel-linux-x86_64-debian-gcc, r-devel-linux-x86_64-fedora-clang, r-devel-linux-x86_64-fedora-gcc, r-devel-macos-x86_64-clang, r-devel-windows-ix86+x86_64, r-patched-linux-x86_64, r-patched-solaris-sparc, r-patched-solaris-x86, r-release-linux-x86_64, r-release-osx-x86_64-mavericks, r-release-windows-ix86+x86_64, r-oldrel-windows-ix86+x86_64

Version: 0.3-6
Check: dependencies in R code
Result: NOTE
    'library' or 'require' call to ‘doParallel’ in package code.
     Please use :: or requireNamespace() instead.
     See section 'Suggested packages' in the 'Writing R Extensions' manual.
Flavors: r-devel-linux-x86_64-debian-clang, r-devel-linux-x86_64-debian-gcc, r-devel-linux-x86_64-fedora-clang, r-devel-linux-x86_64-fedora-gcc, r-devel-macos-x86_64-clang, r-devel-windows-ix86+x86_64, r-patched-linux-x86_64, r-patched-solaris-sparc, r-patched-solaris-x86, r-release-linux-x86_64, r-release-osx-x86_64-mavericks, r-release-windows-ix86+x86_64, r-oldrel-windows-ix86+x86_64

Version: 0.3-6
Check: R code for possible problems
Result: NOTE
    learnParameters: no visible global function definition for
     ‘coordinates’
    makePrediction: no visible global function definition for ‘coordinates’
    spatialPredict.psgp: no visible global function definition for
     ‘coordinates’
    spatialPredict.psgp: no visible global function definition for
     ‘makeCluster’
    spatialPredict.psgp: no visible global function definition for
     ‘registerDoParallel’
    spatialPredict.psgp: no visible global function definition for
     ‘clusterEvalQ’
    spatialPredict.psgp: no visible global function definition for
     ‘%dopar%’
    spatialPredict.psgp: no visible global function definition for
     ‘foreach’
    spatialPredict.psgp: no visible global function definition for
     ‘stopCluster’
    spatialPredict.psgp: no visible global function definition for
     ‘SpatialPointsDataFrame’
    spatialPredict.psgp: no visible global function definition for ‘bbox’
    spatialPredict.psgp: no visible global function definition for
     ‘proj4string<-’
    spatialPredict.psgp: no visible global function definition for
     ‘proj4string’
    Undefined global functions or variables:
     %dopar% SpatialPointsDataFrame bbox clusterEvalQ coordinates foreach
     makeCluster proj4string proj4string<- registerDoParallel stopCluster
Flavors: r-devel-linux-x86_64-debian-clang, r-devel-linux-x86_64-debian-gcc, r-devel-linux-x86_64-fedora-clang, r-devel-linux-x86_64-fedora-gcc, r-devel-macos-x86_64-clang, r-devel-windows-ix86+x86_64, r-patched-linux-x86_64, r-patched-solaris-sparc, r-patched-solaris-x86, r-release-linux-x86_64, r-release-osx-x86_64-mavericks, r-release-windows-ix86+x86_64

Version: 0.3-6
Check: R code for possible problems
Result: NOTE
    learnParameters: no visible global function definition for
     'coordinates'
    makePrediction: no visible global function definition for 'coordinates'
    spatialPredict.psgp: no visible global function definition for
     'coordinates'
    spatialPredict.psgp: no visible global function definition for
     'makeCluster'
    spatialPredict.psgp: no visible global function definition for
     'registerDoParallel'
    spatialPredict.psgp: no visible global function definition for
     'clusterEvalQ'
    spatialPredict.psgp: no visible global function definition for
     '%dopar%'
    spatialPredict.psgp: no visible global function definition for
     'foreach'
    spatialPredict.psgp: no visible global function definition for
     'stopCluster'
    spatialPredict.psgp: no visible global function definition for
     'SpatialPointsDataFrame'
    spatialPredict.psgp: no visible global function definition for 'bbox'
    spatialPredict.psgp: no visible global function definition for
     'proj4string<-'
    spatialPredict.psgp: no visible global function definition for
     'proj4string'
Flavor: r-oldrel-windows-ix86+x86_64