CRAN Package Check Results for Package psgp

Last updated on 2017-04-28 05:48:45.

Flavor Version Tinstall Tcheck Ttotal Status Flags
r-devel-linux-x86_64-debian-clang 0.3-6 140.55 67.92 208.47 NOTE
r-devel-linux-x86_64-debian-gcc 0.3-6 145.38 66.98 212.37 NOTE
r-devel-linux-x86_64-fedora-clang 0.3-6 439.61 NOTE --no-stop-on-test-error
r-devel-linux-x86_64-fedora-gcc 0.3-6 393.92 NOTE --no-stop-on-test-error
r-devel-windows-ix86+x86_64 0.3-6 418.00 157.00 575.00 NOTE
r-patched-linux-x86_64 0.3-6 115.55 65.43 180.98 NOTE
r-patched-solaris-sparc 0.3-6 7425.50 NOTE
r-patched-solaris-x86 0.3-6 361.70 NOTE
r-release-linux-x86_64 0.3-6 116.11 65.60 181.71 NOTE
r-release-windows-ix86+x86_64 0.3-6 421.00 140.00 561.00 NOTE
r-release-osx-x86_64 0.3-6 NOTE
r-oldrel-windows-ix86+x86_64 0.3-6 571.00 182.00 753.00 NOTE
r-oldrel-osx-x86_64 0.3-6 NOTE

Check Details

Version: 0.3-6
Check: DESCRIPTION meta-information
Result: NOTE
    Malformed Description field: should contain one or more complete sentences.
Flavors: r-devel-linux-x86_64-debian-clang, r-devel-linux-x86_64-debian-gcc, r-devel-windows-ix86+x86_64, r-patched-linux-x86_64, r-patched-solaris-sparc, r-patched-solaris-x86, r-release-linux-x86_64, r-release-windows-ix86+x86_64, r-release-osx-x86_64, r-oldrel-windows-ix86+x86_64, r-oldrel-osx-x86_64

Version: 0.3-6
Check: dependencies in R code
Result: NOTE
    'library' or 'require' call to ‘doParallel’ in package code.
     Please use :: or requireNamespace() instead.
     See section 'Suggested packages' in the 'Writing R Extensions' manual.
Flavors: r-devel-linux-x86_64-debian-clang, r-devel-linux-x86_64-debian-gcc, r-devel-windows-ix86+x86_64, r-patched-linux-x86_64, r-patched-solaris-sparc, r-patched-solaris-x86, r-release-linux-x86_64, r-release-windows-ix86+x86_64, r-release-osx-x86_64, r-oldrel-windows-ix86+x86_64, r-oldrel-osx-x86_64

Version: 0.3-6
Check: R code for possible problems
Result: NOTE
    learnParameters: no visible global function definition for
     ‘coordinates’
    makePrediction: no visible global function definition for ‘coordinates’
    spatialPredict.psgp: no visible global function definition for
     ‘coordinates’
    spatialPredict.psgp: no visible global function definition for
     ‘makeCluster’
    spatialPredict.psgp: no visible global function definition for
     ‘registerDoParallel’
    spatialPredict.psgp: no visible global function definition for
     ‘clusterEvalQ’
    spatialPredict.psgp: no visible global function definition for
     ‘%dopar%’
    spatialPredict.psgp: no visible global function definition for
     ‘foreach’
    spatialPredict.psgp: no visible global function definition for
     ‘stopCluster’
    spatialPredict.psgp: no visible global function definition for
     ‘SpatialPointsDataFrame’
    spatialPredict.psgp: no visible global function definition for ‘bbox’
    spatialPredict.psgp: no visible global function definition for
     ‘proj4string<-’
    spatialPredict.psgp: no visible global function definition for
     ‘proj4string’
    Undefined global functions or variables:
     %dopar% SpatialPointsDataFrame bbox clusterEvalQ coordinates foreach
     makeCluster proj4string proj4string<- registerDoParallel stopCluster
Flavors: r-devel-linux-x86_64-debian-clang, r-devel-linux-x86_64-debian-gcc, r-devel-windows-ix86+x86_64, r-patched-linux-x86_64, r-patched-solaris-sparc, r-patched-solaris-x86, r-release-linux-x86_64, r-release-windows-ix86+x86_64, r-release-osx-x86_64, r-oldrel-windows-ix86+x86_64, r-oldrel-osx-x86_64

Version: 0.3-6
Check: compiled code
Result: NOTE
    File ‘psgp/libs/psgp.so’:
     Found no calls to: ‘R_registerRoutines’, ‘R_useDynamicSymbols’
    
    It is good practice to register native routines and to disable symbol
    search.
    
    See ‘Writing portable packages’ in the ‘Writing R Extensions’ manual.
Flavors: r-devel-linux-x86_64-debian-clang, r-devel-linux-x86_64-debian-gcc, r-patched-linux-x86_64, r-release-linux-x86_64

Version: 0.3-6
Flags: --no-stop-on-test-error
Check: installed package size
Result: NOTE
     installed size is 6.3Mb
     sub-directories of 1Mb or more:
     libs 6.1Mb
Flavors: r-devel-linux-x86_64-fedora-clang, r-devel-linux-x86_64-fedora-gcc

Version: 0.3-6
Flags: --no-stop-on-test-error
Check: DESCRIPTION meta-information
Result: NOTE
    Malformed Description field: should contain one or more complete sentences.
Flavors: r-devel-linux-x86_64-fedora-clang, r-devel-linux-x86_64-fedora-gcc

Version: 0.3-6
Flags: --no-stop-on-test-error
Check: dependencies in R code
Result: NOTE
    'library' or 'require' call to ‘doParallel’ in package code.
     Please use :: or requireNamespace() instead.
     See section 'Suggested packages' in the 'Writing R Extensions' manual.
Flavors: r-devel-linux-x86_64-fedora-clang, r-devel-linux-x86_64-fedora-gcc

Version: 0.3-6
Flags: --no-stop-on-test-error
Check: R code for possible problems
Result: NOTE
    learnParameters: no visible global function definition for
     ‘coordinates’
    makePrediction: no visible global function definition for ‘coordinates’
    spatialPredict.psgp: no visible global function definition for
     ‘coordinates’
    spatialPredict.psgp: no visible global function definition for
     ‘makeCluster’
    spatialPredict.psgp: no visible global function definition for
     ‘registerDoParallel’
    spatialPredict.psgp: no visible global function definition for
     ‘clusterEvalQ’
    spatialPredict.psgp: no visible global function definition for
     ‘%dopar%’
    spatialPredict.psgp: no visible global function definition for
     ‘foreach’
    spatialPredict.psgp: no visible global function definition for
     ‘stopCluster’
    spatialPredict.psgp: no visible global function definition for
     ‘SpatialPointsDataFrame’
    spatialPredict.psgp: no visible global function definition for ‘bbox’
    spatialPredict.psgp: no visible global function definition for
     ‘proj4string<-’
    spatialPredict.psgp: no visible global function definition for
     ‘proj4string’
    Undefined global functions or variables:
     %dopar% SpatialPointsDataFrame bbox clusterEvalQ coordinates foreach
     makeCluster proj4string proj4string<- registerDoParallel stopCluster
Flavors: r-devel-linux-x86_64-fedora-clang, r-devel-linux-x86_64-fedora-gcc

Version: 0.3-6
Flags: --no-stop-on-test-error
Check: compiled code
Result: NOTE
    File ‘psgp/libs/psgp.so’:
     Found no calls to: ‘R_registerRoutines’, ‘R_useDynamicSymbols’
    
    It is good practice to register native routines and to disable symbol
    search.
    
    See ‘Writing portable packages’ in the ‘Writing R Extensions’ manual.
Flavors: r-devel-linux-x86_64-fedora-clang, r-devel-linux-x86_64-fedora-gcc

Version: 0.3-6
Check: installed package size
Result: NOTE
     installed size is 5.5Mb
     sub-directories of 1Mb or more:
     libs 5.3Mb
Flavors: r-release-osx-x86_64, r-oldrel-osx-x86_64