CRAN Package Check Results for Package psgp

Last updated on 2014-04-21 01:48:09.

Flavor Version Tinstall Tcheck Ttotal Status Flags
r-devel-linux-x86_64-debian-clang 0.3-5 103.97 41.24 145.20 WARN
r-devel-linux-x86_64-debian-gcc 0.3-5 109.50 39.98 149.48 NOTE
r-devel-linux-x86_64-fedora-clang 0.3-5 301.89 WARN
r-devel-linux-x86_64-fedora-gcc 0.3-5 282.20 NOTE
r-devel-macosx-x86_64-clang 0.3-5 174.24 WARN
r-devel-macosx-x86_64-gcc 0.3-5 ERROR
r-devel-windows-ix86+x86_64 0.3-5 309.00 92.00 401.00 OK
r-patched-linux-x86_64 0.3-5 109.37 40.02 149.38 NOTE
r-patched-solaris-sparc 0.3-5 1548.70 NOTE
r-patched-solaris-x86 0.3-5 325.40 NOTE
r-release-linux-ix86 NOTE
r-release-linux-x86_64 0.3-5 108.39 40.73 149.12 NOTE
r-release-macosx-x86_64 0.3-5 OK
r-release-windows-ix86+x86_64 0.3-5 306.00 98.00 404.00 OK
r-oldrel-windows-ix86+x86_64 0.3-5 233.00 96.00 329.00 OK

Check Details

Version: 0.3-5
Check: whether package can be installed
Result: WARNING
    Found the following significant warnings:
     RInterface.cpp:21:10: warning: 'prepareData' has C-linkage specified, but returns user-defined type 'PsgpData' which is incompatible with C [-Wreturn-type-c-linkage]
    See ‘/home/hornik/tmp/R.check/r-devel-clang/Work/PKGS/psgp.Rcheck/00install.out’ for details.
Flavor: r-devel-linux-x86_64-debian-clang

Version: 0.3-5
Check: installed package size
Result: NOTE
     installed size is 5.5Mb
     sub-directories of 1Mb or more:
     libs 5.3Mb
Flavors: r-devel-linux-x86_64-debian-clang, r-devel-linux-x86_64-debian-gcc, r-devel-linux-x86_64-fedora-clang, r-devel-linux-x86_64-fedora-gcc, r-patched-linux-x86_64, r-patched-solaris-sparc, r-patched-solaris-x86, r-release-linux-ix86, r-release-linux-x86_64

Version: 0.3-5
Check: whether package can be installed
Result: WARNING
    Found the following significant warnings:
     RInterface.cpp:21:10: warning: 'prepareData' has C-linkage specified, but returns user-defined type 'PsgpData' which is incompatible with C [-Wreturn-type-c-linkage]
    See ‘/data/gannet/ripley/R/packages/tests-clang/psgp.Rcheck/00install.out’ for details.
Flavor: r-devel-linux-x86_64-fedora-clang

Version: 0.3-5
Check: whether package can be installed
Result: WARNING
    Found the following significant warnings:
     RInterface.cpp:21:10: warning: 'prepareData' has C-linkage specified, but returns user-defined type 'PsgpData' which is incompatible with C [-Wreturn-type-c-linkage]
    See ‘/Users/ripley/R/packages/tests-devel/psgp.Rcheck/00install.out’ for details.
Flavor: r-devel-macosx-x86_64-clang

Version: 0.3-5
Check: package dependencies
Result: ERROR
    Packages required but not available: ‘intamap’ ‘automap’ ‘gstat’
    
    See the information on DESCRIPTION files in the chapter ‘Creating R
    packages’ of the ‘Writing R Extensions’ manual.
Flavor: r-devel-macosx-x86_64-gcc