CRAN Package Check Results for Package psgp

Last updated on 2014-10-23 00:48:06.

Flavor Version Tinstall Tcheck Ttotal Status Flags
r-devel-linux-x86_64-debian-clang 0.3-6 100.08 45.74 145.82 NOTE
r-devel-linux-x86_64-debian-gcc 0.3-6 111.32 45.47 156.79 NOTE
r-devel-linux-x86_64-fedora-clang 0.3-6 341.95 NOTE
r-devel-linux-x86_64-fedora-gcc 0.3-6 302.93 NOTE
r-devel-osx-x86_64-clang 0.3-6 192.56 NOTE
r-devel-windows-ix86+x86_64 0.3-6 245.00 105.00 350.00 NOTE
r-patched-linux-x86_64 0.3-6 110.10 47.04 157.14 NOTE
r-patched-solaris-sparc 0.3-6 1667.80 NOTE
r-patched-solaris-x86 0.3-6 340.80 NOTE
r-release-linux-ix86 0.3-6 136.46 59.68 196.14 NOTE
r-release-linux-x86_64 0.3-6 110.73 46.29 157.02 NOTE
r-release-osx-x86_64-mavericks 0.3-6 ERROR
r-release-osx-x86_64-snowleopard 0.3-6 OK
r-release-windows-ix86+x86_64 0.3-6 231.00 114.00 345.00 OK
r-oldrel-windows-ix86+x86_64 0.3-6 311.00 117.00 428.00 OK

Check Details

Version: 0.3-6
Check: installed package size
Result: NOTE
     installed size is 6.4Mb
     sub-directories of 1Mb or more:
     libs 6.2Mb
Flavors: r-devel-linux-x86_64-debian-clang, r-devel-linux-x86_64-debian-gcc, r-devel-linux-x86_64-fedora-clang, r-devel-linux-x86_64-fedora-gcc, r-patched-linux-x86_64, r-patched-solaris-sparc, r-patched-solaris-x86, r-release-linux-ix86, r-release-linux-x86_64

Version: 0.3-6
Check: R code for possible problems
Result: NOTE
    learnParameters: no visible global function definition for
     ‘coordinates’
    makePrediction: no visible global function definition for ‘coordinates’
    spatialPredict.psgp: no visible global function definition for
     ‘coordinates’
    spatialPredict.psgp: no visible global function definition for
     ‘makeCluster’
    spatialPredict.psgp: no visible global function definition for
     ‘registerDoParallel’
    spatialPredict.psgp: no visible global function definition for
     ‘clusterEvalQ’
    spatialPredict.psgp: no visible global function definition for
     ‘%dopar%’
    spatialPredict.psgp: no visible global function definition for
     ‘foreach’
    spatialPredict.psgp: no visible global function definition for
     ‘stopCluster’
    spatialPredict.psgp: no visible global function definition for
     ‘SpatialPointsDataFrame’
    spatialPredict.psgp: no visible global function definition for ‘bbox’
    spatialPredict.psgp: no visible global function definition for
     ‘proj4string<-’
    spatialPredict.psgp: no visible global function definition for
     ‘proj4string’
Flavors: r-devel-linux-x86_64-debian-clang, r-devel-linux-x86_64-debian-gcc, r-devel-linux-x86_64-fedora-clang, r-devel-linux-x86_64-fedora-gcc, r-devel-osx-x86_64-clang, r-devel-windows-ix86+x86_64, r-patched-linux-x86_64, r-patched-solaris-sparc, r-patched-solaris-x86

Version: 0.3-6
Check: package dependencies
Result: ERROR
    Packages required but not available: ‘intamap’ ‘automap’ ‘gstat’
    
    Package suggested but not available for checking: ‘rgdal’
    
    See the information on DESCRIPTION files in the chapter ‘Creating R
    packages’ of the ‘Writing R Extensions’ manual.
Flavor: r-release-osx-x86_64-mavericks