CRAN Package Check Results for Package psgp

Last updated on 2014-08-22 18:48:40.

Flavor Version Tinstall Tcheck Ttotal Status Flags
r-devel-linux-x86_64-debian-clang 0.3-6 95.46 40.87 136.32 NOTE
r-devel-linux-x86_64-debian-gcc 0.3-6 109.63 40.00 149.63 NOTE
r-devel-linux-x86_64-fedora-clang 0.3-6 316.32 NOTE
r-devel-linux-x86_64-fedora-gcc 0.3-6 292.09 NOTE
r-devel-osx-x86_64-clang 0.3-6 183.51 NOTE
r-devel-windows-ix86+x86_64 0.3-6 245.00 102.00 347.00 OK
r-patched-linux-x86_64 0.3-6 108.56 41.43 149.99 NOTE
r-patched-solaris-sparc 0.3-6 1644.90 NOTE
r-patched-solaris-x86 0.3-6 331.70 NOTE
r-release-linux-ix86 0.3-6 132.67 54.57 187.24 NOTE
r-release-linux-x86_64 0.3-6 109.91 41.79 151.70 NOTE
r-release-osx-x86_64-mavericks 0.3-6 ERROR
r-release-osx-x86_64-snowleopard 0.3-6 OK
r-release-windows-ix86+x86_64 0.3-6 250.00 104.00 354.00 OK
r-oldrel-windows-ix86+x86_64 0.3-6 240.00 108.00 348.00 OK

Check Details

Version: 0.3-6
Check: installed package size
Result: NOTE
     installed size is 5.7Mb
     sub-directories of 1Mb or more:
     libs 5.5Mb
Flavors: r-devel-linux-x86_64-debian-clang, r-devel-linux-x86_64-debian-gcc, r-devel-linux-x86_64-fedora-clang, r-devel-linux-x86_64-fedora-gcc, r-patched-linux-x86_64, r-patched-solaris-sparc, r-patched-solaris-x86, r-release-linux-ix86, r-release-linux-x86_64

Version: 0.3-6
Check: R code for possible problems
Result: NOTE
    learnParameters: no visible global function definition for
     ‘coordinates’
    makePrediction: no visible global function definition for ‘coordinates’
    spatialPredict.psgp: no visible global function definition for
     ‘coordinates’
    spatialPredict.psgp: no visible global function definition for
     ‘makeCluster’
    spatialPredict.psgp: no visible global function definition for
     ‘registerDoParallel’
    spatialPredict.psgp: no visible global function definition for
     ‘clusterEvalQ’
    spatialPredict.psgp: no visible global function definition for
     ‘%dopar%’
    spatialPredict.psgp: no visible global function definition for
     ‘foreach’
    spatialPredict.psgp: no visible global function definition for
     ‘stopCluster’
    spatialPredict.psgp: no visible global function definition for
     ‘SpatialPointsDataFrame’
    spatialPredict.psgp: no visible global function definition for ‘bbox’
    spatialPredict.psgp: no visible global function definition for
     ‘proj4string<-’
    spatialPredict.psgp: no visible global function definition for
     ‘proj4string’
Flavors: r-devel-linux-x86_64-debian-clang, r-devel-linux-x86_64-fedora-clang, r-devel-linux-x86_64-fedora-gcc, r-devel-osx-x86_64-clang

Version: 0.3-6
Check: package dependencies
Result: ERROR
    Packages required but not available: ‘intamap’ ‘automap’ ‘gstat’
    
    Package suggested but not available for checking: ‘rgdal’
    
    See the information on DESCRIPTION files in the chapter ‘Creating R
    packages’ of the ‘Writing R Extensions’ manual.
Flavor: r-release-osx-x86_64-mavericks