CRAN Package Check Results for Package psica

Last updated on 2021-10-25 10:54:32 CEST.

Flavor Version Tinstall Tcheck Ttotal Status Flags
r-devel-linux-x86_64-debian-clang 1.0.2 10.06 82.08 92.14 NOTE
r-devel-linux-x86_64-debian-gcc 1.0.2 7.78 63.20 70.98 NOTE
r-devel-linux-x86_64-fedora-clang 1.0.2 117.18 NOTE
r-devel-linux-x86_64-fedora-gcc 1.0.2 110.94 NOTE
r-devel-windows-x86_64 1.0.2 15.00 79.00 94.00 NOTE
r-devel-windows-x86_64-gcc10-UCRT 1.0.2 NOTE
r-patched-linux-x86_64 1.0.2 8.96 79.38 88.34 NOTE
r-patched-solaris-x86 1.0.2 164.80 NOTE
r-release-linux-x86_64 1.0.2 9.56 79.90 89.46 NOTE
r-release-macos-arm64 1.0.2 NOTE
r-release-macos-x86_64 1.0.2 NOTE
r-release-windows-ix86+x86_64 1.0.2 17.00 105.00 122.00 NOTE
r-oldrel-macos-x86_64 1.0.2 OK
r-oldrel-windows-ix86+x86_64 1.0.2 22.00 106.00 128.00 OK

Check Details

Version: 1.0.2
Check: LazyData
Result: NOTE
     'LazyData' is specified without a 'data' directory
Flavors: r-devel-linux-x86_64-debian-clang, r-devel-linux-x86_64-debian-gcc, r-devel-linux-x86_64-fedora-clang, r-devel-linux-x86_64-fedora-gcc, r-devel-windows-x86_64, r-devel-windows-x86_64-gcc10-UCRT, r-patched-linux-x86_64, r-patched-solaris-x86, r-release-linux-x86_64, r-release-macos-arm64, r-release-macos-x86_64, r-release-windows-ix86+x86_64