CRAN Package Check Results for Package psidR

Last updated on 2016-09-27 23:49:16.

Flavor Version Tinstall Tcheck Ttotal Status Flags
r-devel-linux-x86_64-debian-clang 1.3 0.94 16.64 17.58 NOTE
r-devel-linux-x86_64-debian-gcc 1.3 1.00 16.94 17.93 NOTE
r-devel-linux-x86_64-fedora-clang 1.3 32.23 NOTE
r-devel-linux-x86_64-fedora-gcc 1.3 30.69 NOTE
r-devel-macos-x86_64-clang 1.3 27.14 NOTE
r-devel-windows-ix86+x86_64 1.3 5.00 51.00 56.00 NOTE
r-patched-linux-x86_64 1.3 1.07 16.86 17.93 NOTE
r-patched-solaris-sparc 1.3 195.20 NOTE
r-patched-solaris-x86 1.3 42.60 NOTE
r-release-linux-x86_64 1.3 0.99 17.32 18.31 NOTE
r-release-osx-x86_64-mavericks 1.3 NOTE
r-release-windows-ix86+x86_64 1.3 4.00 38.00 42.00 NOTE
r-oldrel-windows-ix86+x86_64 1.3 7.00 43.00 50.00 OK

Check Details

Version: 1.3
Check: R code for possible problems
Result: NOTE
    build.panel: no visible global function definition for ‘tail’
    build.panel: no visible global function definition for ‘object.size’
    get.psid: no visible global function definition for ‘unzip’
    testPSID: no visible global function definition for ‘runif’
    testPSID: no visible global function definition for ‘rlnorm’
    testPSID: no visible global function definition for ‘rnorm’
    Undefined global functions or variables:
     object.size rlnorm rnorm runif tail unzip
    Consider adding
     importFrom("stats", "rlnorm", "rnorm", "runif")
     importFrom("utils", "object.size", "tail", "unzip")
    to your NAMESPACE file.
Flavors: r-devel-linux-x86_64-debian-clang, r-devel-linux-x86_64-debian-gcc, r-devel-linux-x86_64-fedora-clang, r-devel-linux-x86_64-fedora-gcc, r-devel-macos-x86_64-clang, r-devel-windows-ix86+x86_64, r-patched-linux-x86_64, r-patched-solaris-sparc, r-patched-solaris-x86, r-release-linux-x86_64, r-release-osx-x86_64-mavericks, r-release-windows-ix86+x86_64