CRAN Package Check Results for Package psidR

Last updated on 2016-06-26 00:47:16.

Flavor Version Tinstall Tcheck Ttotal Status Flags
r-devel-linux-x86_64-debian-gcc 1.3 1.14 17.54 18.68 NOTE
r-devel-linux-x86_64-fedora-clang 1.3 35.34 NOTE
r-devel-linux-x86_64-fedora-gcc 1.3 30.64 NOTE
r-devel-osx-x86_64-clang 1.3 28.31 NOTE
r-devel-windows-ix86+x86_64 1.3 6.00 39.00 45.00 NOTE
r-patched-linux-x86_64 1.3 1.04 17.45 18.49 NOTE
r-patched-solaris-sparc 1.3 195.20 NOTE
r-patched-solaris-x86 1.3 43.20 NOTE
r-release-linux-x86_64 1.3 1.06 17.86 18.93 NOTE
r-release-osx-x86_64-mavericks 1.3 NOTE
r-release-windows-ix86+x86_64 1.3 5.00 39.00 44.00 NOTE
r-oldrel-windows-ix86+x86_64 1.3 6.00 65.00 71.00 OK

Check Details

Version: 1.3
Check: R code for possible problems
Result: NOTE
    build.panel: no visible global function definition for ‘tail’
    build.panel: no visible global function definition for ‘object.size’
    get.psid: no visible global function definition for ‘unzip’
    testPSID: no visible global function definition for ‘runif’
    testPSID: no visible global function definition for ‘rlnorm’
    testPSID: no visible global function definition for ‘rnorm’
    Undefined global functions or variables:
     object.size rlnorm rnorm runif tail unzip
    Consider adding
     importFrom("stats", "rlnorm", "rnorm", "runif")
     importFrom("utils", "object.size", "tail", "unzip")
    to your NAMESPACE file.
Flavors: r-devel-linux-x86_64-debian-gcc, r-devel-linux-x86_64-fedora-clang, r-devel-linux-x86_64-fedora-gcc, r-devel-osx-x86_64-clang, r-devel-windows-ix86+x86_64, r-patched-linux-x86_64, r-patched-solaris-sparc, r-patched-solaris-x86, r-release-linux-x86_64, r-release-osx-x86_64-mavericks, r-release-windows-ix86+x86_64