CRAN Package Check Results for Package psidR

Last updated on 2016-05-01 11:47:21.

Flavor Version Tinstall Tcheck Ttotal Status Flags
r-devel-linux-x86_64-debian-gcc 1.3 1.11 17.01 18.13 NOTE
r-devel-linux-x86_64-fedora-clang 1.3 32.89 NOTE
r-devel-linux-x86_64-fedora-gcc 1.3 31.72 NOTE
r-devel-osx-x86_64-clang 1.3 36.36 NOTE
r-devel-windows-ix86+x86_64 1.3 4.00 37.00 41.00 NOTE
r-patched-linux-x86_64 1.3 0.96 17.08 18.04 NOTE
r-patched-solaris-sparc 1.3 195.60 NOTE
r-patched-solaris-x86 1.3 43.30 NOTE
r-release-linux-x86_64 1.3 1.13 18.38 19.51 OK
r-release-osx-x86_64-mavericks 1.3 OK
r-release-windows-ix86+x86_64 1.3 7.00 46.00 53.00 OK
r-oldrel-windows-ix86+x86_64 1.3 11.00 63.00 74.00 OK

Check Details

Version: 1.3
Check: R code for possible problems
Result: NOTE
    build.panel: no visible global function definition for ‘tail’
    build.panel: no visible global function definition for ‘object.size’
    get.psid: no visible global function definition for ‘unzip’
    testPSID: no visible global function definition for ‘runif’
    testPSID: no visible global function definition for ‘rlnorm’
    testPSID: no visible global function definition for ‘rnorm’
    Undefined global functions or variables:
     object.size rlnorm rnorm runif tail unzip
    Consider adding
     importFrom("stats", "rlnorm", "rnorm", "runif")
     importFrom("utils", "object.size", "tail", "unzip")
    to your NAMESPACE file.
Flavors: r-devel-linux-x86_64-debian-gcc, r-devel-linux-x86_64-fedora-clang, r-devel-linux-x86_64-fedora-gcc, r-devel-osx-x86_64-clang, r-devel-windows-ix86+x86_64, r-patched-linux-x86_64, r-patched-solaris-sparc, r-patched-solaris-x86