CRAN Package Check Results for Package psidR

Last updated on 2014-04-25 05:47:22.

Flavor Version Tinstall Tcheck Ttotal Status Flags
r-devel-linux-x86_64-debian-clang 1.2 3.81 24.74 28.55 OK
r-devel-linux-x86_64-debian-gcc 1.2 1.87 25.30 27.17 OK
r-devel-linux-x86_64-fedora-clang 1.2 53.00 OK
r-devel-linux-x86_64-fedora-gcc 1.2 50.50 OK
r-devel-osx-x86_64-clang 1.2 50.53 OK
r-devel-osx-x86_64-gcc 1.2 NOTE
r-devel-windows-ix86+x86_64 1.2 6.00 39.00 45.00 OK
r-patched-linux-x86_64 1.2 1.84 24.45 26.29 OK
r-patched-solaris-sparc 1.2 287.50 OK
r-patched-solaris-x86 1.2 67.30 OK
r-release-linux-ix86 1.2 3.00 44.00 47.00 OK
r-release-linux-x86_64 1.2 1.84 24.54 26.38 OK
r-release-osx-x86_64-mavericks 1.2 WARN
r-release-osx-x86_64-snowleopard 1.2 OK
r-release-windows-ix86+x86_64 1.2 7.00 39.00 46.00 OK
r-oldrel-windows-ix86+x86_64 1.2 8.00 37.00 45.00 OK

Check Details

Version: 1.2
Check: package dependencies
Result: NOTE
    Package suggested but not available for checking: ‘survey’
Flavor: r-devel-osx-x86_64-gcc

Version: 1.2
Check: PDF version of manual
Result: WARNING
    LaTeX errors when creating PDF version.
    This typically indicates Rd problems.
    LaTeX errors found:
    ! LaTeX Error: File `upquote.sty' not found.
    
    Type X to quit or <RETURN> to proceed,
    or enter new name. (Default extension: sty)
    
    2789a4f/Rd2.tex:8: ==> Fatal error occurred, no output PDF file produced!
Flavor: r-release-osx-x86_64-mavericks