CRAN Package Check Results for Package psidR

Last updated on 2017-01-23 08:48:57.

Flavor Version Tinstall Tcheck Ttotal Status Flags
r-devel-linux-x86_64-debian-clang 1.4 1.10 19.73 20.83 OK
r-devel-linux-x86_64-debian-gcc 1.4 1.07 19.55 20.62 OK
r-devel-linux-x86_64-fedora-clang 1.4 38.96 OK --no-stop-on-test-error
r-devel-linux-x86_64-fedora-gcc 1.4 36.55 OK --no-stop-on-test-error
r-devel-macos-x86_64-clang 1.4 30.94 OK --no-stop-on-test-error
r-devel-windows-ix86+x86_64 1.4 3.00 42.00 45.00 OK
r-patched-linux-x86_64 1.4 0.96 16.52 17.48 OK
r-patched-solaris-sparc 1.4 191.20 OK
r-patched-solaris-x86 1.4 46.30 OK
r-release-linux-x86_64 1.4 0.99 17.39 18.38 OK
r-release-osx-x86_64-mavericks 1.4 OK
r-release-windows-ix86+x86_64 1.4 10.00 40.00 50.00 OK
r-oldrel-windows-ix86+x86_64 1.4 11.00 46.00 57.00 ERROR

Check Details

Version: 1.4
Check: tests
Result: ERROR
    Running the tests in 'tests/testthat.R' failed.
    Last 13 lines of output:
     Loading required package: SAScii
     >
     > test_check("psidR")
     1. Failure: check subsetting to core/immigrant/latino (@test_buildpanel.R#92) --
     all(lat$data[, ID1968 > 7000 & ID1968 < 9308]) isn't true.
    
    
     testthat results ================================================================
     OK: 20 SKIPPED: 0 FAILED: 1
     1. Failure: check subsetting to core/immigrant/latino (@test_buildpanel.R#92)
    
     Error: testthat unit tests failed
     Execution halted
Flavor: r-oldrel-windows-ix86+x86_64