CRAN Package Check Results for Package psidR

Last updated on 2015-07-02 17:47:35.

Flavor Version Tinstall Tcheck Ttotal Status Flags
r-devel-linux-x86_64-debian-clang 1.3 1.25 20.59 21.84 NOTE
r-devel-linux-x86_64-debian-gcc 1.3 1.20 19.06 20.27 NOTE
r-devel-linux-x86_64-fedora-clang 1.3 43.07 NOTE
r-devel-linux-x86_64-fedora-gcc 1.3 39.43 NOTE
r-devel-osx-x86_64-clang 1.3 39.15 OK
r-devel-windows-ix86+x86_64 1.3 4.00 35.00 39.00 NOTE
r-patched-linux-x86_64 1.3 1.21 19.52 20.73 OK
r-patched-solaris-sparc 1.3 282.20 OK
r-patched-solaris-x86 1.3 61.80 OK
r-release-linux-x86_64 1.3 1.20 19.82 21.02 OK
r-release-osx-x86_64-mavericks 1.3 OK
r-release-windows-ix86+x86_64 1.3 5.00 36.00 41.00 OK
r-oldrel-windows-ix86+x86_64 1.3 9.00 51.00 60.00 OK

Check Details

Version: 1.3
Check: R code for possible problems
Result: NOTE
    build.panel: no visible global function definition for ‘tail’
    build.panel: no visible global function definition for ‘object.size’
    get.psid: no visible global function definition for ‘unzip’
    testPSID: no visible global function definition for ‘runif’
    testPSID: no visible global function definition for ‘rlnorm’
    testPSID: no visible global function definition for ‘rnorm’
Flavors: r-devel-linux-x86_64-debian-clang, r-devel-linux-x86_64-debian-gcc, r-devel-windows-ix86+x86_64

Version: 1.3
Check: R code for possible problems
Result: NOTE
    build.panel: no visible global function definition for ‘tail’
    build.panel: no visible global function definition for ‘object.size’
    get.psid: no visible global function definition for ‘unzip’
    testPSID: no visible global function definition for ‘runif’
    testPSID: no visible global function definition for ‘rlnorm’
    testPSID: no visible global function definition for ‘rnorm’
    Undefined global functions or variables:
     object.size rlnorm rnorm runif tail unzip
Flavors: r-devel-linux-x86_64-fedora-clang, r-devel-linux-x86_64-fedora-gcc