CRAN Package Check Results for Package psidR

Last updated on 2017-04-24 20:47:33.

Flavor Version Tinstall Tcheck Ttotal Status Flags
r-devel-linux-x86_64-debian-clang 1.4 1.09 20.53 21.62 OK
r-devel-linux-x86_64-debian-gcc 1.4 1.07 19.72 20.79 OK
r-devel-linux-x86_64-fedora-clang 1.4 42.60 OK --no-stop-on-test-error
r-devel-linux-x86_64-fedora-gcc 1.4 36.71 OK --no-stop-on-test-error
r-devel-windows-ix86+x86_64 1.4 OK
r-patched-linux-x86_64 1.4 1.02 19.77 20.79 OK
r-patched-solaris-sparc 1.4 234.60 OK
r-patched-solaris-x86 1.4 57.10 OK
r-release-linux-x86_64 1.4 1.03 19.87 20.90 ERROR
r-release-windows-ix86+x86_64 1.4 3.00 39.00 42.00 OK
r-release-osx-x86_64 1.4 OK
r-oldrel-windows-ix86+x86_64 1.4 4.00 38.00 42.00 OK
r-oldrel-osx-x86_64 1.4 OK

Check Details

Version: 1.4
Check: tests
Result: ERROR
     Running ‘testthat.R’ [2s/2s]
    Running the tests in ‘tests/testthat.R’ failed.
    Last 13 lines of output:
     Loading required package: bitops
     Loading required package: foreign
     Loading required package: SAScii
     >
     > test_check("psidR")
     1. Failure: check subsetting to core/immigrant/latino (@test_buildpanel.R#92) --
     all(lat$data[, ID1968 > 7000 & ID1968 < 9308]) isn't true.
    
    
     testthat results ================================================================
     OK: 27 SKIPPED: 0 FAILED: 1
     1. Failure: check subsetting to core/immigrant/latino (@test_buildpanel.R#92)
    
     Error: testthat unit tests failed
     Execution halted
Flavor: r-release-linux-x86_64