CRAN Package Check Results for Package psidR

Last updated on 2018-04-21 14:47:00 CEST.

Flavor Version Tinstall Tcheck Ttotal Status Flags
r-devel-linux-x86_64-debian-clang 1.4 1.92 33.68 35.60 WARN
r-devel-linux-x86_64-debian-gcc 1.5 2.49 34.68 37.17 OK
r-devel-linux-x86_64-fedora-clang 1.5 38.43 OK
r-devel-linux-x86_64-fedora-gcc 1.5 53.71 OK
r-devel-windows-ix86+x86_64 1.5 8.00 71.00 79.00 OK
r-devel-osx-x86_64 1.4 WARN
r-patched-linux-x86_64 1.4 2.48 29.79 32.27 WARN
r-patched-solaris-x86 1.5 81.90 OK
r-release-linux-x86_64 1.5 2.67 44.09 46.76 OK
r-release-windows-ix86+x86_64 1.4 5.00 42.00 47.00 OK
r-release-osx-x86_64 1.4 OK
r-oldrel-windows-ix86+x86_64 1.4 7.00 40.00 47.00 OK

Check Details

Version: 1.4
Check: whether package can be installed
Result: WARN
    Found the following significant warnings:
     Note: break used in wrong context: no loop is visible
    See ‘/home/hornik/tmp/R.check/r-devel-clang/Work/PKGS/psidR.Rcheck/00install.out’ for details.
    Information on the location(s) of code generating the ‘Note’s can be
    obtained by re-running with environment variable R_KEEP_PKG_SOURCE set
    to ‘yes’.
Flavor: r-devel-linux-x86_64-debian-clang

Version: 1.4
Check: whether package can be installed
Result: WARN
    Found the following significant warnings:
     Note: break used in wrong context: no loop is visible
    See ‘/Volumes/SSD-Data/Builds/R-dev-web/QA/Simon/packages/el-capitan-x86_64/results/3.5/psidR.Rcheck/00install.out’ for details.
    Information on the location(s) of code generating the ‘Note’s can be
    obtained by re-running with environment variable R_KEEP_PKG_SOURCE set
    to ‘yes’.
Flavor: r-devel-osx-x86_64

Version: 1.4
Check: whether package can be installed
Result: WARN
    Found the following significant warnings:
     Note: break used in wrong context: no loop is visible
    See ‘/home/hornik/tmp/R.check/r-patched-gcc/Work/PKGS/psidR.Rcheck/00install.out’ for details.
    Information on the location(s) of code generating the ‘Note’s can be
    obtained by re-running with environment variable R_KEEP_PKG_SOURCE set
    to ‘yes’.
Flavor: r-patched-linux-x86_64