CRAN Package Check Results for Package psidR

Last updated on 2015-08-29 06:47:50.

Flavor Version Tinstall Tcheck Ttotal Status Flags
r-devel-linux-x86_64-debian-clang 1.3 1.14 18.92 20.06 NOTE
r-devel-linux-x86_64-debian-gcc 1.3 1.14 18.31 19.45 NOTE
r-devel-linux-x86_64-fedora-clang 1.3 32.43 NOTE
r-devel-linux-x86_64-fedora-gcc 1.3 38.46 NOTE
r-devel-osx-x86_64-clang 1.3 36.40 OK
r-devel-windows-ix86+x86_64 1.3 6.00 45.00 51.00 NOTE
r-patched-linux-x86_64 1.3 1.60 20.18 21.78 OK
r-patched-solaris-sparc 1.3 241.80 OK
r-patched-solaris-x86 1.3 64.00 OK
r-release-linux-x86_64 1.3 1.29 19.94 21.23 OK
r-release-osx-x86_64-mavericks 1.3 OK
r-release-windows-ix86+x86_64 1.3 8.00 62.00 70.00 OK
r-oldrel-windows-ix86+x86_64 1.3 12.00 50.00 62.00 ERROR

Check Details

Version: 1.3
Check: R code for possible problems
Result: NOTE
    build.panel: no visible global function definition for ‘tail’
    build.panel: no visible global function definition for ‘object.size’
    get.psid: no visible global function definition for ‘unzip’
    testPSID: no visible global function definition for ‘runif’
    testPSID: no visible global function definition for ‘rlnorm’
    testPSID: no visible global function definition for ‘rnorm’
    Undefined global functions or variables:
     object.size rlnorm rnorm runif tail unzip
    Consider adding
     importFrom("stats", "rlnorm", "rnorm", "runif")
     importFrom("utils", "object.size", "tail", "unzip")
    to your NAMESPACE.
Flavors: r-devel-linux-x86_64-debian-clang, r-devel-linux-x86_64-debian-gcc, r-devel-linux-x86_64-fedora-clang, r-devel-linux-x86_64-fedora-gcc, r-devel-windows-ix86+x86_64

Version: 1.3
Check: tests
Result: ERROR
    Running the tests in 'tests/testthat.R' failed.
    Last 13 lines of output:
     Loading required package: foreign
     Loading required package: SAScii
     >
     > test_check("psidR")
     1. Failure (at test_psidR.R#111): check subsetting to core/immigrant/latino ----
     all(lat$data[, ID1968 > 7000 & ID1968 < 9308]) isn't true
    
     testthat results ================================================================
     OK: 20 SKIPPED: 0 FAILED: 1
     1. Failure (at test_psidR.R#111): check subsetting to core/immigrant/latino
    
     Error: testthat unit tests failed
     Execution halted
Flavor: r-oldrel-windows-ix86+x86_64