CRAN Package Check Results for Package psidR

Last updated on 2016-08-30 04:50:39.

Flavor Version Tinstall Tcheck Ttotal Status Flags
r-devel-linux-x86_64-debian-clang 1.3 1.03 17.14 18.17 NOTE
r-devel-linux-x86_64-debian-gcc 1.3 1.05 17.31 18.37 NOTE
r-devel-linux-x86_64-fedora-clang 1.3 33.40 NOTE
r-devel-linux-x86_64-fedora-gcc 1.3 32.49 NOTE
r-devel-osx-x86_64-clang 1.3 28.46 NOTE
r-devel-windows-ix86+x86_64 1.3 6.00 47.00 53.00 NOTE
r-patched-linux-x86_64 1.3 1.02 17.17 18.19 NOTE
r-patched-solaris-sparc 1.3 195.20 NOTE
r-patched-solaris-x86 1.3 43.20 NOTE
r-release-linux-x86_64 1.3 1.02 17.18 18.21 NOTE
r-release-osx-x86_64-mavericks 1.3 NOTE
r-release-windows-ix86+x86_64 1.3 4.00 52.00 56.00 NOTE
r-oldrel-windows-ix86+x86_64 1.3 5.00 79.00 84.00 OK

Check Details

Version: 1.3
Check: R code for possible problems
Result: NOTE
    build.panel: no visible global function definition for ‘tail’
    build.panel: no visible global function definition for ‘object.size’
    get.psid: no visible global function definition for ‘unzip’
    testPSID: no visible global function definition for ‘runif’
    testPSID: no visible global function definition for ‘rlnorm’
    testPSID: no visible global function definition for ‘rnorm’
    Undefined global functions or variables:
     object.size rlnorm rnorm runif tail unzip
    Consider adding
     importFrom("stats", "rlnorm", "rnorm", "runif")
     importFrom("utils", "object.size", "tail", "unzip")
    to your NAMESPACE file.
Flavors: r-devel-linux-x86_64-debian-clang, r-devel-linux-x86_64-debian-gcc, r-devel-linux-x86_64-fedora-clang, r-devel-linux-x86_64-fedora-gcc, r-devel-osx-x86_64-clang, r-devel-windows-ix86+x86_64, r-patched-linux-x86_64, r-patched-solaris-sparc, r-patched-solaris-x86, r-release-linux-x86_64, r-release-osx-x86_64-mavericks, r-release-windows-ix86+x86_64