CRAN Package Check Results for Package psidR

Last updated on 2016-12-09 05:49:14.

Flavor Version Tinstall Tcheck Ttotal Status Flags
r-devel-linux-x86_64-debian-clang 1.4 1.14 19.72 20.85 ERROR
r-devel-linux-x86_64-debian-gcc 1.4 1.03 19.47 20.49 OK
r-devel-linux-x86_64-fedora-clang 1.4 41.87 OK --no-stop-on-test-error
r-devel-linux-x86_64-fedora-gcc 1.4 38.39 OK --no-stop-on-test-error
r-devel-macos-x86_64-clang 1.4 32.75 OK --no-stop-on-test-error
r-devel-windows-ix86+x86_64 1.4 4.00 41.00 45.00 OK
r-patched-linux-x86_64 1.4 0.96 17.01 17.97 OK
r-patched-solaris-sparc 1.4 185.40 OK
r-patched-solaris-x86 1.4 41.80 OK
r-release-linux-x86_64 1.4 1.04 17.22 18.26 OK
r-release-osx-x86_64-mavericks 1.4 OK
r-release-windows-ix86+x86_64 1.4 3.00 34.00 37.00 OK
r-oldrel-windows-ix86+x86_64 1.4 6.00 46.00 52.00 OK

Check Details

Version: 1.4
Check: tests
Result: ERROR
     Running ‘testthat.R’ [5s/2s]
    Running the tests in ‘tests/testthat.R’ failed.
    Last 13 lines of output:
     Loading required package: bitops
     Loading required package: foreign
     Loading required package: SAScii
     >
     > test_check("psidR")
     1. Failure: check subsetting to core/immigrant/latino (@test_buildpanel.R#92) --
     all(lat$data[, ID1968 > 7000 & ID1968 < 9308]) isn't true.
    
    
     testthat results ================================================================
     OK: 27 SKIPPED: 0 FAILED: 1
     1. Failure: check subsetting to core/immigrant/latino (@test_buildpanel.R#92)
    
     Error: testthat unit tests failed
     Execution halted
Flavor: r-devel-linux-x86_64-debian-clang