CRAN Package Check Results for Package pso

Last updated on 2015-03-30 08:50:06.

Flavor Version Tinstall Tcheck Ttotal Status Flags
r-devel-linux-x86_64-debian-clang 1.0.3 0.70 13.41 14.11 NOTE
r-devel-linux-x86_64-debian-gcc 1.0.3 0.71 13.32 14.03 NOTE
r-devel-linux-x86_64-fedora-clang 1.0.3 26.83 NOTE
r-devel-linux-x86_64-fedora-gcc 1.0.3 26.13 NOTE
r-devel-osx-x86_64-clang 1.0.3 31.61 NOTE
r-prerel-windows-ix86+x86_64 1.0.3 4.00 22.00 26.00 NOTE
r-prerel-linux-x86_64 1.0.3 0.68 13.04 13.72 NOTE
r-prerel-solaris-sparc 1.0.3 190.40 NOTE
r-prerel-solaris-x86 1.0.3 38.00 NOTE
r-release-linux-x86_64 1.0.3 0.95 13.76 14.71 NOTE
r-release-osx-x86_64-mavericks 1.0.3 NOTE
r-release-windows-ix86+x86_64 1.0.3 4.00 23.00 27.00 NOTE
r-oldrel-windows-ix86+x86_64 1.0.3 2.00 37.00 39.00 NOTE

Check Details

Version: 1.0.3
Check: dependencies in R code
Result: NOTE
    'library' or 'require' call to ‘numDeriv’ in package code.
     Please use :: or requireNamespace() instead.
     See section 'Suggested packages' in the 'Writing R Extensions' manual.
    Package in Depends field not imported from: ‘methods’
     These packages need to be imported from (in the NAMESPACE file)
     for when this namespace is loaded but not attached.
Flavors: r-devel-linux-x86_64-debian-clang, r-devel-linux-x86_64-debian-gcc, r-devel-linux-x86_64-fedora-clang, r-devel-linux-x86_64-fedora-gcc, r-devel-osx-x86_64-clang, r-prerel-windows-ix86+x86_64, r-prerel-linux-x86_64, r-prerel-solaris-sparc, r-prerel-solaris-x86, r-release-linux-x86_64, r-release-windows-ix86+x86_64

Version: 1.0.3
Check: R code for possible problems
Result: NOTE
    test.problem : g: no visible global function definition for ‘grad’
Flavors: r-devel-linux-x86_64-debian-clang, r-devel-linux-x86_64-debian-gcc, r-devel-linux-x86_64-fedora-clang, r-devel-linux-x86_64-fedora-gcc, r-devel-osx-x86_64-clang, r-prerel-windows-ix86+x86_64, r-prerel-linux-x86_64, r-prerel-solaris-sparc, r-prerel-solaris-x86, r-release-linux-x86_64, r-release-osx-x86_64-mavericks, r-release-windows-ix86+x86_64

Version: 1.0.3
Check: dependencies in R code
Result: NOTE
    Package in Depends field not imported from: ‘methods’
     These packages need to be imported from (in the NAMESPACE file)
     for when this namespace is loaded but not attached.
    See the information on DESCRIPTION files in the chapter ‘Creating R
    packages’ of the ‘Writing R Extensions’ manual.
Flavors: r-release-osx-x86_64-mavericks, r-oldrel-windows-ix86+x86_64