CRAN Package Check Results for Package pso

Last updated on 2014-09-22 23:49:23.

Flavor Version Tinstall Tcheck Ttotal Status Flags
r-devel-linux-x86_64-debian-clang 1.0.3 0.76 13.63 14.40 NOTE
r-devel-linux-x86_64-debian-gcc 1.0.3 0.70 13.14 13.84 NOTE
r-devel-linux-x86_64-fedora-clang 1.0.3 28.20 NOTE
r-devel-linux-x86_64-fedora-gcc 1.0.3 26.44 NOTE
r-devel-osx-x86_64-clang 1.0.3 30.18 NOTE
r-devel-windows-ix86+x86_64 1.0.3 3.00 19.00 22.00 NOTE
r-patched-linux-x86_64 1.0.3 0.78 13.43 14.21 NOTE
r-patched-solaris-sparc 1.0.3 172.00 NOTE
r-patched-solaris-x86 1.0.3 42.20 NOTE
r-release-linux-ix86 1.0.3 1.20 19.96 21.16 NOTE
r-release-linux-x86_64 1.0.3 0.79 13.68 14.47 NOTE
r-release-osx-x86_64-mavericks 1.0.3 NOTE
r-release-windows-ix86+x86_64 1.0.3 4.00 30.00 34.00 NOTE
r-oldrel-windows-ix86+x86_64 1.0.3 2.00 37.00 39.00 NOTE

Check Details

Version: 1.0.3
Check: dependencies in R code
Result: NOTE
    Package in Depends field not imported from: ‘methods’
     These packages need to be imported from (in the NAMESPACE file)
     for when this namespace is loaded but not attached.
    See the information on DESCRIPTION files in the chapter ‘Creating R
    packages’ of the ‘Writing R Extensions’ manual.
Flavors: r-devel-linux-x86_64-debian-clang, r-devel-linux-x86_64-debian-gcc, r-devel-linux-x86_64-fedora-clang, r-devel-linux-x86_64-fedora-gcc, r-devel-osx-x86_64-clang, r-devel-windows-ix86+x86_64, r-patched-linux-x86_64, r-patched-solaris-sparc, r-patched-solaris-x86, r-release-linux-ix86, r-release-linux-x86_64, r-release-osx-x86_64-mavericks, r-release-windows-ix86+x86_64, r-oldrel-windows-ix86+x86_64

Version: 1.0.3
Check: R code for possible problems
Result: NOTE
    test.problem : g: no visible global function definition for ‘grad’
Flavors: r-devel-linux-x86_64-debian-clang, r-devel-linux-x86_64-debian-gcc, r-devel-linux-x86_64-fedora-clang, r-devel-linux-x86_64-fedora-gcc, r-devel-osx-x86_64-clang, r-devel-windows-ix86+x86_64