CRAN Package Check Results for Package pso

Last updated on 2014-10-31 15:50:16.

Flavor Version Tinstall Tcheck Ttotal Status Flags
r-devel-linux-x86_64-debian-clang 1.0.3 0.71 14.01 14.72 NOTE
r-devel-linux-x86_64-debian-gcc 1.0.3 0.72 14.29 15.01 NOTE
r-devel-linux-x86_64-fedora-clang 1.0.3 28.43 NOTE
r-devel-linux-x86_64-fedora-gcc 1.0.3 27.95 NOTE
r-devel-osx-x86_64-clang 1.0.3 29.24 NOTE
r-devel-windows-ix86+x86_64 1.0.3 3.00 21.00 24.00 NOTE
r-patched-linux-x86_64 1.0.3 0.83 13.71 14.54 NOTE
r-patched-solaris-sparc 1.0.3 166.40 NOTE
r-patched-solaris-x86 1.0.3 42.10 NOTE
r-release-linux-ix86 1.0.3 1.10 19.92 21.02 NOTE
r-release-linux-x86_64 1.0.3 0.77 13.82 14.60 NOTE
r-release-osx-x86_64-mavericks 1.0.3 NOTE
r-release-windows-ix86+x86_64 1.0.3 4.00 30.00 34.00 NOTE
r-oldrel-windows-ix86+x86_64 1.0.3 2.00 37.00 39.00 NOTE

Check Details

Version: 1.0.3
Check: dependencies in R code
Result: NOTE
    Package in Depends field not imported from: ‘methods’
     These packages need to be imported from (in the NAMESPACE file)
     for when this namespace is loaded but not attached.
    See the information on DESCRIPTION files in the chapter ‘Creating R
    packages’ of the ‘Writing R Extensions’ manual.
Flavors: r-devel-linux-x86_64-debian-clang, r-devel-linux-x86_64-debian-gcc, r-devel-linux-x86_64-fedora-clang, r-devel-linux-x86_64-fedora-gcc, r-devel-osx-x86_64-clang, r-devel-windows-ix86+x86_64, r-patched-linux-x86_64, r-patched-solaris-sparc, r-patched-solaris-x86, r-release-linux-ix86, r-release-linux-x86_64, r-release-osx-x86_64-mavericks, r-release-windows-ix86+x86_64, r-oldrel-windows-ix86+x86_64

Version: 1.0.3
Check: R code for possible problems
Result: NOTE
    test.problem : g: no visible global function definition for ‘grad’
Flavors: r-devel-linux-x86_64-debian-clang, r-devel-linux-x86_64-debian-gcc, r-devel-linux-x86_64-fedora-clang, r-devel-linux-x86_64-fedora-gcc, r-devel-osx-x86_64-clang, r-devel-windows-ix86+x86_64, r-patched-linux-x86_64, r-patched-solaris-sparc, r-patched-solaris-x86