CRAN Package Check Results for Package pso

Last updated on 2015-05-29 03:48:39.

Flavor Version Tinstall Tcheck Ttotal Status Flags
r-devel-linux-x86_64-debian-clang 1.0.3 0.70 13.20 13.90 NOTE
r-devel-linux-x86_64-debian-gcc 1.0.3 0.84 13.01 13.84 NOTE
r-devel-linux-x86_64-fedora-clang 1.0.3 26.41 NOTE
r-devel-linux-x86_64-fedora-gcc 1.0.3 24.63 NOTE
r-devel-osx-x86_64-clang 1.0.3 28.46 NOTE
r-devel-windows-ix86+x86_64 1.0.3 3.00 23.00 26.00 NOTE
r-patched-linux-x86_64 1.0.3 0.91 12.68 13.58 NOTE
r-patched-solaris-sparc 1.0.3 180.30 NOTE
r-patched-solaris-x86 1.0.3 37.50 NOTE
r-release-linux-x86_64 1.0.3 0.72 12.83 13.55 NOTE
r-release-osx-x86_64-mavericks 1.0.3 NOTE
r-release-osx-x86_64-snowleopard 1.0.3 NOTE
r-release-windows-ix86+x86_64 1.0.3 3.00 28.00 31.00 NOTE
r-oldrel-windows-ix86+x86_64 1.0.3 3.00 23.00 26.00 NOTE

Check Details

Version: 1.0.3
Check: dependencies in R code
Result: NOTE
    'library' or 'require' call to ‘numDeriv’ in package code.
     Please use :: or requireNamespace() instead.
     See section 'Suggested packages' in the 'Writing R Extensions' manual.
    Package in Depends field not imported from: ‘methods’
     These packages need to be imported from (in the NAMESPACE file)
     for when this namespace is loaded but not attached.
Flavors: r-devel-linux-x86_64-debian-clang, r-devel-linux-x86_64-debian-gcc, r-devel-linux-x86_64-fedora-clang, r-devel-linux-x86_64-fedora-gcc, r-devel-osx-x86_64-clang, r-devel-windows-ix86+x86_64, r-patched-linux-x86_64, r-patched-solaris-sparc, r-patched-solaris-x86, r-release-linux-x86_64, r-release-osx-x86_64-mavericks, r-release-osx-x86_64-snowleopard, r-release-windows-ix86+x86_64, r-oldrel-windows-ix86+x86_64

Version: 1.0.3
Check: R code for possible problems
Result: NOTE
    test.problem : g: no visible global function definition for ‘grad’
Flavors: r-devel-linux-x86_64-debian-clang, r-devel-linux-x86_64-debian-gcc, r-devel-linux-x86_64-fedora-clang, r-devel-linux-x86_64-fedora-gcc, r-devel-osx-x86_64-clang, r-devel-windows-ix86+x86_64, r-patched-linux-x86_64, r-patched-solaris-sparc, r-patched-solaris-x86, r-release-linux-x86_64, r-release-osx-x86_64-mavericks, r-release-osx-x86_64-snowleopard, r-release-windows-ix86+x86_64, r-oldrel-windows-ix86+x86_64