CRAN Package Check Results for Package pso

Last updated on 2015-08-28 12:48:05.

Flavor Version Tinstall Tcheck Ttotal Status Flags
r-devel-linux-x86_64-debian-clang 1.0.3 0.62 12.72 13.34 NOTE
r-devel-linux-x86_64-debian-gcc 1.0.3 0.62 12.54 13.16 NOTE
r-devel-linux-x86_64-fedora-clang 1.0.3 25.93 NOTE
r-devel-linux-x86_64-fedora-gcc 1.0.3 23.76 NOTE
r-devel-osx-x86_64-clang 1.0.3 24.51 NOTE
r-devel-windows-ix86+x86_64 1.0.3 4.00 27.00 31.00 NOTE
r-patched-linux-x86_64 1.0.3 0.74 12.85 13.59 NOTE
r-patched-solaris-sparc 1.0.3 176.00 NOTE
r-patched-solaris-x86 1.0.3 38.50 NOTE
r-release-linux-x86_64 1.0.3 0.67 12.79 13.46 NOTE
r-release-osx-x86_64-mavericks 1.0.3 NOTE
r-release-windows-ix86+x86_64 1.0.3 3.00 25.00 28.00 NOTE
r-oldrel-windows-ix86+x86_64 1.0.3 3.00 23.00 26.00 NOTE

Check Details

Version: 1.0.3
Check: dependencies in R code
Result: NOTE
    'library' or 'require' call to ‘numDeriv’ in package code.
     Please use :: or requireNamespace() instead.
     See section 'Suggested packages' in the 'Writing R Extensions' manual.
    Package in Depends field not imported from: ‘methods’
     These packages need to be imported from (in the NAMESPACE file)
     for when this namespace is loaded but not attached.
Flavors: r-devel-linux-x86_64-debian-clang, r-devel-linux-x86_64-debian-gcc, r-devel-linux-x86_64-fedora-clang, r-devel-linux-x86_64-fedora-gcc, r-devel-osx-x86_64-clang, r-devel-windows-ix86+x86_64, r-patched-linux-x86_64, r-patched-solaris-sparc, r-patched-solaris-x86, r-release-linux-x86_64, r-release-osx-x86_64-mavericks, r-release-windows-ix86+x86_64, r-oldrel-windows-ix86+x86_64

Version: 1.0.3
Check: R code for possible problems
Result: NOTE
    test.problem : g: no visible global function definition for ‘grad’
    test.problem: no visible global function definition for ‘new’
    psoptim,test.problem-missing-missing-missing-missing: no visible global
     function definition for ‘new’
    show,test.result: no visible global function definition for ‘show’
    show,test.result: no visible global function definition for ‘sd’
    Undefined global functions or variables:
     grad new sd show
    Consider adding
     importFrom("methods", "new", "show")
     importFrom("stats", "sd")
    to your NAMESPACE (and ensure that your DESCRIPTION Imports field
    contains 'methods').
Flavors: r-devel-linux-x86_64-debian-clang, r-devel-linux-x86_64-debian-gcc, r-devel-linux-x86_64-fedora-clang, r-devel-linux-x86_64-fedora-gcc, r-devel-windows-ix86+x86_64

Version: 1.0.3
Check: R code for possible problems
Result: NOTE
    test.problem : g: no visible global function definition for ‘grad’
    Undefined global functions or variables:
     grad
Flavor: r-devel-osx-x86_64-clang

Version: 1.0.3
Check: R code for possible problems
Result: NOTE
    test.problem : g: no visible global function definition for ‘grad’
Flavors: r-patched-linux-x86_64, r-patched-solaris-sparc, r-patched-solaris-x86, r-release-linux-x86_64, r-release-osx-x86_64-mavericks, r-release-windows-ix86+x86_64, r-oldrel-windows-ix86+x86_64