CRAN Package Check Results for Package pso

Last updated on 2016-02-08 19:48:34.

Flavor Version Tinstall Tcheck Ttotal Status Flags
r-devel-linux-x86_64-debian-gcc 1.0.3 0.76 11.76 12.51 NOTE
r-devel-linux-x86_64-fedora-clang 1.0.3 23.19 NOTE
r-devel-linux-x86_64-fedora-gcc 1.0.3 22.17 NOTE
r-devel-osx-x86_64-clang 1.0.3 26.59 NOTE
r-devel-windows-ix86+x86_64 1.0.3 4.00 26.00 30.00 NOTE
r-patched-linux-x86_64 1.0.3 0.85 12.46 13.31 NOTE
r-patched-solaris-sparc 1.0.3 153.90 NOTE
r-patched-solaris-x86 1.0.3 32.50 NOTE
r-release-linux-x86_64 1.0.3 0.73 12.45 13.18 NOTE
r-release-osx-x86_64-mavericks 1.0.3 NOTE
r-release-windows-ix86+x86_64 1.0.3 2.00 34.00 36.00 NOTE
r-oldrel-windows-ix86+x86_64 1.0.3 3.00 23.00 26.00 NOTE

Check Details

Version: 1.0.3
Check: dependencies in R code
Result: NOTE
    'library' or 'require' call to ‘numDeriv’ in package code.
     Please use :: or requireNamespace() instead.
     See section 'Suggested packages' in the 'Writing R Extensions' manual.
    Package in Depends field not imported from: ‘methods’
     These packages need to be imported from (in the NAMESPACE file)
     for when this namespace is loaded but not attached.
Flavors: r-devel-linux-x86_64-debian-gcc, r-devel-linux-x86_64-fedora-clang, r-devel-linux-x86_64-fedora-gcc, r-devel-osx-x86_64-clang, r-devel-windows-ix86+x86_64, r-patched-linux-x86_64, r-patched-solaris-sparc, r-patched-solaris-x86, r-release-linux-x86_64, r-release-osx-x86_64-mavericks, r-release-windows-ix86+x86_64, r-oldrel-windows-ix86+x86_64

Version: 1.0.3
Check: R code for possible problems
Result: NOTE
    test.problem : g: no visible global function definition for ‘grad’
    test.problem: no visible global function definition for ‘new’
    psoptim,test.problem-missing-missing-missing-missing: no visible global
     function definition for ‘new’
    show,test.result: no visible global function definition for ‘show’
    show,test.result: no visible global function definition for ‘sd’
    Undefined global functions or variables:
     grad new sd show
    Consider adding
     importFrom("methods", "new", "show")
     importFrom("stats", "sd")
    to your NAMESPACE file (and ensure that your DESCRIPTION Imports field
    contains 'methods').
Flavors: r-devel-linux-x86_64-debian-gcc, r-devel-linux-x86_64-fedora-clang, r-devel-linux-x86_64-fedora-gcc, r-devel-osx-x86_64-clang, r-devel-windows-ix86+x86_64

Version: 1.0.3
Check: R code for possible problems
Result: NOTE
    test.problem : g: no visible global function definition for ‘grad’
Flavors: r-patched-linux-x86_64, r-patched-solaris-sparc, r-patched-solaris-x86, r-release-linux-x86_64, r-release-osx-x86_64-mavericks, r-release-windows-ix86+x86_64, r-oldrel-windows-ix86+x86_64