CRAN Package Check Results for Package pso

Last updated on 2015-04-26 19:47:27.

Flavor Version Tinstall Tcheck Ttotal Status Flags
r-devel-linux-x86_64-debian-clang 1.0.3 0.93 13.19 14.12 NOTE
r-devel-linux-x86_64-debian-gcc 1.0.3 0.69 12.72 13.41 NOTE
r-devel-linux-x86_64-fedora-clang 1.0.3 26.22 NOTE
r-devel-linux-x86_64-fedora-gcc 1.0.3 24.57 NOTE
r-devel-osx-x86_64-clang 1.0.3 28.23 NOTE
r-devel-windows-ix86+x86_64 1.0.3 3.00 22.00 25.00 NOTE
r-patched-linux-x86_64 1.0.3 0.69 13.42 14.11 NOTE
r-patched-solaris-sparc 1.0.3 190.40 NOTE
r-patched-solaris-x86 1.0.3 37.60 NOTE
r-release-linux-x86_64 1.0.3 0.68 13.02 13.70 NOTE
r-release-osx-x86_64-mavericks 1.0.3 NOTE
r-release-osx-x86_64-snowleopard 1.0.3 NOTE
r-release-windows-ix86+x86_64 1.0.3 2.00 26.00 28.00 NOTE
r-oldrel-windows-ix86+x86_64 1.0.3 4.00 23.00 27.00 NOTE

Check Details

Version: 1.0.3
Check: dependencies in R code
Result: NOTE
    'library' or 'require' call to ‘numDeriv’ in package code.
     Please use :: or requireNamespace() instead.
     See section 'Suggested packages' in the 'Writing R Extensions' manual.
    Package in Depends field not imported from: ‘methods’
     These packages need to be imported from (in the NAMESPACE file)
     for when this namespace is loaded but not attached.
Flavors: r-devel-linux-x86_64-debian-clang, r-devel-linux-x86_64-fedora-clang, r-devel-linux-x86_64-fedora-gcc, r-devel-osx-x86_64-clang, r-devel-windows-ix86+x86_64, r-patched-solaris-sparc, r-patched-solaris-x86, r-release-osx-x86_64-mavericks, r-release-osx-x86_64-snowleopard, r-release-windows-ix86+x86_64, r-oldrel-windows-ix86+x86_64

Version: 1.0.3
Check: R code for possible problems
Result: NOTE
    test.problem : g: no visible global function definition for ‘grad’
Flavors: r-devel-linux-x86_64-debian-clang, r-devel-linux-x86_64-fedora-clang, r-devel-linux-x86_64-fedora-gcc, r-devel-osx-x86_64-clang, r-devel-windows-ix86+x86_64, r-patched-solaris-sparc, r-patched-solaris-x86, r-release-osx-x86_64-mavericks, r-release-osx-x86_64-snowleopard, r-release-windows-ix86+x86_64, r-oldrel-windows-ix86+x86_64