CRAN Package Check Results for Package pso

Last updated on 2014-12-21 21:47:28.

Flavor Version Tinstall Tcheck Ttotal Status Flags
r-devel-linux-x86_64-debian-clang 1.0.3 0.74 14.00 14.74 NOTE
r-devel-linux-x86_64-debian-gcc 1.0.3 0.70 13.44 14.14 NOTE
r-devel-linux-x86_64-fedora-clang 1.0.3 30.12 NOTE
r-devel-linux-x86_64-fedora-gcc 1.0.3 28.60 NOTE
r-devel-osx-x86_64-clang 1.0.3 29.58 NOTE
r-devel-windows-ix86+x86_64 1.0.3 3.00 20.00 23.00 NOTE
r-patched-linux-x86_64 1.0.3 0.73 13.46 14.19 NOTE
r-patched-solaris-sparc 1.0.3 166.40 NOTE
r-patched-solaris-x86 1.0.3 42.10 NOTE
r-release-linux-ix86 1.0.3 1.03 19.22 20.25 NOTE
r-release-linux-x86_64 1.0.3 0.73 13.61 14.34 NOTE
r-release-osx-x86_64-mavericks 1.0.3 NOTE
r-release-windows-ix86+x86_64 1.0.3 2.00 22.00 24.00 NOTE
r-oldrel-windows-ix86+x86_64 1.0.3 2.00 37.00 39.00 NOTE

Check Details

Version: 1.0.3
Check: dependencies in R code
Result: NOTE
    Package in Depends field not imported from: ‘methods’
     These packages need to be imported from (in the NAMESPACE file)
     for when this namespace is loaded but not attached.
    See the information on DESCRIPTION files in the chapter ‘Creating R
    packages’ of the ‘Writing R Extensions’ manual.
Flavors: r-devel-linux-x86_64-debian-clang, r-devel-linux-x86_64-debian-gcc, r-devel-linux-x86_64-fedora-clang, r-devel-linux-x86_64-fedora-gcc, r-devel-osx-x86_64-clang, r-devel-windows-ix86+x86_64, r-patched-linux-x86_64, r-patched-solaris-sparc, r-patched-solaris-x86, r-release-linux-ix86, r-release-linux-x86_64, r-release-osx-x86_64-mavericks, r-release-windows-ix86+x86_64, r-oldrel-windows-ix86+x86_64

Version: 1.0.3
Check: R code for possible problems
Result: NOTE
    test.problem : g: no visible global function definition for ‘grad’
Flavors: r-devel-linux-x86_64-debian-clang, r-devel-linux-x86_64-debian-gcc, r-devel-linux-x86_64-fedora-clang, r-devel-linux-x86_64-fedora-gcc, r-devel-osx-x86_64-clang, r-devel-windows-ix86+x86_64, r-patched-linux-x86_64, r-patched-solaris-sparc, r-patched-solaris-x86, r-release-linux-ix86, r-release-linux-x86_64, r-release-windows-ix86+x86_64