CRAN Package Check Results for Package pspearman

Last updated on 2024-03-03 09:54:59 CET.

Flavor Version Tinstall Tcheck Ttotal Status Flags
r-devel-linux-x86_64-debian-clang 0.3-1 2.47 20.75 23.22 OK
r-devel-linux-x86_64-debian-gcc 0.3-1 1.96 16.30 18.26 OK
r-devel-linux-x86_64-fedora-clang 0.3-1 29.91 NOTE
r-devel-linux-x86_64-fedora-gcc 0.3-1 28.33 NOTE
r-devel-windows-x86_64 0.3-1 6.00 37.00 43.00 OK
r-patched-linux-x86_64 0.3-1 2.01 20.89 22.90 OK
r-release-linux-x86_64 0.3-1 2.46 21.01 23.47 OK
r-release-macos-arm64 0.3-1 17.00 OK
r-release-macos-x86_64 0.3-1 20.00 OK
r-release-windows-x86_64 0.3-1 6.00 38.00 44.00 OK
r-oldrel-macos-arm64 0.3-1 19.00 OK
r-oldrel-windows-x86_64 0.3-1 9.00 43.00 52.00 OK

Check Details

Version: 0.3-1
Check: compiled code
Result: NOTE File ‘pspearman/libs/pspearman.so’: Found no calls to: ‘R_registerRoutines’, ‘R_useDynamicSymbols’ It is good practice to register native routines and to disable symbol search. See ‘Writing portable packages’ in the ‘Writing R Extensions’ manual. Flavors: r-devel-linux-x86_64-fedora-clang, r-devel-linux-x86_64-fedora-gcc