CRAN Package Check Results for Package pspline

Last updated on 2015-03-28 00:54:25.

Flavor Version Tinstall Tcheck Ttotal Status Flags
r-devel-linux-x86_64-debian-clang 1.0-16 1.74 9.21 10.95 NOTE
r-devel-linux-x86_64-debian-gcc 1.0-16 1.72 9.12 10.83 NOTE
r-devel-linux-x86_64-fedora-clang 1.0-16 19.46 NOTE
r-devel-linux-x86_64-fedora-gcc 1.0-16 18.73 NOTE
r-devel-osx-x86_64-clang 1.0-16 27.20 OK
r-prerel-windows-ix86+x86_64 1.0-16 7.00 21.00 28.00 OK
r-prerel-linux-x86_64 1.0-16 1.67 9.27 10.94 NOTE
r-prerel-solaris-sparc 1.0-16 149.20 OK
r-prerel-solaris-x86 1.0-16 30.30 OK
r-release-linux-x86_64 1.0-16 1.83 9.83 11.66 NOTE
r-release-osx-x86_64-mavericks 1.0-16 OK
r-release-windows-ix86+x86_64 1.0-16 10.00 22.00 32.00 OK
r-oldrel-windows-ix86+x86_64 1.0-16 7.00 34.00 41.00 OK

Check Details

Version: 1.0-16
Check: top-level files
Result: NOTE
    Non-standard file/directory found at top level:
     ‘orig’
Flavors: r-devel-linux-x86_64-debian-clang, r-devel-linux-x86_64-debian-gcc, r-devel-linux-x86_64-fedora-clang, r-devel-linux-x86_64-fedora-gcc, r-prerel-linux-x86_64, r-release-linux-x86_64