CRAN Package Check Results for Package pspline

Last updated on 2017-02-27 23:03:48.

Flavor Version Tinstall Tcheck Ttotal Status Flags
r-devel-linux-x86_64-debian-clang 1.0-17 1.93 11.00 12.93 NOTE
r-devel-linux-x86_64-debian-gcc 1.0-17 1.87 10.91 12.77 NOTE
r-devel-linux-x86_64-fedora-clang 1.0-17 20.61 NOTE --no-stop-on-test-error
r-devel-linux-x86_64-fedora-gcc 1.0-17 19.71 NOTE --no-stop-on-test-error
r-devel-macos-x86_64-clang 1.0-17 19.46 NOTE --no-stop-on-test-error
r-devel-windows-ix86+x86_64 1.0-17 9.00 49.00 58.00 OK
r-patched-linux-x86_64 1.0-17 1.70 9.05 10.75 NOTE
r-patched-solaris-sparc 1.0-17 103.50 OK
r-patched-solaris-x86 1.0-17 28.10 OK
r-release-linux-x86_64 1.0-17 1.68 9.33 11.01 NOTE
r-release-osx-x86_64-mavericks 1.0-17 OK
r-release-windows-ix86+x86_64 1.0-17 6.00 28.00 34.00 OK
r-oldrel-windows-ix86+x86_64 1.0-17 5.00 26.00 31.00 OK

Check Details

Version: 1.0-17
Check: top-level files
Result: NOTE
    Non-standard file/directory found at top level:
     ‘orig’
Flavors: r-devel-linux-x86_64-debian-clang, r-devel-linux-x86_64-debian-gcc, r-patched-linux-x86_64, r-release-linux-x86_64

Version: 1.0-17
Check: compiled code
Result: NOTE
    File ‘pspline/libs/pspline.so’:
     Found no calls to: ‘R_registerRoutines’, ‘R_useDynamicSymbols’
    
    It is good practice to register native routines and to disable symbol
    search.
    
    See ‘Writing portable packages’ in the ‘Writing R Extensions’ manual.
Flavors: r-devel-linux-x86_64-debian-clang, r-devel-linux-x86_64-debian-gcc

Version: 1.0-17
Flags: --no-stop-on-test-error
Check: top-level files
Result: NOTE
    Non-standard file/directory found at top level:
     ‘orig’
Flavors: r-devel-linux-x86_64-fedora-clang, r-devel-linux-x86_64-fedora-gcc

Version: 1.0-17
Flags: --no-stop-on-test-error
Check: compiled code
Result: NOTE
    File ‘pspline/libs/pspline.so’:
     Found no calls to: ‘R_registerRoutines’, ‘R_useDynamicSymbols’
    
    It is good practice to register native routines and to disable symbol
    search.
    
    See ‘Writing portable packages’ in the ‘Writing R Extensions’ manual.
Flavors: r-devel-linux-x86_64-fedora-clang, r-devel-linux-x86_64-fedora-gcc, r-devel-macos-x86_64-clang