CRAN Package Check Results for Package pspline

Last updated on 2014-09-18 11:48:48.

Flavor Version Tinstall Tcheck Ttotal Status Flags
r-devel-linux-x86_64-debian-clang 1.0-16 1.68 9.16 10.84 NOTE
r-devel-linux-x86_64-debian-gcc 1.0-16 1.62 9.02 10.64 NOTE
r-devel-linux-x86_64-fedora-clang 1.0-16 20.84 NOTE
r-devel-linux-x86_64-fedora-gcc 1.0-16 19.64 NOTE
r-devel-osx-x86_64-clang 1.0-16 23.25 OK
r-devel-windows-ix86+x86_64 1.0-16 6.00 20.00 26.00 OK
r-patched-linux-x86_64 1.0-16 1.67 10.01 11.68 NOTE
r-patched-solaris-sparc 1.0-16 120.40 OK
r-patched-solaris-x86 1.0-16 31.10 OK
r-release-linux-ix86 1.0-16 2.40 16.29 18.69 OK
r-release-linux-x86_64 1.0-16 1.66 9.60 11.27 NOTE
r-release-osx-x86_64-mavericks 1.0-16 OK
r-release-windows-ix86+x86_64 1.0-16 9.00 27.00 36.00 OK
r-oldrel-windows-ix86+x86_64 1.0-16 7.00 34.00 41.00 OK

Check Details

Version: 1.0-16
Check: top-level files
Result: NOTE
    Non-standard file/directory found at top level:
     ‘orig’
Flavors: r-devel-linux-x86_64-debian-clang, r-devel-linux-x86_64-debian-gcc, r-devel-linux-x86_64-fedora-clang, r-devel-linux-x86_64-fedora-gcc, r-patched-linux-x86_64, r-release-linux-x86_64