CRAN Package Check Results for Package pspline

Last updated on 2014-04-20 15:46:56.

Flavor Version Tinstall Tcheck Ttotal Status Flags
r-devel-linux-x86_64-debian-clang 1.0-16 1.70 9.72 11.43 OK
r-devel-linux-x86_64-debian-gcc 1.0-16 1.66 9.40 11.06 OK
r-devel-linux-x86_64-fedora-clang 1.0-16 21.38 NOTE
r-devel-linux-x86_64-fedora-gcc 1.0-16 20.54 NOTE
r-devel-macosx-x86_64-clang 1.0-16 23.66 OK
r-devel-macosx-x86_64-gcc 1.0-16 OK
r-devel-windows-ix86+x86_64 1.0-16 6.00 21.00 27.00 OK
r-patched-linux-x86_64 1.0-16 1.68 9.54 11.23 OK
r-patched-solaris-sparc 1.0-16 122.00 OK
r-patched-solaris-x86 1.0-16 32.80 OK
r-release-linux-ix86 OK
r-release-linux-x86_64 1.0-16 1.63 9.41 11.04 OK
r-release-windows-ix86+x86_64 1.0-16 12.00 26.00 38.00 OK
r-oldrel-windows-ix86+x86_64 1.0-16 7.00 34.00 41.00 OK

Check Details

Version: 1.0-16
Check: top-level files
Result: NOTE
    Non-standard file/directory found at top level:
     ‘orig’
Flavors: r-devel-linux-x86_64-fedora-clang, r-devel-linux-x86_64-fedora-gcc