CRAN Package Check Results for Package pspline

Last updated on 2017-04-27 23:50:09.

Flavor Version Tinstall Tcheck Ttotal Status Flags
r-devel-linux-x86_64-debian-clang 1.0-17 2.04 11.29 13.33 NOTE
r-devel-linux-x86_64-debian-gcc 1.0-17 1.88 11.07 12.95 NOTE
r-devel-linux-x86_64-fedora-clang 1.0-17 22.93 NOTE --no-stop-on-test-error
r-devel-linux-x86_64-fedora-gcc 1.0-17 19.73 NOTE --no-stop-on-test-error
r-devel-windows-ix86+x86_64 1.0-17 13.00 34.00 47.00 OK
r-patched-linux-x86_64 1.0-17 1.79 11.15 12.94 NOTE
r-patched-solaris-sparc 1.0-17 123.10 OK
r-patched-solaris-x86 1.0-17 33.10 OK
r-release-linux-x86_64 1.0-17 1.76 11.19 12.95 NOTE
r-release-windows-ix86+x86_64 1.0-17 8.00 28.00 36.00 OK
r-release-osx-x86_64 1.0-17 OK
r-oldrel-windows-ix86+x86_64 1.0-17 6.00 28.00 34.00 OK
r-oldrel-osx-x86_64 1.0-17 OK

Check Details

Version: 1.0-17
Check: top-level files
Result: NOTE
    Non-standard file/directory found at top level:
     ‘orig’
Flavors: r-devel-linux-x86_64-debian-clang, r-devel-linux-x86_64-debian-gcc, r-patched-linux-x86_64, r-release-linux-x86_64

Version: 1.0-17
Check: compiled code
Result: NOTE
    File ‘pspline/libs/pspline.so’:
     Found no calls to: ‘R_registerRoutines’, ‘R_useDynamicSymbols’
    
    It is good practice to register native routines and to disable symbol
    search.
    
    See ‘Writing portable packages’ in the ‘Writing R Extensions’ manual.
Flavors: r-devel-linux-x86_64-debian-clang, r-devel-linux-x86_64-debian-gcc, r-patched-linux-x86_64, r-release-linux-x86_64

Version: 1.0-17
Flags: --no-stop-on-test-error
Check: top-level files
Result: NOTE
    Non-standard file/directory found at top level:
     ‘orig’
Flavors: r-devel-linux-x86_64-fedora-clang, r-devel-linux-x86_64-fedora-gcc

Version: 1.0-17
Flags: --no-stop-on-test-error
Check: compiled code
Result: NOTE
    File ‘pspline/libs/pspline.so’:
     Found no calls to: ‘R_registerRoutines’, ‘R_useDynamicSymbols’
    
    It is good practice to register native routines and to disable symbol
    search.
    
    See ‘Writing portable packages’ in the ‘Writing R Extensions’ manual.
Flavors: r-devel-linux-x86_64-fedora-clang, r-devel-linux-x86_64-fedora-gcc