CRAN Package Check Results for Package pspline

Last updated on 2016-02-08 09:49:41.

Flavor Version Tinstall Tcheck Ttotal Status Flags
r-devel-linux-x86_64-debian-gcc 1.0-17 1.89 8.23 10.11 NOTE
r-devel-linux-x86_64-fedora-clang 1.0-17 16.94 NOTE
r-devel-linux-x86_64-fedora-gcc 1.0-17 16.06 NOTE
r-devel-osx-x86_64-clang 1.0-17 20.88 OK
r-devel-windows-ix86+x86_64 1.0-17 8.00 22.00 30.00 OK
r-patched-linux-x86_64 1.0-17 1.77 8.94 10.71 NOTE
r-patched-solaris-sparc 1.0-17 110.70 OK
r-patched-solaris-x86 1.0-17 25.30 OK
r-release-linux-x86_64 1.0-17 1.74 8.71 10.46 NOTE
r-release-osx-x86_64-mavericks 1.0-17 OK
r-release-windows-ix86+x86_64 1.0-17 6.00 31.00 37.00 OK
r-oldrel-windows-ix86+x86_64 1.0-17 9.00 31.00 40.00 OK

Check Details

Version: 1.0-17
Check: top-level files
Result: NOTE
    Non-standard file/directory found at top level:
     ‘orig’
Flavors: r-devel-linux-x86_64-debian-gcc, r-devel-linux-x86_64-fedora-clang, r-devel-linux-x86_64-fedora-gcc, r-patched-linux-x86_64, r-release-linux-x86_64