CRAN Package Check Results for Package pspline

Last updated on 2016-12-06 06:48:02.

Flavor Version Tinstall Tcheck Ttotal Status Flags
r-devel-linux-x86_64-debian-clang 1.0-17 1.95 10.63 12.57 NOTE
r-devel-linux-x86_64-debian-gcc 1.0-17 2.94 10.43 13.37 NOTE
r-devel-linux-x86_64-fedora-clang 1.0-17 21.06 NOTE --no-stop-on-test-error
r-devel-linux-x86_64-fedora-gcc 1.0-17 20.33 NOTE --no-stop-on-test-error
r-devel-macos-x86_64-clang 1.0-17 18.82 OK
r-devel-windows-ix86+x86_64 1.0-17 15.00 27.00 42.00 OK
r-patched-linux-x86_64 1.0-17 1.68 9.15 10.83 NOTE
r-patched-solaris-sparc 1.0-17 101.60 OK
r-patched-solaris-x86 1.0-17 23.90 OK
r-release-linux-x86_64 1.0-17 1.69 9.10 10.79 NOTE
r-release-osx-x86_64-mavericks 1.0-17 OK
r-release-windows-ix86+x86_64 1.0-17 6.00 28.00 34.00 OK
r-oldrel-windows-ix86+x86_64 1.0-17 5.00 26.00 31.00 OK

Check Details

Version: 1.0-17
Check: top-level files
Result: NOTE
    Non-standard file/directory found at top level:
     ‘orig’
Flavors: r-devel-linux-x86_64-debian-clang, r-devel-linux-x86_64-debian-gcc, r-patched-linux-x86_64, r-release-linux-x86_64

Version: 1.0-17
Flags: --no-stop-on-test-error
Check: top-level files
Result: NOTE
    Non-standard file/directory found at top level:
     ‘orig’
Flavors: r-devel-linux-x86_64-fedora-clang, r-devel-linux-x86_64-fedora-gcc