CRAN Package Check Results for Package pspline

Last updated on 2015-01-26 08:49:02.

Flavor Version Tinstall Tcheck Ttotal Status Flags
r-devel-linux-x86_64-debian-clang 1.0-16 1.80 9.27 11.07 NOTE
r-devel-linux-x86_64-debian-gcc 1.0-16 2.03 8.90 10.92 NOTE
r-devel-linux-x86_64-fedora-clang 1.0-16 23.68 NOTE
r-devel-linux-x86_64-fedora-gcc 1.0-16 21.36 NOTE
r-devel-osx-x86_64-clang 1.0-16 25.06 OK
r-devel-windows-ix86+x86_64 1.0-16 7.00 21.00 28.00 OK
r-patched-linux-x86_64 1.0-16 1.78 9.45 11.22 NOTE
r-patched-solaris-sparc 1.0-16 139.40 OK
r-patched-solaris-x86 1.0-16 34.30 OK
r-release-linux-ix86 1.0-16 2.40 15.11 17.51 OK
r-release-linux-x86_64 1.0-16 1.74 9.72 11.46 NOTE
r-release-osx-x86_64-mavericks 1.0-16 OK
r-release-windows-ix86+x86_64 1.0-16 6.00 20.00 26.00 OK
r-oldrel-windows-ix86+x86_64 1.0-16 7.00 34.00 41.00 OK

Check Details

Version: 1.0-16
Check: top-level files
Result: NOTE
    Non-standard file/directory found at top level:
     ‘orig’
Flavors: r-devel-linux-x86_64-debian-clang, r-devel-linux-x86_64-debian-gcc, r-devel-linux-x86_64-fedora-clang, r-devel-linux-x86_64-fedora-gcc, r-patched-linux-x86_64, r-release-linux-x86_64