CRAN Package Check Results for Package pspline

Last updated on 2014-10-21 05:48:05.

Flavor Version Tinstall Tcheck Ttotal Status Flags
r-devel-linux-x86_64-debian-clang 1.0-16 1.84 9.52 11.36 NOTE
r-devel-linux-x86_64-debian-gcc 1.0-16 1.72 9.59 11.31 NOTE
r-devel-linux-x86_64-fedora-clang 1.0-16 21.93 NOTE
r-devel-linux-x86_64-fedora-gcc 1.0-16 19.94 NOTE
r-devel-osx-x86_64-clang 1.0-16 24.89 OK
r-devel-windows-ix86+x86_64 1.0-16 6.00 19.00 25.00 OK
r-patched-linux-x86_64 1.0-16 1.75 9.33 11.08 NOTE
r-patched-solaris-sparc 1.0-16 120.40 OK
r-patched-solaris-x86 1.0-16 33.50 OK
r-release-linux-ix86 1.0-16 2.38 15.34 17.72 OK
r-release-linux-x86_64 1.0-16 1.66 9.57 11.23 NOTE
r-release-osx-x86_64-mavericks 1.0-16 OK
r-release-windows-ix86+x86_64 1.0-16 9.00 27.00 36.00 OK
r-oldrel-windows-ix86+x86_64 1.0-16 7.00 34.00 41.00 OK

Check Details

Version: 1.0-16
Check: top-level files
Result: NOTE
    Non-standard file/directory found at top level:
     ‘orig’
Flavors: r-devel-linux-x86_64-debian-clang, r-devel-linux-x86_64-debian-gcc, r-devel-linux-x86_64-fedora-clang, r-devel-linux-x86_64-fedora-gcc, r-patched-linux-x86_64, r-release-linux-x86_64