CRAN Package Check Results for Package pspline

Last updated on 2018-02-24 12:48:14 CET.

Flavor Version Tinstall Tcheck Ttotal Status Flags
r-devel-linux-x86_64-debian-clang 1.0-18 2.34 16.59 18.93 NOTE
r-devel-linux-x86_64-debian-gcc 1.0-18 1.71 13.19 14.90 NOTE
r-devel-linux-x86_64-fedora-clang 1.0-18 23.20 NOTE
r-devel-linux-x86_64-fedora-gcc 1.0-18 22.23 NOTE
r-devel-windows-ix86+x86_64 1.0-18 14.00 35.00 49.00 OK
r-patched-linux-x86_64 1.0-18 2.17 15.91 18.08 NOTE
r-patched-solaris-x86 1.0-18 30.40 OK
r-release-linux-x86_64 1.0-18 2.31 15.73 18.04 NOTE
r-release-windows-ix86+x86_64 1.0-18 8.00 32.00 40.00 OK
r-release-osx-x86_64 1.0-18 OK
r-oldrel-windows-ix86+x86_64 1.0-18 10.00 35.00 45.00 OK
r-oldrel-osx-x86_64 1.0-18 OK

Check Details

Version: 1.0-18
Check: top-level files
Result: NOTE
    Non-standard file/directory found at top level:
     ‘orig’
Flavors: r-devel-linux-x86_64-debian-clang, r-devel-linux-x86_64-debian-gcc, r-devel-linux-x86_64-fedora-clang, r-devel-linux-x86_64-fedora-gcc, r-patched-linux-x86_64, r-release-linux-x86_64