CRAN Package Check Results for Package pspline

Last updated on 2018-04-25 09:50:14 CEST.

Flavor Version Tinstall Tcheck Ttotal Status Flags
r-devel-linux-x86_64-debian-clang 1.0-18 2.40 16.69 19.09 NOTE
r-devel-linux-x86_64-debian-gcc 1.0-18 1.91 13.48 15.39 NOTE
r-devel-linux-x86_64-fedora-clang 1.0-18 23.56 NOTE
r-devel-linux-x86_64-fedora-gcc 1.0-18 21.97 NOTE
r-devel-windows-ix86+x86_64 1.0-18 12.00 32.00 44.00 OK
r-patched-linux-x86_64 1.0-18 2.67 16.34 19.01 NOTE
r-patched-solaris-x86 1.0-18 35.60 OK
r-release-linux-x86_64 1.0-18 2.17 16.34 18.51 NOTE
r-release-windows-ix86+x86_64 1.0-18 12.00 32.00 44.00 OK
r-release-osx-x86_64 1.0-18 OK
r-oldrel-windows-ix86+x86_64 1.0-18 8.00 32.00 40.00 OK
r-oldrel-osx-x86_64 1.0-18 OK

Check Details

Version: 1.0-18
Check: top-level files
Result: NOTE
    Non-standard file/directory found at top level:
     ‘orig’
Flavors: r-devel-linux-x86_64-debian-clang, r-devel-linux-x86_64-debian-gcc, r-devel-linux-x86_64-fedora-clang, r-devel-linux-x86_64-fedora-gcc, r-patched-linux-x86_64, r-release-linux-x86_64