CRAN Package Check Results for Package pspline

Last updated on 2017-10-18 23:47:59.

Flavor Version Tinstall Tcheck Ttotal Status Flags
r-devel-linux-x86_64-debian-clang 1.0-18 1.70 11.65 13.35 NOTE
r-devel-linux-x86_64-debian-gcc 1.0-18 1.89 12.40 14.29 NOTE
r-devel-linux-x86_64-fedora-clang 1.0-18 21.71 NOTE
r-devel-linux-x86_64-fedora-gcc 1.0-18 20.54 NOTE
r-devel-windows-ix86+x86_64 1.0-18 14.00 50.00 64.00 OK
r-patched-linux-x86_64 1.0-18 1.68 11.40 13.07 NOTE
r-patched-solaris-x86 1.0-18 33.30 OK
r-release-linux-x86_64 1.0-18 1.56 11.10 12.67 NOTE
r-release-windows-ix86+x86_64 1.0-18 8.00 32.00 40.00 OK
r-release-osx-x86_64 1.0-18 OK
r-oldrel-windows-ix86+x86_64 1.0-18 10.00 35.00 45.00 OK
r-oldrel-osx-x86_64 1.0-18 OK

Check Details

Version: 1.0-18
Check: top-level files
Result: NOTE
    Non-standard file/directory found at top level:
     ‘orig’
Flavors: r-devel-linux-x86_64-debian-clang, r-devel-linux-x86_64-debian-gcc, r-devel-linux-x86_64-fedora-clang, r-devel-linux-x86_64-fedora-gcc, r-patched-linux-x86_64, r-release-linux-x86_64