CRAN Package Check Results for Package pspline

Last updated on 2014-08-02 08:48:41.

Flavor Version Tinstall Tcheck Ttotal Status Flags
r-devel-linux-x86_64-debian-clang 1.0-16 1.63 8.96 10.59 OK
r-devel-linux-x86_64-debian-gcc 1.0-16 1.63 9.15 10.78 OK
r-devel-linux-x86_64-fedora-clang 1.0-16 21.58 NOTE
r-devel-linux-x86_64-fedora-gcc 1.0-16 20.07 NOTE
r-devel-osx-x86_64-clang 1.0-16 23.09 OK
r-devel-windows-ix86+x86_64 1.0-16 6.00 20.00 26.00 OK
r-patched-linux-x86_64 1.0-16 1.62 8.90 10.52 OK
r-patched-solaris-sparc 1.0-16 120.40 OK
r-patched-solaris-x86 1.0-16 31.90 OK
r-release-linux-ix86 1.0-16 2.52 14.94 17.46 OK
r-release-linux-x86_64 1.0-16 1.66 9.26 10.93 OK
r-release-osx-x86_64-mavericks 1.0-16 OK
r-release-windows-ix86+x86_64 1.0-16 9.00 27.00 36.00 OK
r-oldrel-windows-ix86+x86_64 1.0-16 7.00 34.00 41.00 OK

Check Details

Version: 1.0-16
Check: top-level files
Result: NOTE
    Non-standard file/directory found at top level:
     orig
Flavors: r-devel-linux-x86_64-fedora-clang, r-devel-linux-x86_64-fedora-gcc