CRAN Package Check Results for Package pspline

Last updated on 2016-07-30 23:47:40.

Flavor Version Tinstall Tcheck Ttotal Status Flags
r-devel-linux-x86_64-debian-clang 1.0-17 1.68 9.01 10.69 NOTE
r-devel-linux-x86_64-debian-gcc 1.0-17 1.76 8.92 10.69 NOTE
r-devel-linux-x86_64-fedora-clang 1.0-17 16.83 NOTE
r-devel-linux-x86_64-fedora-gcc 1.0-17 15.71 NOTE
r-devel-osx-x86_64-clang 1.0-17 16.23 OK
r-devel-windows-ix86+x86_64 1.0-17 7.00 28.00 35.00 OK
r-patched-linux-x86_64 1.0-17 1.70 8.95 10.65 NOTE
r-patched-solaris-sparc 1.0-17 101.60 OK
r-patched-solaris-x86 1.0-17 23.90 OK
r-release-linux-x86_64 1.0-17 1.92 10.62 12.53 NOTE
r-release-osx-x86_64-mavericks 1.0-17 OK
r-release-windows-ix86+x86_64 1.0-17 9.00 34.00 43.00 OK
r-oldrel-windows-ix86+x86_64 1.0-17 6.00 31.00 37.00 OK

Check Details

Version: 1.0-17
Check: top-level files
Result: NOTE
    Non-standard file/directory found at top level:
     ‘orig’
Flavors: r-devel-linux-x86_64-debian-clang, r-devel-linux-x86_64-debian-gcc, r-devel-linux-x86_64-fedora-clang, r-devel-linux-x86_64-fedora-gcc, r-patched-linux-x86_64, r-release-linux-x86_64