CRAN Package Check Results for Package pspline

Last updated on 2016-06-25 21:47:33.

Flavor Version Tinstall Tcheck Ttotal Status Flags
r-devel-linux-x86_64-debian-gcc 1.0-17 1.77 9.43 11.20 NOTE
r-devel-linux-x86_64-fedora-clang 1.0-17 17.96 NOTE
r-devel-linux-x86_64-fedora-gcc 1.0-17 15.86 NOTE
r-devel-osx-x86_64-clang 1.0-17 16.33 OK
r-devel-windows-ix86+x86_64 1.0-17 11.00 26.00 37.00 OK
r-patched-linux-x86_64 1.0-17 1.90 9.75 11.65 NOTE
r-patched-solaris-sparc 1.0-17 101.60 OK
r-patched-solaris-x86 1.0-17 24.10 OK
r-release-linux-x86_64 1.0-17 1.83 9.31 11.14 NOTE
r-release-osx-x86_64-mavericks 1.0-17 OK
r-release-windows-ix86+x86_64 1.0-17 9.00 34.00 43.00 OK
r-oldrel-windows-ix86+x86_64 1.0-17 6.00 31.00 37.00 OK

Check Details

Version: 1.0-17
Check: top-level files
Result: NOTE
    Non-standard file/directory found at top level:
     ‘orig’
Flavors: r-devel-linux-x86_64-debian-gcc, r-devel-linux-x86_64-fedora-clang, r-devel-linux-x86_64-fedora-gcc, r-patched-linux-x86_64, r-release-linux-x86_64