CRAN Package Check Results for Package pspline

Last updated on 2015-07-07 03:47:51.

Flavor Version Tinstall Tcheck Ttotal Status Flags
r-devel-linux-x86_64-debian-clang 1.0-17 1.67 8.74 10.40 NOTE
r-devel-linux-x86_64-debian-gcc 1.0-17 1.67 8.64 10.31 NOTE
r-devel-linux-x86_64-fedora-clang 1.0-17 18.71 NOTE
r-devel-linux-x86_64-fedora-gcc 1.0-17 17.54 NOTE
r-devel-osx-x86_64-clang 1.0-17 19.54 OK
r-devel-windows-ix86+x86_64 1.0-17 6.00 26.00 32.00 OK
r-patched-linux-x86_64 1.0-17 1.72 8.94 10.66 NOTE
r-patched-solaris-sparc 1.0-17 106.20 OK
r-patched-solaris-x86 1.0-17 30.60 OK
r-release-linux-x86_64 1.0-17 1.70 8.98 10.68 NOTE
r-release-osx-x86_64-mavericks 1.0-17 OK
r-release-windows-ix86+x86_64 1.0-17 6.00 22.00 28.00 OK
r-oldrel-windows-ix86+x86_64 1.0-17 9.00 31.00 40.00 OK

Check Details

Version: 1.0-17
Check: top-level files
Result: NOTE
    Non-standard file/directory found at top level:
     ‘orig’
Flavors: r-devel-linux-x86_64-debian-clang, r-devel-linux-x86_64-debian-gcc, r-devel-linux-x86_64-fedora-clang, r-devel-linux-x86_64-fedora-gcc, r-patched-linux-x86_64, r-release-linux-x86_64