CRAN Package Check Results for Package pspline

Last updated on 2017-01-20 19:47:16.

Flavor Version Tinstall Tcheck Ttotal Status Flags
r-devel-linux-x86_64-debian-clang 1.0-17 2.05 10.84 12.89 NOTE
r-devel-linux-x86_64-debian-gcc 1.0-17 1.93 10.67 12.60 NOTE
r-devel-linux-x86_64-fedora-clang 1.0-17 20.54 NOTE --no-stop-on-test-error
r-devel-linux-x86_64-fedora-gcc 1.0-17 19.71 NOTE --no-stop-on-test-error
r-devel-macos-x86_64-clang 1.0-17 18.49 OK --no-stop-on-test-error
r-devel-windows-ix86+x86_64 1.0-17 11.00 41.00 52.00 OK
r-patched-linux-x86_64 1.0-17 1.72 9.02 10.74 NOTE
r-patched-solaris-sparc 1.0-17 103.50 OK
r-patched-solaris-x86 1.0-17 27.50 OK
r-release-linux-x86_64 1.0-17 1.77 9.18 10.95 NOTE
r-release-osx-x86_64-mavericks 1.0-17 OK
r-release-windows-ix86+x86_64 1.0-17 6.00 28.00 34.00 OK
r-oldrel-windows-ix86+x86_64 1.0-17 5.00 26.00 31.00 OK

Check Details

Version: 1.0-17
Check: top-level files
Result: NOTE
    Non-standard file/directory found at top level:
     ‘orig’
Flavors: r-devel-linux-x86_64-debian-clang, r-devel-linux-x86_64-debian-gcc, r-patched-linux-x86_64, r-release-linux-x86_64

Version: 1.0-17
Flags: --no-stop-on-test-error
Check: top-level files
Result: NOTE
    Non-standard file/directory found at top level:
     ‘orig’
Flavors: r-devel-linux-x86_64-fedora-clang, r-devel-linux-x86_64-fedora-gcc