CRAN Package Check Results for Package pspline

Last updated on 2016-05-02 21:49:56.

Flavor Version Tinstall Tcheck Ttotal Status Flags
r-devel-linux-x86_64-debian-gcc 1.0-17 1.68 8.80 10.49 NOTE
r-devel-linux-x86_64-fedora-clang 1.0-17 17.48 NOTE
r-devel-linux-x86_64-fedora-gcc 1.0-17 16.21 NOTE
r-devel-osx-x86_64-clang 1.0-17 21.46 OK
r-devel-windows-ix86+x86_64 1.0-17 7.00 29.00 36.00 OK
r-patched-linux-x86_64 1.0-17 1.70 8.94 10.65 NOTE
r-patched-solaris-sparc 1.0-17 102.00 OK
r-patched-solaris-x86 1.0-17 24.30 OK
r-release-linux-x86_64 1.0-17 1.78 9.71 11.49 NOTE
r-release-osx-x86_64-mavericks 1.0-17 OK
r-release-windows-ix86+x86_64 1.0-17 6.00 31.00 37.00 OK
r-oldrel-windows-ix86+x86_64 1.0-17 9.00 31.00 40.00 OK

Check Details

Version: 1.0-17
Check: top-level files
Result: NOTE
    Non-standard file/directory found at top level:
     ‘orig’
Flavors: r-devel-linux-x86_64-debian-gcc, r-devel-linux-x86_64-fedora-clang, r-devel-linux-x86_64-fedora-gcc, r-patched-linux-x86_64, r-release-linux-x86_64