CRAN Package Check Results for Package pspline

Last updated on 2014-12-19 20:48:23.

Flavor Version Tinstall Tcheck Ttotal Status Flags
r-devel-linux-x86_64-debian-clang 1.0-16 1.80 9.81 11.60 NOTE
r-devel-linux-x86_64-debian-gcc 1.0-16 1.73 9.34 11.07 NOTE
r-devel-linux-x86_64-fedora-clang 1.0-16 24.13 NOTE
r-devel-linux-x86_64-fedora-gcc 1.0-16 21.55 NOTE
r-devel-osx-x86_64-clang 1.0-16 24.29 OK
r-devel-windows-ix86+x86_64 1.0-16 11.00 20.00 31.00 OK
r-patched-linux-x86_64 1.0-16 1.73 9.41 11.14 NOTE
r-patched-solaris-sparc 1.0-16 120.40 OK
r-patched-solaris-x86 1.0-16 34.60 OK
r-release-linux-ix86 1.0-16 2.37 14.98 17.36 OK
r-release-linux-x86_64 1.0-16 1.73 9.71 11.44 NOTE
r-release-osx-x86_64-mavericks 1.0-16 OK
r-release-windows-ix86+x86_64 1.0-16 6.00 20.00 26.00 OK
r-oldrel-windows-ix86+x86_64 1.0-16 7.00 34.00 41.00 OK

Check Details

Version: 1.0-16
Check: top-level files
Result: NOTE
    Non-standard file/directory found at top level:
     ‘orig’
Flavors: r-devel-linux-x86_64-debian-clang, r-devel-linux-x86_64-debian-gcc, r-devel-linux-x86_64-fedora-clang, r-devel-linux-x86_64-fedora-gcc, r-patched-linux-x86_64, r-release-linux-x86_64