CRAN Package Check Results for Package pspline

Last updated on 2014-07-24 03:48:53.

Flavor Version Tinstall Tcheck Ttotal Status Flags
r-devel-linux-x86_64-debian-clang 1.0-16 1.63 9.28 10.91 OK
r-devel-linux-x86_64-debian-gcc 1.0-16 1.60 9.38 10.98 OK
r-devel-linux-x86_64-fedora-clang 1.0-16 21.05 NOTE
r-devel-linux-x86_64-fedora-gcc 1.0-16 20.74 NOTE
r-devel-osx-x86_64-clang 1.0-16 23.07 OK
r-devel-windows-ix86+x86_64 1.0-16 6.00 21.00 27.00 OK
r-patched-linux-x86_64 1.0-16 1.66 8.86 10.52 OK
r-patched-solaris-sparc 1.0-16 122.00 OK
r-patched-solaris-x86 1.0-16 31.50 OK
r-release-linux-ix86 1.0-16 2.40 15.08 17.49 OK
r-release-linux-x86_64 1.0-16 1.66 8.99 10.66 OK
r-release-osx-x86_64-mavericks 1.0-16 OK
r-release-windows-ix86+x86_64 1.0-16 9.00 27.00 36.00 OK
r-oldrel-windows-ix86+x86_64 1.0-16 7.00 34.00 41.00 OK

Check Details

Version: 1.0-16
Check: top-level files
Result: NOTE
    Non-standard file/directory found at top level:
     ‘orig’
Flavors: r-devel-linux-x86_64-fedora-clang, r-devel-linux-x86_64-fedora-gcc