CRAN Package Check Results for Package pspline

Last updated on 2017-12-12 02:49:48 CET.

Flavor Version Tinstall Tcheck Ttotal Status Flags
r-devel-linux-x86_64-debian-clang 1.0-18 2.10 12.97 15.07 NOTE
r-devel-linux-x86_64-debian-gcc 1.0-18 1.76 12.39 14.15 NOTE
r-devel-linux-x86_64-fedora-clang 1.0-18 20.00 NOTE
r-devel-linux-x86_64-fedora-gcc 1.0-18 18.90 NOTE
r-devel-windows-ix86+x86_64 1.0-18 14.00 33.00 47.00 OK
r-patched-linux-x86_64 1.0-18 1.92 15.15 17.07 NOTE
r-patched-solaris-x86 1.0-18 29.80 OK
r-release-linux-x86_64 1.0-18 2.01 14.94 16.95 NOTE
r-release-windows-ix86+x86_64 1.0-18 8.00 32.00 40.00 OK
r-release-osx-x86_64 1.0-18 OK
r-oldrel-windows-ix86+x86_64 1.0-18 10.00 35.00 45.00 OK
r-oldrel-osx-x86_64 1.0-18 OK

Check Details

Version: 1.0-18
Check: top-level files
Result: NOTE
    Non-standard file/directory found at top level:
     ‘orig’
Flavors: r-devel-linux-x86_64-debian-clang, r-devel-linux-x86_64-debian-gcc, r-devel-linux-x86_64-fedora-clang, r-devel-linux-x86_64-fedora-gcc, r-patched-linux-x86_64, r-release-linux-x86_64