CRAN Package Check Results for Package psych

Last updated on 2017-04-27 10:48:39.

Flavor Version Tinstall Tcheck Ttotal Status Flags
r-devel-linux-x86_64-debian-clang 1.7.3.21 4.35 209.46 213.81 OK
r-devel-linux-x86_64-debian-gcc 1.7.3.21 4.08 203.14 207.22 OK
r-devel-linux-x86_64-fedora-clang 1.7.3.21 427.08 OK --no-stop-on-test-error
r-devel-linux-x86_64-fedora-gcc 1.7.3.21 398.74 OK --no-stop-on-test-error
r-devel-windows-ix86+x86_64 1.7.3.21 14.00 322.00 336.00 OK
r-patched-linux-x86_64 1.7.3.21 4.54 200.10 204.63 OK
r-patched-solaris-sparc 1.7.3.21 1584.60 NOTE --no-vignettes
r-patched-solaris-x86 1.7.3.21 427.80 NOTE
r-release-linux-x86_64 1.7.3.21 4.04 202.45 206.49 OK
r-release-windows-ix86+x86_64 1.7.3.21 17.00 309.00 326.00 OK
r-release-osx-x86_64 1.7.3.21 NOTE
r-oldrel-windows-ix86+x86_64 1.7.3.21 12.00 409.00 421.00 OK
r-oldrel-osx-x86_64 1.7.3.21 OK

Check Details

Version: 1.7.3.21
Flags: --no-vignettes
Check: installed package size
Result: NOTE
     installed size is 5.5Mb
     sub-directories of 1Mb or more:
     doc 3.3Mb
Flavor: r-patched-solaris-sparc

Version: 1.7.3.21
Check: installed package size
Result: NOTE
     installed size is 5.5Mb
     sub-directories of 1Mb or more:
     doc 3.3Mb
Flavor: r-patched-solaris-x86

Version: 1.7.3.21
Check: package dependencies
Result: NOTE
    Packages suggested but not available for checking: ‘graph’ ‘Rgraphviz’
Flavor: r-release-osx-x86_64

Version: 1.7.3.21
Check: re-building of vignette outputs
Result: NOTE
    Error in re-building vignettes:
     ...
    R1 was not square, finding R from data
    Error in texi2dvi(file = file, pdf = TRUE, clean = clean, quiet = quiet, :
     Running 'texi2dvi' on 'intro.tex' failed.
    LaTeX errors:
    ! LaTeX Error: File `gensymb.sty' not found.
    
    Type X to quit or <RETURN> to proceed,
    or enter new name. (Default extension: sty)
    
    ! Emergency stop.
    <read *>
    
    l.24 \usepackage
     {longtable}^^M
    ! ==> Fatal error occurred, no output PDF file produced!
    Calls: buildVignettes -> texi2pdf -> texi2dvi
    Execution halted
Flavor: r-release-osx-x86_64