CRAN Package Check Results for Package psych

Last updated on 2015-01-25 04:47:11.

Flavor Version Tinstall Tcheck Ttotal Status Flags
r-devel-linux-x86_64-debian-clang 1.5.1 3.84 150.89 154.72 OK
r-devel-linux-x86_64-debian-gcc 1.5.1 3.58 146.11 149.69 OK
r-devel-linux-x86_64-fedora-clang 1.5.1 323.12 NOTE
r-devel-linux-x86_64-fedora-gcc 1.5.1 304.13 NOTE
r-devel-osx-x86_64-clang 1.5.1 261.49 OK
r-devel-windows-ix86+x86_64 1.5.1 15.00 218.00 233.00 OK
r-patched-linux-x86_64 1.5.1 3.77 157.84 161.61 OK
r-patched-solaris-sparc 1.5.1 1209.70 OK --no-vignettes
r-patched-solaris-x86 1.5.1 374.60 OK
r-release-linux-ix86 1.5.1 4.79 183.81 188.60 OK
r-release-linux-x86_64 1.5.1 3.89 161.14 165.03 OK
r-release-osx-x86_64-mavericks 1.5.1 OK
r-release-osx-x86_64-snowleopard 1.5.1 OK
r-release-windows-ix86+x86_64 1.5.1 13.00 249.00 262.00 OK
r-oldrel-windows-ix86+x86_64 1.5.1 14.00 230.00 244.00 OK

Check Details

Version: 1.5.1
Check: S3 generic/method consistency
Result: NOTE
    Found the following apparent S3 methods exported but not registered:
     print.psych summary.psych pairs.panels plot.irt plot.poly
     plot.poly.parallel plot.psych plot.residuals biplot.psych
     predict.psych residuals.psych
    See section ‘Registering S3 methods’ in the ‘Writing R Extensions’
    manual.
Flavors: r-devel-linux-x86_64-fedora-clang, r-devel-linux-x86_64-fedora-gcc