CRAN Package Check Results for Package psych

Last updated on 2015-07-02 21:46:59.

Flavor Version Tinstall Tcheck Ttotal Status Flags
r-devel-linux-x86_64-debian-clang 1.5.4 3.50 160.21 163.71 NOTE
r-devel-linux-x86_64-debian-gcc 1.5.4 3.42 156.38 159.81 NOTE
r-devel-linux-x86_64-fedora-clang 1.5.4 328.70 NOTE
r-devel-linux-x86_64-fedora-gcc 1.5.4 311.92 NOTE
r-devel-osx-x86_64-clang 1.5.4 286.93 NOTE
r-devel-windows-ix86+x86_64 1.5.4 16.00 235.00 251.00 NOTE
r-patched-linux-x86_64 1.5.4 5.37 157.11 162.48 OK
r-patched-solaris-sparc 1.5.4 1270.80 OK --no-vignettes
r-patched-solaris-x86 1.5.4 375.30 NOTE
r-release-linux-x86_64 1.5.4 3.51 156.82 160.33 OK
r-release-osx-x86_64-mavericks 1.5.4 OK
r-release-windows-ix86+x86_64 1.5.4 14.00 266.00 280.00 OK
r-oldrel-windows-ix86+x86_64 1.5.4 16.00 278.00 294.00 OK

Check Details

Version: 1.5.4
Check: R code for possible problems
Result: NOTE
    BASS: no visible global function definition for ‘varimax’
    ICC: no visible global function definition for ‘na.fail’
    ICC: no visible global function definition for ‘na.omit’
    ICC: no visible global function definition for ‘stack’
    ICC: no visible global function definition for ‘aov’
    ICC: no visible global function definition for ‘pf’
    ICC: no visible global function definition for ‘qf’
    ICC2latex: no visible global function definition for ‘write.table’
    ICLUST.rgraph: no visible global function definition for ‘new’
    ICLUST.rgraph: no visible global function definition for ‘plot’
    KMO: no visible global function definition for ‘cor’
    KMO: no visible global function definition for ‘cov2cor’
    Promax: no visible global function definition for ‘lm.fit’
    SD: no visible global function definition for ‘var’
    VSS.parallel: no visible global function definition for ‘rnorm’
    VSS.plot: no visible global function definition for ‘par’
    VSS.plot: no visible global function definition for ‘plot’
    VSS.plot: no visible global function definition for ‘lines’
    VSS.plot: no visible global function definition for ‘points’
    VSS.scree: no visible global function definition for ‘cor’
    VSS.scree: no visible global function definition for ‘plot’
    VSS.scree: no visible global function definition for ‘abline’
    VSS.sim: no visible global function definition for ‘rnorm’
    VSS.simulate: no visible global function definition for ‘rnorm’
    VSSem: no visible global function definition for ‘cor’
    VSSem: no visible global function definition for ‘varimax’
    VSSem: no visible global function definition for ‘promax’
    VSSem: no visible global function definition for ‘pchisq’
    Yule.inv: no visible global function definition for ‘optimize’
    YuleBonett: no visible global function definition for ‘qnorm’
    YuleCor: no visible global function definition for ‘pnorm’
    alpha: no visible binding for global variable ‘sd’
    alpha: no visible global function definition for ‘cov’
    alpha: no visible global function definition for ‘sd’
    alpha: no visible global function definition for ‘cor’
    alpha: no visible global function definition for ‘cov2cor’
    alpha : <anonymous>: no visible global function definition for ‘cov’
    alpha : <anonymous>: no visible global function definition for
     ‘cov2cor’
    alpha: no visible global function definition for ‘quantile’
    alpha.scale: no visible global function definition for ‘var’
    bestScales: no visible global function definition for ‘cor’
    bestScales: no visible global function definition for ‘cov2cor’
    beta.w: no visible global function definition for ‘qnorm’
    bi.bars: no visible global function definition for ‘barplot’
    bi.bars: no visible global function definition for ‘box’
    bi.bars: no visible global function definition for ‘axis’
    biplot.psych: no visible global function definition for ‘par’
    biplot.psych: no visible global function definition for ‘palette’
    biplot.psych: no visible global function definition for ‘plot’
    biplot.psych: no visible global function definition for ‘text’
    biplot.psych: no visible global function definition for ‘dev.hold’
    biplot.psych: no visible global function definition for ‘dev.flush’
    biplot.psych: no visible global function definition for ‘arrows’
    biplot.psych: no visible global function definition for ‘axis’
    biplot.psych: no visible global function definition for ‘box’
    biplot.psych: no visible global function definition for ‘hist’
    biplot.psych: no visible global function definition for ‘density’
    biplot.psych: no visible global function definition for ‘lines’
    biplot.psych: no visible global function definition for ‘biplot’
    biserialc: no visible global function definition for ‘complete.cases’
    biserialc: no visible global function definition for ‘dnorm’
    biserialc: no visible global function definition for ‘qnorm’
    biserialc: no visible global function definition for ‘sd’
    boot.mediate: no visible global function definition for ‘cov’
    boot.mediate: no visible global function definition for ‘cov2cor’
    boot.mediate: no visible global function definition for ‘pt’
    boot.moderate: no visible global function definition for ‘cov’
    boot.moderate: no visible global function definition for ‘cov2cor’
    boot.moderate: no visible global function definition for ‘pt’
    catseyes: no visible global function definition for ‘dt’
    catseyes: no visible global function definition for ‘qt’
    catseyes: no visible global function definition for ‘dnorm’
    catseyes: no visible global function definition for ‘polygon’
    circ.sim: no visible global function definition for ‘rnorm’
    circ.sim.plot: no visible global function definition for ‘par’
    circ.simulation: no visible global function definition for ‘cor’
    circ.tests : circ.gap: no visible global function definition for ‘var’
    circ.tests : circ.fisher: no visible global function definition for
     ‘sd’
    circ.tests : circ.rt: no visible binding for global variable ‘var’
    circ.tests : circ.rt: no visible global function definition for ‘sd’
    circ.tests : circ.v2: no visible global function definition for ‘var’
    circ.tests : circ.v2: no visible global function definition for ‘sd’
    circadian.F: no visible global function definition for ‘pf’
    circadian.linear.cor: no visible global function definition for ‘cor’
    circadian.linear.cor.2: no visible global function definition for ‘cor’
    circadian.phase: no visible global function definition for ‘sd’
    circadian.plot: no visible global function definition for ‘plot’
    circadian.plot: no visible global function definition for ‘points’
    circadian.plot: no visible global function definition for ‘text’
    circadian.reliability: no visible global function definition for ‘sd’
    circadian.reliability: no visible global function definition for ‘cor’
    circadian.split.F: no visible global function definition for ‘pf’
    cluster.fit: no visible global function definition for ‘cov2cor’
    cluster.plot: no visible global function definition for ‘pairs’
    cluster.plot: no visible global function definition for ‘plot’
    cluster.plot: no visible global function definition for ‘abline’
    cluster.plot: no visible global function definition for ‘text’
    cohen.kappa: no visible global function definition for ‘na.omit’
    cohen.kappa1: no visible global function definition for ‘qnorm’
    congeneric.sim: no visible global function definition for ‘rnorm’
    congeneric.sim: no visible global function definition for ‘cor’
    cor.ci: no visible global function definition for ‘cor’
    cor.ci: no visible global function definition for ‘cov2cor’
    cor.ci : <anonymous>: no visible global function definition for ‘cor’
    cor.ci : <anonymous>: no visible global function definition for
     ‘cov2cor’
    cor.ci: no visible binding for global variable ‘sd’
    cor.ci: no visible global function definition for ‘qnorm’
    cor.ci: no visible binding for global variable ‘quantile’
    cor.ci: no visible global function definition for ‘pnorm’
    cor.plot: no visible global function definition for ‘par’
    cor.plot: no visible global function definition for ‘colorRampPalette’
    cor.plot: no visible global function definition for ‘grey’
    cor.plot: no visible global function definition for ‘layout’
    cor.plot: no visible global function definition for ‘image’
    cor.plot: no visible global function definition for ‘box’
    cor.plot: no visible global function definition for ‘axis’
    cor.plot: no visible global function definition for ‘text’
    cor.smooth: no visible global function definition for ‘cov2cor’
    cor.smoother: no visible global function definition for ‘cor’
    cor.wt: no visible global function definition for ‘cov2cor’
    cor2dist: no visible global function definition for ‘cor’
    corFiml: no visible global function definition for ‘cov2cor’
    corr.p: no visible global function definition for ‘pt’
    corr.p: no visible global function definition for ‘p.adjust’
    corr.p: no visible global function definition for ‘qnorm’
    corr.test: no visible global function definition for ‘cor’
    corr.test: no visible global function definition for ‘pt’
    corr.test: no visible global function definition for ‘p.adjust’
    corr.test: no visible global function definition for ‘qnorm’
    corr.test1: no visible global function definition for ‘cor’
    cortest: no visible global function definition for ‘pchisq’
    cortest.bartlett: no visible global function definition for ‘cor’
    cortest.bartlett: no visible global function definition for ‘pchisq’
    cortest.jennrich: no visible global function definition for ‘cor’
    cortest.jennrich: no visible global function definition for ‘pchisq’
    cortest.mat: no visible global function definition for ‘cor’
    cortest.mat: no visible global function definition for ‘pchisq’
    cortest.normal: no visible global function definition for ‘cor’
    cortest.normal: no visible global function definition for ‘pchisq’
    cortest.normal1: no visible global function definition for ‘pchisq’
    cosinor: no visible global function definition for ‘sd’
    cosinor.lm2: no visible global function definition for ‘cor’
    cosinor.lm2: no visible global function definition for ‘sd’
    cosinor.plot: no visible global function definition for ‘sd’
    cosinor.plot: no visible global function definition for ‘plot’
    cosinor.plot: no visible global function definition for ‘points’
    cosinor1: no visible global function definition for ‘optimize’
    cta: no visible global function definition for ‘rainbow’
    cta: no visible global function definition for ‘par’
    cta: no visible global function definition for ‘plot’
    cta: no visible global function definition for ‘points’
    cta.15: no visible global function definition for ‘rainbow’
    cta.15: no visible global function definition for ‘plot’
    cta.15: no visible global function definition for ‘points’
    densityBy : <anonymous>: no visible binding for global variable
     ‘quantile’
    densityBy: no visible binding for global variable ‘quantile’
    densityBy: no visible global function definition for ‘plot’
    densityBy: no visible global function definition for ‘axis’
    densityBy: no visible global function definition for ‘box’
    densityBy: no visible global function definition for ‘polygon’
    densityBy: no visible global function definition for ‘segments’
    describe: no visible global function definition for ‘na.omit’
    describe: no visible global function definition for ‘sd’
    describe: no visible global function definition for ‘median’
    describe: no visible global function definition for ‘mad’
    describe: no visible binding for global variable ‘sd’
    describe: no visible binding for global variable ‘mad’
    describe: no visible binding for global variable ‘median’
    describeData: no visible global function definition for
     ‘complete.cases’
    df2latex: no visible global function definition for ‘write.table’
    dia.arrow: no visible global function definition for ‘text’
    dia.arrow: no visible global function definition for ‘arrows’
    dia.cluster: no visible global function definition for ‘text’
    dia.cone: no visible global function definition for ‘plot.new’
    dia.cone: no visible global function definition for ‘plot.window’
    dia.cone: no visible global function definition for ‘lines’
    dia.cone: no visible global function definition for ‘arrows’
    dia.curve: no visible global function definition for ‘spline’
    dia.curve: no visible global function definition for ‘lines’
    dia.curve: no visible global function definition for ‘arrows’
    dia.curve: no visible global function definition for ‘text’
    dia.curved.arrow: no visible global function definition for ‘spline’
    dia.curved.arrow: no visible global function definition for ‘lines’
    dia.curved.arrow: no visible global function definition for ‘arrows’
    dia.curved.arrow: no visible global function definition for ‘text’
    dia.ellipse: no visible global function definition for ‘text’
    dia.ellipse: no visible global function definition for ‘strwidth’
    dia.ellipse1: no visible global function definition for ‘lines’
    dia.rect: no visible global function definition for ‘text’
    dia.rect: no visible global function definition for ‘strwidth’
    dia.rect: no visible global function definition for ‘strheight’
    dia.rect: no visible global function definition for ‘rect’
    dia.self: no visible global function definition for ‘spline’
    dia.self: no visible global function definition for ‘lines’
    dia.self: no visible global function definition for ‘arrows’
    dia.self: no visible global function definition for ‘text’
    dia.triangle: no visible global function definition for ‘text’
    dia.triangle: no visible global function definition for ‘strwidth’
    dia.triangle: no visible global function definition for ‘polygon’
    draw.cor: no visible global function definition for ‘colorRampPalette’
    draw.cor: no visible global function definition for ‘persp’
    draw.cor: no visible global function definition for ‘lines’
    draw.cor: no visible global function definition for ‘trans3d’
    draw.tetra: no visible global function definition for ‘par’
    draw.tetra: no visible global function definition for ‘layout’
    draw.tetra: no visible global function definition for ‘plot’
    draw.tetra: no visible global function definition for ‘lines’
    draw.tetra: no visible global function definition for ‘abline’
    draw.tetra: no visible global function definition for ‘polygon’
    draw.tetra: no visible global function definition for ‘text’
    draw.tetra: no visible global function definition for ‘pnorm’
    draw.tetra: no visible global function definition for ‘curve’
    draw.tetra: no visible global function definition for ‘dnorm’
    ellipse: no visible global function definition for ‘lines’
    ellipses: no visible global function definition for ‘sd’
    ellipses: no visible global function definition for ‘cor’
    ellipses: no visible global function definition for ‘lines’
    ellipses: no visible global function definition for ‘points’
    ellipses: no visible global function definition for ‘plot’
    ellipses: no visible global function definition for ‘abline’
    error.bars: no visible global function definition for ‘qt’
    error.bars: no visible global function definition for ‘barplot’
    error.bars: no visible global function definition for ‘axis’
    error.bars: no visible global function definition for ‘box’
    error.bars: no visible global function definition for ‘plot’
    error.bars: no visible global function definition for ‘points’
    error.bars: no visible global function definition for ‘arrows’
    error.bars: no visible global function definition for ‘par’
    error.bars.by: no visible global function definition for ‘rainbow’
    error.bars.by: no visible global function definition for ‘col2rgb’
    error.bars.by: no visible global function definition for ‘rgb’
    error.bars.by: no visible global function definition for ‘barplot’
    error.bars.by: no visible global function definition for ‘qt’
    error.bars.by: no visible global function definition for ‘arrows’
    error.bars.by: no visible global function definition for ‘par’
    error.bars.by: no visible global function definition for ‘axis’
    error.bars.by: no visible global function definition for ‘box’
    error.bars.by: no visible global function definition for ‘plot’
    error.bars.by: no visible global function definition for ‘points’
    error.crosses: no visible global function definition for ‘plot’
    error.crosses: no visible global function definition for ‘qt’
    error.crosses: no visible global function definition for ‘arrows’
    error.crosses: no visible global function definition for ‘par’
    error.crosses: no visible global function definition for ‘text’
    error.crosses.by: no visible global function definition for ‘plot’
    error.crosses.by: no visible global function definition for ‘qt’
    error.crosses.by: no visible global function definition for ‘arrows’
    error.crosses.by: no visible global function definition for ‘par’
    error.crosses.by: no visible global function definition for ‘text’
    errorCircles: no visible global function definition for ‘points’
    errorCircles: no visible global function definition for ‘plot’
    errorCircles: no visible global function definition for ‘qt’
    errorCircles: no visible global function definition for ‘arrows’
    errorCircles: no visible global function definition for ‘par’
    errorCircles: no visible global function definition for ‘text’
    estimate.moments.fiml: no visible global function definition for ‘cov’
    estimate.moments.fiml: no visible global function definition for
     ‘nlminb’
    estimator.FIML: no visible global function definition for
     ‘weighted.mean’
    fa : <anonymous>: no visible global function definition for ‘rnorm’
    fa: no visible binding for global variable ‘sd’
    fa: no visible global function definition for ‘qnorm’
    fa: no visible global function definition for ‘pnorm’
    fa.diagram: no visible global function definition for ‘par’
    fa.diagram: no visible global function definition for ‘plot’
    fa.diagram: no visible global function definition for ‘strwidth’
    fa.extend: no visible global function definition for ‘cor’
    fa.parallel: no visible global function definition for ‘cov’
    fa.parallel : <anonymous>: no visible global function definition for
     ‘cov’
    fa.parallel : <anonymous>: no visible global function definition for
     ‘rnorm’
    fa.parallel : <anonymous>: no visible global function definition for
     ‘quantile’
    fa.parallel: no visible binding for global variable ‘sd’
    fa.parallel: no visible global function definition for ‘plot’
    fa.parallel: no visible global function definition for ‘points’
    fa.parallel: no visible global function definition for ‘arrows’
    fa.parallel: no visible global function definition for ‘par’
    fa.parallel: no visible global function definition for ‘legend’
    fa.parallel: no visible global function definition for ‘abline’
    fa.plot: no visible global function definition for ‘pairs’
    fa.plot: no visible global function definition for ‘plot’
    fa.plot: no visible global function definition for ‘abline’
    fa.plot: no visible global function definition for ‘text’
    fa.poly: no visible binding for global variable ‘sd’
    fa.poly: no visible global function definition for ‘qnorm’
    fa.rgraph: no visible global function definition for ‘new’
    fa.rgraph: no visible global function definition for ‘plot’
    fa.stats: no visible global function definition for ‘cor’
    fa.stats: no visible global function definition for ‘pchisq’
    fa.stats: no visible global function definition for ‘sd’
    fa.stats: no visible global function definition for ‘optimize’
    fa.stats : <anonymous>: no visible global function definition for
     ‘pchisq’
    fa.stats: no visible global function definition for ‘cov2cor’
    fa2latex: no visible global function definition for ‘write.table’
    faBy: no visible binding for global variable ‘sd’
    fac : fit: no visible global function definition for ‘optim’
    fac: no visible binding for global variable ‘median’
    fac: no visible global function definition for ‘cov’
    fac: no visible global function definition for ‘cov2cor’
    fac: no visible global function definition for ‘varimax’
    fac: no visible global function definition for ‘getFromNamespace’
    factor.minres : min.res: no visible global function definition for
     ‘optim’
    factor.minres: no visible binding for global variable ‘median’
    factor.minres: no visible global function definition for ‘cor’
    factor.minres: no visible global function definition for ‘varimax’
    factor.pa : min.res: no visible global function definition for ‘optim’
    factor.pa: no visible binding for global variable ‘median’
    factor.pa: no visible global function definition for ‘cor’
    factor.pa: no visible global function definition for ‘varimax’
    factor.rotate: no visible global function definition for ‘abline’
    factor.scores: no visible global function definition for ‘loadings’
    factor.scores: no visible global function definition for ‘cor’
    factor.scores: no visible global function definition for ‘cov2cor’
    factor.wls : fit: no visible global function definition for ‘optim’
    factor.wls: no visible binding for global variable ‘median’
    factor.wls: no visible global function definition for ‘cor’
    factor.wls: no visible global function definition for ‘varimax’
    glb: no visible global function definition for ‘cor’
    glb: no visible global function definition for ‘cov2cor’
    glb: no visible global function definition for ‘kmeans’
    glb.algebraic: no visible global function definition for ‘cov’
    glb.fa: no visible global function definition for ‘cor’
    glb.fa: no visible global function definition for ‘cov2cor’
    guttman: no visible global function definition for ‘cor’
    guttman: no visible global function definition for ‘cov2cor’
    head.tail: no visible global function definition for ‘head’
    head.tail: no visible global function definition for ‘tail’
    headTail: no visible global function definition for ‘head’
    headTail: no visible global function definition for ‘tail’
    headtail: no visible global function definition for ‘head’
    headtail: no visible global function definition for ‘tail’
    het.diagram: no visible global function definition for ‘plot’
    het.diagram: no visible global function definition for ‘text’
    histBy: no visible global function definition for ‘col2rgb’
    histBy: no visible global function definition for ‘rgb’
    histBy: no visible global function definition for ‘hist’
    histBy: no visible global function definition for ‘lines’
    histBy: no visible global function definition for ‘rainbow’
    histo.density: no visible global function definition for ‘hist’
    histo.density: no visible global function definition for ‘sd’
    histo.density: no visible global function definition for ‘density’
    histo.density: no visible global function definition for ‘plot’
    histo.density: no visible global function definition for ‘lines’
    histo.density: no visible global function definition for ‘curve’
    histo.density: no visible global function definition for ‘dnorm’
    iclust: no visible global function definition for ‘cor’
    iclust: no visible global function definition for ‘cov2cor’
    iclust.diagram: no visible global function definition for ‘par’
    iclust.diagram: no visible global function definition for ‘plot’
    iclust.diagram: no visible global function definition for ‘strwidth’
    interp.qplot.by: no visible global function definition for ‘points’
    interp.qplot.by: no visible global function definition for ‘plot’
    interp.qplot.by: no visible global function definition for ‘arrows’
    interp.qplot.by: no visible global function definition for ‘par’
    irt.1p: no visible global function definition for ‘optimize’
    irt.2p: no visible global function definition for ‘optimize’
    irt.discrim: no visible global function definition for ‘optimize’
    irt.person.rasch: no visible global function definition for ‘optimize’
    irt.responses: no visible global function definition for ‘plot’
    irt.responses: no visible global function definition for ‘points’
    irt.responses: no visible global function definition for ‘legend’
    irt.tau: no visible global function definition for ‘qnorm’
    irt2latex: no visible global function definition for ‘write.table’
    item.dichot: no visible global function definition for ‘rnorm’
    item.sim: no visible global function definition for ‘rnorm’
    kaiser: no visible global function definition for ‘getFromNamespace’
    kurtosi: no visible global function definition for ‘sd’
    kurtosi: no visible binding for global variable ‘sd’
    lowerCor: no visible global function definition for ‘cor’
    make.congeneric: no visible global function definition for ‘rnorm’
    make.hierarchical: no visible global function definition for ‘rnorm’
    make.hierarchical: no visible global function definition for ‘cor’
    mardia: no visible global function definition for ‘na.omit’
    mardia: no visible global function definition for ‘cov’
    mardia: no visible global function definition for ‘pchisq’
    mardia: no visible global function definition for ‘pnorm’
    mardia: no visible global function definition for ‘qqnorm’
    mardia: no visible global function definition for ‘qqline’
    mat.plot: no visible global function definition for ‘topo.colors’
    mat.plot: no visible global function definition for ‘grey’
    mat.plot: no visible global function definition for ‘image’
    mat.plot: no visible global function definition for ‘box’
    mat.plot: no visible global function definition for ‘axis’
    mat.sort: no visible global function definition for ‘loadings’
    mediate: no visible global function definition for ‘cov’
    mediate: no visible global function definition for ‘rnorm’
    mediate: no visible global function definition for ‘cov2cor’
    mediate: no visible global function definition for ‘pt’
    mediate: no visible global function definition for ‘pf’
    mediate: no visible binding for global variable ‘sd’
    mediate : <anonymous>: no visible global function definition for
     ‘quantile’
    mediate.diagram: no visible global function definition for ‘plot’
    minkowski: no visible global function definition for ‘points’
    minkowski: no visible global function definition for ‘plot’
    missing.cor: no visible binding for global variable ‘var’
    mixed.cor1: no visible global function definition for ‘cor’
    moderate.diagram: no visible global function definition for ‘plot’
    multi.hist: no visible global function definition for ‘par’
    multi.hist: no visible global function definition for ‘hist’
    nfactors: no visible global function definition for ‘par’
    nfactors: no visible global function definition for ‘plot’
    nfactors: no visible global function definition for ‘lines’
    nfactors: no visible global function definition for ‘points’
    omega: no visible global function definition for ‘rnorm’
    omega: no visible binding for global variable ‘sd’
    omega: no visible global function definition for ‘qnorm’
    omega.bifactor: no visible global function definition for ‘cor’
    omega.diagram: no visible global function definition for ‘par’
    omega.diagram: no visible global function definition for ‘plot’
    omega.graph: no visible global function definition for ‘new’
    omega.graph: no visible global function definition for ‘plot’
    omega2latex: no visible global function definition for ‘write.table’
    omegaSem: no visible global function definition for ‘cor’
    omegaSem: no visible global function definition for ‘cov2cor’
    omegah: no visible global function definition for ‘cov’
    omegah: no visible global function definition for ‘cor’
    omegah: no visible global function definition for ‘cov2cor’
    outlier: no visible global function definition for ‘cov’
    outlier: no visible global function definition for ‘qchisq’
    outlier: no visible global function definition for ‘ppoints’
    outlier: no visible global function definition for ‘qqplot’
    outlier: no visible global function definition for ‘abline’
    outlier: no visible global function definition for ‘text’
    p.rep: no visible global function definition for ‘pnorm’
    p.rep: no visible global function definition for ‘qnorm’
    p.rep: no visible global function definition for ‘qt’
    p.rep.f: no visible global function definition for ‘pf’
    p.rep.f: no visible global function definition for ‘pnorm’
    p.rep.f: no visible global function definition for ‘qnorm’
    p.rep.r: no visible global function definition for ‘pnorm’
    p.rep.r: no visible global function definition for ‘qnorm’
    p.rep.t: no visible global function definition for ‘pt’
    p.rep.t: no visible global function definition for ‘pnorm’
    p.rep.t: no visible global function definition for ‘qnorm’
    p.rep.z: no visible global function definition for ‘pnorm’
    p.rep.z: no visible global function definition for ‘qnorm’
    paired.r: no visible global function definition for ‘pt’
    paired.r: no visible global function definition for ‘pnorm’
    pairs.panels : panel.hist.density: no visible global function
     definition for ‘par’
    pairs.panels : panel.hist.density: no visible global function
     definition for ‘hist’
    pairs.panels : panel.hist.density: no visible global function
     definition for ‘rect’
    pairs.panels : panel.hist.density: no visible global function
     definition for ‘lines’
    pairs.panels : panel.cor: no visible global function definition for
     ‘par’
    pairs.panels : panel.cor: no visible global function definition for
     ‘strwidth’
    pairs.panels : panel.cor: no visible global function definition for
     ‘text’
    pairs.panels : panel.smoother: no visible global function definition
     for ‘par’
    pairs.panels : panel.smoother: no visible global function definition
     for ‘sd’
    pairs.panels : panel.smoother: no visible global function definition
     for ‘points’
    pairs.panels : panel.smoother: no visible global function definition
     for ‘lines’
    pairs.panels : panel.smoother.no.noellipse: no visible global function
     definition for ‘par’
    pairs.panels : panel.smoother.no.noellipse: no visible global function
     definition for ‘sd’
    pairs.panels : panel.smoother.no.noellipse: no visible global function
     definition for ‘points’
    pairs.panels : panel.smoother.no.noellipse: no visible global function
     definition for ‘lines’
    pairs.panels : panel.lm: no visible global function definition for
     ‘par’
    pairs.panels : panel.lm: no visible global function definition for
     ‘points’
    pairs.panels : panel.lm: no visible global function definition for
     ‘abline’
    pairs.panels : panel.lm.ellipse: no visible global function definition
     for ‘par’
    pairs.panels : panel.lm.ellipse: no visible global function definition
     for ‘points’
    pairs.panels : panel.lm.ellipse: no visible global function definition
     for ‘abline’
    pairs.panels : panel.lm.ellipse: no visible global function definition
     for ‘sd’
    pairs.panels : panel.ellipse1: no visible global function definition
     for ‘points’
    pairs.panels : panel.ellipse1: no visible global function definition
     for ‘lines’
    pairs.panels : panel.ellipse: no visible global function definition for
     ‘par’
    pairs.panels : panel.ellipse: no visible global function definition for
     ‘sd’
    pairs.panels : panel.ellipse: no visible global function definition for
     ‘points’
    pairs.panels : panel.ellipse: no visible global function definition for
     ‘lines’
    pairs.panels: no visible global function definition for ‘par’
    pairs.panels: no visible global function definition for ‘pairs’
    parcels: no visible global function definition for ‘cor’
    partial.r: no visible global function definition for ‘cor’
    partial.r: no visible global function definition for ‘cov2cor’
    phaser: no visible global function definition for ‘cor’
    phi.demo: no visible global function definition for ‘rnorm’
    phi.demo: no visible global function definition for ‘cor’
    plot.cluster: no visible global function definition for ‘pairs’
    plot.cluster: no visible global function definition for ‘plot’
    plot.cluster: no visible global function definition for ‘abline’
    plot.cluster: no visible global function definition for ‘text’
    plot.fa.parallel: no visible global function definition for ‘plot’
    plot.fa.parallel: no visible global function definition for ‘points’
    plot.fa.parallel: no visible global function definition for ‘arrows’
    plot.fa.parallel: no visible global function definition for ‘par’
    plot.fa.parallel: no visible global function definition for ‘legend’
    plot.fa.parallel: no visible global function definition for ‘abline’
    plot.factor: no visible global function definition for ‘pairs’
    plot.factor: no visible global function definition for ‘plot’
    plot.factor: no visible global function definition for ‘abline’
    plot.factor: no visible global function definition for ‘text’
    plot.irt: no visible global function definition for ‘plot’
    plot.irt: no visible global function definition for ‘text’
    plot.irt: no visible global function definition for ‘lines’
    plot.irt: no visible global function definition for ‘par’
    plot.irt: no visible global function definition for ‘axis’
    plot.irt: no visible global function definition for ‘mtext’
    plot.irt: no visible global function definition for ‘devAskNewPage’
    plot.poly: no visible global function definition for ‘plot’
    plot.poly: no visible global function definition for ‘text’
    plot.poly: no visible global function definition for ‘lines’
    plot.poly: no visible global function definition for ‘par’
    plot.poly: no visible global function definition for ‘axis’
    plot.poly: no visible global function definition for ‘mtext’
    plot.poly.parallel: no visible global function definition for ‘plot’
    plot.poly.parallel: no visible global function definition for ‘points’
    plot.poly.parallel: no visible global function definition for ‘legend’
    plot.psych: no visible global function definition for ‘plot’
    plot.psych: no visible global function definition for ‘lines’
    plot.psych: no visible global function definition for ‘points’
    plot.psych: no visible global function definition for ‘par’
    plot.psych: no visible global function definition for ‘pairs’
    plot.psych: no visible global function definition for ‘abline’
    plot.psych: no visible global function definition for ‘text’
    plot.residuals: no visible global function definition for ‘sd’
    plot.residuals: no visible global function definition for ‘qqnorm’
    plot.residuals: no visible global function definition for ‘qqline’
    polyBinBvn: no visible global function definition for ‘pnorm’
    polyc: no visible global function definition for ‘optimize’
    polyc: no visible global function definition for ‘qnorm’
    polychoric: no visible binding for global variable ‘sd’
    polychoric: no visible global function definition for ‘qnorm’
    polydi: no visible binding for global variable ‘sd’
    polydi: no visible global function definition for ‘qnorm’
    polyserial: no visible global function definition for ‘dnorm’
    polyserial: no visible global function definition for ‘qnorm’
    polyserial: no visible global function definition for ‘cor’
    polyserial: no visible binding for global variable ‘sd’
    polytab: no visible global function definition for ‘qnorm’
    polytab: no visible global function definition for ‘optimize’
    principal: no visible binding for global variable ‘median’
    principal: no visible global function definition for ‘cor’
    principal: no visible global function definition for ‘cov’
    principal: no visible global function definition for ‘varimax’
    principal: no visible global function definition for ‘getFromNamespace’
    print.factor.pa: no visible global function definition for ‘cov2cor’
    print.psych.fa: no visible global function definition for ‘cov2cor’
    print.psych.omega: no visible global function definition for ‘var’
    print.psych.omegaSem: no visible global function definition for ‘var’
    print.psych.schmid: no visible global function definition for ‘var’
    r.con: no visible global function definition for ‘qnorm’
    r.test: no visible global function definition for ‘pt’
    r.test: no visible global function definition for ‘pnorm’
    radar: no visible global function definition for ‘plot’
    radar: no visible global function definition for ‘lines’
    radar: no visible global function definition for ‘colorRampPalette’
    radar: no visible global function definition for ‘grey’
    radar: no visible global function definition for ‘polygon’
    radar: no visible global function definition for ‘text’
    read.clipboard: no visible global function definition for ‘read.table’
    read.clipboard.csv: no visible global function definition for
     ‘read.table’
    read.clipboard.fwf: no visible global function definition for
     ‘read.fwf’
    read.clipboard.tab: no visible global function definition for
     ‘read.table’
    read.https: no visible global function definition for ‘download.file’
    read.https: no visible global function definition for ‘read.table’
    resid.psych: no visible global function definition for ‘residuals’
    scaling.fits: no visible global function definition for ‘pnorm’
    scatter.hist: no visible global function definition for ‘par’
    scatter.hist: no visible global function definition for ‘hist’
    scatter.hist: no visible global function definition for ‘layout’
    scatter.hist: no visible global function definition for ‘plot’
    scatter.hist: no visible global function definition for ‘abline’
    scatter.hist: no visible global function definition for ‘lm’
    scatter.hist: no visible global function definition for ‘lines’
    scatter.hist: no visible global function definition for ‘barplot’
    scatter.hist: no visible global function definition for ‘median’
    scatter.hist: no visible global function definition for ‘cor’
    scatter.hist: no visible global function definition for ‘strwidth’
    scatter.hist: no visible global function definition for ‘text’
    schmid: no visible global function definition for ‘cov’
    schmid: no visible global function definition for ‘cor’
    schmid: no visible global function definition for ‘varimax’
    score.alpha: no visible global function definition for ‘var’
    score.alpha: no visible global function definition for ‘cov’
    score.alpha: no visible global function definition for ‘cor’
    score.irt.2 : irt.2par.norm: no visible global function definition for
     ‘pnorm’
    score.irt.2: no visible global function definition for ‘pnorm’
    score.irt.2: no visible global function definition for ‘qnorm’
    score.irt.2: no visible global function definition for ‘optimize’
    score.irt.2: no visible global function definition for ‘cor’
    score.irt.poly: no visible global function definition for ‘optimize’
    score.irt.poly: no visible global function definition for ‘cor’
    score.multiple.choice: no visible binding for global variable ‘median’
    score.multiple.choice: no visible global function definition for ‘cov’
    score.multiple.choice: no visible global function definition for ‘cor’
    scoreItems: no visible global function definition for ‘na.omit’
    scoreItems: no visible binding for global variable ‘sd’
    scoreItems: no visible binding for global variable ‘median’
    scoreItems: no visible global function definition for ‘cov’
    scoreItems: no visible global function definition for ‘cov2cor’
    scoreItems: no visible global function definition for ‘cor’
    scoreOverlap: no visible global function definition for ‘cor’
    scoreOverlap: no visible global function definition for ‘cov2cor’
    scoreOverlap: no visible binding for global variable ‘C’
    scree: no visible global function definition for ‘cor’
    scree: no visible global function definition for ‘plot’
    scree: no visible global function definition for ‘points’
    scree: no visible global function definition for ‘abline’
    scree: no visible global function definition for ‘legend’
    sdt: no visible global function definition for ‘qnorm’
    sdt: no visible global function definition for ‘dnorm’
    setCor: no visible global function definition for ‘cov’
    setCor: no visible global function definition for ‘cov2cor’
    setCor: no visible global function definition for ‘pt’
    setCor: no visible global function definition for ‘pf’
    setCor.diagram: no visible global function definition for ‘plot’
    setCor.diagram: no visible global function definition for ‘text’
    sim: no visible global function definition for ‘cov2cor’
    sim: no visible global function definition for ‘rnorm’
    sim: no visible global function definition for ‘cor’
    sim.VSS: no visible global function definition for ‘rnorm’
    sim.anova: no visible global function definition for ‘rnorm’
    sim.anova: no visible global function definition for ‘sd’
    sim.circ: no visible global function definition for ‘rnorm’
    sim.congeneric: no visible global function definition for ‘rnorm’
    sim.congeneric: no visible global function definition for ‘cor’
    sim.correlation: no visible global function definition for ‘rnorm’
    sim.correlation: no visible global function definition for ‘cor’
    sim.dichot: no visible global function definition for ‘rnorm’
    sim.general: no visible global function definition for ‘rnorm’
    sim.hierarchical: no visible global function definition for ‘rnorm’
    sim.hierarchical: no visible global function definition for ‘cor’
    sim.item: no visible global function definition for ‘rnorm’
    sim.mssd: no visible global function definition for ‘rnorm’
    sim.multilevel: no visible global function definition for ‘rnorm’
    sim.npl: no visible global function definition for ‘rnorm’
    sim.npl: no visible global function definition for ‘rbinom’
    sim.npn: no visible global function definition for ‘rnorm’
    sim.npn: no visible global function definition for ‘pnorm’
    sim.npn: no visible global function definition for ‘rbinom’
    sim.omega: no visible global function definition for ‘cor’
    sim.omega: no visible global function definition for ‘var’
    sim.parcels: no visible global function definition for ‘cor’
    sim.poly.ideal.npl: no visible global function definition for ‘rnorm’
    sim.poly.ideal.npl: no visible global function definition for ‘rbinom’
    sim.poly.ideal.npl.absolute: no visible global function definition for
     ‘rnorm’
    sim.poly.ideal.npl.absolute: no visible global function definition for
     ‘rbinom’
    sim.poly.ideal.npn: no visible global function definition for ‘rnorm’
    sim.poly.ideal.npn: no visible global function definition for ‘pnorm’
    sim.poly.ideal.npn: no visible global function definition for ‘rbinom’
    sim.poly.mat: no visible global function definition for ‘rnorm’
    sim.poly.npl: no visible global function definition for ‘rnorm’
    sim.poly.npl: no visible global function definition for ‘rbinom’
    sim.poly.npn: no visible global function definition for ‘rnorm’
    sim.poly.npn: no visible global function definition for ‘pnorm’
    sim.poly.npn: no visible global function definition for ‘rbinom’
    sim.rasch: no visible global function definition for ‘rnorm’
    sim.rasch: no visible global function definition for ‘rbinom’
    sim.simplex: no visible global function definition for ‘cov2cor’
    sim.simplex: no visible global function definition for ‘rnorm’
    sim.simplex: no visible global function definition for ‘cor’
    sim.spherical: no visible global function definition for ‘rnorm’
    sim.structural: no visible global function definition for ‘rnorm’
    sim.structural: no visible global function definition for ‘pnorm’
    sim.structural: no visible global function definition for ‘rbinom’
    sim.structural: no visible global function definition for ‘cor’
    sim.structure: no visible global function definition for ‘rnorm’
    sim.structure: no visible global function definition for ‘pnorm’
    sim.structure: no visible global function definition for ‘rbinom’
    sim.structure: no visible global function definition for ‘cor’
    simulation.circ: no visible global function definition for ‘cor’
    skew: no visible global function definition for ‘sd’
    skew: no visible binding for global variable ‘sd’
    smc: no visible global function definition for ‘cov’
    smc: no visible global function definition for ‘cov2cor’
    smc: no visible global function definition for ‘cor’
    splitHalf: no visible global function definition for ‘cov’
    splitHalf: no visible global function definition for ‘cov2cor’
    statsBy : <anonymous>: no visible binding for global variable ‘sd’
    statsBy : <anonymous>: no visible global function definition for ‘cor’
    statsBy: no visible binding for global variable ‘sd’
    statsBy: no visible global function definition for ‘cor’
    statsBy: no visible global function definition for ‘pt’
    structure.diagram: no visible global function definition for ‘strwidth’
    structure.diagram: no visible global function definition for ‘plot’
    structure.graph: no visible global function definition for ‘new’
    structure.graph: no visible global function definition for ‘plot’
    target.rot: no visible global function definition for ‘lm.fit’
    tenberge: no visible global function definition for ‘cor’
    test.all: no visible global function definition for ‘example’
    test.psych: no visible binding for global variable ‘USArrests’
    test.psych: no visible binding for global variable ‘attitude’
    test.psych: no visible binding for global variable ‘Harman23.cor’
    test.psych: no visible binding for global variable ‘Harman74.cor’
    test.psych: no visible binding for global variable ‘ability.cov’
    test.psych: no visible global function definition for ‘cor’
    test.psych: no visible binding for global variable ‘iris’
    tetra.mat: no visible global function definition for ‘qnorm’
    tetra.mat : <anonymous>: no visible global function definition for
     ‘weighted.mean’
    tetra.mat.sc: no visible global function definition for ‘qnorm’
    tetra.mat.sc : <anonymous>: no visible global function definition for
     ‘weighted.mean’
    tetraBinBvn: no visible global function definition for ‘pnorm’
    tetrac: no visible global function definition for ‘qnorm’
    tetrac: no visible global function definition for ‘optimize’
    tetrachoric: no visible binding for global variable ‘sd’
    thurstone: no visible global function definition for ‘qnorm’
    thurstone: no visible global function definition for ‘pnorm’
    topBottom: no visible global function definition for ‘head’
    topBottom: no visible global function definition for ‘tail’
    violinBy : <anonymous>: no visible binding for global variable
     ‘quantile’
    violinBy: no visible binding for global variable ‘quantile’
    violinBy: no visible global function definition for ‘plot’
    violinBy: no visible global function definition for ‘axis’
    violinBy: no visible global function definition for ‘box’
    violinBy: no visible global function definition for ‘polygon’
    violinBy: no visible global function definition for ‘segments’
    vss: no visible global function definition for ‘cov’
    vss: no visible global function definition for ‘varimax’
    vss: no visible global function definition for ‘cov2cor’
    win.mean: no visible global function definition for ‘median’
    win.var: no visible global function definition for ‘var’
    win.var: no visible global function definition for ‘median’
    wins: no visible global function definition for ‘quantile’
    Undefined global functions or variables:
     C Harman23.cor Harman74.cor USArrests ability.cov abline aov arrows
     attitude axis barplot biplot box col2rgb colorRampPalette
     complete.cases cor cov cov2cor curve density dev.flush dev.hold
     devAskNewPage dnorm download.file dt example getFromNamespace grey
     head hist image iris kmeans layout legend lines lm lm.fit loadings
     mad median mtext na.fail na.omit new nlminb optim optimize p.adjust
     pairs palette par pchisq persp pf plot plot.new plot.window pnorm
     points polygon ppoints promax pt qchisq qf qnorm qqline qqnorm qqplot
     qt quantile rainbow rbinom read.fwf read.table rect residuals rgb
     rnorm sd segments spline stack strheight strwidth tail text
     topo.colors trans3d var varimax weighted.mean write.table
Flavors: r-devel-linux-x86_64-debian-clang, r-devel-linux-x86_64-fedora-clang, r-devel-linux-x86_64-fedora-gcc

Version: 1.5.4
Check: R code for possible problems
Result: NOTE
    BASS: no visible global function definition for ‘varimax’
    ICC: no visible global function definition for ‘na.fail’
    ICC: no visible global function definition for ‘na.omit’
    ICC: no visible global function definition for ‘stack’
    ICC: no visible global function definition for ‘aov’
    ICC: no visible global function definition for ‘pf’
    ICC: no visible global function definition for ‘qf’
    ICC2latex: no visible global function definition for ‘write.table’
    ICLUST.rgraph: no visible global function definition for ‘new’
    ICLUST.rgraph: no visible global function definition for ‘plot’
    KMO: no visible global function definition for ‘cor’
    KMO: no visible global function definition for ‘cov2cor’
    Promax: no visible global function definition for ‘lm.fit’
    SD: no visible global function definition for ‘var’
    VSS.parallel: no visible global function definition for ‘rnorm’
    VSS.plot: no visible global function definition for ‘par’
    VSS.plot: no visible global function definition for ‘plot’
    VSS.plot: no visible global function definition for ‘lines’
    VSS.plot: no visible global function definition for ‘points’
    VSS.scree: no visible global function definition for ‘cor’
    VSS.scree: no visible global function definition for ‘plot’
    VSS.scree: no visible global function definition for ‘abline’
    VSS.sim: no visible global function definition for ‘rnorm’
    VSS.simulate: no visible global function definition for ‘rnorm’
    VSSem: no visible global function definition for ‘cor’
    VSSem: no visible global function definition for ‘varimax’
    VSSem: no visible global function definition for ‘promax’
    VSSem: no visible global function definition for ‘pchisq’
    Yule.inv: no visible global function definition for ‘optimize’
    YuleBonett: no visible global function definition for ‘qnorm’
    YuleCor: no visible global function definition for ‘pnorm’
    alpha: no visible binding for global variable ‘sd’
    alpha: no visible global function definition for ‘cov’
    alpha: no visible global function definition for ‘sd’
    alpha: no visible global function definition for ‘cor’
    alpha: no visible global function definition for ‘cov2cor’
    alpha : <anonymous>: no visible global function definition for ‘cov’
    alpha : <anonymous>: no visible global function definition for
     ‘cov2cor’
    alpha: no visible global function definition for ‘quantile’
    alpha.scale: no visible global function definition for ‘var’
    bestScales: no visible global function definition for ‘cor’
    bestScales: no visible global function definition for ‘cov2cor’
    beta.w: no visible global function definition for ‘qnorm’
    bi.bars: no visible global function definition for ‘barplot’
    bi.bars: no visible global function definition for ‘box’
    bi.bars: no visible global function definition for ‘axis’
    biplot.psych: no visible global function definition for ‘par’
    biplot.psych: no visible global function definition for ‘palette’
    biplot.psych: no visible global function definition for ‘plot’
    biplot.psych: no visible global function definition for ‘text’
    biplot.psych: no visible global function definition for ‘dev.hold’
    biplot.psych: no visible global function definition for ‘dev.flush’
    biplot.psych: no visible global function definition for ‘arrows’
    biplot.psych: no visible global function definition for ‘axis’
    biplot.psych: no visible global function definition for ‘box’
    biplot.psych: no visible global function definition for ‘hist’
    biplot.psych: no visible global function definition for ‘density’
    biplot.psych: no visible global function definition for ‘lines’
    biplot.psych: no visible global function definition for ‘biplot’
    biserialc: no visible global function definition for ‘complete.cases’
    biserialc: no visible global function definition for ‘dnorm’
    biserialc: no visible global function definition for ‘qnorm’
    biserialc: no visible global function definition for ‘sd’
    boot.mediate: no visible global function definition for ‘cov’
    boot.mediate: no visible global function definition for ‘cov2cor’
    boot.mediate: no visible global function definition for ‘pt’
    boot.moderate: no visible global function definition for ‘cov’
    boot.moderate: no visible global function definition for ‘cov2cor’
    boot.moderate: no visible global function definition for ‘pt’
    catseyes: no visible global function definition for ‘dt’
    catseyes: no visible global function definition for ‘qt’
    catseyes: no visible global function definition for ‘dnorm’
    catseyes: no visible global function definition for ‘polygon’
    circ.sim: no visible global function definition for ‘rnorm’
    circ.sim.plot: no visible global function definition for ‘par’
    circ.simulation: no visible global function definition for ‘cor’
    circ.tests : circ.gap: no visible global function definition for ‘var’
    circ.tests : circ.fisher: no visible global function definition for
     ‘sd’
    circ.tests : circ.rt: no visible binding for global variable ‘var’
    circ.tests : circ.rt: no visible global function definition for ‘sd’
    circ.tests : circ.v2: no visible global function definition for ‘var’
    circ.tests : circ.v2: no visible global function definition for ‘sd’
    circadian.F: no visible global function definition for ‘pf’
    circadian.linear.cor: no visible global function definition for ‘cor’
    circadian.linear.cor.2: no visible global function definition for ‘cor’
    circadian.phase: no visible global function definition for ‘sd’
    circadian.plot: no visible global function definition for ‘plot’
    circadian.plot: no visible global function definition for ‘points’
    circadian.plot: no visible global function definition for ‘text’
    circadian.reliability: no visible global function definition for ‘sd’
    circadian.reliability: no visible global function definition for ‘cor’
    circadian.split.F: no visible global function definition for ‘pf’
    cluster.fit: no visible global function definition for ‘cov2cor’
    cluster.plot: no visible global function definition for ‘pairs’
    cluster.plot: no visible global function definition for ‘plot’
    cluster.plot: no visible global function definition for ‘abline’
    cluster.plot: no visible global function definition for ‘text’
    cohen.kappa: no visible global function definition for ‘na.omit’
    cohen.kappa1: no visible global function definition for ‘qnorm’
    congeneric.sim: no visible global function definition for ‘rnorm’
    congeneric.sim: no visible global function definition for ‘cor’
    cor.ci: no visible global function definition for ‘cor’
    cor.ci: no visible global function definition for ‘cov2cor’
    cor.ci : <anonymous>: no visible global function definition for ‘cor’
    cor.ci : <anonymous>: no visible global function definition for
     ‘cov2cor’
    cor.ci: no visible binding for global variable ‘sd’
    cor.ci: no visible global function definition for ‘qnorm’
    cor.ci: no visible binding for global variable ‘quantile’
    cor.ci: no visible global function definition for ‘pnorm’
    cor.plot: no visible global function definition for ‘par’
    cor.plot: no visible global function definition for ‘colorRampPalette’
    cor.plot: no visible global function definition for ‘grey’
    cor.plot: no visible global function definition for ‘layout’
    cor.plot: no visible global function definition for ‘image’
    cor.plot: no visible global function definition for ‘box’
    cor.plot: no visible global function definition for ‘axis’
    cor.plot: no visible global function definition for ‘text’
    cor.smooth: no visible global function definition for ‘cov2cor’
    cor.smoother: no visible global function definition for ‘cor’
    cor.wt: no visible global function definition for ‘cov2cor’
    cor2dist: no visible global function definition for ‘cor’
    corFiml: no visible global function definition for ‘cov2cor’
    corr.p: no visible global function definition for ‘pt’
    corr.p: no visible global function definition for ‘p.adjust’
    corr.p: no visible global function definition for ‘qnorm’
    corr.test: no visible global function definition for ‘cor’
    corr.test: no visible global function definition for ‘pt’
    corr.test: no visible global function definition for ‘p.adjust’
    corr.test: no visible global function definition for ‘qnorm’
    corr.test1: no visible global function definition for ‘cor’
    cortest: no visible global function definition for ‘pchisq’
    cortest.bartlett: no visible global function definition for ‘cor’
    cortest.bartlett: no visible global function definition for ‘pchisq’
    cortest.jennrich: no visible global function definition for ‘cor’
    cortest.jennrich: no visible global function definition for ‘pchisq’
    cortest.mat: no visible global function definition for ‘cor’
    cortest.mat: no visible global function definition for ‘pchisq’
    cortest.normal: no visible global function definition for ‘cor’
    cortest.normal: no visible global function definition for ‘pchisq’
    cortest.normal1: no visible global function definition for ‘pchisq’
    cosinor: no visible global function definition for ‘sd’
    cosinor.lm2: no visible global function definition for ‘cor’
    cosinor.lm2: no visible global function definition for ‘sd’
    cosinor.plot: no visible global function definition for ‘sd’
    cosinor.plot: no visible global function definition for ‘plot’
    cosinor.plot: no visible global function definition for ‘points’
    cosinor1: no visible global function definition for ‘optimize’
    cta: no visible global function definition for ‘rainbow’
    cta: no visible global function definition for ‘par’
    cta: no visible global function definition for ‘plot’
    cta: no visible global function definition for ‘points’
    cta.15: no visible global function definition for ‘rainbow’
    cta.15: no visible global function definition for ‘plot’
    cta.15: no visible global function definition for ‘points’
    densityBy : <anonymous>: no visible binding for global variable
     ‘quantile’
    densityBy: no visible binding for global variable ‘quantile’
    densityBy: no visible global function definition for ‘plot’
    densityBy: no visible global function definition for ‘axis’
    densityBy: no visible global function definition for ‘box’
    densityBy: no visible global function definition for ‘polygon’
    densityBy: no visible global function definition for ‘segments’
    describe: no visible global function definition for ‘na.omit’
    describe: no visible global function definition for ‘sd’
    describe: no visible global function definition for ‘median’
    describe: no visible global function definition for ‘mad’
    describe: no visible binding for global variable ‘sd’
    describe: no visible binding for global variable ‘mad’
    describe: no visible binding for global variable ‘median’
    describeData: no visible global function definition for
     ‘complete.cases’
    df2latex: no visible global function definition for ‘write.table’
    dia.arrow: no visible global function definition for ‘text’
    dia.arrow: no visible global function definition for ‘arrows’
    dia.cluster: no visible global function definition for ‘text’
    dia.cone: no visible global function definition for ‘plot.new’
    dia.cone: no visible global function definition for ‘plot.window’
    dia.cone: no visible global function definition for ‘lines’
    dia.cone: no visible global function definition for ‘arrows’
    dia.curve: no visible global function definition for ‘spline’
    dia.curve: no visible global function definition for ‘lines’
    dia.curve: no visible global function definition for ‘arrows’
    dia.curve: no visible global function definition for ‘text’
    dia.curved.arrow: no visible global function definition for ‘spline’
    dia.curved.arrow: no visible global function definition for ‘lines’
    dia.curved.arrow: no visible global function definition for ‘arrows’
    dia.curved.arrow: no visible global function definition for ‘text’
    dia.ellipse: no visible global function definition for ‘text’
    dia.ellipse: no visible global function definition for ‘strwidth’
    dia.ellipse1: no visible global function definition for ‘lines’
    dia.rect: no visible global function definition for ‘text’
    dia.rect: no visible global function definition for ‘strwidth’
    dia.rect: no visible global function definition for ‘strheight’
    dia.rect: no visible global function definition for ‘rect’
    dia.self: no visible global function definition for ‘spline’
    dia.self: no visible global function definition for ‘lines’
    dia.self: no visible global function definition for ‘arrows’
    dia.self: no visible global function definition for ‘text’
    dia.triangle: no visible global function definition for ‘text’
    dia.triangle: no visible global function definition for ‘strwidth’
    dia.triangle: no visible global function definition for ‘polygon’
    draw.cor: no visible global function definition for ‘colorRampPalette’
    draw.cor: no visible global function definition for ‘persp’
    draw.cor: no visible global function definition for ‘lines’
    draw.cor: no visible global function definition for ‘trans3d’
    draw.tetra: no visible global function definition for ‘par’
    draw.tetra: no visible global function definition for ‘layout’
    draw.tetra: no visible global function definition for ‘plot’
    draw.tetra: no visible global function definition for ‘lines’
    draw.tetra: no visible global function definition for ‘abline’
    draw.tetra: no visible global function definition for ‘polygon’
    draw.tetra: no visible global function definition for ‘text’
    draw.tetra: no visible global function definition for ‘pnorm’
    draw.tetra: no visible global function definition for ‘curve’
    draw.tetra: no visible global function definition for ‘dnorm’
    ellipse: no visible global function definition for ‘lines’
    ellipses: no visible global function definition for ‘sd’
    ellipses: no visible global function definition for ‘cor’
    ellipses: no visible global function definition for ‘lines’
    ellipses: no visible global function definition for ‘points’
    ellipses: no visible global function definition for ‘plot’
    ellipses: no visible global function definition for ‘abline’
    error.bars: no visible global function definition for ‘qt’
    error.bars: no visible global function definition for ‘barplot’
    error.bars: no visible global function definition for ‘axis’
    error.bars: no visible global function definition for ‘box’
    error.bars: no visible global function definition for ‘plot’
    error.bars: no visible global function definition for ‘points’
    error.bars: no visible global function definition for ‘arrows’
    error.bars: no visible global function definition for ‘par’
    error.bars.by: no visible global function definition for ‘rainbow’
    error.bars.by: no visible global function definition for ‘col2rgb’
    error.bars.by: no visible global function definition for ‘rgb’
    error.bars.by: no visible global function definition for ‘barplot’
    error.bars.by: no visible global function definition for ‘qt’
    error.bars.by: no visible global function definition for ‘arrows’
    error.bars.by: no visible global function definition for ‘par’
    error.bars.by: no visible global function definition for ‘axis’
    error.bars.by: no visible global function definition for ‘box’
    error.bars.by: no visible global function definition for ‘plot’
    error.bars.by: no visible global function definition for ‘points’
    error.crosses: no visible global function definition for ‘plot’
    error.crosses: no visible global function definition for ‘qt’
    error.crosses: no visible global function definition for ‘arrows’
    error.crosses: no visible global function definition for ‘par’
    error.crosses: no visible global function definition for ‘text’
    error.crosses.by: no visible global function definition for ‘plot’
    error.crosses.by: no visible global function definition for ‘qt’
    error.crosses.by: no visible global function definition for ‘arrows’
    error.crosses.by: no visible global function definition for ‘par’
    error.crosses.by: no visible global function definition for ‘text’
    errorCircles: no visible global function definition for ‘points’
    errorCircles: no visible global function definition for ‘plot’
    errorCircles: no visible global function definition for ‘qt’
    errorCircles: no visible global function definition for ‘arrows’
    errorCircles: no visible global function definition for ‘par’
    errorCircles: no visible global function definition for ‘text’
    estimate.moments.fiml: no visible global function definition for ‘cov’
    estimate.moments.fiml: no visible global function definition for
     ‘nlminb’
    estimator.FIML: no visible global function definition for
     ‘weighted.mean’
    fa : <anonymous>: no visible global function definition for ‘rnorm’
    fa: no visible binding for global variable ‘sd’
    fa: no visible global function definition for ‘qnorm’
    fa: no visible global function definition for ‘pnorm’
    fa.diagram: no visible global function definition for ‘par’
    fa.diagram: no visible global function definition for ‘plot’
    fa.diagram: no visible global function definition for ‘strwidth’
    fa.extend: no visible global function definition for ‘cor’
    fa.parallel: no visible global function definition for ‘cov’
    fa.parallel : <anonymous>: no visible global function definition for
     ‘cov’
    fa.parallel : <anonymous>: no visible global function definition for
     ‘rnorm’
    fa.parallel : <anonymous>: no visible global function definition for
     ‘quantile’
    fa.parallel: no visible binding for global variable ‘sd’
    fa.parallel: no visible global function definition for ‘plot’
    fa.parallel: no visible global function definition for ‘points’
    fa.parallel: no visible global function definition for ‘arrows’
    fa.parallel: no visible global function definition for ‘par’
    fa.parallel: no visible global function definition for ‘legend’
    fa.parallel: no visible global function definition for ‘abline’
    fa.plot: no visible global function definition for ‘pairs’
    fa.plot: no visible global function definition for ‘plot’
    fa.plot: no visible global function definition for ‘abline’
    fa.plot: no visible global function definition for ‘text’
    fa.poly: no visible binding for global variable ‘sd’
    fa.poly: no visible global function definition for ‘qnorm’
    fa.rgraph: no visible global function definition for ‘new’
    fa.rgraph: no visible global function definition for ‘plot’
    fa.stats: no visible global function definition for ‘cor’
    fa.stats: no visible global function definition for ‘pchisq’
    fa.stats: no visible global function definition for ‘sd’
    fa.stats: no visible global function definition for ‘optimize’
    fa.stats : <anonymous>: no visible global function definition for
     ‘pchisq’
    fa.stats: no visible global function definition for ‘cov2cor’
    fa2latex: no visible global function definition for ‘write.table’
    faBy: no visible binding for global variable ‘sd’
    fac : fit: no visible global function definition for ‘optim’
    fac: no visible binding for global variable ‘median’
    fac: no visible global function definition for ‘cov’
    fac: no visible global function definition for ‘cov2cor’
    fac: no visible global function definition for ‘varimax’
    fac: no visible global function definition for ‘getFromNamespace’
    factor.minres : min.res: no visible global function definition for
     ‘optim’
    factor.minres: no visible binding for global variable ‘median’
    factor.minres: no visible global function definition for ‘cor’
    factor.minres: no visible global function definition for ‘varimax’
    factor.pa : min.res: no visible global function definition for ‘optim’
    factor.pa: no visible binding for global variable ‘median’
    factor.pa: no visible global function definition for ‘cor’
    factor.pa: no visible global function definition for ‘varimax’
    factor.rotate: no visible global function definition for ‘abline’
    factor.scores: no visible global function definition for ‘loadings’
    factor.scores: no visible global function definition for ‘cor’
    factor.scores: no visible global function definition for ‘cov2cor’
    factor.wls : fit: no visible global function definition for ‘optim’
    factor.wls: no visible binding for global variable ‘median’
    factor.wls: no visible global function definition for ‘cor’
    factor.wls: no visible global function definition for ‘varimax’
    glb: no visible global function definition for ‘cor’
    glb: no visible global function definition for ‘cov2cor’
    glb: no visible global function definition for ‘kmeans’
    glb.algebraic: no visible global function definition for ‘cov’
    glb.fa: no visible global function definition for ‘cor’
    glb.fa: no visible global function definition for ‘cov2cor’
    guttman: no visible global function definition for ‘cor’
    guttman: no visible global function definition for ‘cov2cor’
    head.tail: no visible global function definition for ‘head’
    head.tail: no visible global function definition for ‘tail’
    headTail: no visible global function definition for ‘head’
    headTail: no visible global function definition for ‘tail’
    headtail: no visible global function definition for ‘head’
    headtail: no visible global function definition for ‘tail’
    het.diagram: no visible global function definition for ‘plot’
    het.diagram: no visible global function definition for ‘text’
    histBy: no visible global function definition for ‘col2rgb’
    histBy: no visible global function definition for ‘rgb’
    histBy: no visible global function definition for ‘hist’
    histBy: no visible global function definition for ‘lines’
    histBy: no visible global function definition for ‘rainbow’
    histo.density: no visible global function definition for ‘hist’
    histo.density: no visible global function definition for ‘sd’
    histo.density: no visible global function definition for ‘density’
    histo.density: no visible global function definition for ‘plot’
    histo.density: no visible global function definition for ‘lines’
    histo.density: no visible global function definition for ‘curve’
    histo.density: no visible global function definition for ‘dnorm’
    iclust: no visible global function definition for ‘cor’
    iclust: no visible global function definition for ‘cov2cor’
    iclust.diagram: no visible global function definition for ‘par’
    iclust.diagram: no visible global function definition for ‘plot’
    iclust.diagram: no visible global function definition for ‘strwidth’
    interp.qplot.by: no visible global function definition for ‘points’
    interp.qplot.by: no visible global function definition for ‘plot’
    interp.qplot.by: no visible global function definition for ‘arrows’
    interp.qplot.by: no visible global function definition for ‘par’
    irt.1p: no visible global function definition for ‘optimize’
    irt.2p: no visible global function definition for ‘optimize’
    irt.discrim: no visible global function definition for ‘optimize’
    irt.person.rasch: no visible global function definition for ‘optimize’
    irt.responses: no visible global function definition for ‘plot’
    irt.responses: no visible global function definition for ‘points’
    irt.responses: no visible global function definition for ‘legend’
    irt.tau: no visible global function definition for ‘qnorm’
    irt2latex: no visible global function definition for ‘write.table’
    item.dichot: no visible global function definition for ‘rnorm’
    item.sim: no visible global function definition for ‘rnorm’
    kaiser: no visible global function definition for ‘getFromNamespace’
    kurtosi: no visible global function definition for ‘sd’
    kurtosi: no visible binding for global variable ‘sd’
    lowerCor: no visible global function definition for ‘cor’
    make.congeneric: no visible global function definition for ‘rnorm’
    make.hierarchical: no visible global function definition for ‘rnorm’
    make.hierarchical: no visible global function definition for ‘cor’
    mardia: no visible global function definition for ‘na.omit’
    mardia: no visible global function definition for ‘cov’
    mardia: no visible global function definition for ‘pchisq’
    mardia: no visible global function definition for ‘pnorm’
    mardia: no visible global function definition for ‘qqnorm’
    mardia: no visible global function definition for ‘qqline’
    mat.plot: no visible global function definition for ‘topo.colors’
    mat.plot: no visible global function definition for ‘grey’
    mat.plot: no visible global function definition for ‘image’
    mat.plot: no visible global function definition for ‘box’
    mat.plot: no visible global function definition for ‘axis’
    mat.sort: no visible global function definition for ‘loadings’
    mediate: no visible global function definition for ‘cov’
    mediate: no visible global function definition for ‘rnorm’
    mediate: no visible global function definition for ‘cov2cor’
    mediate: no visible global function definition for ‘pt’
    mediate: no visible global function definition for ‘pf’
    mediate: no visible binding for global variable ‘sd’
    mediate : <anonymous>: no visible global function definition for
     ‘quantile’
    mediate.diagram: no visible global function definition for ‘plot’
    minkowski: no visible global function definition for ‘points’
    minkowski: no visible global function definition for ‘plot’
    missing.cor: no visible binding for global variable ‘var’
    mixed.cor1: no visible global function definition for ‘cor’
    moderate.diagram: no visible global function definition for ‘plot’
    multi.hist: no visible global function definition for ‘par’
    multi.hist: no visible global function definition for ‘hist’
    nfactors: no visible global function definition for ‘par’
    nfactors: no visible global function definition for ‘plot’
    nfactors: no visible global function definition for ‘lines’
    nfactors: no visible global function definition for ‘points’
    omega: no visible global function definition for ‘rnorm’
    omega: no visible binding for global variable ‘sd’
    omega: no visible global function definition for ‘qnorm’
    omega.bifactor: no visible global function definition for ‘cor’
    omega.diagram: no visible global function definition for ‘par’
    omega.diagram: no visible global function definition for ‘plot’
    omega.graph: no visible global function definition for ‘new’
    omega.graph: no visible global function definition for ‘plot’
    omega2latex: no visible global function definition for ‘write.table’
    omegaSem: no visible global function definition for ‘cor’
    omegaSem: no visible global function definition for ‘cov2cor’
    omegah: no visible global function definition for ‘cov’
    omegah: no visible global function definition for ‘cor’
    omegah: no visible global function definition for ‘cov2cor’
    outlier: no visible global function definition for ‘cov’
    outlier: no visible global function definition for ‘qchisq’
    outlier: no visible global function definition for ‘ppoints’
    outlier: no visible global function definition for ‘qqplot’
    outlier: no visible global function definition for ‘abline’
    outlier: no visible global function definition for ‘text’
    p.rep: no visible global function definition for ‘pnorm’
    p.rep: no visible global function definition for ‘qnorm’
    p.rep: no visible global function definition for ‘qt’
    p.rep.f: no visible global function definition for ‘pf’
    p.rep.f: no visible global function definition for ‘pnorm’
    p.rep.f: no visible global function definition for ‘qnorm’
    p.rep.r: no visible global function definition for ‘pnorm’
    p.rep.r: no visible global function definition for ‘qnorm’
    p.rep.t: no visible global function definition for ‘pt’
    p.rep.t: no visible global function definition for ‘pnorm’
    p.rep.t: no visible global function definition for ‘qnorm’
    p.rep.z: no visible global function definition for ‘pnorm’
    p.rep.z: no visible global function definition for ‘qnorm’
    paired.r: no visible global function definition for ‘pt’
    paired.r: no visible global function definition for ‘pnorm’
    pairs.panels : panel.hist.density: no visible global function
     definition for ‘par’
    pairs.panels : panel.hist.density: no visible global function
     definition for ‘hist’
    pairs.panels : panel.hist.density: no visible global function
     definition for ‘rect’
    pairs.panels : panel.hist.density: no visible global function
     definition for ‘lines’
    pairs.panels : panel.cor: no visible global function definition for
     ‘par’
    pairs.panels : panel.cor: no visible global function definition for
     ‘strwidth’
    pairs.panels : panel.cor: no visible global function definition for
     ‘text’
    pairs.panels : panel.smoother: no visible global function definition
     for ‘par’
    pairs.panels : panel.smoother: no visible global function definition
     for ‘sd’
    pairs.panels : panel.smoother: no visible global function definition
     for ‘points’
    pairs.panels : panel.smoother: no visible global function definition
     for ‘lines’
    pairs.panels : panel.smoother.no.noellipse: no visible global function
     definition for ‘par’
    pairs.panels : panel.smoother.no.noellipse: no visible global function
     definition for ‘sd’
    pairs.panels : panel.smoother.no.noellipse: no visible global function
     definition for ‘points’
    pairs.panels : panel.smoother.no.noellipse: no visible global function
     definition for ‘lines’
    pairs.panels : panel.lm: no visible global function definition for
     ‘par’
    pairs.panels : panel.lm: no visible global function definition for
     ‘points’
    pairs.panels : panel.lm: no visible global function definition for
     ‘abline’
    pairs.panels : panel.lm.ellipse: no visible global function definition
     for ‘par’
    pairs.panels : panel.lm.ellipse: no visible global function definition
     for ‘points’
    pairs.panels : panel.lm.ellipse: no visible global function definition
     for ‘abline’
    pairs.panels : panel.lm.ellipse: no visible global function definition
     for ‘sd’
    pairs.panels : panel.ellipse1: no visible global function definition
     for ‘points’
    pairs.panels : panel.ellipse1: no visible global function definition
     for ‘lines’
    pairs.panels : panel.ellipse: no visible global function definition for
     ‘par’
    pairs.panels : panel.ellipse: no visible global function definition for
     ‘sd’
    pairs.panels : panel.ellipse: no visible global function definition for
     ‘points’
    pairs.panels : panel.ellipse: no visible global function definition for
     ‘lines’
    pairs.panels: no visible global function definition for ‘par’
    pairs.panels: no visible global function definition for ‘pairs’
    parcels: no visible global function definition for ‘cor’
    partial.r: no visible global function definition for ‘cor’
    partial.r: no visible global function definition for ‘cov2cor’
    phaser: no visible global function definition for ‘cor’
    phi.demo: no visible global function definition for ‘rnorm’
    phi.demo: no visible global function definition for ‘cor’
    plot.cluster: no visible global function definition for ‘pairs’
    plot.cluster: no visible global function definition for ‘plot’
    plot.cluster: no visible global function definition for ‘abline’
    plot.cluster: no visible global function definition for ‘text’
    plot.fa.parallel: no visible global function definition for ‘plot’
    plot.fa.parallel: no visible global function definition for ‘points’
    plot.fa.parallel: no visible global function definition for ‘arrows’
    plot.fa.parallel: no visible global function definition for ‘par’
    plot.fa.parallel: no visible global function definition for ‘legend’
    plot.fa.parallel: no visible global function definition for ‘abline’
    plot.factor: no visible global function definition for ‘pairs’
    plot.factor: no visible global function definition for ‘plot’
    plot.factor: no visible global function definition for ‘abline’
    plot.factor: no visible global function definition for ‘text’
    plot.irt: no visible global function definition for ‘plot’
    plot.irt: no visible global function definition for ‘text’
    plot.irt: no visible global function definition for ‘lines’
    plot.irt: no visible global function definition for ‘par’
    plot.irt: no visible global function definition for ‘axis’
    plot.irt: no visible global function definition for ‘mtext’
    plot.irt: no visible global function definition for ‘devAskNewPage’
    plot.poly: no visible global function definition for ‘plot’
    plot.poly: no visible global function definition for ‘text’
    plot.poly: no visible global function definition for ‘lines’
    plot.poly: no visible global function definition for ‘par’
    plot.poly: no visible global function definition for ‘axis’
    plot.poly: no visible global function definition for ‘mtext’
    plot.poly.parallel: no visible global function definition for ‘plot’
    plot.poly.parallel: no visible global function definition for ‘points’
    plot.poly.parallel: no visible global function definition for ‘legend’
    plot.psych: no visible global function definition for ‘plot’
    plot.psych: no visible global function definition for ‘lines’
    plot.psych: no visible global function definition for ‘points’
    plot.psych: no visible global function definition for ‘par’
    plot.psych: no visible global function definition for ‘pairs’
    plot.psych: no visible global function definition for ‘abline’
    plot.psych: no visible global function definition for ‘text’
    plot.residuals: no visible global function definition for ‘sd’
    plot.residuals: no visible global function definition for ‘qqnorm’
    plot.residuals: no visible global function definition for ‘qqline’
    polyBinBvn: no visible global function definition for ‘pnorm’
    polyc: no visible global function definition for ‘optimize’
    polyc: no visible global function definition for ‘qnorm’
    polychoric: no visible binding for global variable ‘sd’
    polychoric: no visible global function definition for ‘qnorm’
    polydi: no visible binding for global variable ‘sd’
    polydi: no visible global function definition for ‘qnorm’
    polyserial: no visible global function definition for ‘dnorm’
    polyserial: no visible global function definition for ‘qnorm’
    polyserial: no visible global function definition for ‘cor’
    polyserial: no visible binding for global variable ‘sd’
    polytab: no visible global function definition for ‘qnorm’
    polytab: no visible global function definition for ‘optimize’
    principal: no visible binding for global variable ‘median’
    principal: no visible global function definition for ‘cor’
    principal: no visible global function definition for ‘cov’
    principal: no visible global function definition for ‘varimax’
    principal: no visible global function definition for ‘getFromNamespace’
    print.factor.pa: no visible global function definition for ‘cov2cor’
    print.psych.fa: no visible global function definition for ‘cov2cor’
    print.psych.omega: no visible global function definition for ‘var’
    print.psych.omegaSem: no visible global function definition for ‘var’
    print.psych.schmid: no visible global function definition for ‘var’
    r.con: no visible global function definition for ‘qnorm’
    r.test: no visible global function definition for ‘pt’
    r.test: no visible global function definition for ‘pnorm’
    radar: no visible global function definition for ‘plot’
    radar: no visible global function definition for ‘lines’
    radar: no visible global function definition for ‘colorRampPalette’
    radar: no visible global function definition for ‘grey’
    radar: no visible global function definition for ‘polygon’
    radar: no visible global function definition for ‘text’
    read.clipboard: no visible global function definition for ‘read.table’
    read.clipboard.csv: no visible global function definition for
     ‘read.table’
    read.clipboard.fwf: no visible global function definition for
     ‘read.fwf’
    read.clipboard.tab: no visible global function definition for
     ‘read.table’
    read.https: no visible global function definition for ‘download.file’
    read.https: no visible global function definition for ‘read.table’
    resid.psych: no visible global function definition for ‘residuals’
    scaling.fits: no visible global function definition for ‘pnorm’
    scatter.hist: no visible global function definition for ‘par’
    scatter.hist: no visible global function definition for ‘hist’
    scatter.hist: no visible global function definition for ‘layout’
    scatter.hist: no visible global function definition for ‘plot’
    scatter.hist: no visible global function definition for ‘abline’
    scatter.hist: no visible global function definition for ‘lm’
    scatter.hist: no visible global function definition for ‘lines’
    scatter.hist: no visible global function definition for ‘barplot’
    scatter.hist: no visible global function definition for ‘median’
    scatter.hist: no visible global function definition for ‘cor’
    scatter.hist: no visible global function definition for ‘strwidth’
    scatter.hist: no visible global function definition for ‘text’
    schmid: no visible global function definition for ‘cov’
    schmid: no visible global function definition for ‘cor’
    schmid: no visible global function definition for ‘varimax’
    score.alpha: no visible global function definition for ‘var’
    score.alpha: no visible global function definition for ‘cov’
    score.alpha: no visible global function definition for ‘cor’
    score.irt.2 : irt.2par.norm: no visible global function definition for
     ‘pnorm’
    score.irt.2: no visible global function definition for ‘pnorm’
    score.irt.2: no visible global function definition for ‘qnorm’
    score.irt.2: no visible global function definition for ‘optimize’
    score.irt.2: no visible global function definition for ‘cor’
    score.irt.poly: no visible global function definition for ‘optimize’
    score.irt.poly: no visible global function definition for ‘cor’
    score.multiple.choice: no visible binding for global variable ‘median’
    score.multiple.choice: no visible global function definition for ‘cov’
    score.multiple.choice: no visible global function definition for ‘cor’
    scoreItems: no visible global function definition for ‘na.omit’
    scoreItems: no visible binding for global variable ‘sd’
    scoreItems: no visible binding for global variable ‘median’
    scoreItems: no visible global function definition for ‘cov’
    scoreItems: no visible global function definition for ‘cov2cor’
    scoreItems: no visible global function definition for ‘cor’
    scoreOverlap: no visible global function definition for ‘cor’
    scoreOverlap: no visible global function definition for ‘cov2cor’
    scoreOverlap: no visible binding for global variable ‘C’
    scree: no visible global function definition for ‘cor’
    scree: no visible global function definition for ‘plot’
    scree: no visible global function definition for ‘points’
    scree: no visible global function definition for ‘abline’
    scree: no visible global function definition for ‘legend’
    sdt: no visible global function definition for ‘qnorm’
    sdt: no visible global function definition for ‘dnorm’
    setCor: no visible global function definition for ‘cov’
    setCor: no visible global function definition for ‘cov2cor’
    setCor: no visible global function definition for ‘pt’
    setCor: no visible global function definition for ‘pf’
    setCor.diagram: no visible global function definition for ‘plot’
    setCor.diagram: no visible global function definition for ‘text’
    sim: no visible global function definition for ‘cov2cor’
    sim: no visible global function definition for ‘rnorm’
    sim: no visible global function definition for ‘cor’
    sim.VSS: no visible global function definition for ‘rnorm’
    sim.anova: no visible global function definition for ‘rnorm’
    sim.anova: no visible global function definition for ‘sd’
    sim.circ: no visible global function definition for ‘rnorm’
    sim.congeneric: no visible global function definition for ‘rnorm’
    sim.congeneric: no visible global function definition for ‘cor’
    sim.correlation: no visible global function definition for ‘rnorm’
    sim.correlation: no visible global function definition for ‘cor’
    sim.dichot: no visible global function definition for ‘rnorm’
    sim.general: no visible global function definition for ‘rnorm’
    sim.hierarchical: no visible global function definition for ‘rnorm’
    sim.hierarchical: no visible global function definition for ‘cor’
    sim.item: no visible global function definition for ‘rnorm’
    sim.mssd: no visible global function definition for ‘rnorm’
    sim.multilevel: no visible global function definition for ‘rnorm’
    sim.npl: no visible global function definition for ‘rnorm’
    sim.npl: no visible global function definition for ‘rbinom’
    sim.npn: no visible global function definition for ‘rnorm’
    sim.npn: no visible global function definition for ‘pnorm’
    sim.npn: no visible global function definition for ‘rbinom’
    sim.omega: no visible global function definition for ‘cor’
    sim.omega: no visible global function definition for ‘var’
    sim.parcels: no visible global function definition for ‘cor’
    sim.poly.ideal.npl: no visible global function definition for ‘rnorm’
    sim.poly.ideal.npl: no visible global function definition for ‘rbinom’
    sim.poly.ideal.npl.absolute: no visible global function definition for
     ‘rnorm’
    sim.poly.ideal.npl.absolute: no visible global function definition for
     ‘rbinom’
    sim.poly.ideal.npn: no visible global function definition for ‘rnorm’
    sim.poly.ideal.npn: no visible global function definition for ‘pnorm’
    sim.poly.ideal.npn: no visible global function definition for ‘rbinom’
    sim.poly.mat: no visible global function definition for ‘rnorm’
    sim.poly.npl: no visible global function definition for ‘rnorm’
    sim.poly.npl: no visible global function definition for ‘rbinom’
    sim.poly.npn: no visible global function definition for ‘rnorm’
    sim.poly.npn: no visible global function definition for ‘pnorm’
    sim.poly.npn: no visible global function definition for ‘rbinom’
    sim.rasch: no visible global function definition for ‘rnorm’
    sim.rasch: no visible global function definition for ‘rbinom’
    sim.simplex: no visible global function definition for ‘cov2cor’
    sim.simplex: no visible global function definition for ‘rnorm’
    sim.simplex: no visible global function definition for ‘cor’
    sim.spherical: no visible global function definition for ‘rnorm’
    sim.structural: no visible global function definition for ‘rnorm’
    sim.structural: no visible global function definition for ‘pnorm’
    sim.structural: no visible global function definition for ‘rbinom’
    sim.structural: no visible global function definition for ‘cor’
    sim.structure: no visible global function definition for ‘rnorm’
    sim.structure: no visible global function definition for ‘pnorm’
    sim.structure: no visible global function definition for ‘rbinom’
    sim.structure: no visible global function definition for ‘cor’
    simulation.circ: no visible global function definition for ‘cor’
    skew: no visible global function definition for ‘sd’
    skew: no visible binding for global variable ‘sd’
    smc: no visible global function definition for ‘cov’
    smc: no visible global function definition for ‘cov2cor’
    smc: no visible global function definition for ‘cor’
    splitHalf: no visible global function definition for ‘cov’
    splitHalf: no visible global function definition for ‘cov2cor’
    statsBy : <anonymous>: no visible binding for global variable ‘sd’
    statsBy : <anonymous>: no visible global function definition for ‘cor’
    statsBy: no visible binding for global variable ‘sd’
    statsBy: no visible global function definition for ‘cor’
    statsBy: no visible global function definition for ‘pt’
    structure.diagram: no visible global function definition for ‘strwidth’
    structure.diagram: no visible global function definition for ‘plot’
    structure.graph: no visible global function definition for ‘new’
    structure.graph: no visible global function definition for ‘plot’
    target.rot: no visible global function definition for ‘lm.fit’
    tenberge: no visible global function definition for ‘cor’
    test.all: no visible global function definition for ‘example’
    test.psych: no visible binding for global variable ‘USArrests’
    test.psych: no visible binding for global variable ‘attitude’
    test.psych: no visible binding for global variable ‘Harman23.cor’
    test.psych: no visible binding for global variable ‘Harman74.cor’
    test.psych: no visible binding for global variable ‘ability.cov’
    test.psych: no visible global function definition for ‘cor’
    test.psych: no visible binding for global variable ‘iris’
    tetra.mat: no visible global function definition for ‘qnorm’
    tetra.mat : <anonymous>: no visible global function definition for
     ‘weighted.mean’
    tetra.mat.sc: no visible global function definition for ‘qnorm’
    tetra.mat.sc : <anonymous>: no visible global function definition for
     ‘weighted.mean’
    tetraBinBvn: no visible global function definition for ‘pnorm’
    tetrac: no visible global function definition for ‘qnorm’
    tetrac: no visible global function definition for ‘optimize’
    tetrachoric: no visible binding for global variable ‘sd’
    thurstone: no visible global function definition for ‘qnorm’
    thurstone: no visible global function definition for ‘pnorm’
    topBottom: no visible global function definition for ‘head’
    topBottom: no visible global function definition for ‘tail’
    violinBy : <anonymous>: no visible binding for global variable
     ‘quantile’
    violinBy: no visible binding for global variable ‘quantile’
    violinBy: no visible global function definition for ‘plot’
    violinBy: no visible global function definition for ‘axis’
    violinBy: no visible global function definition for ‘box’
    violinBy: no visible global function definition for ‘polygon’
    violinBy: no visible global function definition for ‘segments’
    vss: no visible global function definition for ‘cov’
    vss: no visible global function definition for ‘varimax’
    vss: no visible global function definition for ‘cov2cor’
    win.mean: no visible global function definition for ‘median’
    win.var: no visible global function definition for ‘var’
    win.var: no visible global function definition for ‘median’
    wins: no visible global function definition for ‘quantile’
Flavors: r-devel-linux-x86_64-debian-gcc, r-devel-windows-ix86+x86_64

Version: 1.5.4
Check: re-building of vignette outputs
Result: NOTE
    Error in re-building vignettes:
     ...
    See the LaTeX manual or LaTeX Companion for explanation.
    Type H <return> for immediate help.
     ...
    ! LaTeX Error: Unknown float option `d'.
    
    See the LaTeX manual or LaTeX Companion for explanation.
    Type H <return> for immediate help.
     ...
    ! LaTeX Error: Unknown float option `d'.
    
    See the LaTeX manual or LaTeX Companion for explanation.
    Type H <return> for immediate help.
     ...
    ! LaTeX Error: Unknown float option `d'.
    
    See the LaTeX manual or LaTeX Companion for explanation.
    Type H <return> for immediate help.
     ...
    ! LaTeX Error: Unknown float option `d'.
    
    See the LaTeX manual or LaTeX Companion for explanation.
    Type H <return> for immediate help.
     ...
    Calls: buildVignettes -> texi2pdf -> texi2dvi
    Execution halted
Flavors: r-devel-linux-x86_64-fedora-clang, r-devel-linux-x86_64-fedora-gcc, r-devel-osx-x86_64-clang, r-patched-solaris-x86