CRAN Package Check Results for Package psych

Last updated on 2014-04-19 18:47:46.

Flavor Version Tinstall Tcheck Ttotal Status Flags
r-devel-linux-x86_64-debian-clang 1.4.4 4.12 159.93 164.05 OK
r-devel-linux-x86_64-debian-gcc 1.4.4 3.92 155.30 159.23 OK
r-devel-linux-x86_64-fedora-clang 1.4.4 387.30 OK
r-devel-linux-x86_64-fedora-gcc 1.4.4 368.88 OK
r-devel-macosx-x86_64-clang 1.4.4 255.30 OK
r-devel-macosx-x86_64-gcc 1.4.4 NOTE
r-devel-windows-ix86+x86_64 1.4.4 12.00 239.00 251.00 OK
r-patched-linux-x86_64 1.4.4 3.88 154.50 158.38 OK
r-patched-solaris-sparc 1.4.4 1153.40 OK --no-vignettes
r-patched-solaris-x86 1.4.4 384.20 OK
r-release-linux-ix86 OK
r-release-linux-x86_64 1.4.4 3.99 156.79 160.78 OK
r-release-macosx-x86_64 1.4.4 NOTE
r-release-windows-ix86+x86_64 1.4.4 13.00 251.00 264.00 OK
r-oldrel-windows-ix86+x86_64 1.4.4 12.00 229.00 241.00 OK

Check Details

Version: 1.4.4
Check: package dependencies
Result: NOTE
    Packages suggested but not available for checking: ‘graph’ ‘Rgraphviz’
Flavors: r-devel-macosx-x86_64-gcc, r-release-macosx-x86_64

Version: 1.4.4
Check: R code for possible problems
Result: NOTE
    ICLUST.rgraph: no visible global function definition for ‘nodes’
    ICLUST.rgraph: no visible global function definition for ‘addEdge’
    ICLUST.rgraph: no visible global function definition for ‘subGraph’
    fa.rgraph: no visible global function definition for ‘nodes’
    fa.rgraph: no visible global function definition for ‘addEdge’
    fa.rgraph: no visible global function definition for ‘subGraph’
    omega.graph: no visible global function definition for ‘nodes’
    omega.graph: no visible global function definition for ‘addEdge’
    structure.graph: no visible global function definition for ‘nodes’
    structure.graph: no visible global function definition for ‘addEdge’
    structure.graph: no visible global function definition for ‘subGraph’
    toDotty: no visible global function definition for ‘toDot’
Flavors: r-devel-macosx-x86_64-gcc, r-release-macosx-x86_64