Last updated on 2022-08-12 01:50:11 CEST.
Flavor | Version | Tinstall | Tcheck | Ttotal | Status | Flags |
---|---|---|---|---|---|---|
r-devel-linux-x86_64-debian-clang | 2.2.5 | 54.37 | 369.82 | 424.19 | NOTE | |
r-devel-linux-x86_64-debian-gcc | 2.2.5 | 42.46 | 268.34 | 310.80 | NOTE | |
r-devel-linux-x86_64-fedora-clang | 2.2.5 | 512.60 | NOTE | |||
r-devel-linux-x86_64-fedora-gcc | 2.2.5 | 510.21 | NOTE | |||
r-devel-windows-x86_64 | 2.2.5 | 154.00 | 452.00 | 606.00 | NOTE | |
r-patched-linux-x86_64 | 2.2.5 | 59.26 | 354.06 | 413.32 | OK | |
r-release-linux-x86_64 | 2.2.5 | 60.99 | 354.95 | 415.94 | OK | |
r-release-macos-arm64 | 2.2.5 | 125.00 | OK | |||
r-release-macos-x86_64 | 2.2.5 | 180.00 | OK | |||
r-release-windows-x86_64 | 2.2.5 | 122.00 | 449.00 | 571.00 | OK | |
r-oldrel-macos-arm64 | 2.2.5 | 123.00 | OK | |||
r-oldrel-macos-x86_64 | 2.2.5 | 164.00 | OK | |||
r-oldrel-windows-ix86+x86_64 | 2.2.5 | 87.00 | 418.00 | 505.00 | OK |
Version: 2.2.5
Check: Rd files
Result: NOTE
checkRd: (-1) cor.plot.Rd:99: Escaped LaTeX specials: \&
checkRd: (-1) mediate.Rd:94: Escaped LaTeX specials: \&
checkRd: (-1) multilevel.reliability.Rd:120: Escaped LaTeX specials: \&
checkRd: (-1) testRetest.Rd:47: Escaped LaTeX specials: \&
Flavors: r-devel-linux-x86_64-debian-clang, r-devel-linux-x86_64-debian-gcc, r-devel-linux-x86_64-fedora-clang, r-devel-linux-x86_64-fedora-gcc, r-devel-windows-x86_64