CRAN Package Check Results for Package psych

Last updated on 2015-08-28 12:48:05.

Flavor Version Tinstall Tcheck Ttotal Status Flags
r-devel-linux-x86_64-debian-clang 1.5.6 3.97 156.72 160.69 NOTE
r-devel-linux-x86_64-debian-gcc 1.5.6 3.74 178.76 182.51 NOTE
r-devel-linux-x86_64-fedora-clang 1.5.6 332.07 NOTE
r-devel-linux-x86_64-fedora-gcc 1.5.6 321.40 NOTE
r-devel-osx-x86_64-clang 1.5.6 272.46 NOTE
r-devel-windows-ix86+x86_64 1.5.6 24.00 250.00 274.00 OK
r-patched-linux-x86_64 1.5.6 3.81 156.08 159.88 NOTE
r-patched-solaris-sparc 1.5.6 1340.20 OK --no-vignettes
r-patched-solaris-x86 1.5.6 383.40 NOTE
r-release-linux-x86_64 1.5.6 3.78 155.21 159.00 NOTE
r-release-osx-x86_64-mavericks 1.5.6 OK
r-release-windows-ix86+x86_64 1.5.6 21.00 374.00 395.00 OK
r-oldrel-windows-ix86+x86_64 1.5.6 22.00 308.00 330.00 OK

Check Details

Version: 1.5.6
Check: re-building of vignette outputs
Result: NOTE
    Error in re-building vignettes:
     ...
    See the LaTeX manual or LaTeX Companion for explanation.
    Type H <return> for immediate help.
     ...
    ! LaTeX Error: Unknown float option `d'.
    
    See the LaTeX manual or LaTeX Companion for explanation.
    Type H <return> for immediate help.
     ...
    ! LaTeX Error: Unknown float option `d'.
    
    See the LaTeX manual or LaTeX Companion for explanation.
    Type H <return> for immediate help.
     ...
    ! LaTeX Error: Unknown float option `d'.
    
    See the LaTeX manual or LaTeX Companion for explanation.
    Type H <return> for immediate help.
     ...
    ! LaTeX Error: Unknown float option `d'.
    
    See the LaTeX manual or LaTeX Companion for explanation.
    Type H <return> for immediate help.
     ...
    Calls: buildVignettes -> texi2pdf -> texi2dvi
    Execution halted
Flavors: r-devel-linux-x86_64-debian-clang, r-devel-linux-x86_64-debian-gcc, r-patched-linux-x86_64, r-release-linux-x86_64

Version: 1.5.6
Check: re-building of vignette outputs
Result: NOTE
    Error in re-building vignettes:
     ...
    See the LaTeX manual or LaTeX Companion for explanation.
    Type H <return> for immediate help.
     ...
    ! LaTeX Error: Unknown float option `d'.
    
    See the LaTeX manual or LaTeX Companion for explanation.
    Type H <return> for immediate help.
     ...
    ! LaTeX Error: Unknown float option `d'.
    
    See the LaTeX manual or LaTeX Companion for explanation.
    Type H <return> for immediate help.
     ...
    ! LaTeX Error: Unknown float option `d'.
    
    See the LaTeX manual or LaTeX Companion for explanation.
    Type H <return> for immediate help.
     ...
    ! LaTeX Error: Unknown float option `d'.
    
    See the LaTeX manual or LaTeX Companion for explanation.
    Type H <return> for immediate help.
     ...
    Calls: buildVignettes -> texi2pdf -> texi2dvi
    Execution halted
Flavors: r-devel-linux-x86_64-fedora-clang, r-devel-linux-x86_64-fedora-gcc, r-devel-osx-x86_64-clang, r-patched-solaris-x86