CRAN Package Check Results for Package psych

Last updated on 2017-10-18 08:48:25.

Flavor Version Tinstall Tcheck Ttotal Status Flags
r-devel-linux-x86_64-debian-clang 1.7.8 28.65 182.74 211.39 OK
r-devel-linux-x86_64-debian-gcc 1.7.8 31.52 186.78 218.30 OK
r-devel-linux-x86_64-fedora-clang 1.7.8 402.35 NOTE
r-devel-linux-x86_64-fedora-gcc 1.7.8 407.05 NOTE
r-devel-windows-ix86+x86_64 1.7.8 43.00 415.00 458.00 NOTE
r-patched-linux-x86_64 1.7.8 27.39 175.63 203.02 OK
r-patched-solaris-x86 1.7.8 432.70 NOTE
r-release-linux-x86_64 1.7.8 29.57 168.84 198.42 OK
r-release-windows-ix86+x86_64 1.7.8 66.00 376.00 442.00 NOTE
r-release-osx-x86_64 1.7.8 ERROR
r-oldrel-windows-ix86+x86_64 1.7.8 62.00 397.00 459.00 NOTE
r-oldrel-osx-x86_64 1.7.8 ERROR

Check Details

Version: 1.7.8
Check: installed package size
Result: NOTE
     installed size is 5.8Mb
     sub-directories of 1Mb or more:
     R 1.6Mb
     doc 2.4Mb
Flavors: r-devel-linux-x86_64-fedora-clang, r-devel-linux-x86_64-fedora-gcc, r-devel-windows-ix86+x86_64, r-patched-solaris-x86, r-release-windows-ix86+x86_64, r-release-osx-x86_64, r-oldrel-windows-ix86+x86_64, r-oldrel-osx-x86_64

Version: 1.7.8
Check: package dependencies
Result: NOTE
    Packages suggested but not available for checking: ‘graph’ ‘Rgraphviz’
Flavor: r-release-osx-x86_64

Version: 1.7.8
Check: running R code from vignettes
Result: ERROR
    Errors in running code in vignettes:
    when running code in ‘overview.Rnw’
     ...
    
    > if (!require("GPArotation")) {
    + stop("GPArotation must be installed to do rotations")
    + } else {
    + f3t <- fa(Thurstone, 3, n.obs = 213)
    + .... [TRUNCATED]
    
     When sourcing ‘overview.R’:
    Error: could not find function "fa"
    Execution halted
Flavors: r-release-osx-x86_64, r-oldrel-osx-x86_64

Version: 1.7.8
Check: re-building of vignette outputs
Result: NOTE
    Error in re-building vignettes:
     ...
    Error in texi2dvi(file = file, pdf = TRUE, clean = clean, quiet = quiet, :
     Running 'texi2dvi' on 'intro.tex' failed.
    LaTeX errors:
    ! LaTeX Error: File `footmisc.sty' not found.
    
    Type X to quit or <RETURN> to proceed,
    or enter new name. (Default extension: sty)
    
    ! Emergency stop.
    <read *>
    
    l.48 \let
     \proglang=\textsf^^M
    ! ==> Fatal error occurred, no output PDF file produced!
    Calls: buildVignettes -> texi2pdf -> texi2dvi
    Execution halted
Flavor: r-release-osx-x86_64