CRAN Package Check Results for Package psych

Last updated on 2015-04-19 10:51:58.

Flavor Version Tinstall Tcheck Ttotal Status Flags
r-devel-linux-x86_64-debian-clang 1.5.1 3.68 149.88 153.56 NOTE
r-devel-linux-x86_64-debian-gcc 1.5.1 3.59 146.62 150.21 NOTE
r-devel-linux-x86_64-fedora-clang 1.5.1 311.26 NOTE
r-devel-linux-x86_64-fedora-gcc 1.5.1 296.83 NOTE
r-devel-osx-x86_64-clang 1.5.1 244.50 NOTE
r-devel-windows-ix86+x86_64 1.5.1 23.00 227.00 250.00 OK
r-patched-linux-x86_64 1.5.1 3.86 148.72 152.58 NOTE
r-patched-solaris-sparc 1.5.1 1258.90 OK --no-vignettes
r-patched-solaris-x86 1.5.1 342.70 OK
r-release-linux-x86_64 1.5.1 4.92 144.41 149.32 NOTE
r-release-osx-x86_64-mavericks 1.5.1 OK
r-release-osx-x86_64-snowleopard 1.5.1 NOTE
r-release-windows-ix86+x86_64 1.5.1 9.00 215.00 224.00 OK
r-oldrel-windows-ix86+x86_64 1.5.1 10.00 315.00 325.00 OK

Check Details

Version: 1.5.1
Check: S3 generic/method consistency
Result: NOTE
    Found the following apparent S3 methods exported but not registered:
     biplot.psych pairs.panels plot.irt plot.poly plot.poly.parallel
     plot.psych plot.residuals predict.psych print.psych residuals.psych
     summary.psych
    See section ‘Registering S3 methods’ in the ‘Writing R Extensions’
    manual.
Flavors: r-devel-linux-x86_64-debian-clang, r-devel-linux-x86_64-debian-gcc, r-devel-linux-x86_64-fedora-clang, r-devel-linux-x86_64-fedora-gcc, r-devel-osx-x86_64-clang, r-patched-linux-x86_64, r-release-linux-x86_64

Version: 1.5.1
Check: package dependencies
Result: NOTE
    Packages suggested but not available for checking: ‘graph’ ‘Rgraphviz’
Flavor: r-release-osx-x86_64-snowleopard