CRAN Package Check Results for Package psych

Last updated on 2018-06-25 00:49:45 CEST.

Flavor Version Tinstall Tcheck Ttotal Status Flags
r-devel-linux-x86_64-debian-clang 1.8.4 34.27 284.14 318.41 OK
r-devel-linux-x86_64-debian-gcc 1.8.4 34.57 235.39 269.96 OK
r-devel-linux-x86_64-fedora-clang 1.8.4 422.60 NOTE
r-devel-linux-x86_64-fedora-gcc 1.8.4 396.36 OK
r-devel-windows-ix86+x86_64 1.8.4 68.00 327.00 395.00 NOTE
r-patched-linux-x86_64 1.8.4 35.39 309.39 344.78 OK
r-patched-solaris-x86 1.8.4 473.90 NOTE
r-release-linux-x86_64 1.8.4 42.72 307.28 350.00 OK
r-release-windows-ix86+x86_64 1.8.4 76.00 287.00 363.00 NOTE
r-release-osx-x86_64 1.8.4 NOTE
r-oldrel-windows-ix86+x86_64 1.8.4 70.00 411.00 481.00 NOTE
r-oldrel-osx-x86_64 1.8.4 NOTE

Check Details

Version: 1.8.4
Check: installed package size
Result: NOTE
     installed size is 6.2Mb
     sub-directories of 1Mb or more:
     R 1.6Mb
     doc 2.4Mb
Flavors: r-devel-linux-x86_64-fedora-clang, r-devel-windows-ix86+x86_64, r-patched-solaris-x86, r-release-windows-ix86+x86_64, r-release-osx-x86_64, r-oldrel-windows-ix86+x86_64, r-oldrel-osx-x86_64