CRAN Package Check Results for Package psych

Last updated on 2015-02-27 16:47:57.

Flavor Version Tinstall Tcheck Ttotal Status Flags
r-devel-linux-x86_64-debian-clang 1.5.1 3.70 145.28 148.98 NOTE
r-devel-linux-x86_64-debian-gcc 1.5.1 3.83 145.10 148.92 NOTE
r-devel-linux-x86_64-fedora-clang 1.5.1 314.22 NOTE
r-devel-linux-x86_64-fedora-gcc 1.5.1 295.05 NOTE
r-devel-osx-x86_64-clang 1.5.1 259.05 NOTE
r-devel-windows-ix86+x86_64 1.5.1 19.00 231.00 250.00 OK
r-patched-linux-x86_64 1.5.1 3.80 157.08 160.88 OK
r-patched-solaris-sparc 1.5.1 1209.70 OK --no-vignettes
r-release-linux-ix86 1.5.1 4.78 198.15 202.93 OK
r-release-linux-x86_64 1.5.1 6.00 156.08 162.08 OK
r-release-osx-x86_64-mavericks 1.5.1 OK
r-release-osx-x86_64-snowleopard 1.5.1 OK
r-release-windows-ix86+x86_64 1.5.1 14.00 251.00 265.00 OK
r-oldrel-windows-ix86+x86_64 1.5.1 16.00 233.00 249.00 OK

Check Details

Version: 1.5.1
Check: S3 generic/method consistency
Result: NOTE
    Found the following apparent S3 methods exported but not registered:
     biplot.psych pairs.panels plot.irt plot.poly plot.poly.parallel
     plot.psych plot.residuals predict.psych print.psych residuals.psych
     summary.psych
    See section ‘Registering S3 methods’ in the ‘Writing R Extensions’
    manual.
Flavors: r-devel-linux-x86_64-debian-clang, r-devel-linux-x86_64-debian-gcc, r-devel-linux-x86_64-fedora-clang, r-devel-linux-x86_64-fedora-gcc, r-devel-osx-x86_64-clang