CRAN Package Check Results for Package psych

Last updated on 2014-07-25 19:50:18.

Flavor Version Tinstall Tcheck Ttotal Status Flags
r-devel-linux-x86_64-debian-clang 1.4.5 3.86 153.60 157.46 OK
r-devel-linux-x86_64-debian-gcc 1.4.5 3.67 152.62 156.29 OK
r-devel-linux-x86_64-fedora-clang 1.4.5 396.40 OK
r-devel-linux-x86_64-fedora-gcc 1.4.5 373.24 OK
r-devel-osx-x86_64-clang 1.4.5 258.93 OK
r-devel-windows-ix86+x86_64 1.4.5 12.00 261.00 273.00 OK
r-patched-linux-x86_64 1.4.5 3.79 151.83 155.62 OK
r-patched-solaris-sparc 1.4.5 1124.60 OK --no-vignettes
r-patched-solaris-x86 1.4.5 415.40 OK
r-release-linux-ix86 1.4.5 4.76 201.78 206.54 OK
r-release-linux-x86_64 1.4.5 3.76 152.05 155.81 OK
r-release-osx-x86_64-mavericks 1.4.5 NOTE
r-release-osx-x86_64-snowleopard 1.4.5 OK
r-release-windows-ix86+x86_64 1.4.5 10.00 262.00 272.00 OK
r-oldrel-windows-ix86+x86_64 1.4.5 11.00 242.00 253.00 OK

Check Details

Version: 1.4.5
Check: package dependencies
Result: NOTE
    Packages suggested but not available for checking: ‘graph’ ‘Rgraphviz’
Flavor: r-release-osx-x86_64-mavericks

Version: 1.4.5
Check: R code for possible problems
Result: NOTE
    ICLUST.rgraph: no visible global function definition for ‘nodes’
    ICLUST.rgraph: no visible global function definition for ‘addEdge’
    ICLUST.rgraph: no visible global function definition for ‘subGraph’
    fa.rgraph: no visible global function definition for ‘nodes’
    fa.rgraph: no visible global function definition for ‘addEdge’
    fa.rgraph: no visible global function definition for ‘subGraph’
    omega.graph: no visible global function definition for ‘nodes’
    omega.graph: no visible global function definition for ‘addEdge’
    structure.graph: no visible global function definition for ‘nodes’
    structure.graph: no visible global function definition for ‘addEdge’
    structure.graph: no visible global function definition for ‘subGraph’
    toDotty: no visible global function definition for ‘toDot’
Flavor: r-release-osx-x86_64-mavericks

Version: 1.4.5
Check: re-building of vignette outputs
Result: NOTE
    Error in re-building vignettes:
     ...
    Loading required package: sem
    Warning in tetrac(x[, i], x[, j], tau[i], tau[j], i, j, correct = correct, :
     For i = 7 j = 1 A cell entry of 0 was replaced with .5. Check your data!
    Warning in tetrac(x[, i], x[, j], tau[i], tau[j], i, j, correct = correct, :
     For i = 8 j = 1 A cell entry of 0 was replaced with .5. Check your data!
    Warning in tetrac(x[, i], x[, j], tau[i], tau[j], i, j, correct = correct, :
     For i = 9 j = 1 A cell entry of 0 was replaced with .5. Check your data!
    Warning in tetrac(x[, i], x[, j], tau[i], tau[j], i, j, correct = correct, :
     For i = 9 j = 2 A cell entry of 0 was replaced with .5. Check your data!
    Warning in tetrac(x[, i], x[, j], tau[i], tau[j], i, j, correct = correct, :
     For i = 9 j = 3 A cell entry of 0 was replaced with .5. Check your data!
    Warning in tetrac(x[, i], x[, j], tau[i], tau[j], i, j, correct = correct, :
     For i = 9 j = 1 A cell entry of 0 was replaced with .5. Check your data!
    Error in texi2dvi(file = file, pdf = TRUE, clean = clean, quiet = quiet, :
     Running 'texi2dvi' on 'overview.tex' failed.
    LaTeX errors:
    ! LaTeX Error: File `gensymb.sty' not found.
    
    Type X to quit or <RETURN> to proceed,
    or enter new name. (Default extension: sty)
    
    est/psych/vignettes/overview.tex:24: ==> Fatal error occurred, no output PDF f
    ile produced!
    Calls: buildVignettes -> texi2pdf -> texi2dvi
    Execution halted
Flavor: r-release-osx-x86_64-mavericks