CRAN Package Check Results for Package psych

Last updated on 2015-05-24 10:47:06.

Flavor Version Tinstall Tcheck Ttotal Status Flags
r-devel-linux-x86_64-debian-clang 1.5.4 3.82 147.45 151.27 OK
r-devel-linux-x86_64-debian-gcc 1.5.4 3.50 145.42 148.92 OK
r-devel-linux-x86_64-fedora-clang 1.5.4 316.58 OK
r-devel-linux-x86_64-fedora-gcc 1.5.4 298.60 OK
r-devel-osx-x86_64-clang 1.5.4 250.26 OK
r-devel-windows-ix86+x86_64 1.5.4 14.00 230.00 244.00 OK
r-patched-linux-x86_64 1.5.4 3.57 146.39 149.96 OK
r-patched-solaris-sparc 1.5.4 1273.20 OK --no-vignettes
r-patched-solaris-x86 1.5.4 347.60 OK
r-release-linux-x86_64 1.5.4 3.77 149.02 152.80 OK
r-release-osx-x86_64-mavericks 1.5.4 OK
r-release-osx-x86_64-snowleopard 1.5.4 NOTE
r-release-windows-ix86+x86_64 1.5.4 14.00 232.00 246.00 OK
r-oldrel-windows-ix86+x86_64 1.5.4 14.00 229.00 243.00 OK

Check Details

Version: 1.5.4
Check: package dependencies
Result: NOTE
    Packages suggested but not available for checking: ‘graph’ ‘Rgraphviz’
Flavor: r-release-osx-x86_64-snowleopard