CRAN Package Check Results for Package psych

Last updated on 2017-12-12 00:46:59 CET.

Flavor Version Tinstall Tcheck Ttotal Status Flags
r-devel-linux-x86_64-debian-clang 1.7.8 38.76 271.58 310.34 OK
r-devel-linux-x86_64-debian-gcc 1.7.8 34.65 232.47 267.12 OK
r-devel-linux-x86_64-fedora-clang 1.7.8 390.76 NOTE
r-devel-linux-x86_64-fedora-gcc 1.7.8 383.97 NOTE
r-devel-windows-ix86+x86_64 1.7.8 62.00 297.00 359.00 NOTE
r-patched-linux-x86_64 1.7.8 41.60 306.22 347.82 OK
r-patched-solaris-x86 1.7.8 422.20 NOTE
r-release-linux-x86_64 1.7.8 37.16 312.32 349.48 OK
r-release-windows-ix86+x86_64 1.7.8 51.00 313.00 364.00 NOTE
r-release-osx-x86_64 1.7.8 ERROR
r-oldrel-windows-ix86+x86_64 1.7.8 60.00 387.00 447.00 NOTE
r-oldrel-osx-x86_64 1.7.8 ERROR

Check Details

Version: 1.7.8
Check: installed package size
Result: NOTE
     installed size is 5.8Mb
     sub-directories of 1Mb or more:
     R 1.6Mb
     doc 2.4Mb
Flavors: r-devel-linux-x86_64-fedora-clang, r-devel-linux-x86_64-fedora-gcc, r-devel-windows-ix86+x86_64, r-patched-solaris-x86, r-release-windows-ix86+x86_64, r-release-osx-x86_64, r-oldrel-windows-ix86+x86_64, r-oldrel-osx-x86_64

Version: 1.7.8
Check: running R code from vignettes
Result: ERROR
    Errors in running code in vignettes:
    when running code in ‘overview.Rnw’
     ...
    
    > if (!require("GPArotation")) {
    + stop("GPArotation must be installed to do rotations")
    + } else {
    + f3t <- fa(Thurstone, 3, n.obs = 213)
    + .... [TRUNCATED]
    
     When sourcing ‘overview.R’:
    Error: could not find function "fa"
    Execution halted
Flavors: r-release-osx-x86_64, r-oldrel-osx-x86_64