CRAN Package Check Results for Package psych

Last updated on 2018-04-22 23:50:34 CEST.

Flavor Version Tinstall Tcheck Ttotal Status Flags
r-devel-linux-x86_64-debian-clang 1.8.3.3 45.59 280.71 326.30 OK
r-devel-linux-x86_64-debian-gcc 1.8.3.3 38.99 230.42 269.41 OK
r-devel-linux-x86_64-fedora-clang 1.8.3.3 422.37 NOTE
r-devel-linux-x86_64-fedora-gcc 1.8.3.3 407.00 NOTE
r-devel-windows-ix86+x86_64 1.8.3.3 76.00 283.00 359.00 NOTE
r-devel-osx-x86_64 1.8.3.3 NOTE
r-patched-linux-x86_64 1.8.3.3 45.37 310.62 355.99 OK
r-patched-solaris-x86 1.8.3.3 479.60 NOTE
r-release-linux-x86_64 1.8.3.3 35.37 314.71 350.08 OK
r-release-windows-ix86+x86_64 1.8.3.3 54.00 403.00 457.00 NOTE
r-release-osx-x86_64 1.8.3.3 NOTE
r-oldrel-windows-ix86+x86_64 1.8.3.3 66.00 306.00 372.00 NOTE

Check Details

Version: 1.8.3.3
Check: installed package size
Result: NOTE
     installed size is 6.2Mb
     sub-directories of 1Mb or more:
     R 1.6Mb
     doc 2.4Mb
Flavors: r-devel-linux-x86_64-fedora-clang, r-devel-linux-x86_64-fedora-gcc, r-devel-windows-ix86+x86_64, r-devel-osx-x86_64, r-patched-solaris-x86, r-release-windows-ix86+x86_64, r-release-osx-x86_64, r-oldrel-windows-ix86+x86_64