CRAN Package Check Results for Package psych

Last updated on 2014-11-01 01:48:04.

Flavor Version Tinstall Tcheck Ttotal Status Flags
r-devel-linux-x86_64-debian-clang 1.4.8.11 3.71 162.00 165.71 NOTE
r-devel-linux-x86_64-debian-gcc 1.4.8.11 4.90 155.56 160.45 NOTE
r-devel-linux-x86_64-fedora-clang 1.4.8.11 365.31 NOTE
r-devel-linux-x86_64-fedora-gcc 1.4.8.11 355.88 NOTE
r-devel-osx-x86_64-clang 1.4.8.11 270.07 NOTE
r-devel-windows-ix86+x86_64 1.4.8.11 11.00 233.00 244.00 NOTE
r-patched-linux-x86_64 1.4.8.11 3.71 164.43 168.14 NOTE
r-patched-solaris-sparc 1.4.8.11 1245.10 NOTE --no-vignettes
r-patched-solaris-x86 1.4.8.11 404.00 NOTE
r-release-linux-ix86 1.4.8.11 4.85 210.90 215.76 OK
r-release-linux-x86_64 1.4.8.11 3.70 171.42 175.12 OK
r-release-osx-x86_64-mavericks 1.4.8.11 NOTE
r-release-osx-x86_64-snowleopard 1.4.8.11 OK
r-release-windows-ix86+x86_64 1.4.8.11 10.00 270.00 280.00 OK
r-oldrel-windows-ix86+x86_64 1.4.8.11 13.00 255.00 268.00 OK

Check Details

Version: 1.4.8.11
Check: R code for possible problems
Result: NOTE
    ICLUST.rgraph: no visible global function definition for ‘nodes’
    ICLUST.rgraph: no visible global function definition for ‘addEdge’
    ICLUST.rgraph: no visible global function definition for ‘subGraph’
    TargetQ: no visible global function definition for ‘GPFoblq’
    TargetT: no visible global function definition for ‘GPForth’
    alpha: no visible global function definition for ‘mclapply’
    bifactor: no visible global function definition for ‘GPForth’
    biquartimin: no visible global function definition for ‘GPFoblq’
    cor.ci: no visible global function definition for ‘mclapply’
    draw.cor : f: no visible global function definition for ‘dmvnorm’
    draw.tetra : binBvn: no visible global function definition for
     ‘pmvnorm’
    equamax: no visible global function definition for ‘cfT’
    fa: no visible global function definition for ‘mclapply’
    fa : <anonymous>: no visible global function definition for ‘mvrnorm’
    fa.parallel: no visible global function definition for ‘mclapply’
    fa.rgraph: no visible global function definition for ‘nodes’
    fa.rgraph: no visible global function definition for ‘addEdge’
    fa.rgraph: no visible global function definition for ‘subGraph’
    glb.algebraic: no visible global function definition for ‘csdp’
    make.hierarchical: no visible global function definition for ‘mvrnorm’
    model.fit: no visible global function definition for
     ‘standardized.residuals’
    omega: no visible global function definition for ‘mvrnorm’
    omega.graph: no visible global function definition for ‘nodes’
    omega.graph: no visible global function definition for ‘addEdge’
    omegaSem: no visible global function definition for ‘sem’
    polyBinBvn: no visible global function definition for ‘pmvnorm’
    polyBinBvn.old: no visible global function definition for ‘pmvnorm’
    polychoric : matpLower: no visible global function definition for
     ‘mcmapply’
    polydi : matpLower: no visible global function definition for
     ‘mcmapply’
    schmid: no visible global function definition for ‘simplimax’
    schmid: no visible global function definition for ‘oblimin’
    sim: no visible global function definition for ‘mvrnorm’
    sim.general: no visible global function definition for ‘mvrnorm’
    sim.hierarchical: no visible global function definition for ‘mvrnorm’
    sim.simplex: no visible global function definition for ‘mvrnorm’
    sim.structural: no visible global function definition for ‘mvrnorm’
    sim.structure: no visible global function definition for ‘mvrnorm’
    structure.graph: no visible global function definition for ‘nodes’
    structure.graph: no visible global function definition for ‘addEdge’
    structure.graph: no visible global function definition for ‘subGraph’
    tetra.mat : matpLower: no visible global function definition for
     ‘mcmapply’
    tetraBinBvn: no visible global function definition for ‘pmvnorm’
    tetraBinBvn.old: no visible global function definition for ‘pmvnorm’
    toDotty: no visible global function definition for ‘toDot’
    varimin: no visible global function definition for ‘GPForth’
    vss: no visible global function definition for ‘oblimin’
Flavors: r-devel-linux-x86_64-debian-clang, r-devel-linux-x86_64-debian-gcc, r-devel-linux-x86_64-fedora-clang, r-devel-linux-x86_64-fedora-gcc, r-devel-osx-x86_64-clang, r-devel-windows-ix86+x86_64, r-patched-linux-x86_64, r-patched-solaris-x86

Version: 1.4.8.11
Flags: --no-vignettes
Check: R code for possible problems
Result: NOTE
    ICLUST.rgraph: no visible global function definition for ‘nodes’
    ICLUST.rgraph: no visible global function definition for ‘addEdge’
    ICLUST.rgraph: no visible global function definition for ‘subGraph’
    TargetQ: no visible global function definition for ‘GPFoblq’
    TargetT: no visible global function definition for ‘GPForth’
    alpha: no visible global function definition for ‘mclapply’
    bifactor: no visible global function definition for ‘GPForth’
    biquartimin: no visible global function definition for ‘GPFoblq’
    cor.ci: no visible global function definition for ‘mclapply’
    draw.cor : f: no visible global function definition for ‘dmvnorm’
    draw.tetra : binBvn: no visible global function definition for
     ‘pmvnorm’
    equamax: no visible global function definition for ‘cfT’
    fa: no visible global function definition for ‘mclapply’
    fa : <anonymous>: no visible global function definition for ‘mvrnorm’
    fa.parallel: no visible global function definition for ‘mclapply’
    fa.rgraph: no visible global function definition for ‘nodes’
    fa.rgraph: no visible global function definition for ‘addEdge’
    fa.rgraph: no visible global function definition for ‘subGraph’
    glb.algebraic: no visible global function definition for ‘csdp’
    make.hierarchical: no visible global function definition for ‘mvrnorm’
    model.fit: no visible global function definition for
     ‘standardized.residuals’
    omega: no visible global function definition for ‘mvrnorm’
    omega.graph: no visible global function definition for ‘nodes’
    omega.graph: no visible global function definition for ‘addEdge’
    omegaSem: no visible global function definition for ‘sem’
    polyBinBvn: no visible global function definition for ‘pmvnorm’
    polyBinBvn.old: no visible global function definition for ‘pmvnorm’
    polychoric : matpLower: no visible global function definition for
     ‘mcmapply’
    polydi : matpLower: no visible global function definition for
     ‘mcmapply’
    schmid: no visible global function definition for ‘simplimax’
    schmid: no visible global function definition for ‘oblimin’
    sim: no visible global function definition for ‘mvrnorm’
    sim.general: no visible global function definition for ‘mvrnorm’
    sim.hierarchical: no visible global function definition for ‘mvrnorm’
    sim.simplex: no visible global function definition for ‘mvrnorm’
    sim.structural: no visible global function definition for ‘mvrnorm’
    sim.structure: no visible global function definition for ‘mvrnorm’
    structure.graph: no visible global function definition for ‘nodes’
    structure.graph: no visible global function definition for ‘addEdge’
    structure.graph: no visible global function definition for ‘subGraph’
    tetra.mat : matpLower: no visible global function definition for
     ‘mcmapply’
    tetraBinBvn: no visible global function definition for ‘pmvnorm’
    tetraBinBvn.old: no visible global function definition for ‘pmvnorm’
    toDotty: no visible global function definition for ‘toDot’
    varimin: no visible global function definition for ‘GPForth’
    vss: no visible global function definition for ‘oblimin’
Flavor: r-patched-solaris-sparc

Version: 1.4.8.11
Check: re-building of vignette outputs
Result: NOTE
    Error in re-building vignettes:
     ...
    Loading required package: sem
    Warning in tetrac(x[, i], x[, j], tau[i], tau[j], i, j, correct = correct, :
     For i = 7 j = 1 A cell entry of 0 was replaced with .5. Check your data!
    Warning in tetrac(x[, i], x[, j], tau[i], tau[j], i, j, correct = correct, :
     For i = 8 j = 1 A cell entry of 0 was replaced with .5. Check your data!
    Warning in tetrac(x[, i], x[, j], tau[i], tau[j], i, j, correct = correct, :
     For i = 9 j = 1 A cell entry of 0 was replaced with .5. Check your data!
    Warning in tetrac(x[, i], x[, j], tau[i], tau[j], i, j, correct = correct, :
     For i = 9 j = 2 A cell entry of 0 was replaced with .5. Check your data!
    Warning in tetrac(x[, i], x[, j], tau[i], tau[j], i, j, correct = correct, :
     For i = 9 j = 3 A cell entry of 0 was replaced with .5. Check your data!
    Warning in tetrac(x[, i], x[, j], tau[i], tau[j], i, j, correct = correct, :
     For i = 9 j = 1 A cell entry of 0 was replaced with .5. Check your data!
    Error in texi2dvi(file = file, pdf = TRUE, clean = clean, quiet = quiet, :
     Running 'texi2dvi' on 'overview.tex' failed.
    LaTeX errors:
    ! LaTeX Error: File `gensymb.sty' not found.
    
    Type X to quit or <RETURN> to proceed,
    or enter new name. (Default extension: sty)
    
    est/psych/vignettes/overview.tex:24: ==> Fatal error occurred, no output PDF f
    ile produced!
    Calls: buildVignettes -> texi2pdf -> texi2dvi
    Execution halted
Flavor: r-release-osx-x86_64-mavericks