CRAN Package Check Results for Package psychReport

Last updated on 2019-06-19 18:52:49 CEST.

Flavor Version Tinstall Tcheck Ttotal Status Flags
r-devel-linux-x86_64-debian-clang 0.4 10.52 137.01 147.53 NOTE
r-devel-linux-x86_64-debian-gcc 0.4 8.28 107.16 115.44 NOTE
r-devel-linux-x86_64-fedora-clang 0.4 170.68 NOTE
r-devel-linux-x86_64-fedora-gcc 0.4 166.99 NOTE
r-devel-windows-ix86+x86_64 0.4 27.00 191.00 218.00 OK
r-patched-linux-x86_64 0.4 9.92 134.31 144.23 OK
r-patched-solaris-x86 0.4 241.90 OK
r-release-linux-x86_64 0.4 11.36 136.29 147.65 OK
r-release-windows-ix86+x86_64 0.4 41.00 190.00 231.00 OK
r-release-osx-x86_64 0.4 OK
r-oldrel-windows-ix86+x86_64 0.4 16.00 176.00 192.00 OK
r-oldrel-osx-x86_64 0.4 OK

Check Details

Version: 0.4
Check: for non-standard things in the check directory
Result: NOTE
    Found the following files/directories:
     'exampleReport1.Rnw'
Flavors: r-devel-linux-x86_64-debian-clang, r-devel-linux-x86_64-debian-gcc, r-devel-linux-x86_64-fedora-clang, r-devel-linux-x86_64-fedora-gcc