CRAN Package Check Results for Package psychmeta

Last updated on 2020-06-01 02:48:13 CEST.

Flavor Version Tinstall Tcheck Ttotal Status Flags
r-devel-linux-x86_64-debian-clang 2.3.8 56.27 352.79 409.06 WARN
r-devel-linux-x86_64-debian-gcc 2.3.8 51.69 272.46 324.15 WARN
r-devel-linux-x86_64-fedora-clang 2.3.8 531.62 WARN
r-devel-linux-x86_64-fedora-gcc 2.3.8 506.86 WARN
r-devel-windows-ix86+x86_64 2.3.8 110.00 371.00 481.00 WARN
r-patched-linux-x86_64 2.3.8 58.93 352.99 411.92 OK
r-patched-solaris-x86 2.3.8 550.50 OK
r-release-linux-x86_64 2.3.8 59.14 368.50 427.64 OK
r-release-osx-x86_64 2.3.8 OK
r-release-windows-ix86+x86_64 2.3.8 83.00 497.00 580.00 OK
r-oldrel-osx-x86_64 2.3.8 OK
r-oldrel-windows-ix86+x86_64 2.3.8 76.00 349.00 425.00 OK

Check Details

Version: 2.3.8
Check: whether package can be installed
Result: WARN
    Found the following significant warnings:
     Warning: S4 exports specified in 'NAMESPACE' but not defined in package 'psychmeta'
Flavors: r-devel-linux-x86_64-debian-clang, r-devel-windows-ix86+x86_64

Version: 2.3.8
Check: whether the namespace can be loaded with stated dependencies
Result: NOTE
    Warning: S4 exports specified in 'NAMESPACE' but not defined in package 'psychmeta'
    
    A namespace must be able to be loaded with just the base namespace
    loaded: otherwise if the namespace gets loaded by a saved object, the
    session will be unable to start.
    
    Probably some imports need to be declared in the NAMESPACE file.
Flavors: r-devel-linux-x86_64-debian-clang, r-devel-windows-ix86+x86_64

Version: 2.3.8
Check: whether the namespace can be loaded with stated dependencies
Result: WARN
    Warning: S4 exports specified in 'NAMESPACE' but not defined in package ‘psychmeta’
Flavors: r-devel-linux-x86_64-debian-gcc, r-devel-linux-x86_64-fedora-clang, r-devel-linux-x86_64-fedora-gcc