CRAN Package Check Results for Package psychmeta

Last updated on 2021-12-08 05:58:47 CET.

Flavor Version Tinstall Tcheck Ttotal Status Flags
r-devel-linux-x86_64-debian-clang 2.6.0 52.73 399.09 451.82 OK
r-devel-linux-x86_64-debian-gcc 2.6.0 46.84 280.74 327.58 OK
r-devel-linux-x86_64-fedora-clang 2.6.0 538.20 NOTE
r-devel-linux-x86_64-fedora-gcc 2.6.0 527.45 NOTE
r-devel-windows-x86_64-new-UL 2.6.0 112.00 429.00 541.00 OK
r-devel-windows-x86_64-new-TK 2.6.0 NOTE
r-devel-windows-x86_64-old 2.6.0 93.00 307.00 400.00 OK
r-patched-linux-x86_64 2.6.0 54.41 381.07 435.48 OK
r-release-linux-x86_64 2.6.0 53.18 379.07 432.25 OK
r-release-macos-arm64 2.6.0 NOTE
r-release-macos-x86_64 2.6.0 NOTE
r-release-windows-ix86+x86_64 2.6.0 66.00 370.00 436.00 OK
r-oldrel-macos-x86_64 2.6.0 NOTE
r-oldrel-windows-ix86+x86_64 2.6.0 90.00 430.00 520.00 OK

Check Details

Version: 2.6.0
Check: dependencies in R code
Result: NOTE
    Namespace in Imports field not imported from: ‘mathjaxr’
     All declared Imports should be used.
Flavors: r-devel-linux-x86_64-fedora-clang, r-devel-linux-x86_64-fedora-gcc, r-devel-windows-x86_64-new-TK, r-release-macos-arm64, r-release-macos-x86_64, r-oldrel-macos-x86_64