CRAN Package Check Results for Package psychmeta

Last updated on 2019-09-18 06:49:52 CEST.

Flavor Version Tinstall Tcheck Ttotal Status Flags
r-devel-linux-x86_64-debian-clang 2.3.3 51.01 293.17 344.18 OK
r-devel-linux-x86_64-debian-gcc 2.3.3 44.63 223.53 268.16 OK
r-devel-linux-x86_64-fedora-clang 2.3.3 404.74 OK
r-devel-linux-x86_64-fedora-gcc 2.3.3 407.81 OK
r-devel-windows-ix86+x86_64 2.3.3 113.00 283.00 396.00 OK
r-patched-linux-x86_64 2.3.3 50.64 292.37 343.01 OK
r-patched-solaris-x86 2.3.3 506.90 OK
r-release-linux-x86_64 2.3.3 52.48 291.33 343.81 OK
r-release-windows-ix86+x86_64 2.3.3 82.00 386.00 468.00 OK
r-release-osx-x86_64 2.3.3 OK
r-oldrel-windows-ix86+x86_64 2.3.3 89.00 376.00 465.00 WARN
r-oldrel-osx-x86_64 2.3.3 OK

Check Details

Version: 2.3.3
Check: loading without being on the library search path
Result: WARN
    ----------------------------------------------------- psychmeta version 2.3.3 --
    
    Please report any bugs to github.com/psychmeta/psychmeta/issues
    or issues@psychmeta.com
    
    We work hard to produce these open-source tools for the R community,
    please cite psychmeta when you use it in your research:
     Dahlke, J. A., & Wiernik, B. M. (2018). psychmeta: An R package for
     psychometric meta-analysis. Applied Psychological Measurement.
     Advance online publication. https://doi.org/10.1177/0146621618795933
    
    Find info about psychmeta on the web at psychmeta.com and twitter.com/psychmetaR
    Error: package or namespace load failed for 'psychmeta':
     .onAttach failed in attachNamespace() for 'psychmeta', details:
     call: open.connection(x, "rb")
     error: cannot open the connection
    Execution halted
    
    It looks like this package has a loading problem when not on .libPaths:
    see the messages for details.
Flavor: r-oldrel-windows-ix86+x86_64