CRAN Package Check Results for Package psychmeta

Last updated on 2019-11-12 13:46:25 CET.

Flavor Version Tinstall Tcheck Ttotal Status Flags
r-devel-linux-x86_64-debian-clang 2.3.3 49.18 304.28 353.46 OK
r-devel-linux-x86_64-debian-gcc 2.3.3 46.73 227.70 274.43 OK
r-devel-linux-x86_64-fedora-clang 2.3.3 409.22 OK
r-devel-linux-x86_64-fedora-gcc 2.3.3 448.39 OK
r-devel-windows-ix86+x86_64 2.3.3 80.00 306.00 386.00 OK
r-patched-linux-x86_64 2.3.3 47.81 294.23 342.04 OK
r-patched-solaris-x86 2.3.3 506.50 OK
r-release-linux-x86_64 2.3.3 52.91 292.44 345.35 OK
r-release-windows-ix86+x86_64 2.3.3 114.00 13.00 127.00 ERROR
r-release-osx-x86_64 2.3.3 OK
r-oldrel-windows-ix86+x86_64 2.3.3 67.00 372.00 439.00 WARN
r-oldrel-osx-x86_64 2.3.3 OK

Check Details

Version: 2.3.3
Check: whether the package can be loaded
Result: ERROR
    Loading this package had a fatal error status code 1
    Loading log:
    ----------------------------------------------------- psychmeta version 2.3.3 --
    
    Please report any bugs to github.com/psychmeta/psychmeta/issues
    or issues@psychmeta.com
    
    We work hard to produce these open-source tools for the R community,
    please cite psychmeta when you use it in your research:
     Dahlke, J. A., & Wiernik, B. M. (2018). psychmeta: An R package for
     psychometric meta-analysis. Applied Psychological Measurement.
     Advance online publication. https://doi.org/10.1177/0146621618795933
    
    Find info about psychmeta on the web at psychmeta.com and twitter.com/psychmetaR
    Error: package or namespace load failed for 'psychmeta':
     .onAttach failed in attachNamespace() for 'psychmeta', details:
     call: open.connection(x, "rb")
     error: HTTP error 404.
    Execution halted
Flavor: r-release-windows-ix86+x86_64

Version: 2.3.3
Check: loading without being on the library search path
Result: WARN
    ----------------------------------------------------- psychmeta version 2.3.3 --
    
    Please report any bugs to github.com/psychmeta/psychmeta/issues
    or issues@psychmeta.com
    
    We work hard to produce these open-source tools for the R community,
    please cite psychmeta when you use it in your research:
     Dahlke, J. A., & Wiernik, B. M. (2018). psychmeta: An R package for
     psychometric meta-analysis. Applied Psychological Measurement.
     Advance online publication. https://doi.org/10.1177/0146621618795933
    
    Find info about psychmeta on the web at psychmeta.com and twitter.com/psychmetaR
    Error: package or namespace load failed for 'psychmeta':
     .onAttach failed in attachNamespace() for 'psychmeta', details:
     call: open.connection(x, "rb")
     error: cannot open the connection
    Execution halted
    
    It looks like this package has a loading problem when not on .libPaths:
    see the messages for details.
Flavor: r-oldrel-windows-ix86+x86_64