CRAN Package Check Results for Package psychometric

Last updated on 2015-05-23 03:48:50.

Flavor Version Tinstall Tcheck Ttotal Status Flags
r-devel-linux-x86_64-debian-clang 2.2 1.48 15.64 17.12 NOTE
r-devel-linux-x86_64-debian-gcc 2.2 1.16 15.32 16.48 NOTE
r-devel-linux-x86_64-fedora-clang 2.2 32.50 NOTE
r-devel-linux-x86_64-fedora-gcc 2.2 30.65 NOTE
r-devel-osx-x86_64-clang 2.2 33.94 NOTE
r-devel-windows-ix86+x86_64 2.2 5.00 28.00 33.00 NOTE
r-patched-linux-x86_64 2.2 1.18 15.50 16.67 NOTE
r-patched-solaris-sparc 2.2 210.00 NOTE
r-patched-solaris-x86 2.2 47.10 NOTE
r-release-linux-x86_64 2.2 1.18 15.94 17.12 NOTE
r-release-osx-x86_64-mavericks 2.2 NOTE
r-release-osx-x86_64-snowleopard 2.2 NOTE
r-release-windows-ix86+x86_64 2.2 5.00 26.00 31.00 NOTE
r-oldrel-windows-ix86+x86_64 2.2 6.00 31.00 37.00 NOTE

Check Details

Version: 2.2
Check: DESCRIPTION meta-information
Result: NOTE
    Malformed Description field: should contain one or more complete sentences.
    Packages listed in more than one of Depends, Imports, Suggests, Enhances:
     ‘multilevel’ ‘nlme’
    A package should be listed in only one of these fields.
Flavors: r-devel-linux-x86_64-debian-clang, r-devel-linux-x86_64-debian-gcc, r-devel-linux-x86_64-fedora-clang, r-devel-linux-x86_64-fedora-gcc, r-devel-osx-x86_64-clang, r-devel-windows-ix86+x86_64, r-patched-linux-x86_64, r-patched-solaris-sparc, r-patched-solaris-x86, r-release-linux-x86_64, r-release-osx-x86_64-mavericks, r-release-osx-x86_64-snowleopard, r-release-windows-ix86+x86_64

Version: 2.2
Check: top-level files
Result: NOTE
    Non-standard file/directory found at top level:
     ‘README.txt’
Flavors: r-devel-linux-x86_64-debian-clang, r-devel-linux-x86_64-debian-gcc, r-devel-linux-x86_64-fedora-clang, r-devel-linux-x86_64-fedora-gcc, r-patched-linux-x86_64, r-release-linux-x86_64

Version: 2.2
Check: dependencies in R code
Result: NOTE
    'library' or 'require' calls to packages already attached by Depends:
     ‘multilevel’ ‘nlme’
     Please remove these calls from your code.
Flavors: r-devel-linux-x86_64-debian-clang, r-devel-linux-x86_64-debian-gcc, r-devel-linux-x86_64-fedora-clang, r-devel-linux-x86_64-fedora-gcc, r-devel-osx-x86_64-clang, r-devel-windows-ix86+x86_64, r-patched-linux-x86_64, r-patched-solaris-sparc, r-patched-solaris-x86, r-release-linux-x86_64, r-release-osx-x86_64-mavericks, r-release-osx-x86_64-snowleopard, r-release-windows-ix86+x86_64, r-oldrel-windows-ix86+x86_64

Version: 2.2
Check: R code for possible problems
Result: NOTE
    Found the following calls to attach():
    File ‘psychometric/R/ICC1.CI.R’:
     attach(data)
    File ‘psychometric/R/ICC1.lme.R’:
     attach(data)
    File ‘psychometric/R/ICC2.CI.R’:
     attach(data)
    File ‘psychometric/R/ICC2.lme.R’:
     attach(data)
    See section ‘Good practice’ in ‘?attach’.
Flavors: r-devel-linux-x86_64-debian-clang, r-devel-linux-x86_64-debian-gcc, r-patched-linux-x86_64, r-release-linux-x86_64

Version: 2.2
Check: DESCRIPTION meta-information
Result: NOTE
    Packages listed in more than one of Depends, Imports, Suggests, Enhances:
     'multilevel' 'nlme'
    A package should be listed in only one of these fields.
Flavor: r-oldrel-windows-ix86+x86_64