CRAN Package Check Results for Package psychometric

Last updated on 2014-07-24 15:52:24.

Flavor Version Tinstall Tcheck Ttotal Status Flags
r-devel-linux-x86_64-debian-clang 2.2 1.36 17.62 18.98 NOTE
r-devel-linux-x86_64-debian-gcc 2.2 1.44 17.39 18.84 NOTE
r-devel-linux-x86_64-fedora-clang 2.2 38.25 NOTE
r-devel-linux-x86_64-fedora-gcc 2.2 37.58 NOTE
r-devel-osx-x86_64-clang 2.2 38.77 NOTE
r-devel-windows-ix86+x86_64 2.2 5.00 30.00 35.00 NOTE
r-patched-linux-x86_64 2.2 1.36 17.61 18.97 NOTE
r-patched-solaris-sparc 2.2 219.90 NOTE
r-patched-solaris-x86 2.2 51.80 NOTE
r-release-linux-ix86 2.2 1.84 25.44 27.28 NOTE
r-release-linux-x86_64 2.2 1.36 18.06 19.42 NOTE
r-release-osx-x86_64-mavericks 2.2 NOTE
r-release-osx-x86_64-snowleopard 2.2 ERROR
r-release-windows-ix86+x86_64 2.2 5.00 32.00 37.00 NOTE
r-oldrel-windows-ix86+x86_64 2.2 5.00 33.00 38.00 NOTE

Check Details

Version: 2.2
Check: DESCRIPTION meta-information
Result: NOTE
    Packages listed in more than one of Depends, Imports, Suggests, Enhances:
     ‘multilevel’ ‘nlme’
    A package should be listed in only one of these fields.
Flavors: r-devel-linux-x86_64-debian-clang, r-devel-linux-x86_64-debian-gcc, r-devel-linux-x86_64-fedora-clang, r-devel-linux-x86_64-fedora-gcc, r-devel-osx-x86_64-clang, r-devel-windows-ix86+x86_64, r-patched-linux-x86_64, r-patched-solaris-sparc, r-patched-solaris-x86, r-release-linux-ix86, r-release-linux-x86_64, r-release-osx-x86_64-mavericks, r-release-windows-ix86+x86_64, r-oldrel-windows-ix86+x86_64

Version: 2.2
Check: dependencies in R code
Result: NOTE
    'library' or 'require' calls to packages already attached by Depends:
     ‘multilevel’ ‘nlme’
     Please remove these calls from your code.
    See the information on DESCRIPTION files in the chapter ‘Creating R
    packages’ of the ‘Writing R Extensions’ manual.
Flavors: r-devel-linux-x86_64-debian-clang, r-devel-linux-x86_64-debian-gcc, r-devel-linux-x86_64-fedora-clang, r-devel-linux-x86_64-fedora-gcc, r-devel-osx-x86_64-clang, r-devel-windows-ix86+x86_64, r-patched-linux-x86_64, r-patched-solaris-sparc, r-patched-solaris-x86, r-release-linux-ix86, r-release-linux-x86_64, r-release-osx-x86_64-mavericks, r-release-windows-ix86+x86_64, r-oldrel-windows-ix86+x86_64

Version: 2.2
Check: top-level files
Result: NOTE
    Non-standard file/directory found at top level:
     ‘README.txt’
Flavors: r-devel-linux-x86_64-fedora-clang, r-devel-linux-x86_64-fedora-gcc

Version: 2.2
Check: whether package can be installed
Result: ERROR
    Installation failed.
    See ‘/Volumes/XT3/Builds/R-dev-web/QA/Simon/packages/snowleopard-x86_64/results/3.1/psychometric.Rcheck/00install.out’ for details.
Flavor: r-release-osx-x86_64-snowleopard