CRAN Package Check Results for Package psychometric

Last updated on 2014-08-23 20:47:00.

Flavor Version Tinstall Tcheck Ttotal Status Flags
r-devel-linux-x86_64-debian-clang 2.2 1.32 17.12 18.44 NOTE
r-devel-linux-x86_64-debian-gcc 2.2 1.28 16.92 18.20 NOTE
r-devel-linux-x86_64-fedora-clang 2.2 37.49 NOTE
r-devel-linux-x86_64-fedora-gcc 2.2 34.30 NOTE
r-devel-osx-x86_64-clang 2.2 37.40 NOTE
r-devel-windows-ix86+x86_64 2.2 5.00 30.00 35.00 NOTE
r-patched-linux-x86_64 2.2 1.45 17.55 19.00 NOTE
r-patched-solaris-sparc 2.2 238.20 NOTE
r-patched-solaris-x86 2.2 51.60 NOTE
r-release-linux-ix86 2.2 1.84 25.53 27.37 NOTE
r-release-linux-x86_64 2.2 1.38 18.12 19.50 NOTE
r-release-osx-x86_64-mavericks 2.2 NOTE
r-release-osx-x86_64-snowleopard 2.2 ERROR
r-release-windows-ix86+x86_64 2.2 5.00 23.00 28.00 ERROR
r-oldrel-windows-ix86+x86_64 2.2 5.00 33.00 38.00 NOTE

Check Details

Version: 2.2
Check: DESCRIPTION meta-information
Result: NOTE
    Packages listed in more than one of Depends, Imports, Suggests, Enhances:
     ‘multilevel’ ‘nlme’
    A package should be listed in only one of these fields.
Flavors: r-devel-linux-x86_64-debian-clang, r-devel-linux-x86_64-debian-gcc, r-devel-linux-x86_64-fedora-clang, r-devel-linux-x86_64-fedora-gcc, r-devel-osx-x86_64-clang, r-devel-windows-ix86+x86_64, r-patched-linux-x86_64, r-patched-solaris-sparc, r-patched-solaris-x86, r-release-linux-ix86, r-release-linux-x86_64, r-release-osx-x86_64-mavericks, r-release-windows-ix86+x86_64, r-oldrel-windows-ix86+x86_64

Version: 2.2
Check: dependencies in R code
Result: NOTE
    'library' or 'require' calls to packages already attached by Depends:
     ‘multilevel’ ‘nlme’
     Please remove these calls from your code.
    See the information on DESCRIPTION files in the chapter ‘Creating R
    packages’ of the ‘Writing R Extensions’ manual.
Flavors: r-devel-linux-x86_64-debian-clang, r-devel-linux-x86_64-debian-gcc, r-devel-linux-x86_64-fedora-clang, r-devel-linux-x86_64-fedora-gcc, r-devel-osx-x86_64-clang, r-devel-windows-ix86+x86_64, r-patched-linux-x86_64, r-patched-solaris-sparc, r-patched-solaris-x86, r-release-linux-ix86, r-release-linux-x86_64, r-release-osx-x86_64-mavericks, r-release-windows-ix86+x86_64, r-oldrel-windows-ix86+x86_64

Version: 2.2
Check: top-level files
Result: NOTE
    Non-standard file/directory found at top level:
     ‘README.txt’
Flavors: r-devel-linux-x86_64-fedora-clang, r-devel-linux-x86_64-fedora-gcc

Version: 2.2
Check: whether package can be installed
Result: ERROR
    Installation failed.
Flavor: r-release-osx-x86_64-snowleopard

Version: 2.2
Check: examples
Result: ERROR
    Running examples in 'psychometric-Ex.R' failed
    The error most likely occurred in:
    
    > ### Name: ICC.lme
    > ### Title: Intraclass Correlation Coefficient from a Mixed-Effects Model
    > ### Aliases: ICC.lme ICC1.lme ICC2.lme
    > ### Keywords: models univar
    >
    > ### ** Examples
    >
    >
    > library(nlme)
    > library(multilevel)
    > data(bh1996)
    > ICC1.lme(HRS, GRP, data=bh1996)
    [1] 0.1292369
    > ICC2.lme(HRS, GRP, data=bh1996)
Flavor: r-release-windows-ix86+x86_64