CRAN Package Check Results for Package psychometric

Last updated on 2014-09-02 22:47:46.

Flavor Version Tinstall Tcheck Ttotal Status Flags
r-devel-linux-x86_64-debian-clang 2.2 1.29 16.92 18.21 NOTE
r-devel-linux-x86_64-debian-gcc 2.2 1.27 16.67 17.94 NOTE
r-devel-linux-x86_64-fedora-clang 2.2 36.37 NOTE
r-devel-linux-x86_64-fedora-gcc 2.2 34.04 NOTE
r-devel-osx-x86_64-clang 2.2 37.74 NOTE
r-devel-windows-ix86+x86_64 2.2 5.00 30.00 35.00 NOTE
r-patched-linux-x86_64 2.2 1.59 18.02 19.61 NOTE
r-patched-solaris-sparc 2.2 238.20 NOTE
r-patched-solaris-x86 2.2 52.60 NOTE
r-release-linux-ix86 2.2 1.80 25.74 27.55 NOTE
r-release-linux-x86_64 2.2 1.36 18.04 19.40 NOTE
r-release-osx-x86_64-mavericks 2.2 NOTE
r-release-osx-x86_64-snowleopard 2.2 ERROR
r-release-windows-ix86+x86_64 2.2 5.00 31.00 36.00 NOTE
r-oldrel-windows-ix86+x86_64 2.2 5.00 31.00 36.00 NOTE

Check Details

Version: 2.2
Check: DESCRIPTION meta-information
Result: NOTE
    Packages listed in more than one of Depends, Imports, Suggests, Enhances:
     ‘multilevel’ ‘nlme’
    A package should be listed in only one of these fields.
Flavors: r-devel-linux-x86_64-debian-clang, r-devel-linux-x86_64-debian-gcc, r-devel-linux-x86_64-fedora-clang, r-devel-linux-x86_64-fedora-gcc, r-devel-osx-x86_64-clang, r-devel-windows-ix86+x86_64, r-patched-linux-x86_64, r-patched-solaris-sparc, r-patched-solaris-x86, r-release-linux-ix86, r-release-linux-x86_64, r-release-osx-x86_64-mavericks, r-release-windows-ix86+x86_64, r-oldrel-windows-ix86+x86_64

Version: 2.2
Check: dependencies in R code
Result: NOTE
    'library' or 'require' calls to packages already attached by Depends:
     ‘multilevel’ ‘nlme’
     Please remove these calls from your code.
    See the information on DESCRIPTION files in the chapter ‘Creating R
    packages’ of the ‘Writing R Extensions’ manual.
Flavors: r-devel-linux-x86_64-debian-clang, r-devel-linux-x86_64-debian-gcc, r-devel-linux-x86_64-fedora-clang, r-devel-linux-x86_64-fedora-gcc, r-devel-osx-x86_64-clang, r-devel-windows-ix86+x86_64, r-patched-linux-x86_64, r-patched-solaris-sparc, r-patched-solaris-x86, r-release-linux-ix86, r-release-linux-x86_64, r-release-osx-x86_64-mavericks, r-release-windows-ix86+x86_64, r-oldrel-windows-ix86+x86_64

Version: 2.2
Check: top-level files
Result: NOTE
    Non-standard file/directory found at top level:
     ‘README.txt’
Flavors: r-devel-linux-x86_64-fedora-clang, r-devel-linux-x86_64-fedora-gcc

Version: 2.2
Check: whether package can be installed
Result: ERROR
    Installation failed.
Flavor: r-release-osx-x86_64-snowleopard