CRAN Package Check Results for Package psychometric

Last updated on 2014-10-25 14:51:00.

Flavor Version Tinstall Tcheck Ttotal Status Flags
r-devel-linux-x86_64-debian-clang 2.2 1.33 17.52 18.86 NOTE
r-devel-linux-x86_64-debian-gcc 2.2 1.32 18.10 19.42 NOTE
r-devel-linux-x86_64-fedora-clang 2.2 36.78 NOTE
r-devel-linux-x86_64-fedora-gcc 2.2 34.70 NOTE
r-devel-osx-x86_64-clang 2.2 37.54 NOTE
r-devel-windows-ix86+x86_64 2.2 6.00 28.00 34.00 NOTE
r-patched-linux-x86_64 2.2 1.41 18.20 19.60 NOTE
r-patched-solaris-sparc 2.2 238.20 NOTE
r-patched-solaris-x86 2.2 52.90 NOTE
r-release-linux-ix86 2.2 1.83 25.85 27.68 NOTE
r-release-linux-x86_64 2.2 1.37 18.38 19.74 NOTE
r-release-osx-x86_64-mavericks 2.2 NOTE
r-release-osx-x86_64-snowleopard 2.2 ERROR
r-release-windows-ix86+x86_64 2.2 5.00 29.00 34.00 NOTE
r-oldrel-windows-ix86+x86_64 2.2 5.00 33.00 38.00 NOTE

Check Details

Version: 2.2
Check: DESCRIPTION meta-information
Result: NOTE
    Packages listed in more than one of Depends, Imports, Suggests, Enhances:
     ‘multilevel’ ‘nlme’
    A package should be listed in only one of these fields.
Flavors: r-devel-linux-x86_64-debian-clang, r-devel-linux-x86_64-debian-gcc, r-devel-linux-x86_64-fedora-clang, r-devel-linux-x86_64-fedora-gcc, r-devel-osx-x86_64-clang, r-devel-windows-ix86+x86_64, r-patched-linux-x86_64, r-patched-solaris-sparc, r-patched-solaris-x86, r-release-linux-ix86, r-release-linux-x86_64, r-release-osx-x86_64-mavericks, r-release-windows-ix86+x86_64, r-oldrel-windows-ix86+x86_64

Version: 2.2
Check: top-level files
Result: NOTE
    Non-standard file/directory found at top level:
     ‘README.txt’
Flavors: r-devel-linux-x86_64-debian-clang, r-devel-linux-x86_64-debian-gcc, r-devel-linux-x86_64-fedora-clang, r-devel-linux-x86_64-fedora-gcc, r-patched-linux-x86_64, r-release-linux-x86_64

Version: 2.2
Check: dependencies in R code
Result: NOTE
    'library' or 'require' calls to packages already attached by Depends:
     ‘multilevel’ ‘nlme’
     Please remove these calls from your code.
    See the information on DESCRIPTION files in the chapter ‘Creating R
    packages’ of the ‘Writing R Extensions’ manual.
Flavors: r-devel-linux-x86_64-debian-clang, r-devel-linux-x86_64-debian-gcc, r-devel-linux-x86_64-fedora-clang, r-devel-linux-x86_64-fedora-gcc, r-devel-osx-x86_64-clang, r-devel-windows-ix86+x86_64, r-patched-linux-x86_64, r-patched-solaris-sparc, r-patched-solaris-x86, r-release-linux-ix86, r-release-linux-x86_64, r-release-osx-x86_64-mavericks, r-release-windows-ix86+x86_64, r-oldrel-windows-ix86+x86_64

Version: 2.2
Check: R code for possible problems
Result: NOTE
    Found the following calls to attach():
    File ‘psychometric/R/ICC1.CI.R’:
     attach(data)
    File ‘psychometric/R/ICC1.lme.R’:
     attach(data)
    File ‘psychometric/R/ICC2.CI.R’:
     attach(data)
    File ‘psychometric/R/ICC2.lme.R’:
     attach(data)
    See section ‘Good practice’ in ‘?attach’.
Flavors: r-devel-linux-x86_64-debian-clang, r-devel-linux-x86_64-debian-gcc, r-patched-linux-x86_64, r-release-linux-x86_64

Version: 2.2
Check: whether package can be installed
Result: ERROR
    Installation failed.
Flavor: r-release-osx-x86_64-snowleopard