CRAN Package Check Results for Package psychometric

Last updated on 2015-08-02 19:47:36.

Flavor Version Tinstall Tcheck Ttotal Status Flags
r-devel-linux-x86_64-debian-clang 2.2 1.18 15.50 16.68 NOTE
r-devel-linux-x86_64-debian-gcc 2.2 1.17 15.13 16.30 NOTE
r-devel-linux-x86_64-fedora-clang 2.2 31.59 NOTE
r-devel-linux-x86_64-fedora-gcc 2.2 30.21 NOTE
r-devel-osx-x86_64-clang 2.2 31.17 NOTE
r-devel-windows-ix86+x86_64 2.2 5.00 30.00 35.00 NOTE
r-patched-linux-x86_64 2.2 1.25 15.98 17.22 NOTE
r-patched-solaris-sparc 2.2 206.50 NOTE
r-patched-solaris-x86 2.2 45.80 NOTE
r-release-linux-x86_64 2.2 1.28 15.17 16.45 NOTE
r-release-osx-x86_64-mavericks 2.2 NOTE
r-release-windows-ix86+x86_64 2.2 9.00 52.00 61.00 NOTE
r-oldrel-windows-ix86+x86_64 2.2 8.00 36.00 44.00 NOTE

Check Details

Version: 2.2
Check: DESCRIPTION meta-information
Result: NOTE
    Malformed Description field: should contain one or more complete sentences.
    Packages listed in more than one of Depends, Imports, Suggests, Enhances:
     ‘multilevel’ ‘nlme’
    A package should be listed in only one of these fields.
Flavors: r-devel-linux-x86_64-debian-clang, r-devel-linux-x86_64-debian-gcc, r-devel-linux-x86_64-fedora-clang, r-devel-linux-x86_64-fedora-gcc, r-devel-osx-x86_64-clang, r-devel-windows-ix86+x86_64, r-patched-linux-x86_64, r-patched-solaris-sparc, r-patched-solaris-x86, r-release-linux-x86_64, r-release-osx-x86_64-mavericks, r-release-windows-ix86+x86_64

Version: 2.2
Check: top-level files
Result: NOTE
    Non-standard file/directory found at top level:
     ‘README.txt’
Flavors: r-devel-linux-x86_64-debian-clang, r-devel-linux-x86_64-debian-gcc, r-devel-linux-x86_64-fedora-clang, r-devel-linux-x86_64-fedora-gcc, r-patched-linux-x86_64, r-release-linux-x86_64

Version: 2.2
Check: dependencies in R code
Result: NOTE
    'library' or 'require' calls to packages already attached by Depends:
     ‘multilevel’ ‘nlme’
     Please remove these calls from your code.
Flavors: r-devel-linux-x86_64-debian-clang, r-devel-linux-x86_64-debian-gcc, r-devel-linux-x86_64-fedora-clang, r-devel-linux-x86_64-fedora-gcc, r-devel-osx-x86_64-clang, r-devel-windows-ix86+x86_64, r-patched-linux-x86_64, r-patched-solaris-sparc, r-patched-solaris-x86, r-release-linux-x86_64, r-release-osx-x86_64-mavericks, r-release-windows-ix86+x86_64, r-oldrel-windows-ix86+x86_64

Version: 2.2
Check: R code for possible problems
Result: NOTE
    CI.Rsq: no visible global function definition for ‘qnorm’
    CI.obs: no visible global function definition for ‘qnorm’
    CI.tscore: no visible global function definition for ‘qnorm’
    CIrb: no visible global function definition for ‘qnorm’
    CIrdif: no visible global function definition for ‘qnorm’
    CIz: no visible global function definition for ‘qnorm’
    CredIntRho: no visible global function definition for ‘qnorm’
    EnterMeta: no visible global function definition for ‘edit’
    FunnelPlot: no visible global function definition for ‘plot’
    FunnelPlot: no visible global function definition for ‘abline’
    ICC1.CI: no visible global function definition for ‘aov’
    ICC1.CI: no visible binding for global variable ‘na.omit’
    ICC1.CI: no visible global function definition for ‘qf’
    ICC1.lme: no visible binding for global variable ‘na.omit’
    ICC2.CI: no visible global function definition for ‘aov’
    ICC2.CI: no visible binding for global variable ‘na.omit’
    ICC2.CI: no visible global function definition for ‘qf’
    ICC2.lme: no visible binding for global variable ‘na.omit’
    ICC2.lme: no visible global function definition for ‘weighted.mean’
    Qrbar: no visible global function definition for ‘pchisq’
    Qrho: no visible global function definition for ‘pchisq’
    aRxx: no visible global function definition for ‘var’
    alpha: no visible global function definition for ‘na.exclude’
    alpha: no visible global function definition for ‘var’
    alpha: no visible binding for global variable ‘var’
    alpha.CI: no visible global function definition for ‘qf’
    aprox.Qrbar: no visible global function definition for ‘pchisq’
    bRyy: no visible global function definition for ‘var’
    cRR: no visible global function definition for ‘var’
    discrim: no visible global function definition for ‘na.exclude’
    item.exam: no visible global function definition for ‘na.exclude’
    item.exam: no visible global function definition for ‘cor’
    item.exam: no visible binding for global variable ‘sd’
    r.nil: no visible global function definition for ‘pt’
    rdif.nul: no visible global function definition for ‘pnorm’
    Undefined global functions or variables:
     abline aov cor edit na.exclude na.omit pchisq plot pnorm pt qf qnorm
     sd var weighted.mean
    Consider adding
     importFrom("graphics", "abline", "plot")
     importFrom("stats", "aov", "cor", "na.exclude", "na.omit", "pchisq",
     "pnorm", "pt", "qf", "qnorm", "sd", "var", "weighted.mean")
     importFrom("utils", "edit")
    to your NAMESPACE.
    
    Found the following calls to attach():
    File ‘psychometric/R/ICC1.CI.R’:
     attach(data)
    File ‘psychometric/R/ICC1.lme.R’:
     attach(data)
    File ‘psychometric/R/ICC2.CI.R’:
     attach(data)
    File ‘psychometric/R/ICC2.lme.R’:
     attach(data)
    See section ‘Good practice’ in ‘?attach’.
Flavors: r-devel-linux-x86_64-debian-clang, r-devel-linux-x86_64-debian-gcc

Version: 2.2
Check: R code for possible problems
Result: NOTE
    CI.Rsq: no visible global function definition for ‘qnorm’
    CI.obs: no visible global function definition for ‘qnorm’
    CI.tscore: no visible global function definition for ‘qnorm’
    CIrb: no visible global function definition for ‘qnorm’
    CIrdif: no visible global function definition for ‘qnorm’
    CIz: no visible global function definition for ‘qnorm’
    CredIntRho: no visible global function definition for ‘qnorm’
    EnterMeta: no visible global function definition for ‘edit’
    FunnelPlot: no visible global function definition for ‘plot’
    FunnelPlot: no visible global function definition for ‘abline’
    ICC1.CI: no visible global function definition for ‘aov’
    ICC1.CI: no visible binding for global variable ‘na.omit’
    ICC1.CI: no visible global function definition for ‘qf’
    ICC1.lme: no visible binding for global variable ‘na.omit’
    ICC2.CI: no visible global function definition for ‘aov’
    ICC2.CI: no visible binding for global variable ‘na.omit’
    ICC2.CI: no visible global function definition for ‘qf’
    ICC2.lme: no visible binding for global variable ‘na.omit’
    ICC2.lme: no visible global function definition for ‘weighted.mean’
    Qrbar: no visible global function definition for ‘pchisq’
    Qrho: no visible global function definition for ‘pchisq’
    aRxx: no visible global function definition for ‘var’
    alpha: no visible global function definition for ‘na.exclude’
    alpha: no visible global function definition for ‘var’
    alpha: no visible binding for global variable ‘var’
    alpha.CI: no visible global function definition for ‘qf’
    aprox.Qrbar: no visible global function definition for ‘pchisq’
    bRyy: no visible global function definition for ‘var’
    cRR: no visible global function definition for ‘var’
    discrim: no visible global function definition for ‘na.exclude’
    item.exam: no visible global function definition for ‘na.exclude’
    item.exam: no visible global function definition for ‘cor’
    item.exam: no visible binding for global variable ‘sd’
    r.nil: no visible global function definition for ‘pt’
    rdif.nul: no visible global function definition for ‘pnorm’
    Undefined global functions or variables:
     abline aov cor edit na.exclude na.omit pchisq plot pnorm pt qf qnorm
     sd var weighted.mean
    Consider adding
     importFrom("graphics", "abline", "plot")
     importFrom("stats", "aov", "cor", "na.exclude", "na.omit", "pchisq",
     "pnorm", "pt", "qf", "qnorm", "sd", "var", "weighted.mean")
     importFrom("utils", "edit")
    to your NAMESPACE.
Flavors: r-devel-linux-x86_64-fedora-clang, r-devel-linux-x86_64-fedora-gcc, r-devel-windows-ix86+x86_64

Version: 2.2
Check: R code for possible problems
Result: NOTE
    Found the following calls to attach():
    File ‘psychometric/R/ICC1.CI.R’:
     attach(data)
    File ‘psychometric/R/ICC1.lme.R’:
     attach(data)
    File ‘psychometric/R/ICC2.CI.R’:
     attach(data)
    File ‘psychometric/R/ICC2.lme.R’:
     attach(data)
    See section ‘Good practice’ in ‘?attach’.
Flavors: r-patched-linux-x86_64, r-release-linux-x86_64

Version: 2.2
Check: DESCRIPTION meta-information
Result: NOTE
    Packages listed in more than one of Depends, Imports, Suggests, Enhances:
     'multilevel' 'nlme'
    A package should be listed in only one of these fields.
Flavor: r-oldrel-windows-ix86+x86_64