CRAN Package Check Results for Package psychomix

Last updated on 2014-07-29 08:49:38.

Flavor Version Tinstall Tcheck Ttotal Status Flags
r-devel-linux-x86_64-debian-clang 1.1-0 2.42 46.46 48.88 OK --no-vignettes
r-devel-linux-x86_64-debian-gcc 1.1-0 2.29 47.71 50.00 OK --no-vignettes
r-devel-linux-x86_64-fedora-clang 1.1-0 724.69 OK
r-devel-linux-x86_64-fedora-gcc 1.1-0 700.68 OK
r-devel-osx-x86_64-clang 1.1-0 483.77 OK
r-devel-windows-ix86+x86_64 1.1-0 8.00 68.00 76.00 OK --no-vignettes
r-patched-linux-x86_64 1.1-0 2.39 44.90 47.29 OK --no-vignettes
r-patched-solaris-sparc 1.1-0 573.30 OK --no-vignettes
r-patched-solaris-x86 1.1-0 824.70 OK
r-release-linux-ix86 1.1-0 3.01 56.03 59.04 OK --no-vignettes
r-release-linux-x86_64 1.1-0 2.46 48.08 50.54 OK --no-vignettes
r-release-osx-x86_64-mavericks 1.1-0 OK
r-release-osx-x86_64-snowleopard 1.1-0 NOTE
r-release-windows-ix86+x86_64 1.1-0 7.00 72.00 79.00 OK --no-vignettes
r-oldrel-windows-ix86+x86_64 1.1-0 8.00 67.00 75.00 OK --no-vignettes

Check Details

Version: 1.1-0
Check: re-building of vignette outputs
Result: NOTE
    Error in re-building vignettes:
     ...
    Loading required package: flexmix
    Loading required package: lattice
    Loading required package: psychotools
    Error in texi2dvi(file = file, pdf = TRUE, clean = clean, quiet = quiet, :
     Running 'texi2dvi' on 'raschmix.tex' failed.
    Messages:
    sh: gs: command not found
    !!! Error: Closing Ghostscript (exit status: 127)!
    /usr/bin/texi2dvi: thumbpdf exited with bad status, quitting.
    Calls: buildVignettes -> texi2pdf -> texi2dvi
    Execution halted
Flavor: r-release-osx-x86_64-snowleopard