CRAN Package Check Results for Package psychomix

Last updated on 2014-04-17 10:47:54.

Flavor Version Tinstall Tcheck Ttotal Status Flags
r-devel-linux-x86_64-debian-clang 1.1-0 2.52 47.10 49.63 OK --no-vignettes
r-devel-linux-x86_64-debian-gcc 1.1-0 2.76 47.74 50.50 OK --no-vignettes
r-devel-linux-x86_64-fedora-clang 1.1-0 720.43 OK
r-devel-linux-x86_64-fedora-gcc 1.1-0 718.18 OK
r-devel-macosx-x86_64-clang 1.1-0 493.94 OK
r-devel-macosx-x86_64-gcc 1.1-0 WARN
r-devel-windows-ix86+x86_64 1.1-0 8.00 67.00 75.00 OK --no-vignettes
r-patched-linux-x86_64 1.1-0 2.53 47.98 50.51 OK --no-vignettes
r-patched-solaris-sparc 1.1-0 573.30 OK --no-vignettes
r-patched-solaris-x86 1.1-0 804.60 OK
r-release-linux-ix86 1.1-0 5.00 76.00 81.00 OK --no-vignettes
r-release-linux-x86_64 1.1-0 2.50 47.28 49.78 OK --no-vignettes
r-release-macosx-x86_64 1.1-0 NOTE
r-release-windows-ix86+x86_64 1.1-0 8.00 71.00 79.00 OK --no-vignettes
r-oldrel-windows-ix86+x86_64 1.1-0 8.00 71.00 79.00 OK --no-vignettes

Check Details

Version: 1.1-0
Check: package dependencies
Result: NOTE
    Package suggested but not available for checking: ‘lmtest’
Flavor: r-devel-macosx-x86_64-gcc

Version: 1.1-0
Check: running R code from vignettes
Result: WARNING
    Errors in running code in vignettes:
    when running code in ‘scores.Rnw’
     ...
    + sat3 <- raschmix(resp2 ~ 1, data = va12, k = 3, scores = "satur ..." ... [TRUNCATED]
    3 : * * *
    3 : * * *
    3 : * * *
    
    > library("lmtest")
    
     When sourcing ‘scores.R’:
    Error: there is no package called ‘lmtest’
    Execution halted
Flavor: r-devel-macosx-x86_64-gcc

Version: 1.1-0
Check: re-building of vignette outputs
Result: NOTE
    Error in re-building vignettes:
     ...
    Loading required package: flexmix
    Loading required package: lattice
    Loading required package: psychotools
    
    Error: processing vignette 'scores.Rnw' failed with diagnostics:
     chunk 19 (label = VerbalLRtest)
    Error in library("lmtest") : there is no package called ‘lmtest’
    Execution halted
Flavor: r-devel-macosx-x86_64-gcc

Version: 1.1-0
Check: re-building of vignette outputs
Result: NOTE
    Error in re-building vignettes:
     ...
    Loading required package: flexmix
    Loading required package: lattice
    Loading required package: psychotools
    Error in texi2dvi(file = file, pdf = TRUE, clean = clean, quiet = quiet, :
     Running 'texi2dvi' on 'raschmix.tex' failed.
    Messages:
    sh: gs: command not found
    !!! Error: Closing Ghostscript (exit status: 127)!
    /usr/bin/texi2dvi: thumbpdf exited with bad status, quitting.
    Calls: buildVignettes -> texi2pdf -> texi2dvi
    Execution halted
Flavor: r-release-macosx-x86_64