CRAN Package Check Results for Package psychomix

Last updated on 2015-04-27 17:48:27.

Flavor Version Tinstall Tcheck Ttotal Status Flags
r-devel-linux-x86_64-debian-clang 1.1-1 2.27 36.64 38.90 NOTE --no-vignettes
r-devel-linux-x86_64-debian-gcc 1.1-1 2.00 35.62 37.62 NOTE --no-vignettes
r-devel-linux-x86_64-fedora-clang 1.1-1 311.15 ERROR
r-devel-linux-x86_64-fedora-gcc 1.1-1 304.01 ERROR
r-devel-osx-x86_64-clang 1.1-1 224.50 ERROR
r-devel-windows-ix86+x86_64 1.1-1 6.00 78.00 84.00 NOTE --no-vignettes
r-patched-linux-x86_64 1.1-1 1.78 36.58 38.36 NOTE --no-vignettes
r-patched-solaris-sparc 1.1-1 441.30 NOTE --no-vignettes
r-patched-solaris-x86 1.1-1 932.80 NOTE
r-release-linux-x86_64 1.1-1 1.79 34.92 36.71 NOTE --no-vignettes
r-release-osx-x86_64-mavericks 1.1-1 NOTE
r-release-osx-x86_64-snowleopard 1.1-1 WARN
r-release-windows-ix86+x86_64 1.1-1 9.00 53.00 62.00 NOTE --no-vignettes
r-oldrel-windows-ix86+x86_64 1.1-1 6.00 81.00 87.00 NOTE --no-vignettes

Check Details

Version: 1.1-1
Flags: --no-vignettes
Check: dependencies in R code
Result: NOTE
    'library' or 'require' calls in package code:
     ‘effects’ ‘mRm’ ‘nnet’
     Please use :: or requireNamespace() instead.
     See section 'Suggested packages' in the 'Writing R Extensions' manual.
Flavors: r-devel-linux-x86_64-debian-clang, r-devel-linux-x86_64-debian-gcc, r-devel-windows-ix86+x86_64, r-patched-solaris-sparc, r-release-linux-x86_64, r-release-windows-ix86+x86_64, r-oldrel-windows-ix86+x86_64

Version: 1.1-1
Flags: --no-vignettes
Check: R code for possible problems
Result: NOTE
    allEffects.btmix: no visible global function definition for
     ‘allEffects’
    allEffects.raschmix: no visible global function definition for
     ‘allEffects’
    effect.btmix: no visible global function definition for ‘effect’
    effect.raschmix: no visible global function definition for ‘effect’
    effectsplot.eff: no visible global function definition for ‘allEffects’
    effectsplot.efflist: no visible global function definition for
     ‘allEffects’
    effectsplot.effpoly: no visible global function definition for
     ‘allEffects’
    effectsplot_psychomix: no visible global function definition for
     ‘allEffects’
    mrm_clusters: no visible global function definition for ‘mrm’
    raschmix : <anonymous>: no visible global function definition for ‘mrm’
    refit_concomitant_psychomix: no visible global function definition for
     ‘multinom’
    xyplot.btmix: no visible global function definition for
     ‘trellis.par.get’
    xyplot.btmix : panel: no visible global function definition for
     ‘panel.xyplot’
    xyplot.btmix : panel: no visible global function definition for
     ‘panel.abline’
    xyplot.raschmix: no visible global function definition for
     ‘trellis.par.get’
    xyplot.raschmix : panel: no visible global function definition for
     ‘panel.xyplot’
    xyplot.raschmix : panel: no visible global function definition for
     ‘panel.abline’
Flavors: r-devel-linux-x86_64-debian-clang, r-devel-linux-x86_64-debian-gcc, r-devel-windows-ix86+x86_64, r-patched-solaris-sparc, r-release-linux-x86_64, r-release-windows-ix86+x86_64, r-oldrel-windows-ix86+x86_64

Version: 1.1-1
Check: dependencies in R code
Result: NOTE
    'library' or 'require' calls in package code:
     ‘effects’ ‘mRm’ ‘nnet’
     Please use :: or requireNamespace() instead.
     See section 'Suggested packages' in the 'Writing R Extensions' manual.
Flavors: r-devel-linux-x86_64-fedora-clang, r-devel-linux-x86_64-fedora-gcc, r-devel-osx-x86_64-clang, r-patched-solaris-x86, r-release-osx-x86_64-mavericks, r-release-osx-x86_64-snowleopard

Version: 1.1-1
Check: R code for possible problems
Result: NOTE
    allEffects.btmix: no visible global function definition for
     ‘allEffects’
    allEffects.raschmix: no visible global function definition for
     ‘allEffects’
    effect.btmix: no visible global function definition for ‘effect’
    effect.raschmix: no visible global function definition for ‘effect’
    effectsplot.eff: no visible global function definition for ‘allEffects’
    effectsplot.efflist: no visible global function definition for
     ‘allEffects’
    effectsplot.effpoly: no visible global function definition for
     ‘allEffects’
    effectsplot_psychomix: no visible global function definition for
     ‘allEffects’
    mrm_clusters: no visible global function definition for ‘mrm’
    raschmix : <anonymous>: no visible global function definition for ‘mrm’
    refit_concomitant_psychomix: no visible global function definition for
     ‘multinom’
    xyplot.btmix: no visible global function definition for
     ‘trellis.par.get’
    xyplot.btmix : panel: no visible global function definition for
     ‘panel.xyplot’
    xyplot.btmix : panel: no visible global function definition for
     ‘panel.abline’
    xyplot.raschmix: no visible global function definition for
     ‘trellis.par.get’
    xyplot.raschmix : panel: no visible global function definition for
     ‘panel.xyplot’
    xyplot.raschmix : panel: no visible global function definition for
     ‘panel.abline’
Flavors: r-devel-linux-x86_64-fedora-clang, r-devel-linux-x86_64-fedora-gcc, r-devel-osx-x86_64-clang, r-patched-solaris-x86, r-release-osx-x86_64-mavericks, r-release-osx-x86_64-snowleopard

Version: 1.1-1
Check: running R code from vignettes
Result: ERROR
    Errors in running code in vignettes:
    when running code in ‘raschmix.Rnw’
     ...
    
    > m2b <- getModel(m2, which = "BIC")
    
    > par(mfrow = c(1, 2))
    
    > plot(m1b, pos = "top")
    
     When sourcing ‘raschmix.R’:
    Error: missing value where TRUE/FALSE needed
    Execution halted
Flavors: r-devel-linux-x86_64-fedora-clang, r-devel-linux-x86_64-fedora-gcc, r-devel-osx-x86_64-clang

Version: 1.1-1
Check: re-building of vignette outputs
Result: NOTE
    Error in re-building vignettes:
     ...
    Loading required package: flexmix
    Loading required package: lattice
    Loading required package: psychotools
    
    Error: processing vignette 'raschmix.Rnw' failed with diagnostics:
     chunk 13 (label = itemCompPlot)
    Error in if (minlength <= 0L) return(rep.int("", length(names.arg))) :
     missing value where TRUE/FALSE needed
    Execution halted
Flavors: r-devel-linux-x86_64-fedora-clang, r-devel-linux-x86_64-fedora-gcc, r-devel-osx-x86_64-clang

Version: 1.1-1
Check: re-building of vignette outputs
Result: NOTE
    Error in re-building vignettes:
     ...
    Loading required package: flexmix
    Loading required package: lattice
    Loading required package: psychotools
    Error in texi2dvi(file = file, pdf = TRUE, clean = clean, quiet = quiet, :
     Running 'texi2dvi' on 'raschmix.tex' failed.
    LaTeX errors:
    ! LaTeX Error: Missing \begin{document}.
    
    See the LaTeX manual or LaTeX Companion for explanation.
    Type H <return> for immediate help.
     ...
    ! Missing $ inserted.
    <inserted text>
     $
    l.17 ...j<ba>^^L<f6>><ff><fc>s<d3>4<89>^^H<a8>#"<a5>T<a9>T<fa><f6><db>o<bf><f9>曋}w<e7><e2>iyy<99><ff>^
     2<f5><df><de><eb><89>^^Fv<af><9f><e9>o]{<c0><e6>@<c5>)<a5>LӔR...
    ! Undefined control sequence.
    l.19 ...^?e<d2>SJ=x<f0>`zz:^^L<c3>D"^^A<cc><c3>0<c6><e3><f1><e9><e9><e9>s<b1><f8>W^^\<9c>W\s
     ^q<f6><ba><a8>^^Vh<e4>ל<8e> <ae><f8><de><eb>n<d6>ϋ<e0>^^...
    The control sequence at the end of the top line
    of your error message was never \def'ed. If you have
    ! Undefined control sequence.
    l.25 ...^A<d7><ec>j<a2>^<c5>1+<c7>2<a7><9e><e5><a9><e9>u<97><de>^^Y<e9><8a><e7>9<bb><d8>=l<f4>'O<9
    Calls: buildVignettes -> texi2pdf -> texi2dvi
    Execution halted
Flavor: r-release-osx-x86_64-mavericks

Version: 1.1-1
Check: package dependencies
Result: NOTE
    Package suggested but not available for checking: ‘lmtest’
Flavor: r-release-osx-x86_64-snowleopard

Version: 1.1-1
Check: running R code from vignettes
Result: WARN
    Errors in running code in vignettes:
    when running code in ‘scores.Rnw’
     ...
    + sat3 <- raschmix(resp2 ~ 1, data = va12, k = 3, scores = "satur ..." ... [TRUNCATED]
    3 : * * *
    3 : * * *
    3 : * * *
    
    > library("lmtest")
    
     When sourcing ‘scores.R’:
    Error: there is no package called ‘lmtest’
    Execution halted
Flavor: r-release-osx-x86_64-snowleopard

Version: 1.1-1
Check: re-building of vignette outputs
Result: NOTE
    Error in re-building vignettes:
     ...
    Loading required package: flexmix
    Loading required package: lattice
    Loading required package: psychotools
    
    Error: processing vignette 'scores.Rnw' failed with diagnostics:
     chunk 20 (label = VerbalTableS)
    Error in library("lmtest") : there is no package called ‘lmtest’
    Execution halted
Flavor: r-release-osx-x86_64-snowleopard