CRAN Package Check Results for Package psychomix

Last updated on 2014-08-20 11:48:49.

Flavor Version Tinstall Tcheck Ttotal Status Flags
r-devel-linux-x86_64-debian-clang 1.1-1 2.39 39.91 42.30 OK --no-vignettes
r-devel-linux-x86_64-debian-gcc 1.1-1 2.30 40.14 42.44 OK --no-vignettes
r-devel-linux-x86_64-fedora-clang 1.1-1 937.71 NOTE
r-devel-linux-x86_64-fedora-gcc 1.1-1 927.84 NOTE
r-devel-osx-x86_64-clang 1.1-1 567.24 NOTE
r-devel-windows-ix86+x86_64 1.1-1 8.00 60.00 68.00 OK --no-vignettes
r-patched-linux-x86_64 1.1-1 2.36 40.51 42.88 OK --no-vignettes
r-patched-solaris-sparc 1.1-1 530.80 OK --no-vignettes
r-patched-solaris-x86 1.1-1 966.20 OK
r-release-linux-ix86 1.1-1 3.04 50.72 53.75 OK --no-vignettes
r-release-linux-x86_64 1.1-1 2.46 41.30 43.77 OK --no-vignettes
r-release-osx-x86_64-mavericks 1.1-1 OK
r-release-osx-x86_64-snowleopard 1.1-1 OK
r-release-windows-ix86+x86_64 1.1-1 8.00 62.00 70.00 OK --no-vignettes
r-oldrel-windows-ix86+x86_64 1.1-1 10.00 63.00 73.00 OK --no-vignettes

Check Details

Version: 1.1-1
Check: R code for possible problems
Result: NOTE
    allEffects.btmix: no visible global function definition for
     ‘allEffects’
    allEffects.raschmix: no visible global function definition for
     ‘allEffects’
    effect.btmix: no visible global function definition for ‘effect’
    effect.raschmix: no visible global function definition for ‘effect’
    effectsplot.eff: no visible global function definition for ‘allEffects’
    effectsplot.efflist: no visible global function definition for
     ‘allEffects’
    effectsplot.effpoly: no visible global function definition for
     ‘allEffects’
    effectsplot_psychomix: no visible global function definition for
     ‘allEffects’
    mrm_clusters: no visible global function definition for ‘mrm’
    raschmix : <anonymous>: no visible global function definition for ‘mrm’
    refit_concomitant_psychomix: no visible global function definition for
     ‘multinom’
    xyplot.btmix: no visible global function definition for
     ‘trellis.par.get’
    xyplot.btmix : panel: no visible global function definition for
     ‘panel.xyplot’
    xyplot.btmix : panel: no visible global function definition for
     ‘panel.abline’
    xyplot.raschmix: no visible global function definition for
     ‘trellis.par.get’
    xyplot.raschmix : panel: no visible global function definition for
     ‘panel.xyplot’
    xyplot.raschmix : panel: no visible global function definition for
     ‘panel.abline’
Flavors: r-devel-linux-x86_64-fedora-clang, r-devel-linux-x86_64-fedora-gcc, r-devel-osx-x86_64-clang