CRAN Package Check Results for Package psychomix

Last updated on 2015-08-01 23:47:27.

Flavor Version Tinstall Tcheck Ttotal Status Flags
r-devel-linux-x86_64-debian-clang 1.1-2 1.91 36.65 38.56 NOTE --no-vignettes
r-devel-linux-x86_64-debian-gcc 1.1-2 1.75 36.02 37.78 NOTE --no-vignettes
r-devel-linux-x86_64-fedora-clang 1.1-2 792.13 NOTE
r-devel-linux-x86_64-fedora-gcc 1.1-2 782.73 NOTE
r-devel-osx-x86_64-clang 1.1-2 512.53 OK
r-devel-windows-ix86+x86_64 1.1-2 10.00 66.00 76.00 NOTE --no-vignettes
r-patched-linux-x86_64 1.1-2 2.46 36.60 39.06 OK --no-vignettes
r-patched-solaris-sparc 1.1-2 471.30 OK --no-vignettes
r-patched-solaris-x86 1.1-2 893.10 OK
r-release-linux-x86_64 1.1-2 1.81 36.74 38.54 OK --no-vignettes
r-release-osx-x86_64-mavericks 1.1-2 OK
r-release-windows-ix86+x86_64 1.1-2 9.00 65.00 74.00 OK --no-vignettes
r-oldrel-windows-ix86+x86_64 1.1-2 13.00 76.00 89.00 OK --no-vignettes

Check Details

Version: 1.1-2
Flags: --no-vignettes
Check: R code for possible problems
Result: NOTE
    effectsplot.eff: no visible global function definition for
     ‘gray.colors’
    effectsplot.efflist: no visible global function definition for
     ‘gray.colors’
    effectsplot.effpoly: no visible global function definition for
     ‘gray.colors’
    effectsplot_psychomix: no visible global function definition for
     ‘gray.colors’
    qualitative_hcl : hclcol: no visible global function definition for
     ‘hcl’
    qualitative_hcl: no visible global function definition for ‘hcl’
    raschmix: no visible global function definition for ‘head’
    effectsplot,btmix: no visible global function definition for
     ‘gray.colors’
    effectsplot,raschmix: no visible global function definition for
     ‘gray.colors’
    Undefined global functions or variables:
     gray.colors hcl head
    Consider adding
     importFrom("grDevices", "gray.colors", "hcl")
     importFrom("utils", "head")
    to your NAMESPACE.
Flavors: r-devel-linux-x86_64-debian-clang, r-devel-linux-x86_64-debian-gcc, r-devel-windows-ix86+x86_64

Version: 1.1-2
Check: R code for possible problems
Result: NOTE
    effectsplot.eff: no visible global function definition for
     ‘gray.colors’
    effectsplot.efflist: no visible global function definition for
     ‘gray.colors’
    effectsplot.effpoly: no visible global function definition for
     ‘gray.colors’
    effectsplot_psychomix: no visible global function definition for
     ‘gray.colors’
    qualitative_hcl : hclcol: no visible global function definition for
     ‘hcl’
    qualitative_hcl: no visible global function definition for ‘hcl’
    raschmix: no visible global function definition for ‘head’
    effectsplot,btmix: no visible global function definition for
     ‘gray.colors’
    effectsplot,raschmix: no visible global function definition for
     ‘gray.colors’
    Undefined global functions or variables:
     gray.colors hcl head
    Consider adding
     importFrom("grDevices", "gray.colors", "hcl")
     importFrom("utils", "head")
    to your NAMESPACE.
Flavors: r-devel-linux-x86_64-fedora-clang, r-devel-linux-x86_64-fedora-gcc