CRAN Package Check Results for Package psychomix

Last updated on 2015-09-05 12:49:34.

Flavor Version Tinstall Tcheck Ttotal Status Flags
r-devel-linux-x86_64-debian-clang 1.1-2 1.83 35.56 37.39 NOTE --no-vignettes
r-devel-linux-x86_64-debian-gcc 1.1-2 1.77 35.15 36.92 NOTE --no-vignettes
r-devel-linux-x86_64-fedora-clang 1.1-2 779.39 NOTE
r-devel-linux-x86_64-fedora-gcc 1.1-2 778.87 NOTE
r-devel-osx-x86_64-clang 1.1-2 512.05 OK
r-devel-windows-ix86+x86_64 1.1-2 8.00 67.00 75.00 NOTE --no-vignettes
r-patched-linux-x86_64 1.1-2 1.92 37.08 39.00 OK --no-vignettes
r-patched-solaris-sparc 1.1-2 471.30 OK --no-vignettes
r-patched-solaris-x86 1.1-2 910.70 OK
r-release-linux-x86_64 1.1-2 1.86 37.54 39.40 OK --no-vignettes
r-release-osx-x86_64-mavericks 1.1-2 OK
r-release-windows-ix86+x86_64 1.1-2 8.00 67.00 75.00 OK --no-vignettes
r-oldrel-windows-ix86+x86_64 1.1-2 13.00 78.00 91.00 OK --no-vignettes

Check Details

Version: 1.1-2
Flags: --no-vignettes
Check: R code for possible problems
Result: NOTE
    effectsplot.eff: no visible global function definition for
     ‘gray.colors’
    effectsplot.efflist: no visible global function definition for
     ‘gray.colors’
    effectsplot.effpoly: no visible global function definition for
     ‘gray.colors’
    effectsplot_psychomix: no visible global function definition for
     ‘gray.colors’
    qualitative_hcl : hclcol: no visible global function definition for
     ‘hcl’
    qualitative_hcl: no visible global function definition for ‘hcl’
    raschmix: no visible global function definition for ‘head’
    effectsplot,btmix: no visible global function definition for
     ‘gray.colors’
    effectsplot,raschmix: no visible global function definition for
     ‘gray.colors’
    Undefined global functions or variables:
     gray.colors hcl head
    Consider adding
     importFrom("grDevices", "gray.colors", "hcl")
     importFrom("utils", "head")
    to your NAMESPACE.
Flavors: r-devel-linux-x86_64-debian-clang, r-devel-linux-x86_64-debian-gcc, r-devel-windows-ix86+x86_64

Version: 1.1-2
Check: R code for possible problems
Result: NOTE
    effectsplot.eff: no visible global function definition for
     ‘gray.colors’
    effectsplot.efflist: no visible global function definition for
     ‘gray.colors’
    effectsplot.effpoly: no visible global function definition for
     ‘gray.colors’
    effectsplot_psychomix: no visible global function definition for
     ‘gray.colors’
    qualitative_hcl : hclcol: no visible global function definition for
     ‘hcl’
    qualitative_hcl: no visible global function definition for ‘hcl’
    raschmix: no visible global function definition for ‘head’
    effectsplot,btmix: no visible global function definition for
     ‘gray.colors’
    effectsplot,raschmix: no visible global function definition for
     ‘gray.colors’
    Undefined global functions or variables:
     gray.colors hcl head
    Consider adding
     importFrom("grDevices", "gray.colors", "hcl")
     importFrom("utils", "head")
    to your NAMESPACE.
Flavors: r-devel-linux-x86_64-fedora-clang, r-devel-linux-x86_64-fedora-gcc