CRAN Package Check Results for Package psychotools

Last updated on 2016-06-25 06:47:26.

Flavor Version Tinstall Tcheck Ttotal Status Flags
r-devel-linux-x86_64-debian-gcc 0.4-0 1.58 37.29 38.88 NOTE
r-devel-linux-x86_64-fedora-clang 0.4-0 72.36 NOTE
r-devel-linux-x86_64-fedora-gcc 0.4-0 63.87 NOTE
r-devel-osx-x86_64-clang 0.4-0 59.89 NOTE
r-devel-windows-ix86+x86_64 0.4-0 13.00 108.00 121.00 NOTE
r-patched-linux-x86_64 0.4-0 1.65 37.16 38.81 NOTE
r-patched-solaris-x86 0.4-0 84.90 NOTE
r-release-linux-x86_64 0.4-0 1.50 37.54 39.05 NOTE
r-release-osx-x86_64-mavericks 0.4-0 NOTE
r-release-windows-ix86+x86_64 0.4-0 11.00 81.00 92.00 NOTE
r-oldrel-windows-ix86+x86_64 0.4-0 15.00 105.00 120.00 OK

Check Details

Version: 0.4-0
Check: R code for possible problems
Result: NOTE
    curveplot: no visible global function definition for ‘extendrange’
    format.paircomp: no visible global function definition for ‘tail’
    hclrainbow: no visible global function definition for ‘hcl’
    infoplot: no visible global function definition for ‘extendrange’
    mptspec: no visible global function definition for ‘getParseData’
    mptspec : <anonymous>: no visible global function definition for
     ‘getParseData’
    mscale<-.paircomp: no visible global function definition for ‘head’
    mscale<-.paircomp: no visible global function definition for ‘tail’
    paircomp: no visible global function definition for ‘head’
    paircomp: no visible global function definition for ‘tail’
    pcmodel: no visible global function definition for ‘tail’
    plot.paircomp : <anonymous>: no visible global function definition for
     ‘hcl’
    profileplot: no visible global function definition for ‘extendrange’
    raschmodel: no visible global function definition for ‘tail’
    regionplot : <anonymous>: no visible global function definition for
     ‘gray.colors’
    regionplot: no visible global function definition for ‘extendrange’
    rsmodel: no visible global function definition for ‘tail’
    summary.paircomp: no visible global function definition for ‘tail’
    Undefined global functions or variables:
     extendrange getParseData gray.colors hcl head tail
    Consider adding
     importFrom("grDevices", "extendrange", "gray.colors", "hcl")
     importFrom("utils", "getParseData", "head", "tail")
    to your NAMESPACE file.
Flavors: r-devel-linux-x86_64-debian-gcc, r-devel-linux-x86_64-fedora-clang, r-devel-linux-x86_64-fedora-gcc, r-devel-osx-x86_64-clang, r-devel-windows-ix86+x86_64, r-patched-linux-x86_64, r-patched-solaris-sparc, r-patched-solaris-x86, r-release-linux-x86_64, r-release-osx-x86_64-mavericks, r-release-windows-ix86+x86_64