CRAN Package Check Results for Package psychotools

Last updated on 2017-11-24 18:50:44 CET.

Flavor Version Tinstall Tcheck Ttotal Status Flags
r-devel-linux-x86_64-debian-clang 0.4-2 2.21 99.28 101.49 NOTE
r-devel-linux-x86_64-debian-gcc 0.4-2 1.88 91.47 93.35 NOTE
r-devel-linux-x86_64-fedora-clang 0.4-2 77.93 NOTE
r-devel-linux-x86_64-fedora-gcc 0.4-2 76.48 NOTE
r-devel-windows-ix86+x86_64 0.4-2 7.00 127.00 134.00 OK
r-patched-linux-x86_64 0.4-2 2.13 107.89 110.02 NOTE
r-patched-solaris-x86 0.4-2 97.10 OK
r-release-linux-x86_64 0.4-2 2.44 101.01 103.45 NOTE
r-release-windows-ix86+x86_64 0.4-2 8.00 137.00 145.00 OK
r-release-osx-x86_64 0.4-2 OK
r-oldrel-windows-ix86+x86_64 0.4-2 9.00 117.00 126.00 OK
r-oldrel-osx-x86_64 0.4-2 OK

Check Details

Version: 0.4-2
Check: compiled code
Result: NOTE
    File ‘psychotools/libs/psychotools.so’:
     Found no calls to: ‘R_registerRoutines’, ‘R_useDynamicSymbols’
    
    It is good practice to register native routines and to disable symbol
    search.
    
    See ‘Writing portable packages’ in the ‘Writing R Extensions’ manual.
Flavors: r-devel-linux-x86_64-debian-clang, r-devel-linux-x86_64-debian-gcc, r-devel-linux-x86_64-fedora-clang, r-devel-linux-x86_64-fedora-gcc, r-patched-linux-x86_64, r-release-linux-x86_64