CRAN Package Check Results for Package psychotools

Last updated on 2016-02-10 21:47:27.

Flavor Version Tinstall Tcheck Ttotal Status Flags
r-devel-linux-x86_64-debian-gcc 0.4-0 1.48 32.97 34.45 NOTE
r-devel-linux-x86_64-fedora-clang 0.4-0 64.56 NOTE
r-devel-linux-x86_64-fedora-gcc 0.4-0 62.49 NOTE
r-devel-osx-x86_64-clang 0.4-0 74.56 NOTE
r-devel-windows-ix86+x86_64 0.4-0 10.00 91.00 101.00 NOTE
r-patched-linux-x86_64 0.4-0 1.70 35.49 37.18 OK
r-patched-solaris-sparc 0.4-0 416.80 OK
r-patched-solaris-x86 0.4-0 78.90 OK
r-release-linux-x86_64 0.4-0 1.86 33.84 35.70 OK
r-release-osx-x86_64-mavericks 0.4-0 OK
r-release-windows-ix86+x86_64 0.4-0 11.00 103.00 114.00 OK
r-oldrel-windows-ix86+x86_64 0.4-0 12.00 85.00 97.00 OK

Check Details

Version: 0.4-0
Check: R code for possible problems
Result: NOTE
    curveplot: no visible global function definition for ‘extendrange’
    format.paircomp: no visible global function definition for ‘tail’
    hclrainbow: no visible global function definition for ‘hcl’
    infoplot: no visible global function definition for ‘extendrange’
    mptspec: no visible global function definition for ‘getParseData’
    mptspec : <anonymous>: no visible global function definition for
     ‘getParseData’
    mscale<-.paircomp: no visible global function definition for ‘head’
    mscale<-.paircomp: no visible global function definition for ‘tail’
    paircomp: no visible global function definition for ‘head’
    paircomp: no visible global function definition for ‘tail’
    pcmodel: no visible global function definition for ‘tail’
    plot.paircomp : <anonymous>: no visible global function definition for
     ‘hcl’
    profileplot: no visible global function definition for ‘extendrange’
    raschmodel: no visible global function definition for ‘tail’
    regionplot : <anonymous>: no visible global function definition for
     ‘gray.colors’
    regionplot: no visible global function definition for ‘extendrange’
    rsmodel: no visible global function definition for ‘tail’
    summary.paircomp: no visible global function definition for ‘tail’
    Undefined global functions or variables:
     extendrange getParseData gray.colors hcl head tail
    Consider adding
     importFrom("grDevices", "extendrange", "gray.colors", "hcl")
     importFrom("utils", "getParseData", "head", "tail")
    to your NAMESPACE file.
Flavors: r-devel-linux-x86_64-debian-gcc, r-devel-linux-x86_64-fedora-clang, r-devel-linux-x86_64-fedora-gcc, r-devel-osx-x86_64-clang, r-devel-windows-ix86+x86_64