CRAN Package Check Results for Package psychotools

Last updated on 2016-05-28 11:49:23.

Flavor Version Tinstall Tcheck Ttotal Status Flags
r-devel-linux-x86_64-debian-gcc 0.4-0 1.60 37.09 38.69 NOTE
r-devel-linux-x86_64-fedora-clang 0.4-0 68.81 NOTE
r-devel-linux-x86_64-fedora-gcc 0.4-0 65.55 NOTE
r-devel-osx-x86_64-clang 0.4-0 78.64 NOTE
r-devel-windows-ix86+x86_64 0.4-0 6.00 85.00 91.00 NOTE
r-patched-linux-x86_64 0.4-0 1.60 36.36 37.96 NOTE
r-patched-solaris-sparc 0.4-0 437.70 NOTE
r-patched-solaris-x86 0.4-0 83.90 NOTE
r-release-linux-x86_64 0.4-0 1.55 35.76 37.31 NOTE
r-release-osx-x86_64-mavericks 0.4-0 NOTE
r-release-windows-ix86+x86_64 0.4-0 14.00 106.00 120.00 NOTE
r-oldrel-windows-ix86+x86_64 0.4-0 7.00 82.00 89.00 OK

Check Details

Version: 0.4-0
Check: R code for possible problems
Result: NOTE
    curveplot: no visible global function definition for ‘extendrange’
    format.paircomp: no visible global function definition for ‘tail’
    hclrainbow: no visible global function definition for ‘hcl’
    infoplot: no visible global function definition for ‘extendrange’
    mptspec: no visible global function definition for ‘getParseData’
    mptspec : <anonymous>: no visible global function definition for
     ‘getParseData’
    mscale<-.paircomp: no visible global function definition for ‘head’
    mscale<-.paircomp: no visible global function definition for ‘tail’
    paircomp: no visible global function definition for ‘head’
    paircomp: no visible global function definition for ‘tail’
    pcmodel: no visible global function definition for ‘tail’
    plot.paircomp : <anonymous>: no visible global function definition for
     ‘hcl’
    profileplot: no visible global function definition for ‘extendrange’
    raschmodel: no visible global function definition for ‘tail’
    regionplot : <anonymous>: no visible global function definition for
     ‘gray.colors’
    regionplot: no visible global function definition for ‘extendrange’
    rsmodel: no visible global function definition for ‘tail’
    summary.paircomp: no visible global function definition for ‘tail’
    Undefined global functions or variables:
     extendrange getParseData gray.colors hcl head tail
    Consider adding
     importFrom("grDevices", "extendrange", "gray.colors", "hcl")
     importFrom("utils", "getParseData", "head", "tail")
    to your NAMESPACE file.
Flavors: r-devel-linux-x86_64-debian-gcc, r-devel-linux-x86_64-fedora-clang, r-devel-linux-x86_64-fedora-gcc, r-devel-osx-x86_64-clang, r-devel-windows-ix86+x86_64, r-patched-linux-x86_64, r-patched-solaris-sparc, r-patched-solaris-x86, r-release-linux-x86_64, r-release-osx-x86_64-mavericks, r-release-windows-ix86+x86_64