CRAN Package Check Results for Package psychotools

Last updated on 2015-05-24 03:48:10.

Flavor Version Tinstall Tcheck Ttotal Status Flags
r-devel-linux-x86_64-debian-clang 0.4-0 1.66 34.41 36.07 OK
r-devel-linux-x86_64-debian-gcc 0.4-0 1.48 35.39 36.87 OK
r-devel-linux-x86_64-fedora-clang 0.4-0 69.65 OK
r-devel-linux-x86_64-fedora-gcc 0.4-0 64.92 OK
r-devel-osx-x86_64-clang 0.4-0 62.86 OK
r-devel-windows-ix86+x86_64 0.4-0 7.00 64.00 71.00 OK
r-patched-linux-x86_64 0.4-0 1.64 33.52 35.16 OK
r-patched-solaris-sparc 0.4-0 419.20 OK
r-patched-solaris-x86 0.4-0 84.90 OK
r-release-linux-x86_64 0.4-0 1.57 35.46 37.04 OK
r-release-osx-x86_64-mavericks 0.4-0 OK
r-release-osx-x86_64-snowleopard 0.4-0 ERROR
r-release-windows-ix86+x86_64 0.4-0 10.00 68.00 78.00 OK
r-oldrel-windows-ix86+x86_64 0.4-0 8.00 68.00 76.00 OK

Check Details

Version: 0.4-0
Check: package dependencies
Result: NOTE
    Packages suggested but not available for checking: ‘multcomp’ ‘likert’
Flavor: r-release-osx-x86_64-snowleopard

Version: 0.4-0
Check: Rd cross-references
Result: NOTE
    Package unavailable to check Rd xrefs: ‘multcomp’
Flavor: r-release-osx-x86_64-snowleopard

Version: 0.4-0
Check: examples
Result: ERROR
    Running examples in ‘psychotools-Ex.R’ failed
    The error most likely occurred in:
    
    > ### Name: anchor
    > ### Title: Anchor Methods for the Detection of Uniform DIF the Rasch Model
    > ### Aliases: anchor anchor.default anchor.formula print.anchor
    > ### print.summary.anchor summary.anchor
    > ### Keywords: regression
    >
    > ### ** Examples
    >
    > ## Verbal aggression data
    > data("VerbalAggression", package = "psychotools")
    >
    > ## Rasch model for the self-to-blame situations; gender DIF test
    > raschmodels <- with(VerbalAggression, lapply(levels(gender), function(i)
    + raschmodel(resp2[gender == i, 1:12])))
    >
    > ## four anchor items from constant anchor class using MPT-selection
    > canchor <- anchor(object = raschmodels[[1]], object2 = raschmodels[[2]],
    + class = "constant", select = "MPT", length = 4)
    Loading required namespace: multcomp
    Failed with error: ‘there is no package called ‘multcomp’’
    Error: requireNamespace("multcomp") is not TRUE
    Execution halted
Flavor: r-release-osx-x86_64-snowleopard