CRAN Package Check Results for Package psychotools

Last updated on 2017-05-29 16:48:35.

Flavor Version Tinstall Tcheck Ttotal Status Flags
r-devel-linux-x86_64-debian-clang 0.4-2 1.92 45.12 47.04 NOTE
r-devel-linux-x86_64-debian-gcc 0.4-2 1.62 43.83 45.45 NOTE
r-devel-linux-x86_64-fedora-clang 0.4-2 83.15 NOTE
r-devel-linux-x86_64-fedora-gcc 0.4-2 81.23 NOTE
r-devel-windows-ix86+x86_64 0.4-2 7.00 121.00 128.00 OK
r-patched-linux-x86_64 0.4-2 1.88 43.46 45.33 NOTE
r-patched-solaris-sparc 0.4-2 502.40 OK
r-patched-solaris-x86 0.4-2 95.90 OK
r-release-linux-x86_64 0.4-2 1.66 43.70 45.36 NOTE
r-release-windows-ix86+x86_64 0.4-2 12.00 129.00 141.00 OK
r-release-osx-x86_64 0.4-2 OK
r-oldrel-windows-ix86+x86_64 0.4-2 8.00 75.00 83.00 OK
r-oldrel-osx-x86_64 0.4-2 OK

Check Details

Version: 0.4-2
Check: compiled code
Result: NOTE
    File ‘psychotools/libs/psychotools.so’:
     Found no calls to: ‘R_registerRoutines’, ‘R_useDynamicSymbols’
    
    It is good practice to register native routines and to disable symbol
    search.
    
    See ‘Writing portable packages’ in the ‘Writing R Extensions’ manual.
Flavors: r-devel-linux-x86_64-debian-clang, r-devel-linux-x86_64-debian-gcc, r-devel-linux-x86_64-fedora-clang, r-devel-linux-x86_64-fedora-gcc, r-patched-linux-x86_64, r-release-linux-x86_64