CRAN Package Check Results for Package psychotools

Last updated on 2017-03-28 06:48:08.

Flavor Version Tinstall Tcheck Ttotal Status Flags
r-devel-linux-x86_64-debian-clang 0.4-2 1.79 42.81 44.61 NOTE
r-devel-linux-x86_64-debian-gcc 0.4-2 1.64 42.11 43.74 NOTE
r-devel-linux-x86_64-fedora-clang 0.4-2 84.89 NOTE --no-stop-on-test-error
r-devel-linux-x86_64-fedora-gcc 0.4-2 79.00 NOTE --no-stop-on-test-error
r-devel-macos-x86_64-clang 0.4-2 64.88 NOTE --no-stop-on-test-error
r-devel-windows-ix86+x86_64 0.4-2 7.00 127.00 134.00 OK
r-patched-linux-x86_64 0.4-2 1.58 41.95 43.53 NOTE
r-patched-solaris-sparc 0.4-2 502.40 OK
r-patched-solaris-x86 0.4-2 94.90 OK
r-release-linux-x86_64 0.4-2 1.46 37.02 38.48 OK
r-release-osx-x86_64-mavericks 0.4-2 OK
r-release-windows-ix86+x86_64 0.4-2 11.00 82.00 93.00 OK
r-oldrel-windows-ix86+x86_64 0.4-2 13.00 85.00 98.00 OK

Check Details

Version: 0.4-2
Check: compiled code
Result: NOTE
    File ‘psychotools/libs/psychotools.so’:
     Found no calls to: ‘R_registerRoutines’, ‘R_useDynamicSymbols’
    
    It is good practice to register native routines and to disable symbol
    search.
    
    See ‘Writing portable packages’ in the ‘Writing R Extensions’ manual.
Flavors: r-devel-linux-x86_64-debian-clang, r-devel-linux-x86_64-debian-gcc, r-patched-linux-x86_64

Version: 0.4-2
Flags: --no-stop-on-test-error
Check: compiled code
Result: NOTE
    File ‘psychotools/libs/psychotools.so’:
     Found no calls to: ‘R_registerRoutines’, ‘R_useDynamicSymbols’
    
    It is good practice to register native routines and to disable symbol
    search.
    
    See ‘Writing portable packages’ in the ‘Writing R Extensions’ manual.
Flavors: r-devel-linux-x86_64-fedora-clang, r-devel-linux-x86_64-fedora-gcc, r-devel-macos-x86_64-clang