CRAN Package Check Results for Package psychotools

Last updated on 2017-07-21 23:49:54.

Flavor Version Tinstall Tcheck Ttotal Status Flags
r-devel-linux-x86_64-debian-clang 0.4-2 1.85 53.16 55.01 NOTE
r-devel-linux-x86_64-debian-gcc 0.4-2 1.69 51.89 53.58 NOTE
r-devel-linux-x86_64-fedora-clang 0.4-2 85.38 NOTE
r-devel-linux-x86_64-fedora-gcc 0.4-2 80.29 NOTE
r-devel-windows-ix86+x86_64 0.4-2 13.00 120.00 133.00 OK
r-patched-linux-x86_64 0.4-2 1.64 52.76 54.40 NOTE
r-patched-solaris-x86 0.4-2 95.10 OK
r-release-linux-x86_64 0.4-2 1.64 52.75 54.39 NOTE
r-release-windows-ix86+x86_64 0.4-2 9.00 121.00 130.00 OK
r-release-osx-x86_64 0.4-2 OK
r-oldrel-windows-ix86+x86_64 0.4-2 6.00 104.00 110.00 OK
r-oldrel-osx-x86_64 0.4-2 OK

Check Details

Version: 0.4-2
Check: compiled code
Result: NOTE
    File ‘psychotools/libs/psychotools.so’:
     Found no calls to: ‘R_registerRoutines’, ‘R_useDynamicSymbols’
    
    It is good practice to register native routines and to disable symbol
    search.
    
    See ‘Writing portable packages’ in the ‘Writing R Extensions’ manual.
Flavors: r-devel-linux-x86_64-debian-clang, r-devel-linux-x86_64-debian-gcc, r-devel-linux-x86_64-fedora-clang, r-devel-linux-x86_64-fedora-gcc, r-patched-linux-x86_64, r-release-linux-x86_64