CRAN Package Check Results for Package psychotools

Last updated on 2015-07-01 03:47:42.

Flavor Version Tinstall Tcheck Ttotal Status Flags
r-devel-linux-x86_64-debian-clang 0.4-0 1.46 33.34 34.81 NOTE
r-devel-linux-x86_64-debian-gcc 0.4-0 1.44 32.70 34.14 NOTE
r-devel-linux-x86_64-fedora-clang 0.4-0 68.62 NOTE
r-devel-linux-x86_64-fedora-gcc 0.4-0 63.06 NOTE
r-devel-osx-x86_64-clang 0.4-0 65.10 OK
r-devel-windows-ix86+x86_64 0.4-0 12.00 66.00 78.00 NOTE
r-patched-linux-x86_64 0.4-0 1.52 33.30 34.82 OK
r-patched-solaris-sparc 0.4-0 419.20 OK
r-patched-solaris-x86 0.4-0 87.70 OK
r-release-linux-x86_64 0.4-0 1.56 33.46 35.03 OK
r-release-osx-x86_64-mavericks 0.4-0 OK
r-release-windows-ix86+x86_64 0.4-0 11.00 62.00 73.00 OK
r-oldrel-windows-ix86+x86_64 0.4-0 11.00 73.00 84.00 OK

Check Details

Version: 0.4-0
Check: R code for possible problems
Result: NOTE
    curveplot: no visible global function definition for ‘extendrange’
    format.paircomp: no visible global function definition for ‘tail’
    hclrainbow: no visible global function definition for ‘hcl’
    infoplot: no visible global function definition for ‘extendrange’
    mptspec: no visible global function definition for ‘getParseData’
    mptspec : <anonymous>: no visible global function definition for
     ‘getParseData’
    mscale<-.paircomp: no visible global function definition for ‘head’
    mscale<-.paircomp: no visible global function definition for ‘tail’
    paircomp: no visible global function definition for ‘head’
    paircomp: no visible global function definition for ‘tail’
    pcmodel: no visible global function definition for ‘tail’
    plot.paircomp : <anonymous>: no visible global function definition for
     ‘hcl’
    profileplot: no visible global function definition for ‘extendrange’
    raschmodel: no visible global function definition for ‘tail’
    regionplot : <anonymous>: no visible global function definition for
     ‘gray.colors’
    regionplot: no visible global function definition for ‘extendrange’
    rsmodel: no visible global function definition for ‘tail’
    summary.paircomp: no visible global function definition for ‘tail’
Flavors: r-devel-linux-x86_64-debian-clang, r-devel-linux-x86_64-debian-gcc, r-devel-linux-x86_64-fedora-clang, r-devel-linux-x86_64-fedora-gcc, r-devel-windows-ix86+x86_64