CRAN Package Check Results for Package psychotools

Last updated on 2015-08-29 06:47:50.

Flavor Version Tinstall Tcheck Ttotal Status Flags
r-devel-linux-x86_64-debian-clang 0.4-0 1.48 34.12 35.60 NOTE
r-devel-linux-x86_64-debian-gcc 0.4-0 1.52 32.70 34.22 NOTE
r-devel-linux-x86_64-fedora-clang 0.4-0 66.47 NOTE
r-devel-linux-x86_64-fedora-gcc 0.4-0 63.63 NOTE
r-devel-osx-x86_64-clang 0.4-0 59.45 OK
r-devel-windows-ix86+x86_64 0.4-0 13.00 67.00 80.00 NOTE
r-patched-linux-x86_64 0.4-0 1.51 34.09 35.60 OK
r-patched-solaris-sparc 0.4-0 445.10 OK
r-patched-solaris-x86 0.4-0 87.00 OK
r-release-linux-x86_64 0.4-0 1.57 33.92 35.49 OK
r-release-osx-x86_64-mavericks 0.4-0 OK
r-release-windows-ix86+x86_64 0.4-0 11.00 72.00 83.00 OK
r-oldrel-windows-ix86+x86_64 0.4-0 12.00 78.00 90.00 OK

Check Details

Version: 0.4-0
Check: R code for possible problems
Result: NOTE
    curveplot: no visible global function definition for ‘extendrange’
    format.paircomp: no visible global function definition for ‘tail’
    hclrainbow: no visible global function definition for ‘hcl’
    infoplot: no visible global function definition for ‘extendrange’
    mptspec: no visible global function definition for ‘getParseData’
    mptspec : <anonymous>: no visible global function definition for
     ‘getParseData’
    mscale<-.paircomp: no visible global function definition for ‘head’
    mscale<-.paircomp: no visible global function definition for ‘tail’
    paircomp: no visible global function definition for ‘head’
    paircomp: no visible global function definition for ‘tail’
    pcmodel: no visible global function definition for ‘tail’
    plot.paircomp : <anonymous>: no visible global function definition for
     ‘hcl’
    profileplot: no visible global function definition for ‘extendrange’
    raschmodel: no visible global function definition for ‘tail’
    regionplot : <anonymous>: no visible global function definition for
     ‘gray.colors’
    regionplot: no visible global function definition for ‘extendrange’
    rsmodel: no visible global function definition for ‘tail’
    summary.paircomp: no visible global function definition for ‘tail’
    Undefined global functions or variables:
     extendrange getParseData gray.colors hcl head tail
    Consider adding
     importFrom("grDevices", "extendrange", "gray.colors", "hcl")
     importFrom("utils", "getParseData", "head", "tail")
    to your NAMESPACE.
Flavors: r-devel-linux-x86_64-debian-clang, r-devel-linux-x86_64-debian-gcc, r-devel-linux-x86_64-fedora-clang, r-devel-linux-x86_64-fedora-gcc, r-devel-windows-ix86+x86_64