CRAN Package Check Results for Package psychotools

Last updated on 2017-02-26 19:54:03.

Flavor Version Tinstall Tcheck Ttotal Status Flags
r-devel-linux-x86_64-debian-clang 0.4-2 1.82 44.63 46.45 NOTE
r-devel-linux-x86_64-debian-gcc 0.4-2 1.71 42.44 44.15 NOTE
r-devel-linux-x86_64-fedora-clang 0.4-2 86.73 NOTE --no-stop-on-test-error
r-devel-linux-x86_64-fedora-gcc 0.4-2 80.42 NOTE --no-stop-on-test-error
r-devel-macos-x86_64-clang 0.4-2 66.16 NOTE --no-stop-on-test-error
r-devel-windows-ix86+x86_64 0.4-2 8.00 153.00 161.00 OK
r-patched-linux-x86_64 0.4-2 1.49 37.47 38.96 OK
r-patched-solaris-sparc 0.4-2 435.90 OK
r-patched-solaris-x86 0.4-2 83.00 OK
r-release-linux-x86_64 0.4-2 1.54 36.54 38.08 OK
r-release-osx-x86_64-mavericks 0.4-2 OK
r-release-windows-ix86+x86_64 0.4-2 12.00 111.00 123.00 OK
r-oldrel-windows-ix86+x86_64 0.4-2 14.00 115.00 129.00 OK

Check Details

Version: 0.4-2
Check: compiled code
Result: NOTE
    File ‘psychotools/libs/psychotools.so’:
     Found no calls to: ‘R_registerRoutines’, ‘R_useDynamicSymbols’
    
    It is good practice to register native routines and to disable symbol
    search.
    
    See ‘Writing portable packages’ in the ‘Writing R Extensions’ manual.
Flavors: r-devel-linux-x86_64-debian-clang, r-devel-linux-x86_64-debian-gcc

Version: 0.4-2
Flags: --no-stop-on-test-error
Check: compiled code
Result: NOTE
    File ‘psychotools/libs/psychotools.so’:
     Found no calls to: ‘R_registerRoutines’, ‘R_useDynamicSymbols’
    
    It is good practice to register native routines and to disable symbol
    search.
    
    See ‘Writing portable packages’ in the ‘Writing R Extensions’ manual.
Flavors: r-devel-linux-x86_64-fedora-clang, r-devel-linux-x86_64-fedora-gcc, r-devel-macos-x86_64-clang