CRAN Package Check Results for Package psychotree

Last updated on 2014-07-22 15:51:55.

Flavor Version Tinstall Tcheck Ttotal Status Flags
r-devel-linux-x86_64-debian-clang 0.13-0 2.14 72.45 74.59 OK
r-devel-linux-x86_64-debian-gcc 0.13-0 2.01 69.66 71.66 OK
r-devel-linux-x86_64-fedora-clang 0.13-0 163.99 OK
r-devel-linux-x86_64-fedora-gcc 0.13-0 155.26 OK
r-devel-osx-x86_64-clang 0.13-0 134.84 OK
r-devel-windows-ix86+x86_64 0.13-0 7.00 106.00 113.00 OK
r-patched-linux-x86_64 0.13-0 2.13 70.08 72.21 OK
r-patched-solaris-sparc 0.13-0 964.60 OK
r-patched-solaris-x86 0.13-0 191.10 OK
r-release-linux-ix86 0.13-0 2.70 101.67 104.37 OK
r-release-linux-x86_64 0.13-0 2.09 70.70 72.79 OK
r-release-osx-x86_64-mavericks 0.13-0 NOTE
r-release-osx-x86_64-snowleopard 0.13-0 OK
r-release-windows-ix86+x86_64 0.13-0 8.00 114.00 122.00 OK
r-oldrel-windows-ix86+x86_64 0.13-0 8.00 126.00 134.00 OK

Check Details

Version: 0.13-0
Check: re-building of vignette outputs
Result: NOTE
    Error in re-building vignettes:
     ...
    Loading required package: zoo
    
    Attaching package: ‘zoo’
    
    The following objects are masked from ‘package:base’:
    
     as.Date, as.Date.numeric
    
    Loading required package: sandwich
    Loading required package: strucchange
    Loading required package: modeltools
    Loading required package: stats4
    Loading required package: psychotools
    Error in texi2dvi(file = file, pdf = TRUE, clean = clean, quiet = quiet, :
     Running 'texi2dvi' on 'raschtree.tex' failed.
    LaTeX errors:
    ! LaTeX Error: File `paralist.sty' not found.
    
    Type X to quit or <RETURN> to proceed,
    or enter new name. (Default extension: sty)
    
    ign_test/psychotree/vignettes/raschtree.tex:16: ==> Fatal error occurred, no o
    utput PDF file produced!
    Calls: buildVignettes -> texi2pdf -> texi2dvi
    Execution halted
Flavor: r-release-osx-x86_64-mavericks