CRAN Package Check Results for Package psychotree

Last updated on 2015-07-03 23:47:46.

Flavor Version Tinstall Tcheck Ttotal Status Flags
r-devel-linux-x86_64-debian-clang 0.15-0 0.94 33.14 34.08 NOTE
r-devel-linux-x86_64-debian-gcc 0.15-0 0.85 32.16 33.01 NOTE
r-devel-linux-x86_64-fedora-clang 0.15-0 68.65 NOTE
r-devel-linux-x86_64-fedora-gcc 0.15-0 65.50 NOTE
r-devel-osx-x86_64-clang 0.15-0 63.44 OK
r-devel-windows-ix86+x86_64 0.15-0 7.00 59.00 66.00 NOTE
r-patched-linux-x86_64 0.15-0 0.88 31.82 32.70 OK
r-patched-solaris-sparc 0.15-0 416.90 OK
r-patched-solaris-x86 0.15-0 90.70 OK
r-release-linux-x86_64 0.15-0 0.88 33.09 33.96 OK
r-release-osx-x86_64-mavericks 0.15-0 OK
r-release-windows-ix86+x86_64 0.15-0 7.00 53.00 60.00 OK
r-oldrel-windows-ix86+x86_64 0.15-0 6.00 64.00 70.00 OK

Check Details

Version: 0.15-0
Check: R code for possible problems
Result: NOTE
    node_regionplot: no visible binding for global variable ‘gray.colors’
    node_regionplot: no visible global function definition for
     ‘extendrange’
    Undefined global functions or variables:
     extendrange gray.colors
Flavors: r-devel-linux-x86_64-debian-clang, r-devel-linux-x86_64-debian-gcc, r-devel-linux-x86_64-fedora-clang, r-devel-linux-x86_64-fedora-gcc, r-devel-windows-ix86+x86_64