CRAN Package Check Results for Package psychotree

Last updated on 2016-06-27 10:48:03.

Flavor Version Tinstall Tcheck Ttotal Status Flags
r-devel-linux-x86_64-debian-gcc 0.15-0 2.88 51.14 54.02 NOTE
r-devel-linux-x86_64-fedora-clang 0.15-0 114.17 NOTE
r-devel-linux-x86_64-fedora-gcc 0.15-0 101.05 NOTE
r-devel-osx-x86_64-clang 0.15-0 86.07 NOTE
r-devel-windows-ix86+x86_64 0.15-0 7.00 93.00 100.00 NOTE
r-patched-linux-x86_64 0.15-0 2.64 53.34 55.98 NOTE
r-patched-solaris-sparc 0.15-0 670.60 NOTE
r-patched-solaris-x86 0.15-0 141.70 NOTE
r-release-linux-x86_64 0.15-0 3.10 53.24 56.34 NOTE
r-release-osx-x86_64-mavericks 0.15-0 NOTE
r-release-windows-ix86+x86_64 0.15-0 8.00 94.00 102.00 NOTE
r-oldrel-windows-ix86+x86_64 0.15-0 12.00 102.00 114.00 OK

Check Details

Version: 0.15-0
Check: R code for possible problems
Result: NOTE
    node_regionplot: no visible binding for global variable ‘gray.colors’
    node_regionplot: no visible global function definition for
     ‘extendrange’
    Undefined global functions or variables:
     extendrange gray.colors
    Consider adding
     importFrom("grDevices", "extendrange", "gray.colors")
    to your NAMESPACE file.
Flavors: r-devel-linux-x86_64-debian-gcc, r-devel-linux-x86_64-fedora-clang, r-devel-linux-x86_64-fedora-gcc, r-devel-osx-x86_64-clang, r-devel-windows-ix86+x86_64, r-patched-linux-x86_64, r-patched-solaris-sparc, r-patched-solaris-x86, r-release-linux-x86_64, r-release-osx-x86_64-mavericks, r-release-windows-ix86+x86_64