CRAN Package Check Results for Package psychotree

Last updated on 2014-08-23 08:51:40.

Flavor Version Tinstall Tcheck Ttotal Status Flags
r-devel-linux-x86_64-debian-clang 0.13-0 2.15 70.92 73.07 NOTE
r-devel-linux-x86_64-debian-gcc 0.13-0 2.00 68.21 70.21 NOTE
r-devel-linux-x86_64-fedora-clang 0.13-0 159.58 NOTE
r-devel-linux-x86_64-fedora-gcc 0.13-0 151.69 NOTE
r-devel-osx-x86_64-clang 0.13-0 128.54 NOTE
r-devel-windows-ix86+x86_64 0.13-0 7.00 114.00 121.00 OK
r-patched-linux-x86_64 0.13-0 2.05 70.41 72.46 OK
r-patched-solaris-sparc 0.13-0 983.20 OK
r-patched-solaris-x86 0.13-0 189.80 OK
r-release-linux-ix86 0.13-0 2.88 105.98 108.86 OK
r-release-linux-x86_64 0.13-0 2.10 70.50 72.60 OK
r-release-osx-x86_64-mavericks 0.13-0 NOTE
r-release-osx-x86_64-snowleopard 0.13-0 OK
r-release-windows-ix86+x86_64 0.13-0 7.00 122.00 129.00 OK
r-oldrel-windows-ix86+x86_64 0.13-0 9.00 131.00 140.00 OK

Check Details

Version: 0.13-0
Check: R code for possible problems
Result: NOTE
    node_btplot : rval: no visible global function definition for
     ‘viewport’
    node_btplot : rval: no visible global function definition for
     ‘grid.layout’
    node_btplot : rval: no visible global function definition for ‘unit’
    node_btplot : rval: no visible global function definition for
     ‘pushViewport’
    node_btplot : rval: no visible global function definition for
     ‘grid.rect’
    node_btplot : rval: no visible global function definition for ‘gpar’
    node_btplot : rval: no visible global function definition for
     ‘grid.text’
    node_btplot : rval: no visible global function definition for
     ‘popViewport’
    node_btplot : rval: no visible global function definition for
     ‘grid.lines’
    node_btplot : rval: no visible global function definition for
     ‘grid.points’
    node_btplot : rval: no visible global function definition for
     ‘grid.xaxis’
    node_btplot : rval: no visible global function definition for
     ‘grid.yaxis’
    node_btplot : rval: no visible global function definition for
     ‘upViewport’
    node_ccc : panelfun: no visible global function definition for
     ‘viewport’
    node_ccc : panelfun: no visible global function definition for
     ‘grid.layout’
    node_ccc : panelfun: no visible global function definition for ‘unit’
    node_ccc : panelfun: no visible global function definition for
     ‘pushViewport’
    node_ccc : panelfun: no visible global function definition for
     ‘grid.rect’
    node_ccc : panelfun: no visible global function definition for ‘gpar’
    node_ccc : panelfun: no visible global function definition for
     ‘grid.text’
    node_ccc : panelfun: no visible global function definition for
     ‘upViewport’
    node_ccc : panelfun: no visible global function definition for
     ‘grid.lines’
    node_ccc : panelfun: no visible global function definition for
     ‘grid.polyline’
    node_ccc : panelfun: no visible global function definition for
     ‘grid.xaxis’
    node_ccc : panelfun: no visible global function definition for
     ‘grid.yaxis’
    node_effects : panelfun: no visible global function definition for
     ‘viewport’
    node_effects : panelfun: no visible global function definition for
     ‘grid.layout’
    node_effects : panelfun: no visible global function definition for
     ‘unit’
    node_effects : panelfun: no visible global function definition for
     ‘pushViewport’
    node_effects : panelfun: no visible global function definition for
     ‘grid.rect’
    node_effects : panelfun: no visible global function definition for
     ‘gpar’
    node_effects : panelfun: no visible global function definition for
     ‘grid.text’
    node_effects : panelfun: no visible global function definition for
     ‘upViewport’
    node_effects : panelfun: no visible global function definition for
     ‘grid.polyline’
    node_effects : panelfun: no visible global function definition for
     ‘grid.xaxis’
    node_effects : panelfun: no visible global function definition for
     ‘grid.yaxis’
    node_raschplot : rval: no visible global function definition for
     ‘viewport’
    node_raschplot : rval: no visible global function definition for
     ‘grid.layout’
    node_raschplot : rval: no visible global function definition for ‘unit’
    node_raschplot : rval: no visible global function definition for
     ‘pushViewport’
    node_raschplot : rval: no visible global function definition for
     ‘grid.rect’
    node_raschplot : rval: no visible global function definition for ‘gpar’
    node_raschplot : rval: no visible global function definition for
     ‘grid.text’
    node_raschplot : rval: no visible global function definition for
     ‘popViewport’
    node_raschplot : rval: no visible global function definition for
     ‘grid.lines’
    node_raschplot : rval: no visible global function definition for
     ‘grid.points’
    node_raschplot : rval: no visible global function definition for
     ‘grid.xaxis’
    node_raschplot : rval: no visible global function definition for
     ‘grid.yaxis’
    node_raschplot : rval: no visible global function definition for
     ‘upViewport’
    node_rsmplot : panelfun: no visible global function definition for
     ‘viewport’
    node_rsmplot : panelfun: no visible global function definition for
     ‘grid.layout’
    node_rsmplot : panelfun: no visible global function definition for
     ‘unit’
    node_rsmplot : panelfun: no visible global function definition for
     ‘pushViewport’
    node_rsmplot : panelfun: no visible global function definition for
     ‘grid.rect’
    node_rsmplot : panelfun: no visible global function definition for
     ‘gpar’
    node_rsmplot : panelfun: no visible global function definition for
     ‘grid.text’
    node_rsmplot : panelfun: no visible global function definition for
     ‘upViewport’
    node_rsmplot : panelfun: no visible global function definition for
     ‘grid.lines’
    node_rsmplot : panelfun: no visible global function definition for
     ‘grid.points’
    node_rsmplot : panelfun: no visible global function definition for
     ‘grid.xaxis’
    node_rsmplot : panelfun: no visible global function definition for
     ‘grid.yaxis’
    plotCCC.pctree: no visible global function definition for ‘viewport’
    plotCCC.pctree: no visible global function definition for ‘grid.layout’
    plotCCC.pctree: no visible global function definition for ‘unit’
    plotCCC.pctree: no visible global function definition for
     ‘grid.newpage’
    plotCCC.pctree: no visible global function definition for
     ‘pushViewport’
    plotCCC.pctree: no visible global function definition for ‘grid.rect’
    plotCCC.pctree: no visible global function definition for ‘gpar’
    plotCCC.pctree: no visible global function definition for ‘grid.text’
    plotCCC.pctree: no visible global function definition for ‘upViewport’
    plotCCC.pctree: no visible global function definition for ‘grid.xaxis’
    plotCCC.pctree: no visible global function definition for ‘grid.yaxis’
    plotCCC.pctree: no visible global function definition for
     ‘grid.polyline’
Flavors: r-devel-linux-x86_64-debian-clang, r-devel-linux-x86_64-debian-gcc, r-devel-linux-x86_64-fedora-clang, r-devel-linux-x86_64-fedora-gcc, r-devel-osx-x86_64-clang

Version: 0.13-0
Check: re-building of vignette outputs
Result: NOTE
    Error in re-building vignettes:
     ...
    Loading required package: zoo
    
    Attaching package: ‘zoo’
    
    The following objects are masked from ‘package:base’:
    
     as.Date, as.Date.numeric
    
    Loading required package: sandwich
    Loading required package: strucchange
    Loading required package: modeltools
    Loading required package: stats4
    Loading required package: psychotools
    Error in texi2dvi(file = file, pdf = TRUE, clean = clean, quiet = quiet, :
     Running 'texi2dvi' on 'raschtree.tex' failed.
    LaTeX errors:
    ! LaTeX Error: File `paralist.sty' not found.
    
    Type X to quit or <RETURN> to proceed,
    or enter new name. (Default extension: sty)
    
    ign_test/psychotree/vignettes/raschtree.tex:16: ==> Fatal error occurred, no o
    utput PDF file produced!
    Calls: buildVignettes -> texi2pdf -> texi2dvi
    Execution halted
Flavor: r-release-osx-x86_64-mavericks