CRAN Package Check Results for Package psychotree

Last updated on 2014-04-25 09:52:20.

Flavor Version Tinstall Tcheck Ttotal Status Flags
r-devel-linux-x86_64-debian-clang 0.13-0 2.17 75.18 77.36 OK
r-devel-linux-x86_64-debian-gcc 0.13-0 2.30 74.32 76.63 OK
r-devel-linux-x86_64-fedora-clang 0.13-0 163.97 OK
r-devel-linux-x86_64-fedora-gcc 0.13-0 155.33 OK
r-devel-osx-x86_64-clang 0.13-0 137.51 OK
r-devel-osx-x86_64-gcc 0.13-0 ERROR
r-devel-windows-ix86+x86_64 0.13-0 8.00 102.00 110.00 OK
r-patched-linux-x86_64 0.13-0 2.22 73.06 75.27 OK
r-patched-solaris-sparc 0.13-0 964.60 OK
r-patched-solaris-x86 0.13-0 197.80 OK
r-release-linux-ix86 0.13-0 3.00 124.00 127.00 OK
r-release-linux-x86_64 0.13-0 2.15 76.03 78.18 OK
r-release-osx-x86_64-mavericks 0.13-0 WARN
r-release-osx-x86_64-snowleopard 0.13-0 OK
r-release-windows-ix86+x86_64 0.13-0 7.00 111.00 118.00 OK
r-oldrel-windows-ix86+x86_64 0.13-0 8.00 126.00 134.00 OK

Check Details

Version: 0.13-0
Check: package dependencies
Result: ERROR
    Packages required but not available: ‘party’ ‘sandwich’ ‘strucchange’
    
    See the information on DESCRIPTION files in the chapter ‘Creating R
    packages’ of the ‘Writing R Extensions’ manual.
Flavor: r-devel-osx-x86_64-gcc

Version: 0.13-0
Check: re-building of vignette outputs
Result: NOTE
    Error in re-building vignettes:
     ...
    Loading required package: zoo
    
    Attaching package: ‘zoo’
    
    The following objects are masked from ‘package:base’:
    
     as.Date, as.Date.numeric
    
    Loading required package: sandwich
    Loading required package: strucchange
    Loading required package: modeltools
    Loading required package: stats4
    Loading required package: psychotools
    Error in texi2dvi(file = file, pdf = TRUE, clean = clean, quiet = quiet, :
     Running 'texi2dvi' on 'raschtree.tex' failed.
    LaTeX errors:
    ! LaTeX Error: File `paralist.sty' not found.
    
    Type X to quit or <RETURN> to proceed,
    or enter new name. (Default extension: sty)
    
    ign_test/psychotree/vignettes/raschtree.tex:16: ==> Fatal error occurred, no o
    utput PDF file produced!
    Calls: buildVignettes -> texi2pdf -> texi2dvi
    Execution halted
Flavor: r-release-osx-x86_64-mavericks

Version: 0.13-0
Check: PDF version of manual
Result: WARNING
    LaTeX errors when creating PDF version.
    This typically indicates Rd problems.
    LaTeX errors found:
    ! LaTeX Error: File `upquote.sty' not found.
    
    Type X to quit or <RETURN> to proceed,
    or enter new name. (Default extension: sty)
    
    89059f2/Rd2.tex:8: ==> Fatal error occurred, no output PDF file produced!
Flavor: r-release-osx-x86_64-mavericks