CRAN Package Check Results for Package psychotree

Last updated on 2016-08-29 06:47:19.

Flavor Version Tinstall Tcheck Ttotal Status Flags
r-devel-linux-x86_64-debian-clang 0.15-0 3.04 55.22 58.26 NOTE
r-devel-linux-x86_64-debian-gcc 0.15-0 2.92 52.82 55.74 NOTE
r-devel-linux-x86_64-fedora-clang 0.15-0 111.26 NOTE
r-devel-linux-x86_64-fedora-gcc 0.15-0 108.38 NOTE
r-devel-osx-x86_64-clang 0.15-0 87.92 NOTE
r-devel-windows-ix86+x86_64 0.15-0 13.00 129.00 142.00 NOTE
r-patched-linux-x86_64 0.15-0 2.68 52.86 55.54 NOTE
r-patched-solaris-sparc 0.15-0 670.60 NOTE
r-patched-solaris-x86 0.15-0 141.60 NOTE
r-release-linux-x86_64 0.15-0 2.99 52.39 55.38 NOTE
r-release-osx-x86_64-mavericks 0.15-0 NOTE
r-release-windows-ix86+x86_64 0.15-0 17.00 165.00 182.00 NOTE
r-oldrel-windows-ix86+x86_64 0.15-0 12.00 132.00 144.00 OK

Check Details

Version: 0.15-0
Check: R code for possible problems
Result: NOTE
    node_regionplot: no visible binding for global variable ‘gray.colors’
    node_regionplot: no visible global function definition for
     ‘extendrange’
    Undefined global functions or variables:
     extendrange gray.colors
    Consider adding
     importFrom("grDevices", "extendrange", "gray.colors")
    to your NAMESPACE file.
Flavors: r-devel-linux-x86_64-debian-clang, r-devel-linux-x86_64-debian-gcc, r-devel-linux-x86_64-fedora-clang, r-devel-linux-x86_64-fedora-gcc, r-devel-osx-x86_64-clang, r-devel-windows-ix86+x86_64, r-patched-linux-x86_64, r-patched-solaris-sparc, r-patched-solaris-x86, r-release-linux-x86_64, r-release-osx-x86_64-mavericks, r-release-windows-ix86+x86_64