CRAN Package Check Results for Package psychotree

Last updated on 2015-08-28 19:47:25.

Flavor Version Tinstall Tcheck Ttotal Status Flags
r-devel-linux-x86_64-debian-clang 0.15-0 1.05 34.85 35.90 NOTE
r-devel-linux-x86_64-debian-gcc 0.15-0 0.93 31.97 32.90 NOTE
r-devel-linux-x86_64-fedora-clang 0.15-0 67.31 NOTE
r-devel-linux-x86_64-fedora-gcc 0.15-0 64.76 NOTE
r-devel-osx-x86_64-clang 0.15-0 59.37 OK
r-devel-windows-ix86+x86_64 0.15-0 6.00 63.00 69.00 NOTE
r-patched-linux-x86_64 0.15-0 0.89 34.28 35.17 OK
r-patched-solaris-sparc 0.15-0 443.40 OK
r-patched-solaris-x86 0.15-0 91.30 OK
r-release-linux-x86_64 0.15-0 0.90 34.59 35.49 OK
r-release-osx-x86_64-mavericks 0.15-0 OK
r-release-windows-ix86+x86_64 0.15-0 5.00 59.00 64.00 OK
r-oldrel-windows-ix86+x86_64 0.15-0 8.00 67.00 75.00 OK

Check Details

Version: 0.15-0
Check: R code for possible problems
Result: NOTE
    node_regionplot: no visible binding for global variable ‘gray.colors’
    node_regionplot: no visible global function definition for
     ‘extendrange’
    Undefined global functions or variables:
     extendrange gray.colors
    Consider adding
     importFrom("grDevices", "extendrange", "gray.colors")
    to your NAMESPACE.
Flavors: r-devel-linux-x86_64-debian-clang, r-devel-linux-x86_64-debian-gcc, r-devel-linux-x86_64-fedora-clang, r-devel-linux-x86_64-fedora-gcc, r-devel-windows-ix86+x86_64