CRAN Package Check Results for Package psychotree

Last updated on 2018-04-24 19:54:31 CEST.

Flavor Version Tinstall Tcheck Ttotal Status Flags
r-devel-linux-x86_64-debian-clang 0.15-1 4.44 78.95 83.39 ERROR
r-devel-linux-x86_64-debian-gcc 0.15-1 4.45 62.55 67.00 ERROR
r-devel-linux-x86_64-fedora-clang 0.15-1 111.19 OK
r-devel-linux-x86_64-fedora-gcc 0.15-1 107.30 OK
r-devel-windows-ix86+x86_64 0.15-1 12.00 91.00 103.00 OK
r-patched-linux-x86_64 0.15-1 5.45 78.29 83.74 ERROR
r-patched-solaris-x86 0.15-1 161.30 OK
r-release-linux-x86_64 0.15-1 5.34 77.03 82.37 ERROR
r-release-windows-ix86+x86_64 0.15-1 12.00 91.00 103.00 OK
r-release-osx-x86_64 0.15-1 OK
r-oldrel-windows-ix86+x86_64 0.15-1 8.00 148.00 156.00 OK
r-oldrel-osx-x86_64 0.15-1 OK

Check Details

Version: 0.15-1
Check: examples
Result: ERROR
    Running examples in ‘psychotree-Ex.R’ failed
    The error most likely occurred in:
    
    > base::assign(".ptime", proc.time(), pos = "CheckExEnv")
    > ### Name: bttree
    > ### Title: Bradley-Terry Trees
    > ### Aliases: bttree plot.bttree print.bttree predict.bttree itempar.bttree
    > ### Keywords: tree
    >
    > ### ** Examples
    >
    > o <- options(digits = 4)
    >
    > ## Germany's Next Topmodel 2007 data
    > data("Topmodel2007", package = "psychotree")
    >
    > ## BT tree
    > tm_tree <- bttree(preference ~ ., data = Topmodel2007, minsize = 5, ref = "Barbara")
    > plot(tm_tree, abbreviate = 1, yscale = c(0, 0.5))
    >
    > ## parameter instability tests in root node
    > library("strucchange")
    Loading required package: zoo
    
    Attaching package: ‘zoo’
    
    The following objects are masked from ‘package:base’:
    
     as.Date, as.Date.numeric
    
    Loading required package: sandwich
    > sctest(tm_tree, node = 1)
    Error in UseMethod("estfun") :
     no applicable method for 'estfun' applied to an object of class "c('bttree', 'modelparty', 'party')"
    Calls: sctest -> sctest.default -> gefp -> scores
    Execution halted
Flavors: r-devel-linux-x86_64-debian-clang, r-devel-linux-x86_64-debian-gcc, r-patched-linux-x86_64, r-release-linux-x86_64