CRAN Package Check Results for Package psychotree

Last updated on 2016-05-30 21:46:46.

Flavor Version Tinstall Tcheck Ttotal Status Flags
r-devel-linux-x86_64-debian-gcc 0.15-0 2.76 52.27 55.03 NOTE
r-devel-linux-x86_64-fedora-clang 0.15-0 107.48 NOTE
r-devel-linux-x86_64-fedora-gcc 0.15-0 103.48 NOTE
r-devel-osx-x86_64-clang 0.15-0 117.26 NOTE
r-devel-windows-ix86+x86_64 0.15-0 8.00 105.00 113.00 NOTE
r-patched-linux-x86_64 0.15-0 2.63 52.43 55.06 NOTE
r-patched-solaris-sparc 0.15-0 668.50 NOTE
r-patched-solaris-x86 0.15-0 139.50 NOTE
r-release-linux-x86_64 0.15-0 2.76 51.58 54.33 NOTE
r-release-osx-x86_64-mavericks 0.15-0 NOTE
r-release-windows-ix86+x86_64 0.15-0 10.00 102.00 112.00 NOTE
r-oldrel-windows-ix86+x86_64 0.15-0 8.00 109.00 117.00 OK

Check Details

Version: 0.15-0
Check: R code for possible problems
Result: NOTE
    node_regionplot: no visible binding for global variable ‘gray.colors’
    node_regionplot: no visible global function definition for
     ‘extendrange’
    Undefined global functions or variables:
     extendrange gray.colors
    Consider adding
     importFrom("grDevices", "extendrange", "gray.colors")
    to your NAMESPACE file.
Flavors: r-devel-linux-x86_64-debian-gcc, r-devel-linux-x86_64-fedora-clang, r-devel-linux-x86_64-fedora-gcc, r-devel-osx-x86_64-clang, r-devel-windows-ix86+x86_64, r-patched-linux-x86_64, r-patched-solaris-sparc, r-patched-solaris-x86, r-release-linux-x86_64, r-release-osx-x86_64-mavericks, r-release-windows-ix86+x86_64