CRAN Package Check Results for Package psychotree

Last updated on 2015-05-22 13:46:59.

Flavor Version Tinstall Tcheck Ttotal Status Flags
r-devel-linux-x86_64-debian-clang 0.15-0 0.95 33.72 34.67 OK
r-devel-linux-x86_64-debian-gcc 0.15-0 1.07 32.84 33.91 OK
r-devel-linux-x86_64-fedora-gcc 0.15-0 63.98 OK
r-devel-osx-x86_64-clang 0.15-0 65.97 OK
r-devel-windows-ix86+x86_64 0.15-0 5.00 54.00 59.00 OK
r-patched-linux-x86_64 0.15-0 0.87 32.15 33.02 OK
r-patched-solaris-sparc 0.15-0 426.00 OK
r-patched-solaris-x86 0.15-0 88.60 OK
r-release-linux-x86_64 0.15-0 0.88 33.20 34.07 OK
r-release-osx-x86_64-mavericks 0.15-0 OK
r-release-osx-x86_64-snowleopard 0.15-0 ERROR
r-release-windows-ix86+x86_64 0.15-0 3.00 54.00 57.00 OK
r-oldrel-windows-ix86+x86_64 0.15-0 6.00 62.00 68.00 OK

Check Details

Version: 0.15-0
Check: package dependencies
Result: ERROR
    Package required but not available: ‘partykit’
    
    Package required and available but unsuitable version: ‘psychotools’
    
    Package suggested but not available for checking: ‘strucchange’
    
    See section ‘The DESCRIPTION file’ in the ‘Writing R Extensions’
    manual.
Flavor: r-release-osx-x86_64-snowleopard