CRAN Package Check Results for Package psychotree

Last updated on 2016-02-10 10:47:54.

Flavor Version Tinstall Tcheck Ttotal Status Flags
r-devel-linux-x86_64-debian-gcc 0.15-0 0.83 31.21 32.04 NOTE
r-devel-linux-x86_64-fedora-clang 0.15-0 63.24 NOTE
r-devel-linux-x86_64-fedora-gcc 0.15-0 62.95 NOTE
r-devel-osx-x86_64-clang 0.15-0 71.67 NOTE
r-devel-windows-ix86+x86_64 0.15-0 7.00 77.00 84.00 NOTE
r-patched-linux-x86_64 0.15-0 0.92 32.84 33.75 OK
r-patched-solaris-sparc 0.15-0 426.30 OK
r-patched-solaris-x86 0.15-0 80.80 OK
r-release-linux-x86_64 0.15-0 1.10 33.48 34.58 OK
r-release-osx-x86_64-mavericks 0.15-0 OK
r-release-windows-ix86+x86_64 0.15-0 7.00 92.00 99.00 OK
r-oldrel-windows-ix86+x86_64 0.15-0 7.00 75.00 82.00 OK

Check Details

Version: 0.15-0
Check: R code for possible problems
Result: NOTE
    node_regionplot: no visible binding for global variable ‘gray.colors’
    node_regionplot: no visible global function definition for
     ‘extendrange’
    Undefined global functions or variables:
     extendrange gray.colors
    Consider adding
     importFrom("grDevices", "extendrange", "gray.colors")
    to your NAMESPACE file.
Flavors: r-devel-linux-x86_64-debian-gcc, r-devel-linux-x86_64-fedora-clang, r-devel-linux-x86_64-fedora-gcc, r-devel-osx-x86_64-clang, r-devel-windows-ix86+x86_64