CRAN Package Check Results for Package psytabs

Last updated on 2014-04-24 15:50:44.

Flavor Version Tinstall Tcheck Ttotal Status Flags
r-devel-linux-x86_64-debian-clang 0.5 1.91 29.80 31.71 NOTE
r-devel-linux-x86_64-debian-gcc 0.5 1.90 30.03 31.92 NOTE
r-devel-linux-x86_64-fedora-clang 0.5 66.55 NOTE
r-devel-linux-x86_64-fedora-gcc 0.5 63.98 NOTE
r-devel-osx-x86_64-clang 0.5 63.31 NOTE
r-devel-osx-x86_64-gcc 0.5 NOTE
r-devel-windows-ix86+x86_64 0.5 8.00 46.00 54.00 NOTE
r-patched-linux-x86_64 0.5 1.89 29.82 31.70 NOTE
r-patched-solaris-sparc 0.5 354.30 NOTE
r-patched-solaris-x86 0.5 85.70 NOTE
r-release-linux-ix86 0.5 3.00 53.00 56.00 NOTE
r-release-linux-x86_64 0.5 1.88 30.30 32.18 NOTE
r-release-osx-x86_64-mavericks 0.5 WARN
r-release-osx-x86_64-snowleopard 0.5 NOTE
r-release-windows-ix86+x86_64 0.5 7.00 47.00 54.00 NOTE
r-oldrel-windows-ix86+x86_64 0.5 8.00 48.00 56.00 NOTE

Check Details

Version: 0.5
Check: package dependencies
Result: NOTE
    Depends: includes the non-default packages:
     ‘psych’ ‘plyr’ ‘rtf’ ‘R2HTML’ ‘mokken’ ‘lavaan’ ‘semTools’
    Adding so many packages to the search path is excessive and importing
    selectively is preferable.
Flavors: r-devel-linux-x86_64-debian-clang, r-devel-linux-x86_64-debian-gcc, r-devel-linux-x86_64-fedora-clang, r-devel-linux-x86_64-fedora-gcc, r-devel-osx-x86_64-clang, r-devel-osx-x86_64-gcc, r-devel-windows-ix86+x86_64, r-patched-linux-x86_64, r-patched-solaris-sparc, r-patched-solaris-x86, r-release-linux-ix86, r-release-linux-x86_64, r-release-osx-x86_64-mavericks, r-release-osx-x86_64-snowleopard, r-release-windows-ix86+x86_64

Version: 0.5
Check: dependencies in R code
Result: NOTE
    'library' or 'require' calls to packages already attached by Depends:
     ‘R2HTML’ ‘mokken’ ‘plyr’ ‘rtf’
     Please remove these calls from your code.
    Packages in Depends field not imported from:
     ‘R2HTML’ ‘lavaan’ ‘mokken’ ‘plyr’ ‘psych’ ‘rtf’ ‘semTools’
     These packages need to be imported from (in the NAMESPACE file)
     for when this namespace is loaded but not attached.
    See the information on DESCRIPTION files in the chapter ‘Creating R
    packages’ of the ‘Writing R Extensions’ manual.
Flavors: r-devel-linux-x86_64-debian-clang, r-devel-linux-x86_64-debian-gcc, r-devel-linux-x86_64-fedora-clang, r-devel-linux-x86_64-fedora-gcc, r-devel-osx-x86_64-clang, r-devel-osx-x86_64-gcc, r-devel-windows-ix86+x86_64, r-patched-linux-x86_64, r-patched-solaris-sparc, r-patched-solaris-x86, r-release-linux-ix86, r-release-linux-x86_64, r-release-osx-x86_64-mavericks, r-release-windows-ix86+x86_64, r-oldrel-windows-ix86+x86_64

Version: 0.5
Check: Rd line widths
Result: NOTE
    Rd file 'measurementInvarianceTable.Rd':
     \examples lines wider than 100 characters:
     mi.strict.result <- measurementInvariance(HW.model, data=HolzingerSwineford1939, strict=TRUE, group="school")
     mi.robust.result <- measurementInvariance(HW.model, data=HolzingerSwineford1939, estimator="MLM", group="school")
     mi.robstrict.result <- measurementInvariance(HW.model, data=HolzingerSwineford1939, estimator="MLM", strict=TRUE, group="school")
    
    Rd file 'normTable.Rd':
     \examples lines wider than 100 characters:
     tab.4 <- normTable(myData.sumscore, from = 0, to = 12, statistics=c("PR", "T"), group=myData$employment)
     tab.5 <- normTable(myData.sumscore, from = 0, to = 12, statistics=c("T"), group=list(myData$sex, myData$employment))
     list.5 <- normTable(myData.sumscore, from = 0, to = 12, statistics=c("PR", "T", "Z", "z"), group=list(myData$sex, myData$employment), a ... [TRUNCATED]
    
    These lines will be truncated in the PDF manual.
Flavors: r-devel-linux-x86_64-fedora-clang, r-devel-linux-x86_64-fedora-gcc

Version: 0.5
Check: PDF version of manual
Result: WARNING
    LaTeX errors when creating PDF version.
    This typically indicates Rd problems.
    LaTeX errors found:
    ! LaTeX Error: File `upquote.sty' not found.
    
    Type X to quit or <RETURN> to proceed,
    or enter new name. (Default extension: sty)
    
    a691ec9/Rd2.tex:8: ==> Fatal error occurred, no output PDF file produced!
Flavor: r-release-osx-x86_64-mavericks

Version: 0.5
Check: dependencies in R code
Result: NOTE
    ‘library’ or ‘require’ calls to packages already attached by Depends:
     ‘R2HTML’ ‘mokken’ ‘plyr’ ‘rtf’
     Please remove these calls from your code.
    See the information on DESCRIPTION files in the chapter ‘Creating R
    packages’ of the ‘Writing R Extensions’ manual.
Flavor: r-release-osx-x86_64-snowleopard