CRAN Package Check Results for Package psytabs

Last updated on 2014-07-25 12:47:37.

Flavor Version Tinstall Tcheck Ttotal Status Flags
r-devel-linux-x86_64-debian-clang 0.5 1.71 28.51 30.22 NOTE
r-devel-linux-x86_64-debian-gcc 0.5 1.70 28.32 30.03 NOTE
r-devel-linux-x86_64-fedora-clang 0.5 65.74 NOTE
r-devel-linux-x86_64-fedora-gcc 0.5 64.85 NOTE
r-devel-osx-x86_64-clang 0.5 56.81 NOTE
r-devel-windows-ix86+x86_64 0.5 8.00 45.00 53.00 NOTE
r-patched-linux-x86_64 0.5 1.72 28.69 30.41 NOTE
r-patched-solaris-sparc 0.5 354.30 NOTE
r-patched-solaris-x86 0.5 83.90 NOTE
r-release-linux-ix86 0.5 2.54 38.02 40.55 NOTE
r-release-linux-x86_64 0.5 2.08 29.38 31.46 NOTE
r-release-osx-x86_64-mavericks 0.5 NOTE
r-release-osx-x86_64-snowleopard 0.5 NOTE
r-release-windows-ix86+x86_64 0.5 8.00 49.00 57.00 NOTE
r-oldrel-windows-ix86+x86_64 0.5 8.00 47.00 55.00 NOTE

Check Details

Version: 0.5
Check: package dependencies
Result: NOTE
    Depends: includes the non-default packages:
     ‘psych’ ‘plyr’ ‘rtf’ ‘R2HTML’ ‘mokken’ ‘lavaan’ ‘semTools’
    Adding so many packages to the search path is excessive and importing
    selectively is preferable.
Flavors: r-devel-linux-x86_64-debian-clang, r-devel-linux-x86_64-debian-gcc, r-devel-linux-x86_64-fedora-clang, r-devel-linux-x86_64-fedora-gcc, r-devel-osx-x86_64-clang, r-devel-windows-ix86+x86_64, r-patched-linux-x86_64, r-patched-solaris-sparc, r-patched-solaris-x86, r-release-linux-ix86, r-release-linux-x86_64, r-release-osx-x86_64-mavericks, r-release-osx-x86_64-snowleopard, r-release-windows-ix86+x86_64

Version: 0.5
Check: dependencies in R code
Result: NOTE
    'library' or 'require' calls to packages already attached by Depends:
     ‘R2HTML’ ‘mokken’ ‘plyr’ ‘rtf’
     Please remove these calls from your code.
    Packages in Depends field not imported from:
     ‘R2HTML’ ‘lavaan’ ‘mokken’ ‘plyr’ ‘psych’ ‘rtf’ ‘semTools’
     These packages need to be imported from (in the NAMESPACE file)
     for when this namespace is loaded but not attached.
    See the information on DESCRIPTION files in the chapter ‘Creating R
    packages’ of the ‘Writing R Extensions’ manual.
Flavors: r-devel-linux-x86_64-debian-clang, r-devel-linux-x86_64-debian-gcc, r-devel-linux-x86_64-fedora-clang, r-devel-linux-x86_64-fedora-gcc, r-devel-osx-x86_64-clang, r-devel-windows-ix86+x86_64, r-patched-linux-x86_64, r-patched-solaris-sparc, r-patched-solaris-x86, r-release-linux-ix86, r-release-linux-x86_64, r-release-osx-x86_64-mavericks, r-release-windows-ix86+x86_64, r-oldrel-windows-ix86+x86_64

Version: 0.5
Check: Rd line widths
Result: NOTE
    Rd file 'measurementInvarianceTable.Rd':
     \examples lines wider than 100 characters:
     mi.strict.result <- measurementInvariance(HW.model, data=HolzingerSwineford1939, strict=TRUE, group="school")
     mi.robust.result <- measurementInvariance(HW.model, data=HolzingerSwineford1939, estimator="MLM", group="school")
     mi.robstrict.result <- measurementInvariance(HW.model, data=HolzingerSwineford1939, estimator="MLM", strict=TRUE, group="school")
    
    Rd file 'normTable.Rd':
     \examples lines wider than 100 characters:
     tab.4 <- normTable(myData.sumscore, from = 0, to = 12, statistics=c("PR", "T"), group=myData$employment)
     tab.5 <- normTable(myData.sumscore, from = 0, to = 12, statistics=c("T"), group=list(myData$sex, myData$employment))
     list.5 <- normTable(myData.sumscore, from = 0, to = 12, statistics=c("PR", "T", "Z", "z"), group=list(myData$sex, myData$employment), a ... [TRUNCATED]
    
    These lines will be truncated in the PDF manual.
Flavors: r-devel-linux-x86_64-fedora-clang, r-devel-linux-x86_64-fedora-gcc

Version: 0.5
Check: dependencies in R code
Result: NOTE
    ‘library’ or ‘require’ calls to packages already attached by Depends:
     ‘R2HTML’ ‘mokken’ ‘plyr’ ‘rtf’
     Please remove these calls from your code.
    See the information on DESCRIPTION files in the chapter ‘Creating R
    packages’ of the ‘Writing R Extensions’ manual.
Flavor: r-release-osx-x86_64-snowleopard