CRAN Package Check Results for Package ptest

Last updated on 2019-07-19 12:55:30 CEST.

Flavor Version Tinstall Tcheck Ttotal Status Flags
r-devel-linux-x86_64-debian-clang 1.0-8 9.08 79.75 88.83 OK
r-devel-linux-x86_64-debian-gcc 1.0-8 6.96 62.90 69.86 OK
r-devel-linux-x86_64-fedora-clang 1.0-8 107.16 NOTE
r-devel-linux-x86_64-fedora-gcc 1.0-8 107.59 NOTE
r-devel-windows-ix86+x86_64 1.0-8 26.00 142.00 168.00 OK
r-patched-linux-x86_64 1.0-8 7.92 77.40 85.32 OK
r-patched-solaris-x86 1.0-8 163.30 OK
r-release-linux-x86_64 1.0-8 8.65 79.54 88.19 OK
r-release-windows-ix86+x86_64 1.0-8 19.00 100.00 119.00 OK
r-release-osx-x86_64 1.0-8 OK
r-oldrel-windows-ix86+x86_64 1.0-8 13.00 241.00 254.00 OK
r-oldrel-osx-x86_64 1.0-8 OK

Check Details

Version: 1.0-8
Check: compiled code
Result: NOTE
    File ‘ptest/libs/ptest.so’:
     Found no calls to: ‘R_registerRoutines’, ‘R_useDynamicSymbols’
    
    It is good practice to register native routines and to disable symbol
    search.
    
    See ‘Writing portable packages’ in the ‘Writing R Extensions’ manual.
Flavors: r-devel-linux-x86_64-fedora-clang, r-devel-linux-x86_64-fedora-gcc