CRAN Package Check Results for Package ptest

Last updated on 2019-10-24 04:47:56 CEST.

Flavor Version Tinstall Tcheck Ttotal Status Flags
r-devel-linux-x86_64-debian-clang 1.0-8 9.19 77.33 86.52 OK
r-devel-linux-x86_64-debian-gcc 1.0-8 7.87 61.07 68.94 OK
r-devel-linux-x86_64-fedora-clang 1.0-8 105.45 NOTE
r-devel-linux-x86_64-fedora-gcc 1.0-8 103.26 NOTE
r-devel-windows-ix86+x86_64 1.0-8 19.00 148.00 167.00 OK
r-patched-linux-x86_64 1.0-8 7.66 78.66 86.32 OK
r-patched-solaris-x86 1.0-8 151.60 OK
r-release-linux-x86_64 1.0-8 8.26 78.78 87.04 OK
r-release-windows-ix86+x86_64 1.0-8 31.00 108.00 139.00 OK
r-release-osx-x86_64 1.0-8 OK
r-oldrel-windows-ix86+x86_64 1.0-8 20.00 139.00 159.00 OK
r-oldrel-osx-x86_64 1.0-8 OK

Check Details

Version: 1.0-8
Check: compiled code
Result: NOTE
    File ‘ptest/libs/ptest.so’:
     Found no calls to: ‘R_registerRoutines’, ‘R_useDynamicSymbols’
    
    It is good practice to register native routines and to disable symbol
    search.
    
    See ‘Writing portable packages’ in the ‘Writing R Extensions’ manual.
Flavors: r-devel-linux-x86_64-fedora-clang, r-devel-linux-x86_64-fedora-gcc