CRAN Package Check Results for Package ptinpoly

Last updated on 2019-04-19 22:52:41 CEST.

Flavor Version Tinstall Tcheck Ttotal Status Flags
r-devel-linux-x86_64-debian-clang 2.4 5.80 20.32 26.12 WARN
r-devel-linux-x86_64-debian-gcc 2.4 4.75 16.48 21.23 OK
r-devel-linux-x86_64-fedora-clang 2.4 35.92 WARN
r-devel-linux-x86_64-fedora-gcc 2.4 30.69 NOTE
r-devel-windows-ix86+x86_64 2.4 22.00 47.00 69.00 OK
r-patched-linux-x86_64 2.4 5.65 20.60 26.25 OK
r-patched-solaris-x86 2.4 52.80 OK
r-release-linux-x86_64 2.4 5.07 17.08 22.15 OK
r-release-windows-ix86+x86_64 2.4 16.00 58.00 74.00 OK
r-release-osx-x86_64 2.4 WARN
r-oldrel-windows-ix86+x86_64 2.4 14.00 52.00 66.00 OK
r-oldrel-osx-x86_64 2.4 OK

Check Details

Version: 2.4
Check: whether package can be installed
Result: WARN
    Found the following significant warnings:
     pinpolyhedronA.cc:594:7: warning: explicitly assigning value of variable of type 'double' to itself [-Wself-assign]
     pinpolyhedronA.cc:1766:5: warning: explicitly assigning value of variable of type 'int' to itself [-Wself-assign]
Flavors: r-devel-linux-x86_64-debian-clang, r-devel-linux-x86_64-fedora-clang, r-release-osx-x86_64

Version: 2.4
Check: compiled code
Result: NOTE
    File ‘ptinpoly/libs/ptinpoly.so’:
     Found no calls to: ‘R_registerRoutines’, ‘R_useDynamicSymbols’
    
    It is good practice to register native routines and to disable symbol
    search.
    
    See ‘Writing portable packages’ in the ‘Writing R Extensions’ manual.
Flavors: r-devel-linux-x86_64-fedora-clang, r-devel-linux-x86_64-fedora-gcc