CRAN Package Check Results for Package ptinpoly

Last updated on 2014-07-25 03:49:51.

Flavor Version Tinstall Tcheck Ttotal Status Flags
r-devel-linux-x86_64-debian-clang 2.1 2.20 9.06 11.27 NOTE --no-examples --no-tests --no-vignettes
r-devel-linux-x86_64-debian-gcc 2.1 2.85 9.43 12.28 NOTE --no-examples --no-tests --no-vignettes
r-devel-linux-x86_64-fedora-clang 2.1 25.85 NOTE
r-devel-linux-x86_64-fedora-gcc 2.1 24.32 NOTE
r-devel-osx-x86_64-clang 2.1 26.88 NOTE
r-devel-windows-ix86+x86_64 2.1 14.00 26.00 40.00 NOTE
r-patched-linux-x86_64 2.1 2.86 9.22 12.09 NOTE --no-examples --no-tests --no-vignettes
r-patched-solaris-sparc 2.1 131.70 NOTE
r-patched-solaris-x86 2.1 36.30 NOTE
r-release-linux-ix86 2.1 4.14 15.55 19.69 NOTE --no-examples --no-tests --no-vignettes
r-release-linux-x86_64 2.1 2.88 9.43 12.32 NOTE --no-examples --no-tests --no-vignettes
r-release-osx-x86_64-mavericks 2.1 NOTE
r-release-osx-x86_64-snowleopard 2.1 NOTE
r-release-windows-ix86+x86_64 2.1 15.00 27.00 42.00 NOTE
r-oldrel-windows-ix86+x86_64 2.1 16.00 31.00 47.00 NOTE

Memtest notes: ASAN valgrind

Check Details

Version: 2.1
Flags: --no-examples --no-tests --no-vignettes
Check: dependencies in R code
Result: NOTE
    Unexported object imported by a ':::' call: ‘misc3d:::t2ve’
     See the note in ?`:::` about the use of this operator.
    See the information on DESCRIPTION files in the chapter ‘Creating R
    packages’ of the ‘Writing R Extensions’ manual.
Flavors: r-devel-linux-x86_64-debian-clang, r-devel-linux-x86_64-debian-gcc, r-patched-linux-x86_64, r-release-linux-ix86, r-release-linux-x86_64

Version: 2.1
Check: dependencies in R code
Result: NOTE
    Unexported object imported by a ':::' call: ‘misc3d:::t2ve’
     See the note in ?`:::` about the use of this operator.
    See the information on DESCRIPTION files in the chapter ‘Creating R
    packages’ of the ‘Writing R Extensions’ manual.
Flavors: r-devel-linux-x86_64-fedora-clang, r-devel-linux-x86_64-fedora-gcc, r-devel-osx-x86_64-clang, r-devel-windows-ix86+x86_64, r-patched-solaris-sparc, r-patched-solaris-x86, r-release-osx-x86_64-mavericks, r-release-osx-x86_64-snowleopard, r-release-windows-ix86+x86_64, r-oldrel-windows-ix86+x86_64