CRAN Package Check Results for Package ptinpoly

Last updated on 2017-12-11 08:48:53 CET.

Flavor Version Tinstall Tcheck Ttotal Status Flags
r-devel-linux-x86_64-debian-clang 2.4 4.83 14.06 18.89 NOTE
r-devel-linux-x86_64-debian-gcc 2.4 3.56 12.71 16.27 NOTE
r-devel-linux-x86_64-fedora-clang 2.4 26.74 NOTE
r-devel-linux-x86_64-fedora-gcc 2.4 24.65 NOTE
r-devel-windows-ix86+x86_64 2.4 26.00 36.00 62.00 OK
r-patched-linux-x86_64 2.4 4.31 15.61 19.92 NOTE
r-patched-solaris-x86 2.4 35.30 OK
r-release-linux-x86_64 2.4 4.54 15.80 20.34 NOTE
r-release-windows-ix86+x86_64 2.4 14.00 39.00 53.00 OK
r-release-osx-x86_64 2.4 OK
r-oldrel-windows-ix86+x86_64 2.4 20.00 44.00 64.00 OK
r-oldrel-osx-x86_64 2.4 OK

Check Details

Version: 2.4
Check: compiled code
Result: NOTE
    File ‘ptinpoly/libs/ptinpoly.so’:
     Found no calls to: ‘R_registerRoutines’, ‘R_useDynamicSymbols’
    
    It is good practice to register native routines and to disable symbol
    search.
    
    See ‘Writing portable packages’ in the ‘Writing R Extensions’ manual.
Flavors: r-devel-linux-x86_64-debian-clang, r-devel-linux-x86_64-debian-gcc, r-devel-linux-x86_64-fedora-clang, r-devel-linux-x86_64-fedora-gcc, r-patched-linux-x86_64, r-release-linux-x86_64