CRAN Package Check Results for Package ptinpoly

Last updated on 2017-10-17 19:48:06.

Flavor Version Tinstall Tcheck Ttotal Status Flags
r-devel-linux-x86_64-debian-clang 2.4 3.54 11.73 15.27 NOTE
r-devel-linux-x86_64-debian-gcc 2.4 3.57 12.50 16.07 NOTE
r-devel-linux-x86_64-fedora-clang 2.4 27.79 NOTE
r-devel-linux-x86_64-fedora-gcc 2.4 25.30 NOTE
r-devel-windows-ix86+x86_64 2.4 19.00 54.00 73.00 OK
r-patched-linux-x86_64 2.4 3.28 11.13 14.42 NOTE
r-patched-solaris-x86 2.4 36.60 OK
r-release-linux-x86_64 2.4 3.19 11.56 14.75 NOTE
r-release-windows-ix86+x86_64 2.4 20.00 40.00 60.00 OK
r-release-osx-x86_64 2.4 OK
r-oldrel-windows-ix86+x86_64 2.4 21.00 50.00 71.00 OK
r-oldrel-osx-x86_64 2.4 OK

Check Details

Version: 2.4
Check: compiled code
Result: NOTE
    File ‘ptinpoly/libs/ptinpoly.so’:
     Found no calls to: ‘R_registerRoutines’, ‘R_useDynamicSymbols’
    
    It is good practice to register native routines and to disable symbol
    search.
    
    See ‘Writing portable packages’ in the ‘Writing R Extensions’ manual.
Flavors: r-devel-linux-x86_64-debian-clang, r-devel-linux-x86_64-debian-gcc, r-devel-linux-x86_64-fedora-clang, r-devel-linux-x86_64-fedora-gcc, r-patched-linux-x86_64, r-release-linux-x86_64