CRAN Package Check Results for Package ptinpoly

Last updated on 2018-02-20 07:48:23 CET.

Flavor Version Tinstall Tcheck Ttotal Status Flags
r-devel-linux-x86_64-debian-clang 2.4 5.56 16.47 22.03 WARN
r-devel-linux-x86_64-debian-gcc 2.4 3.84 13.95 17.79 NOTE
r-devel-linux-x86_64-fedora-clang 2.4 29.95 WARN
r-devel-linux-x86_64-fedora-gcc 2.4 25.64 NOTE
r-devel-windows-ix86+x86_64 2.4 14.00 44.00 58.00 OK
r-patched-linux-x86_64 2.4 4.81 16.36 21.17 NOTE
r-patched-solaris-x86 2.4 36.70 OK
r-release-linux-x86_64 2.4 4.79 16.26 21.05 NOTE
r-release-windows-ix86+x86_64 2.4 19.00 50.00 69.00 OK
r-release-osx-x86_64 2.4 OK
r-oldrel-windows-ix86+x86_64 2.4 20.00 44.00 64.00 OK
r-oldrel-osx-x86_64 2.4 OK

Check Details

Version: 2.4
Check: whether package can be installed
Result: WARN
    Found the following significant warnings:
     pinpolyhedronA.cc:594:7: warning: explicitly assigning value of variable of type 'double' to itself [-Wself-assign]
     pinpolyhedronA.cc:1766:5: warning: explicitly assigning value of variable of type 'int' to itself [-Wself-assign]
Flavors: r-devel-linux-x86_64-debian-clang, r-devel-linux-x86_64-fedora-clang

Version: 2.4
Check: compiled code
Result: NOTE
    File ‘ptinpoly/libs/ptinpoly.so’:
     Found no calls to: ‘R_registerRoutines’, ‘R_useDynamicSymbols’
    
    It is good practice to register native routines and to disable symbol
    search.
    
    See ‘Writing portable packages’ in the ‘Writing R Extensions’ manual.
Flavors: r-devel-linux-x86_64-debian-clang, r-devel-linux-x86_64-debian-gcc, r-devel-linux-x86_64-fedora-clang, r-devel-linux-x86_64-fedora-gcc, r-patched-linux-x86_64, r-release-linux-x86_64