CRAN Package Check Results for Package ptinpoly

Last updated on 2014-04-20 09:48:21.

Flavor Version Tinstall Tcheck Ttotal Status Flags
r-devel-linux-x86_64-debian-clang 2.0 2.74 9.72 12.46 NOTE --no-examples --no-tests --no-vignettes
r-devel-linux-x86_64-debian-gcc 2.0 2.87 9.88 12.75 WARN --no-examples --no-tests --no-vignettes
r-devel-linux-x86_64-fedora-clang 2.0 24.56 NOTE --no-examples
r-devel-linux-x86_64-fedora-gcc 2.0 23.22 WARN --no-examples
r-devel-macosx-x86_64-clang 2.0 28.28 NOTE
r-devel-macosx-x86_64-gcc 2.0 NOTE
r-devel-windows-ix86+x86_64 2.0 12.00 28.00 40.00 WARN
r-patched-linux-x86_64 2.0 2.96 9.90 12.86 WARN --no-examples --no-tests --no-vignettes
r-patched-solaris-sparc 2.0 142.80 NOTE
r-patched-solaris-x86 2.0 38.90 NOTE
r-release-linux-ix86 WARN --no-examples --no-tests --no-vignettes
r-release-linux-x86_64 2.0 2.85 9.67 12.52 WARN --no-examples --no-tests --no-vignettes
r-release-windows-ix86+x86_64 2.0 17.00 26.00 43.00 WARN
r-oldrel-windows-ix86+x86_64 2.0 13.00 32.00 45.00 NOTE

Memtest notes: valgrind

Check Details

Version: 2.0
Flags: --no-examples --no-tests --no-vignettes
Check: dependencies in R code
Result: NOTE
    'library' or 'require' call to ‘misc3d’ which was already attached by Depends.
     Please remove these calls from your code.
    Package in Depends field not imported from: ‘misc3d’
     These packages need to be imported from (in the NAMESPACE file)
     for when this namespace is loaded but not attached.
    Unexported object imported by a ':::' call: ‘misc3d:::t2ve’
     See the note in ?`:::` about the use of this operator.
    See the information on DESCRIPTION files in the chapter ‘Creating R
    packages’ of the ‘Writing R Extensions’ manual.
Flavors: r-devel-linux-x86_64-debian-clang, r-devel-linux-x86_64-debian-gcc, r-patched-linux-x86_64, r-release-linux-ix86, r-release-linux-x86_64

Version: 2.0
Flags: --no-examples --no-tests --no-vignettes
Check: compiled code
Result: NOTE
    File ‘/home/hornik/tmp/R.check/r-devel-clang/Work/build/Packages/ptinpoly/libs/ptinpoly.so’:
     Found ‘_ZSt4cout’, possibly from ‘std::cout’ (C++)
     Object: ‘pinpolyhedronA.o’
    
    Compiled code should not call entry points which might terminate R nor
    write to stdout/stderr instead of to the console.
    
    See ‘Writing portable packages’ in the ‘Writing R Extensions’ manual.
Flavor: r-devel-linux-x86_64-debian-clang

Version: 2.0
Flags: --no-examples --no-tests --no-vignettes
Check: whether package can be installed
Result: WARNING
    Found the following significant warnings:
     kodtree.cc:41:1: warning: control reaches end of non-void function [-Wreturn-type]
     pinpolyhedronA.cc:111:1: warning: control reaches end of non-void function [-Wreturn-type]
     pinpolyhedronA.cc:352:1: warning: control reaches end of non-void function [-Wreturn-type]
     pinpolyhedronA.cc:523:1: warning: control reaches end of non-void function [-Wreturn-type]
     pinpolyhedronA.cc:553:1: warning: control reaches end of non-void function [-Wreturn-type]
     pinpolyhedronA.cc:560:1: warning: control reaches end of non-void function [-Wreturn-type]
     pinpolyhedronA.cc:573:1: warning: control reaches end of non-void function [-Wreturn-type]
     pinpolyhedronA.cc:1398:1: warning: control reaches end of non-void function [-Wreturn-type]
    See ‘/home/hornik/tmp/R.check/r-devel-gcc/Work/PKGS/ptinpoly.Rcheck/00install.out’ for details.
Flavor: r-devel-linux-x86_64-debian-gcc

Version: 2.0
Flags: --no-examples --no-tests --no-vignettes
Check: compiled code
Result: NOTE
    File ‘/home/hornik/tmp/R.check/r-devel-gcc/Work/build/Packages/ptinpoly/libs/ptinpoly.so’:
     Found ‘_ZSt4cout’, possibly from ‘std::cout’ (C++)
     Object: ‘pinpolyhedronA.o’
    
    Compiled code should not call entry points which might terminate R nor
    write to stdout/stderr instead of to the console.
    
    See ‘Writing portable packages’ in the ‘Writing R Extensions’ manual.
Flavor: r-devel-linux-x86_64-debian-gcc

Version: 2.0
Flags: --no-examples
Check: dependencies in R code
Result: NOTE
    'library' or 'require' call to ‘misc3d’ which was already attached by Depends.
     Please remove these calls from your code.
    Package in Depends field not imported from: ‘misc3d’
     These packages need to be imported from (in the NAMESPACE file)
     for when this namespace is loaded but not attached.
    Unexported object imported by a ':::' call: ‘misc3d:::t2ve’
     See the note in ?`:::` about the use of this operator.
    See the information on DESCRIPTION files in the chapter ‘Creating R
    packages’ of the ‘Writing R Extensions’ manual.
Flavors: r-devel-linux-x86_64-fedora-clang, r-devel-linux-x86_64-fedora-gcc

Version: 2.0
Flags: --no-examples
Check: compiled code
Result: NOTE
    File ‘/data/gannet/ripley/R/packages/tests-clang/ptinpoly.Rcheck/ptinpoly/libs/ptinpoly.so’:
     Found ‘_ZNSt3__14coutE’, possibly from ‘std::cout’ (C++)
     Object: ‘pinpolyhedronA.o’
    
    Compiled code should not call entry points which might terminate R nor
    write to stdout/stderr instead of to the console.
    
    See ‘Writing portable packages’ in the ‘Writing R Extensions’ manual.
Flavor: r-devel-linux-x86_64-fedora-clang

Version: 2.0
Flags: --no-examples
Check: whether package can be installed
Result: WARNING
    Found the following significant warnings:
     kodtree.cc:41:1: warning: control reaches end of non-void function [-Wreturn-type]
     pinpolyhedronA.cc:111:1: warning: control reaches end of non-void function [-Wreturn-type]
     pinpolyhedronA.cc:352:1: warning: control reaches end of non-void function [-Wreturn-type]
     pinpolyhedronA.cc:523:1: warning: control reaches end of non-void function [-Wreturn-type]
     pinpolyhedronA.cc:553:1: warning: control reaches end of non-void function [-Wreturn-type]
     pinpolyhedronA.cc:560:1: warning: control reaches end of non-void function [-Wreturn-type]
     pinpolyhedronA.cc:573:1: warning: control reaches end of non-void function [-Wreturn-type]
     pinpolyhedronA.cc:1398:1: warning: control reaches end of non-void function [-Wreturn-type]
    See ‘/data/gannet/ripley/R/packages/tests-devel/ptinpoly.Rcheck/00install.out’ for details.
Flavor: r-devel-linux-x86_64-fedora-gcc

Version: 2.0
Flags: --no-examples
Check: compiled code
Result: NOTE
    File ‘/data/gannet/ripley/R/packages/tests-devel/ptinpoly.Rcheck/ptinpoly/libs/ptinpoly.so’:
     Found ‘_ZSt4cout’, possibly from ‘std::cout’ (C++)
     Object: ‘pinpolyhedronA.o’
    
    Compiled code should not call entry points which might terminate R nor
    write to stdout/stderr instead of to the console.
    
    See ‘Writing portable packages’ in the ‘Writing R Extensions’ manual.
Flavor: r-devel-linux-x86_64-fedora-gcc

Version: 2.0
Check: dependencies in R code
Result: NOTE
    'library' or 'require' call to ‘misc3d’ which was already attached by Depends.
     Please remove these calls from your code.
    Package in Depends field not imported from: ‘misc3d’
     These packages need to be imported from (in the NAMESPACE file)
     for when this namespace is loaded but not attached.
    Unexported object imported by a ':::' call: ‘misc3d:::t2ve’
     See the note in ?`:::` about the use of this operator.
    See the information on DESCRIPTION files in the chapter ‘Creating R
    packages’ of the ‘Writing R Extensions’ manual.
Flavors: r-devel-macosx-x86_64-clang, r-devel-macosx-x86_64-gcc, r-devel-windows-ix86+x86_64, r-patched-solaris-sparc, r-patched-solaris-x86, r-release-windows-ix86+x86_64, r-oldrel-windows-ix86+x86_64

Version: 2.0
Check: compiled code
Result: NOTE
    File ‘/Users/ripley/R/packages/tests-devel/ptinpoly.Rcheck/ptinpoly/libs/ptinpoly.so’:
     Found ‘__ZNSt3__14coutE’, possibly from ‘std::cout’ (C++)
     Object: ‘pinpolyhedronA.o’
    
    Compiled code should not call entry points which might terminate R nor
    write to stdout/stderr instead of to the console.
    
    See ‘Writing portable packages’ in the ‘Writing R Extensions’ manual.
Flavor: r-devel-macosx-x86_64-clang

Version: 2.0
Check: compiled code
Result: NOTE
    File ‘/Volumes/XT3/Builds/R-dev-web/QA/Simon/packages/snowleopard-x86_64/results/3.2/ptinpoly.Rcheck/ptinpoly/libs/ptinpoly.so’:
     Found ‘__ZSt4cout’, possibly from ‘std::cout’ (C++)
     Object: ‘pinpolyhedronA.o’
    
    Compiled code should not call entry points which might terminate R nor
    write to stdout/stderr instead of to the console.
    
    See ‘Writing portable packages’ in the ‘Writing R Extensions’ manual.
Flavor: r-devel-macosx-x86_64-gcc

Version: 2.0
Check: whether package can be installed
Result: WARNING
    Found the following significant warnings:
     kodtree.cc:41:1: warning: control reaches end of non-void function [-Wreturn-type]
     pinpolyhedronA.cc:1398:1: warning: control reaches end of non-void function [-Wreturn-type]
     pinpolyhedronA.cc:573:1: warning: control reaches end of non-void function [-Wreturn-type]
     pinpolyhedronA.cc:560:1: warning: control reaches end of non-void function [-Wreturn-type]
     pinpolyhedronA.cc:553:1: warning: control reaches end of non-void function [-Wreturn-type]
     pinpolyhedronA.cc:523:1: warning: control reaches end of non-void function [-Wreturn-type]
     pinpolyhedronA.cc:352:1: warning: control reaches end of non-void function [-Wreturn-type]
     pinpolyhedronA.cc:111:1: warning: control reaches end of non-void function [-Wreturn-type]
     kodtree.cc:41:1: warning: control reaches end of non-void function [-Wreturn-type]
     pinpolyhedronA.cc:1398:1: warning: control reaches end of non-void function [-Wreturn-type]
     pinpolyhedronA.cc:573:1: warning: control reaches end of non-void function [-Wreturn-type]
     pinpolyhedronA.cc:560:1: warning: control reaches end of non-void function [-Wreturn-type]
     pinpolyhedronA.cc:553:1: warning: control reaches end of non-void function [-Wreturn-type]
     pinpolyhedronA.cc:523:1: warning: control reaches end of non-void function [-Wreturn-type]
     pinpolyhedronA.cc:352:1: warning: control reaches end of non-void function [-Wreturn-type]
     pinpolyhedronA.cc:111:1: warning: control reaches end of non-void function [-Wreturn-type]
    See 'd:/Rcompile/CRANpkg/local/3.2/ptinpoly.Rcheck/00install.out' for details.
Flavor: r-devel-windows-ix86+x86_64

Version: 2.0
Check: compiled code
Result: NOTE
    File 'd:/Rcompile/CRANpkg/lib/3.2/ptinpoly/libs/i386/ptinpoly.dll':
     Found '_ZSt4cout', possibly from 'std::cout' (C++)
     Object: 'pinpolyhedronA.o'
    File 'd:/Rcompile/CRANpkg/lib/3.2/ptinpoly/libs/x64/ptinpoly.dll':
     Found '_ZSt4cout', possibly from 'std::cout' (C++)
     Object: 'pinpolyhedronA.o'
    
    Compiled code should not call entry points which might terminate R nor
    write to stdout/stderr instead of to the console.
    
    See 'Writing portable packages' in the 'Writing R Extensions' manual.
    * checking examples ...
Flavor: r-devel-windows-ix86+x86_64

Version: 2.0
Flags: --no-examples --no-tests --no-vignettes
Check: whether package can be installed
Result: WARNING
    Found the following significant warnings:
     kodtree.cc:41:1: warning: control reaches end of non-void function [-Wreturn-type]
     pinpolyhedronA.cc:111:1: warning: control reaches end of non-void function [-Wreturn-type]
     pinpolyhedronA.cc:352:1: warning: control reaches end of non-void function [-Wreturn-type]
     pinpolyhedronA.cc:523:1: warning: control reaches end of non-void function [-Wreturn-type]
     pinpolyhedronA.cc:553:1: warning: control reaches end of non-void function [-Wreturn-type]
     pinpolyhedronA.cc:560:1: warning: control reaches end of non-void function [-Wreturn-type]
     pinpolyhedronA.cc:573:1: warning: control reaches end of non-void function [-Wreturn-type]
     pinpolyhedronA.cc:1398:1: warning: control reaches end of non-void function [-Wreturn-type]
    See ‘/home/hornik/tmp/R.check/r-patched-gcc/Work/PKGS/ptinpoly.Rcheck/00install.out’ for details.
Flavor: r-patched-linux-x86_64

Version: 2.0
Flags: --no-examples --no-tests --no-vignettes
Check: compiled code
Result: NOTE
    File ‘/home/hornik/tmp/R.check/r-patched-gcc/Work/build/Packages/ptinpoly/libs/ptinpoly.so’:
     Found ‘_ZSt4cout’, possibly from ‘std::cout’ (C++)
     Object: ‘pinpolyhedronA.o’
    
    Compiled code should not call entry points which might terminate R nor
    write to stdout/stderr instead of to the console.
    
    See ‘Writing portable packages’ in the ‘Writing R Extensions’ manual.
Flavor: r-patched-linux-x86_64

Version: 2.0
Check: compiled code
Result: NOTE
    File ‘/home/ripley/R/Lib32/ptinpoly/libs/ptinpoly.so’:
     Found ‘__1cDstdEcout_’, possibly from ‘std::cout’ (C++)
     Object: ‘pinpolyhedronA.o’
    
    Compiled code should not call entry points which might terminate R nor
    write to stdout/stderr instead of to the console.
    
    See ‘Writing portable packages’ in the ‘Writing R Extensions’ manual.
Flavors: r-patched-solaris-sparc, r-patched-solaris-x86

Version: 2.0
Flags: --no-examples --no-tests --no-vignettes
Check: whether package can be installed
Result: WARNING
    Found the following significant warnings:
     kodtree.cc:41:1: warning: control reaches end of non-void function [-Wreturn-type]
     pinpolyhedronA.cc:111:1: warning: control reaches end of non-void function [-Wreturn-type]
     pinpolyhedronA.cc:352:1: warning: control reaches end of non-void function [-Wreturn-type]
     pinpolyhedronA.cc:523:1: warning: control reaches end of non-void function [-Wreturn-type]
     pinpolyhedronA.cc:553:1: warning: control reaches end of non-void function [-Wreturn-type]
     pinpolyhedronA.cc:560:1: warning: control reaches end of non-void function [-Wreturn-type]
     pinpolyhedronA.cc:573:1: warning: control reaches end of non-void function [-Wreturn-type]
     pinpolyhedronA.cc:1398:1: warning: control reaches end of non-void function [-Wreturn-type]
    See ‘/home/hornik/tmp/R.check/r-release-gcc/Work/PKGS/ptinpoly.Rcheck/00install.out’ for details.
Flavors: r-release-linux-ix86, r-release-linux-x86_64

Version: 2.0
Flags: --no-examples --no-tests --no-vignettes
Check: compiled code
Result: NOTE
    File ‘/home/hornik/tmp/R.check/r-release-gcc/Work/build/Packages/ptinpoly/libs/ptinpoly.so’:
     Found ‘_ZSt4cout’, possibly from ‘std::cout’ (C++)
     Object: ‘pinpolyhedronA.o’
    
    Compiled code should not call entry points which might terminate R nor
    write to stdout/stderr instead of to the console.
    
    See ‘Writing portable packages’ in the ‘Writing R Extensions’ manual.
Flavors: r-release-linux-ix86, r-release-linux-x86_64

Version: 2.0
Check: whether package can be installed
Result: WARNING
    Found the following significant warnings:
     kodtree.cc:41:1: warning: control reaches end of non-void function [-Wreturn-type]
     pinpolyhedronA.cc:1398:1: warning: control reaches end of non-void function [-Wreturn-type]
     pinpolyhedronA.cc:573:1: warning: control reaches end of non-void function [-Wreturn-type]
     pinpolyhedronA.cc:560:1: warning: control reaches end of non-void function [-Wreturn-type]
     pinpolyhedronA.cc:553:1: warning: control reaches end of non-void function [-Wreturn-type]
     pinpolyhedronA.cc:523:1: warning: control reaches end of non-void function [-Wreturn-type]
     pinpolyhedronA.cc:352:1: warning: control reaches end of non-void function [-Wreturn-type]
     pinpolyhedronA.cc:111:1: warning: control reaches end of non-void function [-Wreturn-type]
     kodtree.cc:41:1: warning: control reaches end of non-void function [-Wreturn-type]
     pinpolyhedronA.cc:1398:1: warning: control reaches end of non-void function [-Wreturn-type]
     pinpolyhedronA.cc:573:1: warning: control reaches end of non-void function [-Wreturn-type]
     pinpolyhedronA.cc:560:1: warning: control reaches end of non-void function [-Wreturn-type]
     pinpolyhedronA.cc:553:1: warning: control reaches end of non-void function [-Wreturn-type]
     pinpolyhedronA.cc:523:1: warning: control reaches end of non-void function [-Wreturn-type]
     pinpolyhedronA.cc:352:1: warning: control reaches end of non-void function [-Wreturn-type]
     pinpolyhedronA.cc:111:1: warning: control reaches end of non-void function [-Wreturn-type]
    See 'd:/Rcompile/CRANpkg/local/3.1/ptinpoly.Rcheck/00install.out' for details.
Flavor: r-release-windows-ix86+x86_64

Version: 2.0
Check: compiled code
Result: NOTE
    File 'd:/Rcompile/CRANpkg/lib/3.1/ptinpoly/libs/i386/ptinpoly.dll':
     Found '_ZSt4cout', possibly from 'std::cout' (C++)
     Object: 'pinpolyhedronA.o'
    File 'd:/Rcompile/CRANpkg/lib/3.1/ptinpoly/libs/x64/ptinpoly.dll':
     Found '_ZSt4cout', possibly from 'std::cout' (C++)
     Object: 'pinpolyhedronA.o'
    
    Compiled code should not call entry points which might terminate R nor
    write to stdout/stderr instead of to the console.
    
    See 'Writing portable packages' in the 'Writing R Extensions' manual.
    * checking examples ...
Flavor: r-release-windows-ix86+x86_64

Version: 2.0
Check: compiled code
Result: NOTE
    File 'd:/Rcompile/CRANpkg/lib/3.0/ptinpoly/libs/i386/ptinpoly.dll':
     Found '_ZSt4cout', possibly from 'std::cout' (C++)
     Object: 'pinpolyhedronA.o'
    File 'd:/Rcompile/CRANpkg/lib/3.0/ptinpoly/libs/x64/ptinpoly.dll':
     Found '_ZSt4cout', possibly from 'std::cout' (C++)
     Object: 'pinpolyhedronA.o'
    
    Compiled code should not call entry points which might terminate R nor
    write to stdout/stderr instead of to the console.
    
    See 'Writing portable packages' in the 'Writing R Extensions' manual.
    * checking examples ...
Flavor: r-oldrel-windows-ix86+x86_64