CRAN Package Check Results for Package ptinpoly

Last updated on 2014-09-01 19:46:32.

Flavor Version Tinstall Tcheck Ttotal Status Flags
r-devel-linux-x86_64-debian-clang 2.4 2.36 8.80 11.16 OK --no-examples --no-tests --no-vignettes
r-devel-linux-x86_64-debian-gcc 2.4 3.07 8.97 12.04 OK --no-examples --no-tests --no-vignettes
r-devel-linux-x86_64-fedora-clang 2.4 24.59 OK
r-devel-linux-x86_64-fedora-gcc 2.4 22.64 OK
r-devel-osx-x86_64-clang 2.4 26.04 OK
r-devel-windows-ix86+x86_64 2.4 15.00 29.00 44.00 OK
r-patched-linux-x86_64 2.4 2.92 9.26 12.18 OK --no-examples --no-tests --no-vignettes
r-patched-solaris-sparc 2.4 135.80 OK
r-patched-solaris-x86 2.4 32.50 OK
r-release-linux-ix86 2.4 4.13 15.60 19.73 OK --no-examples --no-tests --no-vignettes
r-release-linux-x86_64 2.4 2.87 9.44 12.32 OK --no-examples --no-tests --no-vignettes
r-release-osx-x86_64-mavericks 2.4 OK
r-release-osx-x86_64-snowleopard 2.1 NOTE
r-release-windows-ix86+x86_64 2.4 14.00 38.00 52.00 OK
r-oldrel-windows-ix86+x86_64 2.4 20.00 30.00 50.00 OK

Check Details

Version: 2.1
Check: dependencies in R code
Result: NOTE
    Unexported object imported by a ':::' call: ‘misc3d:::t2ve’
     See the note in ?`:::` about the use of this operator.
    See the information on DESCRIPTION files in the chapter ‘Creating R
    packages’ of the ‘Writing R Extensions’ manual.
Flavor: r-release-osx-x86_64-snowleopard