CRAN Package Check Results for Package ptinpoly

Last updated on 2017-02-27 23:48:22.

Flavor Version Tinstall Tcheck Ttotal Status Flags
r-devel-linux-x86_64-debian-clang 2.4 3.35 11.14 14.49 NOTE
r-devel-linux-x86_64-debian-gcc 2.4 3.15 11.21 14.36 NOTE
r-devel-linux-x86_64-fedora-clang 2.4 25.71 NOTE --no-stop-on-test-error
r-devel-linux-x86_64-fedora-gcc 2.4 23.58 NOTE --no-stop-on-test-error
r-devel-macos-x86_64-clang 2.4 22.52 NOTE --no-stop-on-test-error
r-devel-windows-ix86+x86_64 2.4 18.00 89.00 107.00 OK
r-patched-linux-x86_64 2.4 2.78 9.31 12.09 OK
r-patched-solaris-sparc 2.4 124.70 OK
r-patched-solaris-x86 2.4 28.60 OK
r-release-linux-x86_64 2.4 2.88 9.15 12.03 OK
r-release-osx-x86_64-mavericks 2.4 OK
r-release-windows-ix86+x86_64 2.4 27.00 41.00 68.00 OK
r-oldrel-windows-ix86+x86_64 2.4 14.00 46.00 60.00 OK

Check Details

Version: 2.4
Check: compiled code
Result: NOTE
    File ‘ptinpoly/libs/ptinpoly.so’:
     Found no calls to: ‘R_registerRoutines’, ‘R_useDynamicSymbols’
    
    It is good practice to register native routines and to disable symbol
    search.
    
    See ‘Writing portable packages’ in the ‘Writing R Extensions’ manual.
Flavors: r-devel-linux-x86_64-debian-clang, r-devel-linux-x86_64-debian-gcc

Version: 2.4
Flags: --no-stop-on-test-error
Check: compiled code
Result: NOTE
    File ‘ptinpoly/libs/ptinpoly.so’:
     Found no calls to: ‘R_registerRoutines’, ‘R_useDynamicSymbols’
    
    It is good practice to register native routines and to disable symbol
    search.
    
    See ‘Writing portable packages’ in the ‘Writing R Extensions’ manual.
Flavors: r-devel-linux-x86_64-fedora-clang, r-devel-linux-x86_64-fedora-gcc, r-devel-macos-x86_64-clang