CRAN Package Check Results for Package ptinpoly

Last updated on 2014-08-20 12:46:45.

Flavor Version Tinstall Tcheck Ttotal Status Flags
r-devel-linux-x86_64-debian-clang 2.1 2.26 9.37 11.64 NOTE --no-examples --no-tests --no-vignettes
r-devel-linux-x86_64-debian-gcc 2.1 2.83 9.63 12.46 NOTE --no-examples --no-tests --no-vignettes
r-devel-linux-x86_64-fedora-clang 2.1 24.86 NOTE
r-devel-linux-x86_64-fedora-gcc 2.1 23.21 NOTE
r-devel-osx-x86_64-clang 2.1 26.73 NOTE
r-devel-windows-ix86+x86_64 2.1 14.00 28.00 42.00 NOTE
r-patched-linux-x86_64 2.1 2.89 9.10 11.99 NOTE --no-examples --no-tests --no-vignettes
r-patched-solaris-sparc 2.1 143.20 NOTE
r-patched-solaris-x86 2.1 37.30 NOTE
r-release-linux-ix86 2.1 4.19 15.56 19.75 NOTE --no-examples --no-tests --no-vignettes
r-release-linux-x86_64 2.1 2.91 10.22 13.13 NOTE --no-examples --no-tests --no-vignettes
r-release-osx-x86_64-mavericks 2.1 NOTE
r-release-osx-x86_64-snowleopard 2.1 NOTE
r-release-windows-ix86+x86_64 2.1 15.00 27.00 42.00 NOTE
r-oldrel-windows-ix86+x86_64 2.1 15.00 32.00 47.00 NOTE

Memtest notes: ASAN valgrind

Check Details

Version: 2.1
Flags: --no-examples --no-tests --no-vignettes
Check: dependencies in R code
Result: NOTE
    Unexported object imported by a ':::' call: ‘misc3d:::t2ve’
     See the note in ?`:::` about the use of this operator.
    See the information on DESCRIPTION files in the chapter ‘Creating R
    packages’ of the ‘Writing R Extensions’ manual.
Flavors: r-devel-linux-x86_64-debian-clang, r-devel-linux-x86_64-debian-gcc, r-patched-linux-x86_64, r-release-linux-ix86, r-release-linux-x86_64

Version: 2.1
Check: dependencies in R code
Result: NOTE
    Unexported object imported by a ':::' call: ‘misc3d:::t2ve’
     See the note in ?`:::` about the use of this operator.
    See the information on DESCRIPTION files in the chapter ‘Creating R
    packages’ of the ‘Writing R Extensions’ manual.
Flavors: r-devel-linux-x86_64-fedora-clang, r-devel-linux-x86_64-fedora-gcc, r-devel-osx-x86_64-clang, r-devel-windows-ix86+x86_64, r-patched-solaris-sparc, r-patched-solaris-x86, r-release-osx-x86_64-mavericks, r-release-osx-x86_64-snowleopard, r-release-windows-ix86+x86_64, r-oldrel-windows-ix86+x86_64