CRAN Package Check Results for Package ptinpoly

Last updated on 2017-08-17 01:47:11.

Flavor Version Tinstall Tcheck Ttotal Status Flags
r-devel-linux-x86_64-debian-clang 2.4 3.38 11.31 14.69 NOTE
r-devel-linux-x86_64-debian-gcc 2.4 3.28 11.51 14.79 NOTE
r-devel-linux-x86_64-fedora-clang 2.4 26.90 NOTE
r-devel-linux-x86_64-fedora-gcc 2.4 24.66 NOTE
r-devel-windows-ix86+x86_64 2.4 15.00 38.00 53.00 OK
r-patched-linux-x86_64 2.4 3.31 11.36 14.67 NOTE
r-patched-solaris-x86 2.4 35.40 OK
r-release-linux-x86_64 2.4 3.22 11.50 14.71 NOTE
r-release-windows-ix86+x86_64 2.4 20.00 39.00 59.00 OK
r-release-osx-x86_64 2.4 OK
r-oldrel-windows-ix86+x86_64 2.4 23.00 34.00 57.00 OK
r-oldrel-osx-x86_64 2.4 OK

Check Details

Version: 2.4
Check: compiled code
Result: NOTE
    File ‘ptinpoly/libs/ptinpoly.so’:
     Found no calls to: ‘R_registerRoutines’, ‘R_useDynamicSymbols’
    
    It is good practice to register native routines and to disable symbol
    search.
    
    See ‘Writing portable packages’ in the ‘Writing R Extensions’ manual.
Flavors: r-devel-linux-x86_64-debian-clang, r-devel-linux-x86_64-debian-gcc, r-devel-linux-x86_64-fedora-clang, r-devel-linux-x86_64-fedora-gcc, r-patched-linux-x86_64, r-release-linux-x86_64