CRAN Package Check Results for Package ptinpoly

Last updated on 2018-04-26 00:47:36 CEST.

Flavor Version Tinstall Tcheck Ttotal Status Flags
r-devel-linux-x86_64-debian-clang 2.4 5.65 16.16 21.81 WARN
r-devel-linux-x86_64-debian-gcc 2.4 4.52 14.03 18.55 NOTE
r-devel-linux-x86_64-fedora-clang 2.4 29.58 WARN
r-devel-linux-x86_64-fedora-gcc 2.4 25.33 NOTE
r-devel-windows-ix86+x86_64 2.4 22.00 36.00 58.00 OK
r-patched-linux-x86_64 2.4 5.02 17.08 22.10 NOTE
r-patched-solaris-x86 2.4 41.60 OK
r-release-linux-x86_64 2.4 4.96 17.10 22.06 NOTE
r-release-windows-ix86+x86_64 2.4 22.00 36.00 58.00 OK
r-release-osx-x86_64 2.4 WARN
r-oldrel-windows-ix86+x86_64 2.4 17.00 35.00 52.00 OK
r-oldrel-osx-x86_64 2.4 OK

Check Details

Version: 2.4
Check: whether package can be installed
Result: WARN
    Found the following significant warnings:
     pinpolyhedronA.cc:594:7: warning: explicitly assigning value of variable of type 'double' to itself [-Wself-assign]
     pinpolyhedronA.cc:1766:5: warning: explicitly assigning value of variable of type 'int' to itself [-Wself-assign]
Flavors: r-devel-linux-x86_64-debian-clang, r-devel-linux-x86_64-fedora-clang, r-release-osx-x86_64

Version: 2.4
Check: compiled code
Result: NOTE
    File ‘ptinpoly/libs/ptinpoly.so’:
     Found no calls to: ‘R_registerRoutines’, ‘R_useDynamicSymbols’
    
    It is good practice to register native routines and to disable symbol
    search.
    
    See ‘Writing portable packages’ in the ‘Writing R Extensions’ manual.
Flavors: r-devel-linux-x86_64-debian-clang, r-devel-linux-x86_64-debian-gcc, r-devel-linux-x86_64-fedora-clang, r-devel-linux-x86_64-fedora-gcc, r-patched-linux-x86_64, r-release-linux-x86_64