CRAN Package Check Results for Package ptinpoly

Last updated on 2017-04-27 10:48:39.

Flavor Version Tinstall Tcheck Ttotal Status Flags
r-devel-linux-x86_64-debian-clang 2.4 3.58 11.45 15.03 NOTE
r-devel-linux-x86_64-debian-gcc 2.4 3.22 10.89 14.11 NOTE
r-devel-linux-x86_64-fedora-clang 2.4 27.44 NOTE --no-stop-on-test-error
r-devel-linux-x86_64-fedora-gcc 2.4 23.34 NOTE --no-stop-on-test-error
r-devel-windows-ix86+x86_64 2.4 15.00 51.00 66.00 OK
r-patched-linux-x86_64 2.4 2.91 11.37 14.28 NOTE
r-patched-solaris-sparc 2.4 151.10 OK
r-patched-solaris-x86 2.4 34.70 OK
r-release-linux-x86_64 2.4 3.19 11.23 14.42 NOTE
r-release-windows-ix86+x86_64 2.4 14.00 39.00 53.00 OK
r-release-osx-x86_64 2.4 OK
r-oldrel-windows-ix86+x86_64 2.4 13.00 42.00 55.00 OK
r-oldrel-osx-x86_64 2.4 OK

Check Details

Version: 2.4
Check: compiled code
Result: NOTE
    File ‘ptinpoly/libs/ptinpoly.so’:
     Found no calls to: ‘R_registerRoutines’, ‘R_useDynamicSymbols’
    
    It is good practice to register native routines and to disable symbol
    search.
    
    See ‘Writing portable packages’ in the ‘Writing R Extensions’ manual.
Flavors: r-devel-linux-x86_64-debian-clang, r-devel-linux-x86_64-debian-gcc, r-patched-linux-x86_64, r-release-linux-x86_64

Version: 2.4
Flags: --no-stop-on-test-error
Check: compiled code
Result: NOTE
    File ‘ptinpoly/libs/ptinpoly.so’:
     Found no calls to: ‘R_registerRoutines’, ‘R_useDynamicSymbols’
    
    It is good practice to register native routines and to disable symbol
    search.
    
    See ‘Writing portable packages’ in the ‘Writing R Extensions’ manual.
Flavors: r-devel-linux-x86_64-fedora-clang, r-devel-linux-x86_64-fedora-gcc