Last updated on 2022-07-01 11:52:08 CEST.
Flavor | Version | Tinstall | Tcheck | Ttotal | Status | Flags |
---|---|---|---|---|---|---|
r-devel-linux-x86_64-debian-clang | 1.1.2 | 4.70 | 359.86 | 364.56 | OK | |
r-devel-linux-x86_64-debian-gcc | 1.1.2 | 2.69 | 264.00 | 266.69 | OK | |
r-devel-linux-x86_64-fedora-clang | 1.1.2 | 422.82 | OK | |||
r-devel-linux-x86_64-fedora-gcc | 1.1.2 | 427.79 | OK | |||
r-devel-windows-x86_64 | 1.1.2 | 16.00 | 374.00 | 390.00 | OK | |
r-patched-linux-x86_64 | 1.1.2 | 4.03 | 350.21 | 354.24 | OK | |
r-release-linux-x86_64 | 1.1.2 | 4.32 | 339.42 | 343.74 | OK | |
r-release-macos-arm64 | 1.1.2 | 7.00 | ERROR | |||
r-release-macos-x86_64 | 1.1.2 | 7.00 | ERROR | |||
r-release-windows-x86_64 | 1.1.2 | 20.00 | 381.00 | 401.00 | OK | |
r-oldrel-macos-arm64 | 1.1.2 | 6.00 | ERROR | |||
r-oldrel-macos-x86_64 | 1.1.2 | 7.00 | ERROR | |||
r-oldrel-windows-ix86+x86_64 | 1.1.2 | 10.00 | 395.00 | 405.00 | OK |
Version: 1.1.2
Check: package dependencies
Result: ERROR
Package required but not available: ‘tweeDEseq’
See section ‘The DESCRIPTION file’ in the ‘Writing R Extensions’
manual.
Flavors: r-release-macos-arm64, r-release-macos-x86_64, r-oldrel-macos-arm64, r-oldrel-macos-x86_64