CRAN Package Check Results for Package ptw

Last updated on 2017-06-25 18:47:56.

Flavor Version Tinstall Tcheck Ttotal Status Flags
r-devel-linux-x86_64-debian-clang 1.9-12 1.98 40.81 42.79 OK
r-devel-linux-x86_64-debian-gcc 1.9-12 2.01 40.42 42.43 OK
r-devel-linux-x86_64-fedora-clang 1.9-12 78.55 OK
r-devel-linux-x86_64-fedora-gcc 1.9-12 79.58 OK
r-devel-windows-ix86+x86_64 1.9-12 16.00 71.00 87.00 OK
r-patched-linux-x86_64 1.9-12 1.82 40.82 42.63 OK
r-patched-solaris-sparc 1.9-12 386.50 OK
r-patched-solaris-x86 1.9-12 79.60 OK
r-release-linux-x86_64 1.9-12 1.59 40.26 41.85 OK
r-release-windows-ix86+x86_64 1.9-12 13.00 103.00 116.00 OK
r-release-osx-x86_64 1.9-12 FAIL
r-oldrel-windows-ix86+x86_64 1.9-12 9.00 92.00 101.00 OK
r-oldrel-osx-x86_64 1.9-12 OK

Check Details

Version: 1.9-12
Check: package dependencies
Result: FAIL
    
Flavor: r-release-osx-x86_64