CRAN Package Check Results for Package ptw

Last updated on 2018-02-25 10:47:23 CET.

Flavor Version Tinstall Tcheck Ttotal Status Flags
r-devel-linux-x86_64-debian-clang 1.9-12 3.62 57.05 60.67 OK
r-devel-linux-x86_64-debian-gcc 1.9-12 2.33 41.99 44.32 OK
r-devel-linux-x86_64-fedora-clang 1.9-12 79.10 OK
r-devel-linux-x86_64-fedora-gcc 1.9-12 76.91 OK
r-devel-windows-ix86+x86_64 1.9-12 14.00 79.00 93.00 OK
r-patched-linux-x86_64 1.9-12 2.28 57.09 59.37 OK
r-patched-solaris-x86 1.9-12 82.80 OK
r-release-linux-x86_64 1.9-12 2.34 57.41 59.75 OK
r-release-windows-ix86+x86_64 1.9-12 10.00 94.00 104.00 OK
r-release-osx-x86_64 1.9-12 FAIL
r-oldrel-windows-ix86+x86_64 1.9-12 10.00 98.00 108.00 OK
r-oldrel-osx-x86_64 1.9-12 OK

Check Details

Version: 1.9-12
Check: package dependencies
Result: FAIL
    
Flavor: r-release-osx-x86_64