CRAN Package Check Results for Package ptw

Last updated on 2017-02-25 07:49:23.

Flavor Version Tinstall Tcheck Ttotal Status Flags
r-devel-linux-x86_64-debian-clang 1.9-11 2.04 42.33 44.36 NOTE
r-devel-linux-x86_64-debian-gcc 1.9-11 1.72 40.23 41.95 NOTE
r-devel-linux-x86_64-fedora-clang 1.9-11 79.51 NOTE --no-stop-on-test-error
r-devel-linux-x86_64-fedora-gcc 1.9-11 72.86 NOTE --no-stop-on-test-error
r-devel-macos-x86_64-clang 1.9-11 47.81 NOTE --no-stop-on-test-error
r-devel-windows-ix86+x86_64 1.9-11 17.00 101.00 118.00 OK
r-patched-linux-x86_64 1.9-11 1.67 37.47 39.14 OK
r-patched-solaris-sparc 1.9-11 369.20 OK
r-patched-solaris-x86 1.9-11 74.80 OK
r-release-linux-x86_64 1.9-11 1.61 37.77 39.38 OK
r-release-osx-x86_64-mavericks 1.9-11 OK
r-release-windows-ix86+x86_64 1.9-11 14.00 94.00 108.00 OK
r-oldrel-windows-ix86+x86_64 1.9-11 22.00 140.00 162.00 OK

Check Details

Version: 1.9-11
Check: compiled code
Result: NOTE
    File ‘ptw/libs/ptw.so’:
     Found no calls to: ‘R_registerRoutines’, ‘R_useDynamicSymbols’
    
    It is good practice to register native routines and to disable symbol
    search.
    
    See ‘Writing portable packages’ in the ‘Writing R Extensions’ manual.
Flavors: r-devel-linux-x86_64-debian-clang, r-devel-linux-x86_64-debian-gcc

Version: 1.9-11
Flags: --no-stop-on-test-error
Check: compiled code
Result: NOTE
    File ‘ptw/libs/ptw.so’:
     Found no calls to: ‘R_registerRoutines’, ‘R_useDynamicSymbols’
    
    It is good practice to register native routines and to disable symbol
    search.
    
    See ‘Writing portable packages’ in the ‘Writing R Extensions’ manual.
Flavors: r-devel-linux-x86_64-fedora-clang, r-devel-linux-x86_64-fedora-gcc, r-devel-macos-x86_64-clang