CRAN Package Check Results for Package ptw

Last updated on 2017-01-17 03:51:13.

Flavor Version Tinstall Tcheck Ttotal Status Flags
r-devel-linux-x86_64-debian-clang 1.9-11 1.92 41.62 43.54 OK
r-devel-linux-x86_64-debian-gcc 1.9-11 1.76 39.58 41.34 OK
r-devel-linux-x86_64-fedora-clang 1.9-11 78.77 OK --no-stop-on-test-error
r-devel-linux-x86_64-fedora-gcc 1.9-11 76.40 NOTE --no-stop-on-test-error
r-devel-macos-x86_64-clang 1.9-11 46.76 OK --no-stop-on-test-error
r-devel-windows-ix86+x86_64 1.9-11 14.00 80.00 94.00 OK
r-patched-linux-x86_64 1.9-11 1.60 37.54 39.14 OK
r-patched-solaris-sparc 1.9-11 369.20 OK
r-patched-solaris-x86 1.9-11 74.20 OK
r-release-linux-x86_64 1.9-11 1.58 37.73 39.31 OK
r-release-osx-x86_64-mavericks 1.9-11 OK
r-release-windows-ix86+x86_64 1.9-11 14.00 92.00 106.00 OK
r-oldrel-windows-ix86+x86_64 1.9-11 10.00 94.00 104.00 OK

Check Details

Version: 1.9-11
Flags: --no-stop-on-test-error
Check: compiled code
Result: NOTE
    File ‘ptw/libs/ptw.so’:
     Found no calls to: ‘R_registerRoutines’, ‘R_useDynamicSymbols’
    
    It is good practice to use registered native symbols and disable symbol
    search.
    
    See ‘Writing portable packages’ in the ‘Writing R Extensions’ manual.
Flavor: r-devel-linux-x86_64-fedora-gcc