CRAN Package Check Results for Package ptw

Last updated on 2017-04-27 05:52:00.

Flavor Version Tinstall Tcheck Ttotal Status Flags
r-devel-linux-x86_64-debian-clang 1.9-12 2.12 41.39 43.50 OK
r-devel-linux-x86_64-debian-gcc 1.9-12 1.68 39.78 41.46 OK
r-devel-linux-x86_64-fedora-clang 1.9-12 79.53 OK --no-stop-on-test-error
r-devel-linux-x86_64-fedora-gcc 1.9-12 73.99 OK --no-stop-on-test-error
r-devel-windows-ix86+x86_64 1.9-12 11.00 100.00 111.00 OK
r-patched-linux-x86_64 1.9-12 1.64 39.80 41.44 OK
r-patched-solaris-sparc 1.9-12 386.50 OK
r-patched-solaris-x86 1.9-12 78.30 OK
r-release-linux-x86_64 1.9-12 1.68 40.89 42.58 OK
r-release-windows-ix86+x86_64 1.9-12 12.00 76.00 88.00 OK
r-release-osx-x86_64 1.9-12 FAIL
r-oldrel-windows-ix86+x86_64 1.9-12 9.00 93.00 102.00 OK
r-oldrel-osx-x86_64 1.9-12 OK

Check Details

Version: 1.9-12
Check: package dependencies
Result: FAIL
    
Flavor: r-release-osx-x86_64