CRAN Package Check Results for Package ptw

Last updated on 2017-10-21 18:47:26.

Flavor Version Tinstall Tcheck Ttotal Status Flags
r-devel-linux-x86_64-debian-clang 1.9-12 1.89 38.81 40.69 OK
r-devel-linux-x86_64-debian-gcc 1.9-12 1.89 36.24 38.13 OK
r-devel-linux-x86_64-fedora-clang 1.9-12 83.03 OK
r-devel-linux-x86_64-fedora-gcc 1.9-12 83.85 OK
r-devel-windows-ix86+x86_64 1.9-12 10.00 101.00 111.00 OK
r-patched-linux-x86_64 1.9-12 1.78 37.50 39.28 OK
r-patched-solaris-x86 1.9-12 83.30 OK
r-release-linux-x86_64 1.9-12 1.68 37.24 38.91 OK
r-release-windows-ix86+x86_64 1.9-12 14.00 94.00 108.00 OK
r-release-osx-x86_64 1.9-12 FAIL
r-oldrel-windows-ix86+x86_64 1.9-12 10.00 96.00 106.00 OK
r-oldrel-osx-x86_64 1.9-12 OK

Check Details

Version: 1.9-12
Check: package dependencies
Result: FAIL
    
Flavor: r-release-osx-x86_64