CRAN Package Check Results for Package ptw

Last updated on 2015-01-27 01:48:11.

Flavor Version Tinstall Tcheck Ttotal Status Flags
r-devel-linux-x86_64-debian-clang 1.0-7 1.22 22.50 23.72 OK
r-devel-linux-x86_64-debian-gcc 1.0-7 1.16 20.93 22.09 OK
r-devel-linux-x86_64-fedora-clang 1.0-7 44.35 NOTE
r-devel-linux-x86_64-fedora-gcc 1.0-7 42.32 NOTE
r-devel-osx-x86_64-clang 1.0-7 42.92 NOTE
r-devel-windows-ix86+x86_64 1.0-7 9.00 44.00 53.00 OK
r-patched-linux-x86_64 1.0-7 1.21 21.63 22.84 OK
r-patched-solaris-sparc 1.0-7 279.10 OK
r-patched-solaris-x86 1.0-7 63.90 OK
r-release-linux-ix86 1.0-7 1.79 30.78 32.57 OK
r-release-linux-x86_64 1.0-7 1.26 21.58 22.84 OK
r-release-osx-x86_64-mavericks 1.0-7 OK
r-release-osx-x86_64-snowleopard 1.0-7 OK
r-release-windows-ix86+x86_64 1.0-7 8.00 42.00 50.00 OK
r-oldrel-windows-ix86+x86_64 1.0-7 6.00 41.00 47.00 OK

Check Details

Version: 1.0-7
Check: S3 generic/method consistency
Result: NOTE
    Found the following apparent S3 methods exported but not registered:
     print.ptw summary.ptw plot.ptw predict.ptw
    See section ‘Registering S3 methods’ in the ‘Writing R Extensions’
    manual.
Flavors: r-devel-linux-x86_64-fedora-clang, r-devel-linux-x86_64-fedora-gcc, r-devel-osx-x86_64-clang