CRAN Package Check Results for Package ptw

Last updated on 2017-12-13 03:48:07 CET.

Flavor Version Tinstall Tcheck Ttotal Status Flags
r-devel-linux-x86_64-debian-clang 1.9-12 2.37 56.61 58.98 OK
r-devel-linux-x86_64-debian-gcc 1.9-12 1.82 42.15 43.97 OK
r-devel-linux-x86_64-fedora-clang 1.9-12 76.27 OK
r-devel-windows-ix86+x86_64 1.9-12 18.00 79.00 97.00 OK
r-patched-linux-x86_64 1.9-12 2.20 56.21 58.41 OK
r-patched-solaris-x86 1.9-12 80.30 OK
r-release-linux-x86_64 1.9-12 2.01 57.29 59.30 OK
r-release-windows-ix86+x86_64 1.9-12 10.00 95.00 105.00 OK
r-release-osx-x86_64 1.9-12 FAIL
r-oldrel-windows-ix86+x86_64 1.9-12 15.00 100.00 115.00 OK
r-oldrel-osx-x86_64 1.9-12 OK

Check Details

Version: 1.9-12
Check: package dependencies
Result: FAIL
    
Flavor: r-release-osx-x86_64