CRAN Package Check Results for Package ptw

Last updated on 2015-07-29 03:48:35.

Flavor Version Tinstall Tcheck Ttotal Status Flags
r-devel-linux-x86_64-debian-clang 1.9-10 1.53 39.62 41.16 NOTE
r-devel-linux-x86_64-debian-gcc 1.9-10 1.54 38.87 40.40 NOTE
r-devel-linux-x86_64-fedora-clang 1.9-10 79.14 NOTE
r-devel-linux-x86_64-fedora-gcc 1.9-10 77.70 NOTE
r-devel-osx-x86_64-clang 1.9-10 44.00 NOTE
r-devel-windows-ix86+x86_64 1.9-10 10.00 60.00 70.00 OK
r-patched-linux-x86_64 1.9-10 1.53 39.94 41.48 NOTE
r-patched-solaris-sparc 1.9-10 399.30 NOTE
r-patched-solaris-x86 1.9-10 78.00 NOTE
r-release-linux-x86_64 1.9-10 1.60 39.70 41.30 NOTE
r-release-osx-x86_64-mavericks 1.9-10 OK
r-release-windows-ix86+x86_64 1.9-10 14.00 66.00 80.00 OK
r-oldrel-windows-ix86+x86_64 1.9-10 14.00 97.00 111.00 OK

Check Details

Version: 1.9-10
Check: re-building of vignette outputs
Result: NOTE
    Error in re-building vignettes:
     ...
    Error in texi2dvi(file = file, pdf = TRUE, clean = clean, quiet = quiet, :
     Running ‘texi2dvi’ on ‘stickPTW.tex’ failed.
    LaTeX errors:
    ! LaTeX Error: Unknown float option `H'.
    
    See the LaTeX manual or LaTeX Companion for explanation.
    Type H <return> for immediate help.
     ...
    Calls: buildVignettes -> texi2pdf -> texi2dvi
    Execution halted
Flavors: r-devel-linux-x86_64-debian-clang, r-devel-linux-x86_64-debian-gcc, r-devel-linux-x86_64-fedora-clang, r-devel-linux-x86_64-fedora-gcc, r-devel-osx-x86_64-clang, r-patched-linux-x86_64, r-patched-solaris-sparc, r-patched-solaris-x86, r-release-linux-x86_64