CRAN Package Check Results for Package ptw

Last updated on 2018-04-26 10:47:18 CEST.

Flavor Version Tinstall Tcheck Ttotal Status Flags
r-devel-linux-x86_64-debian-clang 1.9-12 3.47 50.24 53.71 OK
r-devel-linux-x86_64-debian-gcc 1.9-12 2.79 42.37 45.16 OK
r-devel-linux-x86_64-fedora-clang 1.9-12 79.56 OK
r-devel-linux-x86_64-fedora-gcc 1.9-12 76.66 OK
r-devel-windows-ix86+x86_64 1.9-12 17.00 70.00 87.00 OK
r-patched-linux-x86_64 1.9-12 3.74 55.50 59.24 OK
r-patched-solaris-x86 1.9-12 93.20 OK
r-release-linux-x86_64 1.9-12 3.29 56.08 59.37 OK
r-release-windows-ix86+x86_64 1.9-12 17.00 70.00 87.00 OK
r-release-osx-x86_64 1.9-12 OK
r-oldrel-windows-ix86+x86_64 1.9-12 17.00 100.00 117.00 OK
r-oldrel-osx-x86_64 1.9-12 FAIL

Check Details

Version: 1.9-12
Check: package dependencies
Result: FAIL
    
Flavor: r-oldrel-osx-x86_64