CRAN Package Check Results for Package ptw

Last updated on 2017-08-16 16:46:59.

Flavor Version Tinstall Tcheck Ttotal Status Flags
r-devel-linux-x86_64-debian-clang 1.9-12 2.09 41.31 43.40 OK
r-devel-linux-x86_64-debian-gcc 1.9-12 1.75 40.02 41.77 OK
r-devel-linux-x86_64-fedora-clang 1.9-12 76.46 OK
r-devel-linux-x86_64-fedora-gcc 1.9-12 81.64 OK
r-devel-windows-ix86+x86_64 1.9-12 11.00 111.00 122.00 OK
r-patched-linux-x86_64 1.9-12 1.78 39.93 41.71 OK
r-patched-solaris-x86 1.9-12 81.30 OK
r-release-linux-x86_64 1.9-12 1.63 39.57 41.20 OK
r-release-windows-ix86+x86_64 1.9-12 11.00 94.00 105.00 OK
r-release-osx-x86_64 1.9-12 FAIL
r-oldrel-windows-ix86+x86_64 1.9-12 15.00 71.00 86.00 OK
r-oldrel-osx-x86_64 1.9-12 OK

Check Details

Version: 1.9-12
Check: package dependencies
Result: FAIL
    
Flavor: r-release-osx-x86_64