Last updated on 2023-09-30 23:59:35 CEST.
Flavor | Version | Tinstall | Tcheck | Ttotal | Status | Flags |
---|---|---|---|---|---|---|
r-devel-linux-x86_64-debian-clang | 1.2.7 | 11.50 | 322.48 | 333.98 | OK | |
r-devel-linux-x86_64-debian-gcc | 1.2.7 | 9.46 | 238.94 | 248.40 | OK | |
r-devel-linux-x86_64-fedora-clang | 1.2.7 | 431.97 | NOTE | |||
r-devel-linux-x86_64-fedora-gcc | 1.2.7 | 426.19 | NOTE | |||
r-devel-windows-x86_64 | 1.2.7 | 17.00 | 256.00 | 273.00 | OK | |
r-patched-linux-x86_64 | 1.2.7 | 20.38 | 309.85 | 330.23 | OK | |
r-release-linux-x86_64 | 1.2.7 | 9.99 | 314.02 | 324.01 | OK | |
r-release-macos-arm64 | 1.2.7 | 122.00 | OK | |||
r-release-macos-x86_64 | 1.2.7 | 221.00 | OK | |||
r-release-windows-x86_64 | 1.2.7 | 23.00 | 334.00 | 357.00 | OK | |
r-oldrel-macos-arm64 | 1.2.7 | 122.00 | NOTE | |||
r-oldrel-macos-x86_64 | 1.2.7 | 207.00 | NOTE | |||
r-oldrel-windows-x86_64 | 1.2.7 | 21.00 | 331.00 | 352.00 | OK |
Version: 1.2.7
Check: dependencies in R code
Result: NOTE
Namespaces in Imports field not imported from:
‘Hmisc’ ‘sjPlot’
All declared Imports should be used.
Flavors: r-devel-linux-x86_64-fedora-clang, r-devel-linux-x86_64-fedora-gcc, r-oldrel-macos-arm64, r-oldrel-macos-x86_64