CRAN Package Check Results for Package pubh

Last updated on 2020-08-06 20:48:24 CEST.

Flavor Version Tinstall Tcheck Ttotal Status Flags
r-devel-linux-x86_64-debian-clang 1.1.16 8.75 184.38 193.13 OK
r-devel-linux-x86_64-debian-gcc 1.1.16 7.71 133.96 141.67 OK
r-devel-linux-x86_64-fedora-clang 1.1.16 226.55 NOTE
r-devel-linux-x86_64-fedora-gcc 1.1.16 217.30 NOTE
r-devel-windows-ix86+x86_64 1.1.16 44.00 265.00 309.00 OK
r-patched-linux-x86_64 1.1.16 7.13 172.56 179.69 OK
r-patched-solaris-x86 1.1.16 324.80 NOTE
r-release-linux-x86_64 1.1.16 7.00 174.24 181.24 OK
r-release-macos-x86_64 1.1.16 NOTE
r-release-windows-ix86+x86_64 1.1.16 40.00 195.00 235.00 OK
r-oldrel-macos-x86_64 1.1.16 ERROR

Check Details

Version: 1.1.16
Check: dependencies in R code
Result: NOTE
    Namespace in Imports field not imported from: ‘Hmisc’
     All declared Imports should be used.
Flavors: r-devel-linux-x86_64-fedora-clang, r-devel-linux-x86_64-fedora-gcc, r-patched-solaris-x86, r-release-macos-x86_64

Version: 1.1.16
Check: whether package can be installed
Result: ERROR
    Installation failed.
Flavor: r-oldrel-macos-x86_64