CRAN Package Check Results for Package pubh

Last updated on 2020-02-20 13:49:04 CET.

Flavor Version Tinstall Tcheck Ttotal Status Flags
r-devel-linux-x86_64-debian-clang 1.1.5 16.13 209.81 225.94 OK
r-devel-linux-x86_64-debian-gcc 1.1.5 14.44 155.81 170.25 OK
r-devel-linux-x86_64-fedora-clang 1.1.5 244.63 NOTE
r-devel-linux-x86_64-fedora-gcc 1.1.5 245.15 NOTE
r-devel-windows-ix86+x86_64 1.1.5 43.00 234.00 277.00 OK
r-devel-windows-ix86+x86_64-gcc8 1.1.3 44.00 201.00 245.00 OK
r-patched-linux-x86_64 1.1.5 13.63 183.08 196.71 OK
r-patched-solaris-x86 1.1.5 355.70 NOTE
r-release-linux-x86_64 1.1.5 12.74 186.47 199.21 OK
r-release-windows-ix86+x86_64 1.1.5 36.00 225.00 261.00 OK
r-release-osx-x86_64 1.1.5 NOTE
r-oldrel-windows-ix86+x86_64 0.4.3 10.00 108.00 118.00 OK
r-oldrel-osx-x86_64 1.1.5 ERROR

Check Details

Version: 1.1.5
Check: dependencies in R code
Result: NOTE
    Namespaces in Imports field not imported from:
     ‘Hmisc’ ‘dplyr’
     All declared Imports should be used.
Flavors: r-devel-linux-x86_64-fedora-clang, r-devel-linux-x86_64-fedora-gcc, r-patched-solaris-x86, r-release-osx-x86_64

Version: 1.1.5
Check: whether package can be installed
Result: ERROR
    Installation failed.
Flavor: r-oldrel-osx-x86_64