CRAN Package Check Results for Package pumilioR

Last updated on 2015-05-25 23:47:32.

Flavor Version Tinstall Tcheck Ttotal Status Flags
r-devel-linux-x86_64-debian-clang 1.3 1.14 17.57 18.71 OK
r-devel-linux-x86_64-debian-gcc 1.3 1.15 16.96 18.11 OK
r-devel-linux-x86_64-fedora-clang 1.3 34.66 OK
r-devel-linux-x86_64-fedora-gcc 1.3 32.53 OK
r-devel-osx-x86_64-clang 1.3 35.08 OK
r-devel-windows-ix86+x86_64 1.3 4.00 28.00 32.00 OK
r-patched-linux-x86_64 1.3 1.12 16.36 17.48 OK
r-patched-solaris-sparc 1.3 205.10 OK
r-patched-solaris-x86 1.3 49.00 OK
r-release-linux-x86_64 1.3 1.13 16.17 17.30 OK
r-release-osx-x86_64-mavericks 1.3 OK
r-release-osx-x86_64-snowleopard 1.3 ERROR
r-release-windows-ix86+x86_64 1.3 4.00 25.00 29.00 OK
r-oldrel-windows-ix86+x86_64 1.3 6.00 32.00 38.00 OK

Check Details

Version: 1.3
Check: package dependencies
Result: ERROR
    Package required but not available: ‘XML’
    
    Package suggested but not available for checking: ‘knitr’
    
    VignetteBuilder package required for checking but not installed: ‘knitr’
    
    See section ‘The DESCRIPTION file’ in the ‘Writing R Extensions’
    manual.
Flavor: r-release-osx-x86_64-snowleopard