CRAN Package Check Results for Package pumilioR

Last updated on 2016-08-26 21:47:23.

Flavor Version Tinstall Tcheck Ttotal Status Flags
r-devel-linux-x86_64-debian-clang 1.3 1.08 16.49 17.57 NOTE
r-devel-linux-x86_64-debian-gcc 1.3 1.65 20.55 22.20 NOTE
r-devel-linux-x86_64-fedora-clang 1.3 30.29 NOTE
r-devel-linux-x86_64-fedora-gcc 1.3 28.83 NOTE
r-devel-osx-x86_64-clang 1.3 26.04 NOTE
r-devel-windows-ix86+x86_64 1.3 6.00 36.00 42.00 NOTE
r-patched-linux-x86_64 1.3 1.10 15.60 16.69 NOTE
r-patched-solaris-sparc 1.3 187.90 NOTE
r-patched-solaris-x86 1.3 42.80 NOTE
r-release-linux-x86_64 1.3 1.18 16.19 17.37 NOTE
r-release-osx-x86_64-mavericks 1.3 NOTE
r-release-windows-ix86+x86_64 1.3 7.00 36.00 43.00 NOTE
r-oldrel-windows-ix86+x86_64 1.3 4.00 36.00 40.00 OK

Check Details

Version: 1.3
Check: R code for possible problems
Result: NOTE
    getFile: no visible global function definition for ‘download.file’
    Undefined global functions or variables:
     download.file
    Consider adding
     importFrom("utils", "download.file")
    to your NAMESPACE file.
Flavors: r-devel-linux-x86_64-debian-clang, r-devel-linux-x86_64-debian-gcc, r-devel-linux-x86_64-fedora-clang, r-devel-linux-x86_64-fedora-gcc, r-devel-osx-x86_64-clang, r-devel-windows-ix86+x86_64, r-patched-linux-x86_64, r-patched-solaris-sparc, r-patched-solaris-x86, r-release-linux-x86_64, r-release-osx-x86_64-mavericks, r-release-windows-ix86+x86_64