CRAN Package Check Results for Package pumilioR

Last updated on 2015-08-03 08:48:50.

Flavor Version Tinstall Tcheck Ttotal Status Flags
r-devel-linux-x86_64-debian-clang 1.3 1.15 17.17 18.32 NOTE
r-devel-linux-x86_64-debian-gcc 1.3 1.14 16.83 17.96 NOTE
r-devel-linux-x86_64-fedora-clang 1.3 34.68 NOTE
r-devel-linux-x86_64-fedora-gcc 1.3 32.81 NOTE
r-devel-osx-x86_64-clang 1.3 33.99 OK
r-devel-windows-ix86+x86_64 1.3 5.00 30.00 35.00 NOTE
r-patched-linux-x86_64 1.3 1.13 17.37 18.50 OK
r-patched-solaris-sparc 1.3 212.30 OK
r-patched-solaris-x86 1.3 48.50 OK
r-release-linux-x86_64 1.3 1.25 16.71 17.96 OK
r-release-osx-x86_64-mavericks 1.3 OK
r-release-windows-ix86+x86_64 1.3 6.00 29.00 35.00 OK
r-oldrel-windows-ix86+x86_64 1.3 8.00 54.00 62.00 OK

Check Details

Version: 1.3
Check: R code for possible problems
Result: NOTE
    getFile: no visible global function definition for ‘download.file’
    Undefined global functions or variables:
     download.file
    Consider adding
     importFrom("utils", "download.file")
    to your NAMESPACE.
Flavors: r-devel-linux-x86_64-debian-clang, r-devel-linux-x86_64-debian-gcc, r-devel-linux-x86_64-fedora-clang, r-devel-linux-x86_64-fedora-gcc, r-devel-windows-ix86+x86_64