CRAN Package Check Results for Package pumilioR

Last updated on 2016-02-08 19:48:34.

Flavor Version Tinstall Tcheck Ttotal Status Flags
r-devel-linux-x86_64-debian-gcc 1.3 1.08 16.83 17.91 NOTE
r-devel-linux-x86_64-fedora-clang 1.3 29.28 NOTE
r-devel-linux-x86_64-fedora-gcc 1.3 28.22 NOTE
r-devel-osx-x86_64-clang 1.3 34.27 NOTE
r-devel-windows-ix86+x86_64 1.3 7.00 31.00 38.00 NOTE
r-patched-linux-x86_64 1.3 1.26 17.07 18.33 OK
r-patched-solaris-sparc 1.3 201.70 OK
r-patched-solaris-x86 1.3 44.60 OK
r-release-linux-x86_64 1.3 1.39 17.23 18.63 OK
r-release-osx-x86_64-mavericks 1.3 OK
r-release-windows-ix86+x86_64 1.3 6.00 48.00 54.00 OK
r-oldrel-windows-ix86+x86_64 1.3 8.00 38.00 46.00 OK

Check Details

Version: 1.3
Check: R code for possible problems
Result: NOTE
    getFile: no visible global function definition for ‘download.file’
    Undefined global functions or variables:
     download.file
    Consider adding
     importFrom("utils", "download.file")
    to your NAMESPACE file.
Flavors: r-devel-linux-x86_64-debian-gcc, r-devel-linux-x86_64-fedora-clang, r-devel-linux-x86_64-fedora-gcc, r-devel-osx-x86_64-clang, r-devel-windows-ix86+x86_64