CRAN Package Check Results for Package pumilioR

Last updated on 2016-05-06 17:47:22.

Flavor Version Tinstall Tcheck Ttotal Status Flags
r-devel-linux-x86_64-debian-gcc 1.3 1.19 16.17 17.36 NOTE
r-devel-linux-x86_64-fedora-clang 1.3 30.06 NOTE
r-devel-linux-x86_64-fedora-gcc 1.3 28.00 NOTE
r-devel-osx-x86_64-clang 1.3 36.21 NOTE
r-devel-windows-ix86+x86_64 1.3 5.00 34.00 39.00 NOTE
r-patched-linux-x86_64 1.3 1.09 15.97 17.05 NOTE
r-patched-solaris-sparc 1.3 187.60 NOTE
r-patched-solaris-x86 1.3 40.00 NOTE
r-release-linux-x86_64 1.3 1.03 15.84 16.87 NOTE
r-release-osx-x86_64-mavericks 1.3 NOTE
r-release-windows-ix86+x86_64 1.3 5.00 34.00 39.00 NOTE
r-oldrel-windows-ix86+x86_64 1.3 6.00 36.00 42.00 OK

Check Details

Version: 1.3
Check: R code for possible problems
Result: NOTE
    getFile: no visible global function definition for ‘download.file’
    Undefined global functions or variables:
     download.file
    Consider adding
     importFrom("utils", "download.file")
    to your NAMESPACE file.
Flavors: r-devel-linux-x86_64-debian-gcc, r-devel-linux-x86_64-fedora-clang, r-devel-linux-x86_64-fedora-gcc, r-devel-osx-x86_64-clang, r-devel-windows-ix86+x86_64, r-patched-linux-x86_64, r-patched-solaris-sparc, r-patched-solaris-x86, r-release-linux-x86_64, r-release-osx-x86_64-mavericks, r-release-windows-ix86+x86_64