CRAN Package Check Results for Package pumilioR

Last updated on 2015-04-27 06:46:45.

Flavor Version Tinstall Tcheck Ttotal Status Flags
r-devel-linux-x86_64-debian-clang 1.3 1.19 17.79 18.98 OK
r-devel-linux-x86_64-debian-gcc 1.3 1.60 17.26 18.85 OK
r-devel-linux-x86_64-fedora-clang 1.3 34.79 OK
r-devel-linux-x86_64-fedora-gcc 1.3 32.69 OK
r-devel-osx-x86_64-clang 1.3 35.35 OK
r-devel-windows-ix86+x86_64 1.3 4.00 29.00 33.00 OK
r-patched-linux-x86_64 1.3 1.13 17.32 18.45 OK
r-patched-solaris-sparc 1.3 203.40 OK
r-patched-solaris-x86 1.3 49.80 OK
r-release-linux-x86_64 1.3 1.22 16.87 18.09 OK
r-release-osx-x86_64-mavericks 1.3 OK
r-release-osx-x86_64-snowleopard 1.3 ERROR
r-release-windows-ix86+x86_64 1.3 4.00 27.00 31.00 OK
r-oldrel-windows-ix86+x86_64 1.3 5.00 34.00 39.00 OK

Check Details

Version: 1.3
Check: package dependencies
Result: ERROR
    Package required but not available: ‘XML’
    
    Package suggested but not available for checking: ‘knitr’
    
    VignetteBuilder package required for checking but not installed: ‘knitr’
    
    See section ‘The DESCRIPTION file’ in the ‘Writing R Extensions’
    manual.
Flavor: r-release-osx-x86_64-snowleopard