CRAN Package Check Results for Package pumilioR

Last updated on 2016-06-30 09:49:46.

Flavor Version Tinstall Tcheck Ttotal Status Flags
r-devel-linux-x86_64-debian-gcc 1.3 1.26 16.87 18.13 NOTE
r-devel-linux-x86_64-fedora-clang 1.3 29.75 NOTE
r-devel-linux-x86_64-fedora-gcc 1.3 27.87 NOTE
r-devel-osx-x86_64-clang 1.3 25.81 NOTE
r-devel-windows-ix86+x86_64 1.3 4.00 35.00 39.00 NOTE
r-patched-linux-x86_64 1.3 1.09 16.60 17.69 NOTE
r-patched-solaris-sparc 1.3 187.90 NOTE
r-patched-solaris-x86 1.3 42.70 NOTE
r-release-linux-x86_64 1.3 1.18 15.73 16.90 NOTE
r-release-osx-x86_64-mavericks 1.3 NOTE
r-release-windows-ix86+x86_64 1.3 6.00 56.00 62.00 NOTE
r-oldrel-windows-ix86+x86_64 1.3 7.00 37.00 44.00 OK

Check Details

Version: 1.3
Check: R code for possible problems
Result: NOTE
    getFile: no visible global function definition for ‘download.file’
    Undefined global functions or variables:
     download.file
    Consider adding
     importFrom("utils", "download.file")
    to your NAMESPACE file.
Flavors: r-devel-linux-x86_64-debian-gcc, r-devel-linux-x86_64-fedora-clang, r-devel-linux-x86_64-fedora-gcc, r-devel-osx-x86_64-clang, r-devel-windows-ix86+x86_64, r-patched-linux-x86_64, r-patched-solaris-sparc, r-patched-solaris-x86, r-release-linux-x86_64, r-release-osx-x86_64-mavericks, r-release-windows-ix86+x86_64