CRAN Package Check Results for Package pumilioR

Last updated on 2016-09-27 23:49:16.

Flavor Version Tinstall Tcheck Ttotal Status Flags
r-devel-linux-x86_64-debian-clang 1.3 1.19 15.53 16.72 NOTE
r-devel-linux-x86_64-debian-gcc 1.3 1.11 15.10 16.21 ERROR
r-devel-linux-x86_64-fedora-clang 1.3 18.43 ERROR
r-devel-linux-x86_64-fedora-gcc 1.3 16.52 ERROR
r-devel-macos-x86_64-clang 1.3 24.80 ERROR
r-devel-windows-ix86+x86_64 1.3 5.00 47.00 52.00 ERROR
r-patched-linux-x86_64 1.3 1.05 16.21 17.26 NOTE
r-patched-solaris-sparc 1.3 187.90 NOTE
r-patched-solaris-x86 1.3 42.00 NOTE
r-release-linux-x86_64 1.3 1.10 15.88 16.97 ERROR
r-release-osx-x86_64-mavericks 1.3 NOTE
r-release-windows-ix86+x86_64 1.3 6.00 35.00 41.00 ERROR
r-oldrel-windows-ix86+x86_64 1.3 7.00 45.00 52.00 ERROR

Check Details

Version: 1.3
Check: R code for possible problems
Result: NOTE
    getFile: no visible global function definition for ‘download.file’
    Undefined global functions or variables:
     download.file
    Consider adding
     importFrom("utils", "download.file")
    to your NAMESPACE file.
Flavors: r-devel-linux-x86_64-debian-clang, r-devel-linux-x86_64-debian-gcc, r-devel-linux-x86_64-fedora-clang, r-devel-linux-x86_64-fedora-gcc, r-devel-macos-x86_64-clang, r-devel-windows-ix86+x86_64, r-patched-linux-x86_64, r-patched-solaris-sparc, r-patched-solaris-x86, r-release-linux-x86_64, r-release-osx-x86_64-mavericks, r-release-windows-ix86+x86_64

Version: 1.3
Check: examples
Result: ERROR
    Running examples in ‘pumilioR-Ex.R’ failed
    The error most likely occurred in:
    
    > ### Name: checkVersion
    > ### Title: Get Pumilio Version
    > ### Aliases: checkVersion
    > ### Keywords: pumilioR checkVersion
    >
    > ### ** Examples
    >
    > access <- checkVersion(pumilio_URL = "http://pumilio.coquipr.com/pumilio/")
    Error in (function (...) :
     Could not open the XML file at the address given:
     http://pumilio.coquipr.com/pumilio/xml.php
     please verify the URL is correct.
    Calls: checkVersion -> xmlTreeParse -> .Call -> <Anonymous>
    Execution halted
Flavors: r-devel-linux-x86_64-debian-gcc, r-devel-linux-x86_64-fedora-clang, r-devel-linux-x86_64-fedora-gcc, r-devel-macos-x86_64-clang, r-devel-windows-ix86+x86_64, r-release-linux-x86_64, r-release-windows-ix86+x86_64, r-oldrel-windows-ix86+x86_64