CRAN Package Check Results for Package pumilioR

Last updated on 2014-10-01 19:49:44.

Flavor Version Tinstall Tcheck Ttotal Status Flags
r-devel-linux-x86_64-debian-clang 1.3 1.38 21.59 22.98 OK
r-devel-linux-x86_64-debian-gcc 1.3 1.33 25.46 26.79 OK
r-devel-linux-x86_64-fedora-clang 1.3 43.16 OK
r-devel-linux-x86_64-fedora-gcc 1.3 41.49 OK
r-devel-osx-x86_64-clang 1.3 41.66 OK
r-devel-windows-ix86+x86_64 1.3 5.00 35.00 40.00 OK
r-patched-linux-x86_64 1.3 1.42 22.88 24.30 ERROR
r-patched-solaris-sparc 1.3 249.70 OK
r-patched-solaris-x86 1.3 62.10 OK
r-release-linux-ix86 1.3 1.86 28.83 30.69 OK
r-release-linux-x86_64 1.3 1.46 21.14 22.60 OK
r-release-osx-x86_64-mavericks 1.3 OK
r-release-osx-x86_64-snowleopard 1.3 OK
r-release-windows-ix86+x86_64 1.3 5.00 32.00 37.00 OK
r-oldrel-windows-ix86+x86_64 1.3 5.00 32.00 37.00 OK

Check Details

Version: 1.3
Check: examples
Result: ERROR
    Running examples in ‘pumilioR-Ex.R’ failed
    The error most likely occurred in:
    
    > ### Name: checkVersion
    > ### Title: Get Pumilio Version
    > ### Aliases: checkVersion
    > ### Keywords: pumilioR checkVersion
    >
    > ### ** Examples
    >
    > access <- checkVersion(pumilio_URL = "http://pumilio.coquipr.com/pumilio/")
    Error in function (type, msg, asError = TRUE) : Empty reply from server
    Calls: checkVersion ... getURL -> curlPerform -> .Call -> <Anonymous> -> fun
    Execution halted
Flavor: r-patched-linux-x86_64