CRAN Package Check Results for Package pumilioR

Last updated on 2014-04-25 05:47:22.

Flavor Version Tinstall Tcheck Ttotal Status Flags
r-devel-linux-x86_64-debian-clang 1.3 1.64 21.50 23.14 OK
r-devel-linux-x86_64-debian-gcc 1.3 1.50 20.93 22.43 OK
r-devel-linux-x86_64-fedora-clang 1.3 44.29 OK
r-devel-linux-x86_64-fedora-gcc 1.3 42.47 OK
r-devel-osx-x86_64-clang 1.3 44.59 OK
r-devel-osx-x86_64-gcc 1.3 ERROR
r-devel-windows-ix86+x86_64 1.3 5.00 32.00 37.00 OK
r-patched-linux-x86_64 1.3 1.56 20.54 22.10 OK
r-patched-solaris-sparc 1.3 257.30 OK
r-patched-solaris-x86 1.3 59.80 OK
r-release-linux-ix86 1.3 3.00 38.00 41.00 OK
r-release-linux-x86_64 1.3 1.65 21.29 22.94 OK
r-release-osx-x86_64-mavericks 1.3 OK
r-release-osx-x86_64-snowleopard 1.3 OK
r-release-windows-ix86+x86_64 1.3 5.00 32.00 37.00 OK
r-oldrel-windows-ix86+x86_64 1.3 5.00 32.00 37.00 OK

Check Details

Version: 1.3
Check: package dependencies
Result: ERROR
    Package required but not available: ‘XML’
    
    Package suggested but not available for checking: ‘knitr’
    
    See the information on DESCRIPTION files in the chapter ‘Creating R
    packages’ of the ‘Writing R Extensions’ manual.
Flavor: r-devel-osx-x86_64-gcc