CRAN Package Check Results for Package pumilioR

Last updated on 2015-06-30 19:47:59.

Flavor Version Tinstall Tcheck Ttotal Status Flags
r-devel-linux-x86_64-debian-clang 1.3 1.16 17.89 19.05 NOTE
r-devel-linux-x86_64-debian-gcc 1.3 1.09 17.01 18.10 NOTE
r-devel-linux-x86_64-fedora-clang 1.3 33.84 NOTE
r-devel-linux-x86_64-fedora-gcc 1.3 32.68 OK
r-devel-osx-x86_64-clang 1.3 33.73 OK
r-devel-windows-ix86+x86_64 1.3 8.00 27.00 35.00 NOTE
r-patched-linux-x86_64 1.3 1.30 17.28 18.57 OK
r-patched-solaris-sparc 1.3 205.10 OK
r-patched-solaris-x86 1.3 49.00 OK
r-release-linux-x86_64 1.3 1.12 17.26 18.38 OK
r-release-osx-x86_64-mavericks 1.3 OK
r-release-windows-ix86+x86_64 1.3 6.00 29.00 35.00 OK
r-oldrel-windows-ix86+x86_64 1.3 9.00 48.00 57.00 OK

Check Details

Version: 1.3
Check: R code for possible problems
Result: NOTE
    getFile: no visible global function definition for ‘download.file’
Flavors: r-devel-linux-x86_64-debian-clang, r-devel-linux-x86_64-debian-gcc, r-devel-linux-x86_64-fedora-clang, r-devel-windows-ix86+x86_64