CRAN Package Check Results for Package purgeR

Last updated on 2021-11-30 17:50:43 CET.

Flavor Version Tinstall Tcheck Ttotal Status Flags
r-devel-linux-x86_64-debian-clang 1.3 85.93 181.36 267.29 OK
r-devel-linux-x86_64-debian-gcc 1.3 71.42 150.36 221.78 OK
r-devel-linux-x86_64-fedora-clang 1.3 370.11 NOTE
r-devel-linux-x86_64-fedora-gcc 1.3 354.39 NOTE
r-devel-windows-x86_64-new-UL 1.3 123.00 278.00 401.00 OK
r-devel-windows-x86_64-new-TK 1.3 NOTE
r-devel-windows-x86_64-old 1.3 119.00 190.00 309.00 OK
r-patched-linux-x86_64 1.3 81.21 158.21 239.42 OK
r-patched-solaris-x86 1.3 246.60 NOTE
r-release-linux-x86_64 1.3 82.41 160.44 242.85 OK
r-release-macos-arm64 1.3 NOTE
r-release-macos-x86_64 1.3 NOTE
r-release-windows-ix86+x86_64 1.3 225.00 197.00 422.00 OK
r-oldrel-macos-x86_64 1.3 NOTE
r-oldrel-windows-ix86+x86_64 1.3 162.00 191.00 353.00 OK

Check Details

Version: 1.3
Check: dependencies in R code
Result: NOTE
    Namespace in Imports field not imported from: ‘RcppProgress’
     All declared Imports should be used.
Flavors: r-devel-linux-x86_64-fedora-clang, r-devel-linux-x86_64-fedora-gcc, r-devel-windows-x86_64-new-TK, r-patched-solaris-x86, r-release-macos-arm64, r-release-macos-x86_64, r-oldrel-macos-x86_64

Version: 1.3
Check: installed package size
Result: NOTE
     installed size is 5.2Mb
     sub-directories of 1Mb or more:
     libs 4.5Mb
Flavor: r-release-macos-arm64