Last updated on 2023-03-23 00:51:20 CET.
Flavor | Version | Tinstall | Tcheck | Ttotal | Status | Flags |
---|---|---|---|---|---|---|
r-devel-linux-x86_64-debian-clang | 0.1.0 | 3.24 | 36.03 | 39.27 | NOTE | |
r-devel-linux-x86_64-debian-gcc | 0.1.0 | 3.24 | 28.85 | 32.09 | NOTE | |
r-devel-linux-x86_64-fedora-clang | 0.1.0 | 51.51 | NOTE | |||
r-devel-linux-x86_64-fedora-gcc | 0.1.0 | 48.45 | NOTE | |||
r-patched-linux-x86_64 | 0.1.0 | 2.69 | 37.07 | 39.76 | NOTE | |
r-release-linux-x86_64 | 0.1.0 | 2.94 | 37.37 | 40.31 | NOTE | |
r-release-macos-arm64 | 0.1.0 | 19.00 | NOTE | |||
r-release-macos-x86_64 | 0.1.0 | 36.00 | NOTE | |||
r-release-windows-x86_64 | 0.1.0 | 17.00 | 71.00 | 88.00 | NOTE | |
r-oldrel-macos-arm64 | 0.1.0 | 24.00 | NOTE | |||
r-oldrel-macos-x86_64 | 0.1.0 | 32.00 | NOTE | |||
r-oldrel-windows-ix86+x86_64 | 0.1.0 | 12.00 | 67.00 | 79.00 | NOTE |
Version: 0.1.0
Check: LazyData
Result: NOTE
'LazyData' is specified without a 'data' directory
Flavors: r-devel-linux-x86_64-debian-clang, r-devel-linux-x86_64-debian-gcc, r-devel-linux-x86_64-fedora-clang, r-devel-linux-x86_64-fedora-gcc, r-patched-linux-x86_64, r-release-linux-x86_64, r-release-macos-arm64, r-release-macos-x86_64, r-release-windows-x86_64, r-oldrel-macos-arm64, r-oldrel-macos-x86_64, r-oldrel-windows-ix86+x86_64