CRAN Package Check Results for Package pvclass

Last updated on 2015-09-01 09:48:01.

Flavor Version Tinstall Tcheck Ttotal Status Flags
r-devel-linux-x86_64-debian-clang 1.2 2.50 47.45 49.94 NOTE
r-devel-linux-x86_64-debian-gcc 1.2 2.43 48.14 50.57 NOTE
r-devel-linux-x86_64-fedora-clang 1.2 102.22 NOTE
r-devel-linux-x86_64-fedora-gcc 1.2 96.17 NOTE
r-devel-osx-x86_64-clang 1.2 84.79 OK
r-devel-windows-ix86+x86_64 1.2 11.00 86.00 97.00 NOTE
r-patched-linux-x86_64 1.2 2.80 48.65 51.44 OK
r-patched-solaris-sparc 1.2 664.40 OK
r-patched-solaris-x86 1.2 136.70 OK
r-release-linux-x86_64 1.2 2.82 50.09 52.92 OK
r-release-osx-x86_64-mavericks 1.2 OK
r-release-windows-ix86+x86_64 1.2 10.00 108.00 118.00 OK
r-oldrel-windows-ix86+x86_64 1.2 12.00 122.00 134.00 OK

Check Details

Version: 1.2
Check: R code for possible problems
Result: NOTE
    analyze.pvs: no visible global function definition for ‘par’
    cvpvs.knn: no visible global function definition for ‘dist’
    cvpvs.knn: no visible global function definition for ‘sd’
    cvpvs.knn: no visible global function definition for ‘mahalanobis’
    cvpvs.wnn: no visible global function definition for ‘dist’
    cvpvs.wnn: no visible global function definition for ‘sd’
    cvpvs.wnn: no visible global function definition for ‘mahalanobis’
    penlogreg: no visible binding for global variable ‘median’
    pvplot: no visible global function definition for ‘par’
    pvplot: no visible global function definition for ‘plot’
    pvplot: no visible global function definition for ‘lines’
    pvplot: no visible global function definition for ‘rect’
    pvplot: no visible global function definition for ‘text’
    pvs.knn: no visible global function definition for ‘dist’
    pvs.knn: no visible global function definition for ‘sd’
    pvs.knn: no visible global function definition for ‘mahalanobis’
    pvs.wnn: no visible global function definition for ‘dist’
    pvs.wnn: no visible global function definition for ‘sd’
    pvs.wnn: no visible global function definition for ‘mahalanobis’
    rocs: no visible global function definition for ‘par’
    rocs: no visible global function definition for ‘plot’
    rocs: no visible global function definition for ‘lines’
    rocs: no visible global function definition for ‘text’
    rocs: no visible global function definition for ‘points’
    sigmaSym: no visible global function definition for ‘cov’
    sigmaSym: no visible global function definition for ‘combn’
    Undefined global functions or variables:
     combn cov dist lines mahalanobis median par plot points rect sd text
    Consider adding
     importFrom("graphics", "lines", "par", "plot", "points", "rect",
     "text")
     importFrom("stats", "cov", "dist", "mahalanobis", "median", "sd")
     importFrom("utils", "combn")
    to your NAMESPACE.
Flavors: r-devel-linux-x86_64-debian-clang, r-devel-linux-x86_64-debian-gcc, r-devel-linux-x86_64-fedora-clang, r-devel-linux-x86_64-fedora-gcc, r-devel-windows-ix86+x86_64