CRAN Package Check Results for Package pvclass

Last updated on 2015-07-04 06:47:44.

Flavor Version Tinstall Tcheck Ttotal Status Flags
r-devel-linux-x86_64-debian-clang 1.2 2.58 49.41 51.99 NOTE
r-devel-linux-x86_64-debian-gcc 1.2 2.56 47.65 50.21 NOTE
r-devel-linux-x86_64-fedora-clang 1.2 104.45 NOTE
r-devel-linux-x86_64-fedora-gcc 1.2 97.76 NOTE
r-devel-osx-x86_64-clang 1.2 88.88 OK
r-devel-windows-ix86+x86_64 1.2 10.00 71.00 81.00 NOTE
r-patched-linux-x86_64 1.2 2.84 47.86 50.69 OK
r-patched-solaris-sparc 1.2 647.00 OK
r-patched-solaris-x86 1.2 137.10 OK
r-release-linux-x86_64 1.2 2.66 48.14 50.81 OK
r-release-osx-x86_64-mavericks 1.2 OK
r-release-windows-ix86+x86_64 1.2 10.00 72.00 82.00 OK
r-oldrel-windows-ix86+x86_64 1.2 8.00 85.00 93.00 OK

Check Details

Version: 1.2
Check: R code for possible problems
Result: NOTE
    analyze.pvs: no visible global function definition for ‘par’
    cvpvs.knn: no visible global function definition for ‘dist’
    cvpvs.knn: no visible global function definition for ‘sd’
    cvpvs.knn: no visible global function definition for ‘mahalanobis’
    cvpvs.wnn: no visible global function definition for ‘dist’
    cvpvs.wnn: no visible global function definition for ‘sd’
    cvpvs.wnn: no visible global function definition for ‘mahalanobis’
    penlogreg: no visible binding for global variable ‘median’
    pvplot: no visible global function definition for ‘par’
    pvplot: no visible global function definition for ‘plot’
    pvplot: no visible global function definition for ‘lines’
    pvplot: no visible global function definition for ‘rect’
    pvplot: no visible global function definition for ‘text’
    pvs.knn: no visible global function definition for ‘dist’
    pvs.knn: no visible global function definition for ‘sd’
    pvs.knn: no visible global function definition for ‘mahalanobis’
    pvs.wnn: no visible global function definition for ‘dist’
    pvs.wnn: no visible global function definition for ‘sd’
    pvs.wnn: no visible global function definition for ‘mahalanobis’
    rocs: no visible global function definition for ‘par’
    rocs: no visible global function definition for ‘plot’
    rocs: no visible global function definition for ‘lines’
    rocs: no visible global function definition for ‘text’
    rocs: no visible global function definition for ‘points’
    sigmaSym: no visible global function definition for ‘cov’
    sigmaSym: no visible global function definition for ‘combn’
    Undefined global functions or variables:
     combn cov dist lines mahalanobis median par plot points rect sd text
Flavors: r-devel-linux-x86_64-debian-clang, r-devel-linux-x86_64-debian-gcc, r-devel-linux-x86_64-fedora-clang, r-devel-linux-x86_64-fedora-gcc, r-devel-windows-ix86+x86_64