CRAN Package Check Results for Package pvclass

Last updated on 2014-04-23 20:47:18.

Flavor Version Tinstall Tcheck Ttotal Status Flags
r-devel-linux-x86_64-debian-clang 1.0 3.65 86.32 89.97 NOTE
r-devel-linux-x86_64-debian-gcc 1.0 3.44 85.60 89.04 NOTE
r-devel-linux-x86_64-fedora-clang 1.0 192.35 NOTE
r-devel-linux-x86_64-fedora-gcc 1.0 185.90 NOTE
r-devel-osx-x86_64-clang 1.0 153.57 NOTE
r-devel-osx-x86_64-gcc 1.0 NOTE
r-devel-windows-ix86+x86_64 1.0 8.00 120.00 128.00 NOTE
r-patched-linux-x86_64 1.0 3.42 91.48 94.90 NOTE
r-patched-solaris-sparc 1.0 1120.70 NOTE
r-patched-solaris-x86 1.0 226.90 NOTE
r-release-linux-ix86 1.0 5.00 122.00 127.00 NOTE
r-release-linux-x86_64 1.0 3.71 85.22 88.93 NOTE
r-release-osx-x86_64-mavericks 1.0 WARN
r-release-osx-x86_64-snowleopard 1.0 NOTE
r-release-windows-ix86+x86_64 1.0 8.00 117.00 125.00 NOTE
r-oldrel-windows-ix86+x86_64 1.0 8.00 112.00 120.00 NOTE

Check Details

Version: 1.0
Check: dependencies in R code
Result: NOTE
    There are ::: calls to the package's namespace in its code. A package
     almost never needs to use ::: for its own objects:
     ‘CompPVs’ ‘LR0.full’ ‘LR0.only’ ‘LR1.full’ ‘LR1.only’ ‘LR2.full’
     ‘LR2.only’ ‘Lambda.full’ ‘Lambda.only’ ‘R0.full’ ‘R0.only’ ‘R1.full’
     ‘R1.only’ ‘R2.full’ ‘R2.only’ ‘cvoptk’ ‘cvopttau’ ‘penlogreg’
     ‘prtable’ ‘pvplot’ ‘pvs.logreg’ ‘rocs’ ‘sigmaM’ ‘sigmaSt’ ‘sigmaSym’
    See the information on DESCRIPTION files in the chapter ‘Creating R
    packages’ of the ‘Writing R Extensions’ manual.
Flavors: r-devel-linux-x86_64-debian-clang, r-devel-linux-x86_64-debian-gcc, r-devel-linux-x86_64-fedora-clang, r-devel-linux-x86_64-fedora-gcc, r-devel-osx-x86_64-clang, r-devel-osx-x86_64-gcc, r-devel-windows-ix86+x86_64, r-patched-linux-x86_64, r-patched-solaris-sparc, r-patched-solaris-x86, r-release-linux-ix86, r-release-linux-x86_64, r-release-osx-x86_64-mavericks, r-release-osx-x86_64-snowleopard, r-release-windows-ix86+x86_64, r-oldrel-windows-ix86+x86_64

Version: 1.0
Check: PDF version of manual
Result: WARNING
    LaTeX errors when creating PDF version.
    This typically indicates Rd problems.
    LaTeX errors found:
    ! LaTeX Error: File `upquote.sty' not found.
    
    Type X to quit or <RETURN> to proceed,
    or enter new name. (Default extension: sty)
    
    b32e3b1/Rd2.tex:8: ==> Fatal error occurred, no output PDF file produced!
Flavor: r-release-osx-x86_64-mavericks