CRAN Package Check Results for Package pvclust

Last updated on 2015-03-26 19:47:47.

Flavor Version Tinstall Tcheck Ttotal Status Flags
r-devel-linux-x86_64-debian-clang 1.3-2 0.61 14.01 14.62 NOTE
r-devel-linux-x86_64-debian-gcc 1.3-2 0.60 14.28 14.87 NOTE
r-devel-linux-x86_64-fedora-clang 1.3-2 30.95 NOTE
r-devel-linux-x86_64-fedora-gcc 1.3-2 26.62 NOTE
r-devel-osx-x86_64-clang 1.3-2 33.11 NOTE
r-prerel-windows-ix86+x86_64 1.3-2 2.00 21.00 23.00 NOTE
r-prerel-linux-x86_64 1.3-2 0.59 13.81 14.40 NOTE
r-prerel-solaris-sparc 1.3-2 127.40 NOTE --no-examples
r-prerel-solaris-x86 1.3-2 38.30 NOTE
r-release-linux-x86_64 1.3-2 0.65 14.71 15.36 NOTE
r-release-osx-x86_64-mavericks 1.3-2 OK
r-release-osx-x86_64-snowleopard 1.3-2 OK
r-release-windows-ix86+x86_64 1.3-2 3.00 25.00 28.00 NOTE
r-oldrel-windows-ix86+x86_64 1.3-2 3.00 24.00 27.00 OK

Check Details

Version: 1.3-2
Check: dependencies in R code
Result: NOTE
    'library' or 'require' call to ‘parallel’ in package code.
     Please use :: or requireNamespace() instead.
     See section 'Suggested packages' in the 'Writing R Extensions' manual.
Flavors: r-devel-linux-x86_64-debian-clang, r-devel-linux-x86_64-debian-gcc, r-devel-linux-x86_64-fedora-clang, r-devel-linux-x86_64-fedora-gcc, r-devel-osx-x86_64-clang, r-prerel-windows-ix86+x86_64, r-prerel-linux-x86_64, r-prerel-solaris-x86, r-release-linux-x86_64, r-release-windows-ix86+x86_64

Version: 1.3-2
Flags: --no-examples
Check: dependencies in R code
Result: NOTE
    'library' or 'require' call to ‘parallel’ in package code.
     Please use :: or requireNamespace() instead.
     See section 'Suggested packages' in the 'Writing R Extensions' manual.
Flavor: r-prerel-solaris-sparc