CRAN Package Check Results for Package pvclust

Last updated on 2014-04-24 23:48:09.

Flavor Version Tinstall Tcheck Ttotal Status Flags
r-devel-linux-x86_64-debian-clang 1.2-2 0.65 82.46 83.10 OK
r-devel-linux-x86_64-debian-gcc 1.2-2 0.64 78.55 79.19 OK
r-devel-linux-x86_64-fedora-clang 1.2-2 159.74 OK
r-devel-linux-x86_64-fedora-gcc 1.2-2 138.59 OK
r-devel-osx-x86_64-clang 1.2-2 94.67 OK
r-devel-osx-x86_64-gcc 1.2-2 NOTE
r-devel-windows-ix86+x86_64 1.2-2 2.00 82.00 84.00 NOTE
r-patched-linux-x86_64 1.2-2 0.63 78.77 79.40 OK
r-patched-solaris-sparc 1.2-2 126.00 OK --no-examples
r-patched-solaris-x86 1.2-2 170.70 OK
r-release-linux-ix86 1.2-2 1.00 116.00 117.00 OK
r-release-linux-x86_64 1.2-2 0.63 80.46 81.09 OK
r-release-osx-x86_64-mavericks 1.2-2 WARN
r-release-windows-ix86+x86_64 1.2-2 2.00 78.00 80.00 NOTE
r-oldrel-windows-ix86+x86_64 1.2-2 2.00 89.00 91.00 NOTE

Check Details

Version: 1.2-2
Check: package dependencies
Result: NOTE
    Package suggested but not available for checking: ‘Rmpi’
Flavors: r-devel-osx-x86_64-gcc, r-release-osx-x86_64-mavericks

Version: 1.2-2
Check: R code for possible problems
Result: NOTE
    Error : .onLoad failed in loadNamespace() for 'Rmpi', details:
     call: inDL(x, as.logical(local), as.logical(now), ...)
     error: unable to load shared object 'd:/RCompile/CRANpkg/lib/3.2/Rmpi/libs/x64/Rmpi.dll':
     LoadLibrary failure: Das angegebene Modul wurde nicht gefunden.
Flavor: r-devel-windows-ix86+x86_64

Version: 1.2-2
Check: PDF version of manual
Result: WARNING
    LaTeX errors when creating PDF version.
    This typically indicates Rd problems.
    LaTeX errors found:
    ! LaTeX Error: File `upquote.sty' not found.
    
    Type X to quit or <RETURN> to proceed,
    or enter new name. (Default extension: sty)
    
    29f84197/Rd2.tex:8: ==> Fatal error occurred, no output PDF file produced!
Flavor: r-release-osx-x86_64-mavericks

Version: 1.2-2
Check: R code for possible problems
Result: NOTE
    Error : .onLoad failed in loadNamespace() for 'Rmpi', details:
     call: inDL(x, as.logical(local), as.logical(now), ...)
     error: unable to load shared object 'd:/RCompile/CRANpkg/lib/3.1/Rmpi/libs/x64/Rmpi.dll':
     LoadLibrary failure: Das angegebene Modul wurde nicht gefunden.
Flavor: r-release-windows-ix86+x86_64

Version: 1.2-2
Check: R code for possible problems
Result: NOTE
    Error : .onLoad failed in loadNamespace() for 'Rmpi', details:
     call: inDL(x, as.logical(local), as.logical(now), ...)
     error: unable to load shared object 'd:/RCompile/CRANpkg/lib/3.0/Rmpi/libs/i386/Rmpi.dll':
     LoadLibrary failure: Das angegebene Modul wurde nicht gefunden.
Flavor: r-oldrel-windows-ix86+x86_64