CRAN Package Check Results for Package pvclust

Last updated on 2015-05-30 19:47:28.

Flavor Version Tinstall Tcheck Ttotal Status Flags
r-devel-linux-x86_64-debian-clang 1.3-2 0.60 14.35 14.95 NOTE
r-devel-linux-x86_64-debian-gcc 1.3-2 0.59 13.58 14.16 NOTE
r-devel-linux-x86_64-fedora-clang 1.3-2 28.99 NOTE
r-devel-linux-x86_64-fedora-gcc 1.3-2 26.96 NOTE
r-devel-osx-x86_64-clang 1.3-2 28.99 NOTE
r-devel-windows-ix86+x86_64 1.3-2 2.00 22.00 24.00 NOTE
r-patched-linux-x86_64 1.3-2 0.60 13.88 14.47 NOTE
r-patched-solaris-sparc 1.3-2 126.10 NOTE --no-examples
r-patched-solaris-x86 1.3-2 37.90 NOTE
r-release-linux-x86_64 1.3-2 0.65 14.00 14.66 NOTE
r-release-osx-x86_64-mavericks 1.3-2 NOTE
r-release-osx-x86_64-snowleopard 1.3-2 NOTE
r-release-windows-ix86+x86_64 1.3-2 3.00 23.00 26.00 NOTE
r-oldrel-windows-ix86+x86_64 1.3-2 3.00 38.00 41.00 NOTE

Check Details

Version: 1.3-2
Check: dependencies in R code
Result: NOTE
    'library' or 'require' call to ‘parallel’ in package code.
     Please use :: or requireNamespace() instead.
     See section 'Suggested packages' in the 'Writing R Extensions' manual.
Flavors: r-devel-linux-x86_64-debian-clang, r-devel-linux-x86_64-debian-gcc, r-devel-linux-x86_64-fedora-clang, r-devel-linux-x86_64-fedora-gcc, r-devel-osx-x86_64-clang, r-devel-windows-ix86+x86_64, r-patched-linux-x86_64, r-patched-solaris-x86, r-release-linux-x86_64, r-release-osx-x86_64-mavericks, r-release-osx-x86_64-snowleopard, r-release-windows-ix86+x86_64, r-oldrel-windows-ix86+x86_64

Version: 1.3-2
Flags: --no-examples
Check: dependencies in R code
Result: NOTE
    'library' or 'require' call to ‘parallel’ in package code.
     Please use :: or requireNamespace() instead.
     See section 'Suggested packages' in the 'Writing R Extensions' manual.
Flavor: r-patched-solaris-sparc