CRAN Package Check Results for Package pvclust

Last updated on 2014-07-25 14:47:41.

Flavor Version Tinstall Tcheck Ttotal Status Flags
r-devel-linux-x86_64-debian-clang 1.2-2 0.63 82.19 82.82 OK
r-devel-linux-x86_64-debian-gcc 1.2-2 0.66 77.97 78.62 OK
r-devel-linux-x86_64-fedora-clang 1.2-2 160.56 OK
r-devel-linux-x86_64-fedora-gcc 1.2-2 150.86 OK
r-devel-osx-x86_64-clang 1.2-2 94.48 OK
r-devel-windows-ix86+x86_64 1.2-2 2.00 82.00 84.00 OK
r-patched-linux-x86_64 1.2-2 0.60 77.15 77.74 OK
r-patched-solaris-sparc 1.2-2 126.00 OK --no-examples
r-patched-solaris-x86 1.2-2 172.60 OK
r-release-linux-ix86 1.2-2 0.95 107.60 108.54 OK
r-release-linux-x86_64 1.2-2 0.61 77.12 77.73 OK
r-release-osx-x86_64-mavericks 1.2-2 NOTE
r-release-windows-ix86+x86_64 1.2-2 2.00 82.00 84.00 OK
r-oldrel-windows-ix86+x86_64 1.2-2 2.00 88.00 90.00 OK

Check Details

Version: 1.2-2
Check: package dependencies
Result: NOTE
    Package suggested but not available for checking: ‘Rmpi’
Flavor: r-release-osx-x86_64-mavericks