CRAN Package Check Results for Package pvclust

Last updated on 2014-09-21 08:48:47.

Flavor Version Tinstall Tcheck Ttotal Status Flags
r-devel-linux-x86_64-debian-clang 1.2-2 0.62 85.91 86.53 NOTE
r-devel-linux-x86_64-debian-gcc 1.2-2 0.63 79.17 79.80 NOTE
r-devel-linux-x86_64-fedora-clang 1.2-2 159.22 NOTE
r-devel-linux-x86_64-fedora-gcc 1.2-2 151.69 NOTE
r-devel-osx-x86_64-clang 1.2-2 95.24 NOTE
r-devel-windows-ix86+x86_64 1.2-2 2.00 78.00 80.00 NOTE
r-patched-linux-x86_64 1.2-2 0.60 80.36 80.97 OK
r-patched-solaris-sparc 1.2-2 123.80 OK --no-examples
r-patched-solaris-x86 1.2-2 170.10 OK
r-release-linux-ix86 1.2-2 0.97 108.72 109.68 OK
r-release-linux-x86_64 1.2-2 0.62 80.70 81.32 OK
r-release-osx-x86_64-mavericks 1.2-2 NOTE
r-release-windows-ix86+x86_64 1.2-2 2.00 79.00 81.00 OK
r-oldrel-windows-ix86+x86_64 1.2-2 2.00 89.00 91.00 OK

Check Details

Version: 1.2-2
Check: R code for possible problems
Result: NOTE
    parPvclust: no visible global function definition for ‘parLapply’
Flavors: r-devel-linux-x86_64-debian-clang, r-devel-linux-x86_64-debian-gcc, r-devel-linux-x86_64-fedora-clang, r-devel-linux-x86_64-fedora-gcc, r-devel-osx-x86_64-clang, r-devel-windows-ix86+x86_64

Version: 1.2-2
Check: package dependencies
Result: NOTE
    Package suggested but not available for checking: ‘Rmpi’
Flavor: r-release-osx-x86_64-mavericks