CRAN Package Check Results for Package pvclust

Last updated on 2015-01-25 04:47:11.

Flavor Version Tinstall Tcheck Ttotal Status Flags
r-devel-linux-x86_64-debian-clang 1.3-2 0.66 14.94 15.60 NOTE
r-devel-linux-x86_64-debian-gcc 1.3-2 0.63 14.75 15.38 NOTE
r-devel-linux-x86_64-fedora-clang 1.3-2 32.30 NOTE
r-devel-linux-x86_64-fedora-gcc 1.3-2 31.08 NOTE
r-devel-osx-x86_64-clang 1.3-2 32.33 NOTE
r-devel-windows-ix86+x86_64 1.3-2 3.00 24.00 27.00 NOTE
r-patched-linux-x86_64 1.3-2 0.66 15.22 15.88 OK
r-patched-solaris-sparc 1.3-2 122.10 OK --no-examples
r-patched-solaris-x86 1.3-2 42.40 OK
r-release-linux-ix86 1.3-2 0.98 21.03 22.00 OK
r-release-linux-x86_64 1.3-2 0.65 14.63 15.28 OK
r-release-osx-x86_64-mavericks 1.3-2 OK
r-release-osx-x86_64-snowleopard 1.3-2 OK
r-release-windows-ix86+x86_64 1.3-2 3.00 25.00 28.00 OK
r-oldrel-windows-ix86+x86_64 1.3-2 3.00 27.00 30.00 OK

Check Details

Version: 1.3-2
Check: dependencies in R code
Result: NOTE
    'library' or 'require' call to ‘parallel’ in package code.
     Please use :: or requireNamespace() instead.
     See section 'Suggested packages' in the 'Writing R Extensions' manual.
Flavors: r-devel-linux-x86_64-debian-clang, r-devel-linux-x86_64-debian-gcc, r-devel-linux-x86_64-fedora-clang, r-devel-linux-x86_64-fedora-gcc, r-devel-osx-x86_64-clang, r-devel-windows-ix86+x86_64