CRAN Package Check Results for Package pvclust

Last updated on 2014-10-02 01:48:24.

Flavor Version Tinstall Tcheck Ttotal Status Flags
r-devel-linux-x86_64-debian-clang 1.2-2 0.64 82.46 83.11 NOTE
r-devel-linux-x86_64-debian-gcc 1.2-2 0.63 79.49 80.12 NOTE
r-devel-linux-x86_64-fedora-clang 1.2-2 159.90 NOTE
r-devel-linux-x86_64-fedora-gcc 1.2-2 146.91 NOTE
r-devel-osx-x86_64-clang 1.2-2 88.12 NOTE
r-devel-windows-ix86+x86_64 1.2-2 2.00 81.00 83.00 NOTE
r-patched-linux-x86_64 1.2-2 0.67 81.04 81.71 OK
r-patched-solaris-sparc 1.2-2 123.80 OK --no-examples
r-patched-solaris-x86 1.2-2 173.50 OK
r-release-linux-ix86 1.2-2 0.94 108.64 109.58 OK
r-release-linux-x86_64 1.2-2 0.62 81.55 82.16 OK
r-release-osx-x86_64-mavericks 1.2-2 NOTE
r-release-windows-ix86+x86_64 1.2-2 2.00 83.00 85.00 OK
r-oldrel-windows-ix86+x86_64 1.2-2 2.00 88.00 90.00 OK

Check Details

Version: 1.2-2
Check: R code for possible problems
Result: NOTE
    parPvclust: no visible global function definition for ‘parLapply’
Flavors: r-devel-linux-x86_64-debian-clang, r-devel-linux-x86_64-debian-gcc, r-devel-linux-x86_64-fedora-clang, r-devel-linux-x86_64-fedora-gcc, r-devel-osx-x86_64-clang, r-devel-windows-ix86+x86_64

Version: 1.2-2
Check: package dependencies
Result: NOTE
    Package suggested but not available for checking: ‘Rmpi’
Flavor: r-release-osx-x86_64-mavericks