CRAN Package Check Results for Package pvclust

Last updated on 2015-04-18 08:48:50.

Flavor Version Tinstall Tcheck Ttotal Status Flags
r-devel-linux-x86_64-debian-clang 1.3-2 0.72 14.44 15.15 NOTE
r-devel-linux-x86_64-debian-gcc 1.3-2 0.60 13.80 14.40 NOTE
r-devel-linux-x86_64-fedora-clang 1.3-2 29.06 NOTE
r-devel-linux-x86_64-fedora-gcc 1.3-2 26.79 NOTE
r-devel-osx-x86_64-clang 1.3-2 30.06 NOTE
r-prerel-windows-ix86+x86_64 1.3-2 5.00 22.00 27.00 NOTE
r-prerel-linux-x86_64 1.3-2 0.63 13.98 14.62 NOTE
r-prerel-solaris-sparc 1.3-2 127.40 NOTE --no-examples
r-prerel-solaris-x86 1.3-2 38.20 NOTE
r-release-linux-x86_64 1.3-2 0.84 15.13 15.97 NOTE
r-release-osx-x86_64-mavericks 1.3-2 OK
r-release-osx-x86_64-snowleopard 1.3-2 OK
r-release-windows-ix86+x86_64 1.3-2 2.00 30.00 32.00 NOTE
r-oldrel-windows-ix86+x86_64 1.3-2 2.00 30.00 32.00 OK

Check Details

Version: 1.3-2
Check: dependencies in R code
Result: NOTE
    'library' or 'require' call to ‘parallel’ in package code.
     Please use :: or requireNamespace() instead.
     See section 'Suggested packages' in the 'Writing R Extensions' manual.
Flavors: r-devel-linux-x86_64-debian-clang, r-devel-linux-x86_64-debian-gcc, r-devel-linux-x86_64-fedora-clang, r-devel-linux-x86_64-fedora-gcc, r-devel-osx-x86_64-clang, r-prerel-windows-ix86+x86_64, r-prerel-linux-x86_64, r-prerel-solaris-x86, r-release-linux-x86_64, r-release-windows-ix86+x86_64

Version: 1.3-2
Flags: --no-examples
Check: dependencies in R code
Result: NOTE
    'library' or 'require' call to ‘parallel’ in package code.
     Please use :: or requireNamespace() instead.
     See section 'Suggested packages' in the 'Writing R Extensions' manual.
Flavor: r-prerel-solaris-sparc