CRAN Package Check Results for Package pvclust

Last updated on 2014-08-30 03:51:10.

Flavor Version Tinstall Tcheck Ttotal Status Flags
r-devel-linux-x86_64-debian-clang 1.2-2 0.60 80.44 81.04 NOTE
r-devel-linux-x86_64-debian-gcc 1.2-2 0.62 83.62 84.23 NOTE
r-devel-linux-x86_64-fedora-clang 1.2-2 159.39 NOTE
r-devel-linux-x86_64-fedora-gcc 1.2-2 144.78 NOTE
r-devel-osx-x86_64-clang 1.2-2 92.79 NOTE
r-devel-windows-ix86+x86_64 1.2-2 3.00 76.00 79.00 NOTE
r-patched-linux-x86_64 1.2-2 0.60 78.03 78.63 OK
r-patched-solaris-sparc 1.2-2 123.80 OK --no-examples
r-patched-solaris-x86 1.2-2 169.80 OK
r-release-linux-ix86 1.2-2 0.94 108.03 108.97 OK
r-release-linux-x86_64 1.2-2 0.62 77.37 77.99 OK
r-release-osx-x86_64-mavericks 1.2-2 NOTE
r-release-windows-ix86+x86_64 1.2-2 2.00 76.00 78.00 OK
r-oldrel-windows-ix86+x86_64 1.2-2 2.00 122.00 124.00 OK

Check Details

Version: 1.2-2
Check: R code for possible problems
Result: NOTE
    parPvclust: no visible global function definition for ‘parLapply’
Flavors: r-devel-linux-x86_64-debian-clang, r-devel-linux-x86_64-debian-gcc, r-devel-linux-x86_64-fedora-clang, r-devel-linux-x86_64-fedora-gcc, r-devel-osx-x86_64-clang, r-devel-windows-ix86+x86_64

Version: 1.2-2
Check: package dependencies
Result: NOTE
    Package suggested but not available for checking: ‘Rmpi’
Flavor: r-release-osx-x86_64-mavericks