CRAN Package Check Results for Package pvclust

Last updated on 2015-07-30 15:48:23.

Flavor Version Tinstall Tcheck Ttotal Status Flags
r-devel-linux-x86_64-debian-clang 1.3-2 0.60 13.93 14.54 NOTE
r-devel-linux-x86_64-debian-gcc 1.3-2 0.59 13.68 14.28 NOTE
r-devel-linux-x86_64-fedora-clang 1.3-2 27.86 NOTE
r-devel-linux-x86_64-fedora-gcc 1.3-2 26.02 NOTE
r-devel-osx-x86_64-clang 1.3-2 26.41 NOTE
r-devel-windows-ix86+x86_64 1.3-2 4.00 26.00 30.00 NOTE
r-patched-linux-x86_64 1.3-2 0.60 13.94 14.54 NOTE
r-patched-solaris-sparc 1.3-2 136.30 NOTE --no-examples
r-patched-solaris-x86 1.3-2 37.90 NOTE
r-release-linux-x86_64 1.3-2 0.61 13.87 14.48 NOTE
r-release-osx-x86_64-mavericks 1.3-2 NOTE
r-release-windows-ix86+x86_64 1.3-2 4.00 36.00 40.00 NOTE
r-oldrel-windows-ix86+x86_64 1.3-2 4.00 35.00 39.00 NOTE

Check Details

Version: 1.3-2
Check: dependencies in R code
Result: NOTE
    'library' or 'require' call to ‘parallel’ in package code.
     Please use :: or requireNamespace() instead.
     See section 'Suggested packages' in the 'Writing R Extensions' manual.
Flavors: r-devel-linux-x86_64-debian-clang, r-devel-linux-x86_64-debian-gcc, r-devel-linux-x86_64-fedora-clang, r-devel-linux-x86_64-fedora-gcc, r-devel-osx-x86_64-clang, r-devel-windows-ix86+x86_64, r-patched-linux-x86_64, r-patched-solaris-x86, r-release-linux-x86_64, r-release-osx-x86_64-mavericks, r-release-windows-ix86+x86_64, r-oldrel-windows-ix86+x86_64

Version: 1.3-2
Check: R code for possible problems
Result: NOTE
    boot.hclust: no visible global function definition for ‘rmultinom’
    boot.hclust: no visible global function definition for ‘hclust’
    dist.pvclust: no visible global function definition for ‘as.dist’
    dist.pvclust: no visible global function definition for ‘cor’
    dist.pvclust: no visible global function definition for ‘na.omit’
    dist.pvclust: no visible global function definition for ‘dist’
    distw.pvclust: no visible global function definition for ‘as.dist’
    lines.msfit: no visible global function definition for ‘curve’
    lines.pvclust: no visible global function definition for ‘par’
    lines.pvclust: no visible global function definition for ‘segments’
    msfit: no visible global function definition for ‘qnorm’
    msfit: no visible global function definition for ‘dnorm’
    msfit: no visible global function definition for ‘lsfit’
    msfit: no visible global function definition for ‘pnorm’
    msfit: no visible global function definition for ‘pchisq’
    msplot: no visible global function definition for ‘par’
    msplot: no visible global function definition for ‘n2mfrow’
    msplot: no visible global function definition for ‘plot’
    parPvclust: no visible global function definition for ‘hclust’
    plot.msfit: no visible global function definition for ‘plot’
    plot.msfit: no visible global function definition for ‘lines’
    plot.msfit: no visible global function definition for ‘text’
    plot.pvclust: no visible global function definition for ‘plot’
    plot.pvclust: no visible global function definition for ‘text’
    pvclust: no visible global function definition for ‘hclust’
    pvrect: no visible global function definition for ‘par’
    pvrect: no visible global function definition for ‘rect’
    seplot: no visible global function definition for ‘plot’
    text.pvclust: no visible global function definition for ‘par’
    text.pvclust: no visible global function definition for ‘text’
    Undefined global functions or variables:
     as.dist cor curve dist dnorm hclust lines lsfit n2mfrow na.omit par
     pchisq plot pnorm qnorm rect rmultinom segments text
    Consider adding
     importFrom("grDevices", "n2mfrow")
     importFrom("graphics", "curve", "lines", "par", "plot", "rect",
     "segments", "text")
     importFrom("stats", "as.dist", "cor", "dist", "dnorm", "hclust",
     "lsfit", "na.omit", "pchisq", "pnorm", "qnorm", "rmultinom")
    to your NAMESPACE.
Flavors: r-devel-linux-x86_64-debian-clang, r-devel-linux-x86_64-debian-gcc, r-devel-linux-x86_64-fedora-clang, r-devel-linux-x86_64-fedora-gcc, r-devel-windows-ix86+x86_64

Version: 1.3-2
Flags: --no-examples
Check: dependencies in R code
Result: NOTE
    'library' or 'require' call to ‘parallel’ in package code.
     Please use :: or requireNamespace() instead.
     See section 'Suggested packages' in the 'Writing R Extensions' manual.
Flavor: r-patched-solaris-sparc