CRAN Package Check Results for Package pvsR

Last updated on 2016-02-06 07:48:04.

Flavor Version Tinstall Tcheck Ttotal Status Flags
r-devel-linux-x86_64-debian-gcc 0.3 1.64 22.18 23.82 NOTE
r-devel-linux-x86_64-fedora-clang 0.3 43.24 NOTE
r-devel-linux-x86_64-fedora-gcc 0.3 40.15 NOTE
r-devel-osx-x86_64-clang 0.3 46.49 OK
r-devel-windows-ix86+x86_64 0.3 8.00 43.00 51.00 NOTE
r-patched-linux-x86_64 0.3 1.60 23.21 24.81 OK
r-patched-solaris-sparc 0.3 287.60 OK
r-patched-solaris-x86 0.3 55.40 OK
r-release-linux-x86_64 0.3 1.72 23.32 25.05 OK
r-release-osx-x86_64-mavericks 0.3 OK
r-release-windows-ix86+x86_64 0.3 7.00 59.00 66.00 OK
r-oldrel-windows-ix86+x86_64 0.3 11.00 67.00 78.00 OK

Check Details

Version: 0.3
Check: R code for possible problems
Result: NOTE
    CandidateBio.getBio : <anonymous>: no visible global function
     definition for ‘na.omit’
    Committee.getCommittee : <anonymous>: no visible global function
     definition for ‘na.omit’
    getAllBios: no visible global function definition for ‘txtProgressBar’
    getAllBios: no visible global function definition for
     ‘setTxtProgressBar’
    getAllLocalOfficials: no visible global function definition for
     ‘txtProgressBar’
    getAllLocalOfficials: no visible global function definition for
     ‘setTxtProgressBar’
    getAllVotes: no visible global function definition for ‘txtProgressBar’
    getAllVotes: no visible global function definition for
     ‘setTxtProgressBar’
    Undefined global functions or variables:
     na.omit setTxtProgressBar txtProgressBar
    Consider adding
     importFrom("stats", "na.omit")
     importFrom("utils", "setTxtProgressBar", "txtProgressBar")
    to your NAMESPACE.
Flavors: r-devel-linux-x86_64-debian-gcc, r-devel-linux-x86_64-fedora-clang, r-devel-linux-x86_64-fedora-gcc, r-devel-windows-ix86+x86_64