CRAN Package Check Results for Package pvsR

Last updated on 2016-12-06 16:50:58.

Flavor Version Tinstall Tcheck Ttotal Status Flags
r-devel-linux-x86_64-debian-clang 0.3 1.60 25.57 27.17 NOTE
r-devel-linux-x86_64-debian-gcc 0.3 1.52 25.59 27.11 NOTE
r-devel-linux-x86_64-fedora-clang 0.3 48.21 NOTE --no-stop-on-test-error
r-devel-linux-x86_64-fedora-gcc 0.3 46.89 NOTE --no-stop-on-test-error
r-devel-macos-x86_64-clang 0.3 42.26 NOTE
r-devel-windows-ix86+x86_64 0.3 6.00 47.00 53.00 NOTE
r-patched-linux-x86_64 0.3 1.49 23.10 24.58 NOTE
r-patched-solaris-sparc 0.3 272.10 NOTE
r-patched-solaris-x86 0.3 54.20 NOTE
r-release-linux-x86_64 0.3 1.66 23.79 25.45 NOTE
r-release-osx-x86_64-mavericks 0.3 NOTE
r-release-windows-ix86+x86_64 0.3 6.00 70.00 76.00 NOTE
r-oldrel-windows-ix86+x86_64 0.3 7.00 47.00 54.00 OK

Check Details

Version: 0.3
Check: R code for possible problems
Result: NOTE
    CandidateBio.getBio : <anonymous>: no visible global function
     definition for ‘na.omit’
    Committee.getCommittee : <anonymous>: no visible global function
     definition for ‘na.omit’
    getAllBios: no visible global function definition for ‘txtProgressBar’
    getAllBios: no visible global function definition for
     ‘setTxtProgressBar’
    getAllLocalOfficials: no visible global function definition for
     ‘txtProgressBar’
    getAllLocalOfficials: no visible global function definition for
     ‘setTxtProgressBar’
    getAllVotes: no visible global function definition for ‘txtProgressBar’
    getAllVotes: no visible global function definition for
     ‘setTxtProgressBar’
    Undefined global functions or variables:
     na.omit setTxtProgressBar txtProgressBar
    Consider adding
     importFrom("stats", "na.omit")
     importFrom("utils", "setTxtProgressBar", "txtProgressBar")
    to your NAMESPACE file.
Flavors: r-devel-linux-x86_64-debian-clang, r-devel-linux-x86_64-debian-gcc, r-devel-macos-x86_64-clang, r-devel-windows-ix86+x86_64, r-patched-linux-x86_64, r-patched-solaris-sparc, r-patched-solaris-x86, r-release-linux-x86_64, r-release-osx-x86_64-mavericks, r-release-windows-ix86+x86_64

Version: 0.3
Flags: --no-stop-on-test-error
Check: R code for possible problems
Result: NOTE
    CandidateBio.getBio : <anonymous>: no visible global function
     definition for ‘na.omit’
    Committee.getCommittee : <anonymous>: no visible global function
     definition for ‘na.omit’
    getAllBios: no visible global function definition for ‘txtProgressBar’
    getAllBios: no visible global function definition for
     ‘setTxtProgressBar’
    getAllLocalOfficials: no visible global function definition for
     ‘txtProgressBar’
    getAllLocalOfficials: no visible global function definition for
     ‘setTxtProgressBar’
    getAllVotes: no visible global function definition for ‘txtProgressBar’
    getAllVotes: no visible global function definition for
     ‘setTxtProgressBar’
    Undefined global functions or variables:
     na.omit setTxtProgressBar txtProgressBar
    Consider adding
     importFrom("stats", "na.omit")
     importFrom("utils", "setTxtProgressBar", "txtProgressBar")
    to your NAMESPACE file.
Flavors: r-devel-linux-x86_64-fedora-clang, r-devel-linux-x86_64-fedora-gcc