CRAN Package Check Results for Package pvsR

Last updated on 2016-07-30 08:48:25.

Flavor Version Tinstall Tcheck Ttotal Status Flags
r-devel-linux-x86_64-debian-clang 0.3 1.58 23.34 24.92 NOTE
r-devel-linux-x86_64-debian-gcc 0.3 1.61 23.23 24.84 NOTE
r-devel-linux-x86_64-fedora-clang 0.3 42.31 NOTE
r-devel-linux-x86_64-fedora-gcc 0.3 39.93 NOTE
r-devel-osx-x86_64-clang 0.3 37.43 NOTE
r-devel-windows-ix86+x86_64 0.3 5.00 45.00 50.00 NOTE
r-patched-linux-x86_64 0.3 2.51 25.90 28.40 NOTE
r-patched-solaris-sparc 0.3 272.10 NOTE
r-patched-solaris-x86 0.3 54.30 NOTE
r-release-linux-x86_64 0.3 2.44 27.07 29.51 NOTE
r-release-osx-x86_64-mavericks 0.3 NOTE
r-release-windows-ix86+x86_64 0.3 7.00 56.00 63.00 NOTE
r-oldrel-windows-ix86+x86_64 0.3 8.00 49.00 57.00 OK

Check Details

Version: 0.3
Check: R code for possible problems
Result: NOTE
    CandidateBio.getBio : <anonymous>: no visible global function
     definition for ‘na.omit’
    Committee.getCommittee : <anonymous>: no visible global function
     definition for ‘na.omit’
    getAllBios: no visible global function definition for ‘txtProgressBar’
    getAllBios: no visible global function definition for
     ‘setTxtProgressBar’
    getAllLocalOfficials: no visible global function definition for
     ‘txtProgressBar’
    getAllLocalOfficials: no visible global function definition for
     ‘setTxtProgressBar’
    getAllVotes: no visible global function definition for ‘txtProgressBar’
    getAllVotes: no visible global function definition for
     ‘setTxtProgressBar’
    Undefined global functions or variables:
     na.omit setTxtProgressBar txtProgressBar
    Consider adding
     importFrom("stats", "na.omit")
     importFrom("utils", "setTxtProgressBar", "txtProgressBar")
    to your NAMESPACE file.
Flavors: r-devel-linux-x86_64-debian-clang, r-devel-linux-x86_64-debian-gcc, r-devel-linux-x86_64-fedora-clang, r-devel-linux-x86_64-fedora-gcc, r-devel-osx-x86_64-clang, r-devel-windows-ix86+x86_64, r-patched-linux-x86_64, r-patched-solaris-sparc, r-patched-solaris-x86, r-release-linux-x86_64, r-release-osx-x86_64-mavericks, r-release-windows-ix86+x86_64