CRAN Package Check Results for Package pvsR

Last updated on 2017-06-28 23:55:34.

Flavor Version Tinstall Tcheck Ttotal Status Flags
r-devel-linux-x86_64-debian-clang 0.3 1.46 25.00 26.46 NOTE
r-devel-linux-x86_64-debian-gcc 0.3 1.66 25.27 26.94 NOTE
r-devel-linux-x86_64-fedora-clang 0.3 47.41 NOTE
r-devel-linux-x86_64-fedora-gcc 0.3 46.41 NOTE
r-devel-windows-ix86+x86_64 0.3 4.00 50.00 54.00 NOTE
r-patched-linux-x86_64 0.3 1.50 24.92 26.42 NOTE
r-patched-solaris-sparc 0.3 279.70 NOTE
r-patched-solaris-x86 0.3 60.00 NOTE
r-release-linux-x86_64 0.3 1.50 24.75 26.24 NOTE
r-release-windows-ix86+x86_64 0.3 8.00 45.00 53.00 NOTE
r-release-osx-x86_64 0.3 NOTE
r-oldrel-windows-ix86+x86_64 0.3 7.00 69.00 76.00 NOTE
r-oldrel-osx-x86_64 0.3 NOTE

Check Details

Version: 0.3
Check: R code for possible problems
Result: NOTE
    CandidateBio.getBio : <anonymous>: no visible global function
     definition for ‘na.omit’
    Committee.getCommittee : <anonymous>: no visible global function
     definition for ‘na.omit’
    getAllBios: no visible global function definition for ‘txtProgressBar’
    getAllBios: no visible global function definition for
     ‘setTxtProgressBar’
    getAllLocalOfficials: no visible global function definition for
     ‘txtProgressBar’
    getAllLocalOfficials: no visible global function definition for
     ‘setTxtProgressBar’
    getAllVotes: no visible global function definition for ‘txtProgressBar’
    getAllVotes: no visible global function definition for
     ‘setTxtProgressBar’
    Undefined global functions or variables:
     na.omit setTxtProgressBar txtProgressBar
    Consider adding
     importFrom("stats", "na.omit")
     importFrom("utils", "setTxtProgressBar", "txtProgressBar")
    to your NAMESPACE file.
Flavors: r-devel-linux-x86_64-debian-clang, r-devel-linux-x86_64-debian-gcc, r-devel-linux-x86_64-fedora-clang, r-devel-linux-x86_64-fedora-gcc, r-devel-windows-ix86+x86_64, r-patched-linux-x86_64, r-patched-solaris-sparc, r-patched-solaris-x86, r-release-linux-x86_64, r-release-windows-ix86+x86_64, r-release-osx-x86_64, r-oldrel-windows-ix86+x86_64, r-oldrel-osx-x86_64