CRAN Package Check Results for Package pvsR

Last updated on 2016-08-31 05:46:59.

Flavor Version Tinstall Tcheck Ttotal Status Flags
r-devel-linux-x86_64-debian-clang 0.3 1.47 23.71 25.18 NOTE
r-devel-linux-x86_64-debian-gcc 0.3 1.53 23.29 24.82 NOTE
r-devel-linux-x86_64-fedora-clang 0.3 44.17 NOTE
r-devel-linux-x86_64-fedora-gcc 0.3 42.15 NOTE
r-devel-osx-x86_64-clang 0.3 38.84 NOTE
r-devel-windows-ix86+x86_64 0.3 7.00 59.00 66.00 NOTE
r-patched-linux-x86_64 0.3 1.50 23.55 25.05 NOTE
r-patched-solaris-sparc 0.3 272.10 NOTE
r-patched-solaris-x86 0.3 55.30 NOTE
r-release-linux-x86_64 0.3 1.45 23.31 24.76 NOTE
r-release-osx-x86_64-mavericks 0.3 NOTE
r-release-windows-ix86+x86_64 0.3 8.00 60.00 68.00 NOTE
r-oldrel-windows-ix86+x86_64 0.3 12.00 59.00 71.00 OK

Check Details

Version: 0.3
Check: R code for possible problems
Result: NOTE
    CandidateBio.getBio : <anonymous>: no visible global function
     definition for ‘na.omit’
    Committee.getCommittee : <anonymous>: no visible global function
     definition for ‘na.omit’
    getAllBios: no visible global function definition for ‘txtProgressBar’
    getAllBios: no visible global function definition for
     ‘setTxtProgressBar’
    getAllLocalOfficials: no visible global function definition for
     ‘txtProgressBar’
    getAllLocalOfficials: no visible global function definition for
     ‘setTxtProgressBar’
    getAllVotes: no visible global function definition for ‘txtProgressBar’
    getAllVotes: no visible global function definition for
     ‘setTxtProgressBar’
    Undefined global functions or variables:
     na.omit setTxtProgressBar txtProgressBar
    Consider adding
     importFrom("stats", "na.omit")
     importFrom("utils", "setTxtProgressBar", "txtProgressBar")
    to your NAMESPACE file.
Flavors: r-devel-linux-x86_64-debian-clang, r-devel-linux-x86_64-debian-gcc, r-devel-linux-x86_64-fedora-clang, r-devel-linux-x86_64-fedora-gcc, r-devel-osx-x86_64-clang, r-devel-windows-ix86+x86_64, r-patched-linux-x86_64, r-patched-solaris-sparc, r-patched-solaris-x86, r-release-linux-x86_64, r-release-osx-x86_64-mavericks, r-release-windows-ix86+x86_64