CRAN Package Check Results for Package pvsR

Last updated on 2016-10-01 12:47:58.

Flavor Version Tinstall Tcheck Ttotal Status Flags
r-devel-linux-x86_64-debian-clang 0.3 1.62 25.33 26.95 NOTE
r-devel-linux-x86_64-debian-gcc 0.3 1.55 24.50 26.04 NOTE
r-devel-linux-x86_64-fedora-clang 0.3 45.09 NOTE
r-devel-linux-x86_64-fedora-gcc 0.3 41.05 NOTE
r-devel-macos-x86_64-clang 0.3 38.12 NOTE
r-devel-windows-ix86+x86_64 0.3 11.00 64.00 75.00 NOTE
r-patched-linux-x86_64 0.3 1.68 24.36 26.05 NOTE
r-patched-solaris-sparc 0.3 272.10 NOTE
r-patched-solaris-x86 0.3 53.80 NOTE
r-release-linux-x86_64 0.3 1.68 24.30 25.98 NOTE
r-release-osx-x86_64-mavericks 0.3 NOTE
r-release-windows-ix86+x86_64 0.3 5.00 68.00 73.00 NOTE
r-oldrel-windows-ix86+x86_64 0.3 11.00 62.00 73.00 OK

Check Details

Version: 0.3
Check: R code for possible problems
Result: NOTE
    CandidateBio.getBio : <anonymous>: no visible global function
     definition for ‘na.omit’
    Committee.getCommittee : <anonymous>: no visible global function
     definition for ‘na.omit’
    getAllBios: no visible global function definition for ‘txtProgressBar’
    getAllBios: no visible global function definition for
     ‘setTxtProgressBar’
    getAllLocalOfficials: no visible global function definition for
     ‘txtProgressBar’
    getAllLocalOfficials: no visible global function definition for
     ‘setTxtProgressBar’
    getAllVotes: no visible global function definition for ‘txtProgressBar’
    getAllVotes: no visible global function definition for
     ‘setTxtProgressBar’
    Undefined global functions or variables:
     na.omit setTxtProgressBar txtProgressBar
    Consider adding
     importFrom("stats", "na.omit")
     importFrom("utils", "setTxtProgressBar", "txtProgressBar")
    to your NAMESPACE file.
Flavors: r-devel-linux-x86_64-debian-clang, r-devel-linux-x86_64-debian-gcc, r-devel-linux-x86_64-fedora-clang, r-devel-linux-x86_64-fedora-gcc, r-devel-macos-x86_64-clang, r-devel-windows-ix86+x86_64, r-patched-linux-x86_64, r-patched-solaris-sparc, r-patched-solaris-x86, r-release-linux-x86_64, r-release-osx-x86_64-mavericks, r-release-windows-ix86+x86_64