CRAN Package Check Results for Package pvsR

Last updated on 2015-05-24 14:47:05.

Flavor Version Tinstall Tcheck Ttotal Status Flags
r-devel-linux-x86_64-debian-clang 0.3 1.60 23.73 25.32 OK
r-devel-linux-x86_64-debian-gcc 0.3 2.36 24.26 26.62 OK
r-devel-linux-x86_64-fedora-clang 0.3 48.59 OK
r-devel-linux-x86_64-fedora-gcc 0.3 44.38 OK
r-devel-osx-x86_64-clang 0.3 47.60 OK
r-devel-windows-ix86+x86_64 0.3 6.00 38.00 44.00 OK
r-patched-linux-x86_64 0.3 1.57 23.04 24.61 OK
r-patched-solaris-sparc 0.3 293.10 OK
r-patched-solaris-x86 0.3 67.20 OK
r-release-linux-x86_64 0.3 1.57 23.55 25.12 OK
r-release-osx-x86_64-mavericks 0.3 OK
r-release-osx-x86_64-snowleopard 0.3 ERROR
r-release-windows-ix86+x86_64 0.3 9.00 37.00 46.00 OK
r-oldrel-windows-ix86+x86_64 0.3 7.00 45.00 52.00 OK

Check Details

Version: 0.3
Check: package dependencies
Result: ERROR
    Package required but not available: ‘XML’
    
    See section ‘The DESCRIPTION file’ in the ‘Writing R Extensions’
    manual.
Flavor: r-release-osx-x86_64-snowleopard