CRAN Package Check Results for Package pvsR

Last updated on 2018-09-24 12:00:05 CEST.

Flavor Version Tinstall Tcheck Ttotal Status Flags
r-devel-linux-x86_64-debian-clang 0.3 3.85 41.59 45.44 NOTE
r-devel-linux-x86_64-debian-gcc 0.3 4.48 33.18 37.66 NOTE
r-devel-linux-x86_64-fedora-clang 0.3 53.62 NOTE
r-devel-linux-x86_64-fedora-gcc 0.3 53.42 NOTE
r-devel-windows-ix86+x86_64 0.3 11.00 52.00 63.00 NOTE
r-patched-linux-x86_64 0.3 5.36 38.24 43.60 NOTE
r-patched-solaris-x86 0.3 70.00 NOTE
r-release-linux-x86_64 0.3 5.70 38.74 44.44 NOTE
r-release-windows-ix86+x86_64 0.3 8.00 65.00 73.00 NOTE
r-release-osx-x86_64 0.3 NOTE
r-oldrel-windows-ix86+x86_64 0.3 5.00 67.00 72.00 NOTE
r-oldrel-osx-x86_64 0.3 NOTE

Check Details

Version: 0.3
Check: R code for possible problems
Result: NOTE
    CandidateBio.getBio : <anonymous>: no visible global function
     definition for ‘na.omit’
    Committee.getCommittee : <anonymous>: no visible global function
     definition for ‘na.omit’
    getAllBios: no visible global function definition for ‘txtProgressBar’
    getAllBios: no visible global function definition for
     ‘setTxtProgressBar’
    getAllLocalOfficials: no visible global function definition for
     ‘txtProgressBar’
    getAllLocalOfficials: no visible global function definition for
     ‘setTxtProgressBar’
    getAllVotes: no visible global function definition for ‘txtProgressBar’
    getAllVotes: no visible global function definition for
     ‘setTxtProgressBar’
    Undefined global functions or variables:
     na.omit setTxtProgressBar txtProgressBar
    Consider adding
     importFrom("stats", "na.omit")
     importFrom("utils", "setTxtProgressBar", "txtProgressBar")
    to your NAMESPACE file.
Flavors: r-devel-linux-x86_64-debian-clang, r-devel-linux-x86_64-debian-gcc, r-devel-linux-x86_64-fedora-clang, r-devel-linux-x86_64-fedora-gcc, r-devel-windows-ix86+x86_64, r-patched-linux-x86_64, r-patched-solaris-x86, r-release-linux-x86_64, r-release-windows-ix86+x86_64, r-release-osx-x86_64, r-oldrel-windows-ix86+x86_64, r-oldrel-osx-x86_64