CRAN Package Check Results for Package pvsR

Last updated on 2017-08-17 01:47:11.

Flavor Version Tinstall Tcheck Ttotal Status Flags
r-devel-linux-x86_64-debian-clang 0.3 1.40 25.22 26.63 NOTE
r-devel-linux-x86_64-debian-gcc 0.3 1.56 24.89 26.45 NOTE
r-devel-linux-x86_64-fedora-clang 0.3 47.61 NOTE
r-devel-linux-x86_64-fedora-gcc 0.3 53.31 NOTE
r-devel-windows-ix86+x86_64 0.3 6.00 50.00 56.00 NOTE
r-patched-linux-x86_64 0.3 1.51 25.97 27.48 NOTE
r-patched-solaris-x86 0.3 60.80 NOTE
r-release-linux-x86_64 0.3 1.52 25.04 26.56 NOTE
r-release-windows-ix86+x86_64 0.3 5.00 50.00 55.00 NOTE
r-release-osx-x86_64 0.3 NOTE
r-oldrel-windows-ix86+x86_64 0.3 7.00 43.00 50.00 NOTE
r-oldrel-osx-x86_64 0.3 NOTE

Check Details

Version: 0.3
Check: R code for possible problems
Result: NOTE
    CandidateBio.getBio : <anonymous>: no visible global function
     definition for ‘na.omit’
    Committee.getCommittee : <anonymous>: no visible global function
     definition for ‘na.omit’
    getAllBios: no visible global function definition for ‘txtProgressBar’
    getAllBios: no visible global function definition for
     ‘setTxtProgressBar’
    getAllLocalOfficials: no visible global function definition for
     ‘txtProgressBar’
    getAllLocalOfficials: no visible global function definition for
     ‘setTxtProgressBar’
    getAllVotes: no visible global function definition for ‘txtProgressBar’
    getAllVotes: no visible global function definition for
     ‘setTxtProgressBar’
    Undefined global functions or variables:
     na.omit setTxtProgressBar txtProgressBar
    Consider adding
     importFrom("stats", "na.omit")
     importFrom("utils", "setTxtProgressBar", "txtProgressBar")
    to your NAMESPACE file.
Flavors: r-devel-linux-x86_64-debian-clang, r-devel-linux-x86_64-debian-gcc, r-devel-linux-x86_64-fedora-clang, r-devel-linux-x86_64-fedora-gcc, r-devel-windows-ix86+x86_64, r-patched-linux-x86_64, r-patched-solaris-x86, r-release-linux-x86_64, r-release-windows-ix86+x86_64, r-release-osx-x86_64, r-oldrel-windows-ix86+x86_64, r-oldrel-osx-x86_64