CRAN Package Check Results for Package pvsR

Last updated on 2015-08-30 19:47:13.

Flavor Version Tinstall Tcheck Ttotal Status Flags
r-devel-linux-x86_64-debian-clang 0.3 1.53 22.68 24.20 NOTE
r-devel-linux-x86_64-debian-gcc 0.3 1.68 21.94 23.62 NOTE
r-devel-linux-x86_64-fedora-clang 0.3 46.36 NOTE
r-devel-linux-x86_64-fedora-gcc 0.3 42.62 NOTE
r-devel-osx-x86_64-clang 0.3 42.98 OK
r-devel-windows-ix86+x86_64 0.3 8.00 43.00 51.00 NOTE
r-patched-linux-x86_64 0.3 1.60 22.91 24.51 OK
r-patched-solaris-sparc 0.3 302.00 OK
r-patched-solaris-x86 0.3 65.00 OK
r-release-linux-x86_64 0.3 1.70 23.23 24.93 OK
r-release-osx-x86_64-mavericks 0.3 OK
r-release-windows-ix86+x86_64 0.3 7.00 64.00 71.00 OK
r-oldrel-windows-ix86+x86_64 0.3 11.00 55.00 66.00 OK

Check Details

Version: 0.3
Check: R code for possible problems
Result: NOTE
    CandidateBio.getBio : <anonymous>: no visible global function
     definition for ‘na.omit’
    Committee.getCommittee : <anonymous>: no visible global function
     definition for ‘na.omit’
    getAllBios: no visible global function definition for ‘txtProgressBar’
    getAllBios: no visible global function definition for
     ‘setTxtProgressBar’
    getAllLocalOfficials: no visible global function definition for
     ‘txtProgressBar’
    getAllLocalOfficials: no visible global function definition for
     ‘setTxtProgressBar’
    getAllVotes: no visible global function definition for ‘txtProgressBar’
    getAllVotes: no visible global function definition for
     ‘setTxtProgressBar’
    Undefined global functions or variables:
     na.omit setTxtProgressBar txtProgressBar
    Consider adding
     importFrom("stats", "na.omit")
     importFrom("utils", "setTxtProgressBar", "txtProgressBar")
    to your NAMESPACE.
Flavors: r-devel-linux-x86_64-debian-clang, r-devel-linux-x86_64-debian-gcc, r-devel-linux-x86_64-fedora-clang, r-devel-linux-x86_64-fedora-gcc, r-devel-windows-ix86+x86_64