CRAN Package Check Results for Package pvsR

Last updated on 2015-07-30 21:47:18.

Flavor Version Tinstall Tcheck Ttotal Status Flags
r-devel-linux-x86_64-debian-clang 0.3 1.56 24.00 25.56 NOTE
r-devel-linux-x86_64-debian-gcc 0.3 1.55 22.84 24.39 NOTE
r-devel-linux-x86_64-fedora-clang 0.3 46.76 NOTE
r-devel-linux-x86_64-fedora-gcc 0.3 44.56 NOTE
r-devel-osx-x86_64-clang 0.3 44.76 OK
r-devel-windows-ix86+x86_64 0.3 9.00 40.00 49.00 NOTE
r-patched-linux-x86_64 0.3 1.59 23.10 24.68 OK
r-patched-solaris-sparc 0.3 302.00 OK
r-patched-solaris-x86 0.3 63.30 OK
r-release-linux-x86_64 0.3 1.58 23.01 24.60 OK
r-release-osx-x86_64-mavericks 0.3 OK
r-release-windows-ix86+x86_64 0.3 8.00 38.00 46.00 OK
r-oldrel-windows-ix86+x86_64 0.3 11.00 68.00 79.00 OK

Check Details

Version: 0.3
Check: R code for possible problems
Result: NOTE
    CandidateBio.getBio : <anonymous>: no visible global function
     definition for ‘na.omit’
    Committee.getCommittee : <anonymous>: no visible global function
     definition for ‘na.omit’
    getAllBios: no visible global function definition for ‘txtProgressBar’
    getAllBios: no visible global function definition for
     ‘setTxtProgressBar’
    getAllLocalOfficials: no visible global function definition for
     ‘txtProgressBar’
    getAllLocalOfficials: no visible global function definition for
     ‘setTxtProgressBar’
    getAllVotes: no visible global function definition for ‘txtProgressBar’
    getAllVotes: no visible global function definition for
     ‘setTxtProgressBar’
    Undefined global functions or variables:
     na.omit setTxtProgressBar txtProgressBar
    Consider adding
     importFrom("stats", "na.omit")
     importFrom("utils", "setTxtProgressBar", "txtProgressBar")
    to your NAMESPACE.
Flavors: r-devel-linux-x86_64-debian-clang, r-devel-linux-x86_64-debian-gcc, r-devel-linux-x86_64-fedora-clang, r-devel-linux-x86_64-fedora-gcc, r-devel-windows-ix86+x86_64