CRAN Package Check Results for Package pvsR

Last updated on 2018-06-18 10:48:56 CEST.

Flavor Version Tinstall Tcheck Ttotal Status Flags
r-devel-linux-x86_64-debian-clang 0.3 5.56 38.98 44.54 NOTE
r-devel-linux-x86_64-debian-gcc 0.3 4.35 32.90 37.25 NOTE
r-devel-linux-x86_64-fedora-clang 0.3 54.72 NOTE
r-devel-linux-x86_64-fedora-gcc 0.3 51.50 NOTE
r-devel-windows-ix86+x86_64 0.3 12.00 49.00 61.00 NOTE
r-patched-linux-x86_64 0.3 4.62 39.49 44.11 NOTE
r-patched-solaris-x86 0.3 70.00 NOTE
r-release-linux-x86_64 0.3 4.48 38.74 43.22 NOTE
r-release-windows-ix86+x86_64 0.3 11.00 52.00 63.00 NOTE
r-release-osx-x86_64 0.3 NOTE
r-oldrel-windows-ix86+x86_64 0.3 5.00 63.00 68.00 NOTE
r-oldrel-osx-x86_64 0.3 NOTE

Check Details

Version: 0.3
Check: R code for possible problems
Result: NOTE
    CandidateBio.getBio : <anonymous>: no visible global function
     definition for ‘na.omit’
    Committee.getCommittee : <anonymous>: no visible global function
     definition for ‘na.omit’
    getAllBios: no visible global function definition for ‘txtProgressBar’
    getAllBios: no visible global function definition for
     ‘setTxtProgressBar’
    getAllLocalOfficials: no visible global function definition for
     ‘txtProgressBar’
    getAllLocalOfficials: no visible global function definition for
     ‘setTxtProgressBar’
    getAllVotes: no visible global function definition for ‘txtProgressBar’
    getAllVotes: no visible global function definition for
     ‘setTxtProgressBar’
    Undefined global functions or variables:
     na.omit setTxtProgressBar txtProgressBar
    Consider adding
     importFrom("stats", "na.omit")
     importFrom("utils", "setTxtProgressBar", "txtProgressBar")
    to your NAMESPACE file.
Flavors: r-devel-linux-x86_64-debian-clang, r-devel-linux-x86_64-debian-gcc, r-devel-linux-x86_64-fedora-clang, r-devel-linux-x86_64-fedora-gcc, r-devel-windows-ix86+x86_64, r-patched-linux-x86_64, r-patched-solaris-x86, r-release-linux-x86_64, r-release-windows-ix86+x86_64, r-release-osx-x86_64, r-oldrel-windows-ix86+x86_64, r-oldrel-osx-x86_64