CRAN Package Check Results for Package pvsR

Last updated on 2014-04-23 12:48:25.

Flavor Version Tinstall Tcheck Ttotal Status Flags
r-devel-linux-x86_64-debian-clang 0.1.1 1.93 24.22 26.15 NOTE
r-devel-linux-x86_64-debian-gcc 0.1.1 1.77 24.34 26.11 NOTE
r-devel-linux-x86_64-fedora-clang 0.1.1 50.90 NOTE
r-devel-linux-x86_64-fedora-gcc 0.1.1 48.35 NOTE
r-devel-osx-x86_64-clang 0.1.1 49.94 NOTE
r-devel-osx-x86_64-gcc 0.1.1 ERROR
r-devel-windows-ix86+x86_64 0.1.1 5.00 35.00 40.00 NOTE
r-patched-linux-x86_64 0.1.1 1.78 24.17 25.94 NOTE
r-patched-solaris-sparc 0.1.1 284.60 NOTE
r-patched-solaris-x86 0.1.1 65.60 NOTE
r-release-linux-ix86 0.1.1 3.00 43.00 46.00 NOTE
r-release-linux-x86_64 0.1.1 1.79 24.44 26.22 NOTE
r-release-osx-x86_64-mavericks 0.1.1 WARN
r-release-osx-x86_64-snowleopard 0.1.1 OK
r-release-windows-ix86+x86_64 0.1.1 5.00 36.00 41.00 NOTE
r-oldrel-windows-ix86+x86_64 0.1.1 5.00 36.00 41.00 NOTE

Check Details

Version: 0.1.1
Check: dependencies in R code
Result: NOTE
    Packages in Depends field not imported from:
     ‘XML’ ‘nnet’
     These packages need to be imported from (in the NAMESPACE file)
     for when this namespace is loaded but not attached.
    See the information on DESCRIPTION files in the chapter ‘Creating R
    packages’ of the ‘Writing R Extensions’ manual.
Flavors: r-devel-linux-x86_64-debian-clang, r-devel-linux-x86_64-debian-gcc, r-devel-linux-x86_64-fedora-clang, r-devel-linux-x86_64-fedora-gcc, r-devel-osx-x86_64-clang, r-devel-windows-ix86+x86_64, r-patched-linux-x86_64, r-patched-solaris-sparc, r-patched-solaris-x86, r-release-linux-ix86, r-release-linux-x86_64, r-release-osx-x86_64-mavericks, r-release-windows-ix86+x86_64, r-oldrel-windows-ix86+x86_64

Version: 0.1.1
Check: package dependencies
Result: ERROR
    Package required but not available: ‘XML’
    
    See the information on DESCRIPTION files in the chapter ‘Creating R
    packages’ of the ‘Writing R Extensions’ manual.
Flavor: r-devel-osx-x86_64-gcc

Version: 0.1.1
Check: PDF version of manual
Result: WARNING
    LaTeX errors when creating PDF version.
    This typically indicates Rd problems.
    LaTeX errors found:
    ! LaTeX Error: File `upquote.sty' not found.
    
    Type X to quit or <RETURN> to proceed,
    or enter new name. (Default extension: sty)
    
    a69502f/Rd2.tex:8: ==> Fatal error occurred, no output PDF file produced!
Flavor: r-release-osx-x86_64-mavericks