CRAN Package Check Results for Package pvsR

Last updated on 2014-07-23 12:47:33.

Flavor Version Tinstall Tcheck Ttotal Status Flags
r-devel-linux-x86_64-debian-clang 0.1.1 1.77 23.70 25.46 NOTE
r-devel-linux-x86_64-debian-gcc 0.1.1 1.82 22.50 24.31 NOTE
r-devel-linux-x86_64-fedora-clang 0.1.1 51.20 NOTE
r-devel-linux-x86_64-fedora-gcc 0.1.1 48.35 NOTE
r-devel-osx-x86_64-clang 0.1.1 49.12 NOTE
r-devel-windows-ix86+x86_64 0.1.1 5.00 34.00 39.00 NOTE
r-patched-linux-x86_64 0.1.1 1.67 23.00 24.67 NOTE
r-patched-solaris-sparc 0.1.1 284.60 NOTE
r-patched-solaris-x86 0.1.1 65.20 NOTE
r-release-linux-ix86 0.1.1 2.22 30.58 32.81 NOTE
r-release-linux-x86_64 0.1.1 1.74 23.07 24.80 NOTE
r-release-osx-x86_64-mavericks 0.1.1 NOTE
r-release-osx-x86_64-snowleopard 0.1.1 OK
r-release-windows-ix86+x86_64 0.1.1 5.00 36.00 41.00 NOTE
r-oldrel-windows-ix86+x86_64 0.1.1 5.00 35.00 40.00 NOTE

Check Details

Version: 0.1.1
Check: dependencies in R code
Result: NOTE
    Packages in Depends field not imported from:
     ‘XML’ ‘nnet’
     These packages need to be imported from (in the NAMESPACE file)
     for when this namespace is loaded but not attached.
    See the information on DESCRIPTION files in the chapter ‘Creating R
    packages’ of the ‘Writing R Extensions’ manual.
Flavors: r-devel-linux-x86_64-debian-clang, r-devel-linux-x86_64-debian-gcc, r-devel-linux-x86_64-fedora-clang, r-devel-linux-x86_64-fedora-gcc, r-devel-osx-x86_64-clang, r-devel-windows-ix86+x86_64, r-patched-linux-x86_64, r-patched-solaris-sparc, r-patched-solaris-x86, r-release-linux-ix86, r-release-linux-x86_64, r-release-osx-x86_64-mavericks, r-release-windows-ix86+x86_64, r-oldrel-windows-ix86+x86_64