CRAN Package Check Results for Package pwr

Last updated on 2015-07-04 09:48:10.

Flavor Version Tinstall Tcheck Ttotal Status Flags
r-devel-linux-x86_64-debian-clang 1.1-2 0.57 9.43 10.00 NOTE
r-devel-linux-x86_64-debian-gcc 1.1-2 0.57 9.37 9.94 NOTE
r-devel-linux-x86_64-fedora-clang 1.1-2 18.55 NOTE
r-devel-linux-x86_64-fedora-gcc 1.1-2 16.76 NOTE
r-devel-osx-x86_64-clang 1.1-2 19.93 OK
r-devel-windows-ix86+x86_64 1.1-2 4.00 21.00 25.00 OK
r-patched-linux-x86_64 1.1-2 0.60 9.92 10.52 OK
r-patched-solaris-sparc 1.1-2 125.90 OK
r-patched-solaris-x86 1.1-2 27.90 OK
r-release-linux-x86_64 1.1-2 0.60 9.70 10.30 OK
r-release-osx-x86_64-mavericks 1.1-2 OK
r-release-windows-ix86+x86_64 1.1-2 3.00 17.00 20.00 OK
r-oldrel-windows-ix86+x86_64 1.1-2 4.00 18.00 22.00 OK

Check Details

Version: 1.1-2
Check: R code for possible problems
Result: NOTE
    pwr.2p.test: no visible global function definition for ‘uniroot’
    pwr.2p2n.test: no visible global function definition for ‘uniroot’
    pwr.anova.test: no visible global function definition for ‘uniroot’
    pwr.chisq.test: no visible global function definition for ‘uniroot’
    pwr.f2.test: no visible global function definition for ‘uniroot’
    pwr.norm.test: no visible global function definition for ‘uniroot’
    pwr.p.test: no visible global function definition for ‘uniroot’
    pwr.r.test: no visible global function definition for ‘uniroot’
    pwr.t.test: no visible global function definition for ‘uniroot’
    pwr.t2n.test: no visible global function definition for ‘uniroot’
    Undefined global functions or variables:
     uniroot
Flavors: r-devel-linux-x86_64-debian-clang, r-devel-linux-x86_64-debian-gcc, r-devel-linux-x86_64-fedora-clang, r-devel-linux-x86_64-fedora-gcc