CRAN Package Check Results for Package pwr

Last updated on 2015-08-01 06:48:06.

Flavor Version Tinstall Tcheck Ttotal Status Flags
r-devel-linux-x86_64-debian-clang 1.1-2 0.59 9.86 10.45 NOTE
r-devel-linux-x86_64-debian-gcc 1.1-2 0.62 9.69 10.31 NOTE
r-devel-linux-x86_64-fedora-clang 1.1-2 19.08 NOTE
r-devel-linux-x86_64-fedora-gcc 1.1-2 17.47 NOTE
r-devel-osx-x86_64-clang 1.1-2 19.51 OK
r-devel-windows-ix86+x86_64 1.1-2 3.00 16.00 19.00 NOTE
r-patched-linux-x86_64 1.1-2 0.61 9.64 10.26 OK
r-patched-solaris-sparc 1.1-2 122.80 OK
r-patched-solaris-x86 1.1-2 28.20 OK
r-release-linux-x86_64 1.1-2 0.60 9.55 10.15 OK
r-release-osx-x86_64-mavericks 1.1-2 OK
r-release-windows-ix86+x86_64 1.1-2 3.00 17.00 20.00 OK
r-oldrel-windows-ix86+x86_64 1.1-2 4.00 18.00 22.00 OK

Check Details

Version: 1.1-2
Check: R code for possible problems
Result: NOTE
    pwr.2p.test: no visible global function definition for ‘uniroot’
    pwr.2p2n.test: no visible global function definition for ‘uniroot’
    pwr.anova.test: no visible global function definition for ‘uniroot’
    pwr.chisq.test: no visible global function definition for ‘uniroot’
    pwr.f2.test: no visible global function definition for ‘uniroot’
    pwr.norm.test: no visible global function definition for ‘uniroot’
    pwr.p.test: no visible global function definition for ‘uniroot’
    pwr.r.test: no visible global function definition for ‘uniroot’
    pwr.t.test: no visible global function definition for ‘uniroot’
    pwr.t2n.test: no visible global function definition for ‘uniroot’
    Undefined global functions or variables:
     uniroot
    Consider adding
     importFrom("stats", "uniroot")
    to your NAMESPACE.
Flavors: r-devel-linux-x86_64-debian-clang, r-devel-linux-x86_64-debian-gcc, r-devel-linux-x86_64-fedora-clang, r-devel-linux-x86_64-fedora-gcc, r-devel-windows-ix86+x86_64