CRAN Package Check Results for Package pwr

Last updated on 2014-07-24 09:49:41.

Flavor Version Tinstall Tcheck Ttotal Status Flags
r-devel-linux-x86_64-debian-clang 1.1.1 0.61 9.73 10.34 OK
r-devel-linux-x86_64-debian-gcc 1.1.1 0.59 9.82 10.41 OK
r-devel-linux-x86_64-fedora-clang 1.1.1 21.49 NOTE
r-devel-linux-x86_64-fedora-gcc 1.1.1 20.59 NOTE
r-devel-osx-x86_64-clang 1.1.1 24.70 OK
r-devel-windows-ix86+x86_64 1.1.1 3.00 16.00 19.00 OK
r-patched-linux-x86_64 1.1.1 0.60 9.58 10.19 OK
r-patched-solaris-sparc 1.1.1 120.30 OK
r-patched-solaris-x86 1.1.1 31.00 OK
r-release-linux-ix86 1.1.1 0.92 15.66 16.59 OK
r-release-linux-x86_64 1.1.1 0.63 9.87 10.50 OK
r-release-osx-x86_64-mavericks 1.1.1 OK
r-release-windows-ix86+x86_64 1.1.1 3.00 21.00 24.00 OK
r-oldrel-windows-ix86+x86_64 1.1.1 2.00 25.00 27.00 OK

Check Details

Version: 1.1.1
Check: Rd line widths
Result: NOTE
    Rd file 'cohen.ES.Rd':
     \usage lines wider than 90 characters:
     cohen.ES(test = c("p", "t", "r", "anov", "chisq", "f2"), size = c("small", "medium", "large"))
     \examples lines wider than 100 characters:
     pwr.r.test(r=cohen.ES(test="r",size="medium")$effect.size,power=0.80,sig.level=0.05,alternative="two.sided")
    
    Rd file 'pwr.2p2n.test.Rd':
     \usage lines wider than 90 characters:
     pwr.2p2n.test(h = NULL, n1 = NULL, n2 = NULL, sig.level = 0.05, power = NULL,alternative = c("two.sided", "less","greater"))
    
    Rd file 'pwr.p.test.Rd':
     \usage lines wider than 90 characters:
     pwr.p.test(h = NULL, n = NULL, sig.level = 0.05, power = NULL,alternative = c("two.sided","less","greater"))
    
    These lines will be truncated in the PDF manual.
Flavors: r-devel-linux-x86_64-fedora-clang, r-devel-linux-x86_64-fedora-gcc