CRAN Package Check Results for Package pwr

Last updated on 2014-11-29 03:52:01.

Flavor Version Tinstall Tcheck Ttotal Status Flags
r-devel-linux-x86_64-debian-clang 1.1.1 0.67 10.90 11.57 NOTE
r-devel-linux-x86_64-debian-gcc 1.1.1 0.62 10.47 11.09 NOTE
r-devel-linux-x86_64-fedora-clang 1.1.1 22.61 NOTE
r-devel-linux-x86_64-fedora-gcc 1.1.1 22.61 NOTE
r-devel-osx-x86_64-clang 1.1.1 23.68 OK
r-devel-windows-ix86+x86_64 1.1.1 2.00 17.00 19.00 OK
r-patched-linux-x86_64 1.1.1 0.64 10.68 11.32 NOTE
r-patched-solaris-sparc 1.1.1 120.00 OK
r-patched-solaris-x86 1.1.1 30.90 OK
r-release-linux-ix86 1.1.1 0.91 15.55 16.46 OK
r-release-linux-x86_64 1.1.1 0.69 10.74 11.43 NOTE
r-release-osx-x86_64-mavericks 1.1.1 OK
r-release-windows-ix86+x86_64 1.1.1 3.00 16.00 19.00 OK
r-oldrel-windows-ix86+x86_64 1.1.1 2.00 25.00 27.00 OK

Check Details

Version: 1.1.1
Check: Rd line widths
Result: NOTE
    Rd file 'cohen.ES.Rd':
     \usage lines wider than 90 characters:
     cohen.ES(test = c("p", "t", "r", "anov", "chisq", "f2"), size = c("small", "medium", "large"))
     \examples lines wider than 100 characters:
     pwr.r.test(r=cohen.ES(test="r",size="medium")$effect.size,power=0.80,sig.level=0.05,alternative="two.sided")
    
    Rd file 'pwr.2p2n.test.Rd':
     \usage lines wider than 90 characters:
     pwr.2p2n.test(h = NULL, n1 = NULL, n2 = NULL, sig.level = 0.05, power = NULL,alternative = c("two.sided", "less","greater"))
    
    Rd file 'pwr.p.test.Rd':
     \usage lines wider than 90 characters:
     pwr.p.test(h = NULL, n = NULL, sig.level = 0.05, power = NULL,alternative = c("two.sided","less","greater"))
    
    These lines will be truncated in the PDF manual.
Flavors: r-devel-linux-x86_64-debian-clang, r-devel-linux-x86_64-debian-gcc, r-devel-linux-x86_64-fedora-clang, r-devel-linux-x86_64-fedora-gcc, r-patched-linux-x86_64, r-release-linux-x86_64