CRAN Package Check Results for Package pwrAB

Last updated on 2019-03-26 19:47:25 CET.

Flavor Version Tinstall Tcheck Ttotal Status Flags
r-devel-linux-x86_64-debian-clang 0.1.0 1.67 20.70 22.37 OK
r-devel-linux-x86_64-debian-gcc 0.1.0 1.32 16.82 18.14 OK
r-devel-linux-x86_64-fedora-clang 0.1.0 27.24 OK
r-devel-linux-x86_64-fedora-gcc 0.1.0 25.71 OK
r-devel-windows-ix86+x86_64 0.1.0 6.00 40.00 46.00 OK
r-patched-linux-x86_64 0.1.0 1.03 19.54 20.57 NOTE
r-patched-solaris-x86 0.1.0 38.20 OK
r-release-linux-x86_64 0.1.0 0.90 19.76 20.66 NOTE
r-release-windows-ix86+x86_64 0.1.0 4.00 32.00 36.00 OK
r-release-osx-x86_64 0.1.0 OK
r-oldrel-windows-ix86+x86_64 0.1.0 2.00 39.00 41.00 OK
r-oldrel-osx-x86_64 0.1.0 OK

Check Details

Version: 0.1.0
Check: DESCRIPTION meta-information
Result: NOTE
    Dependence on R version ‘3.3.1’ not with patchlevel 0
Flavors: r-patched-linux-x86_64, r-release-linux-x86_64