CRAN Package Check Results for Package pwt

Last updated on 2016-10-01 12:47:58.

Flavor Version Tinstall Tcheck Ttotal Status Flags
r-devel-linux-x86_64-debian-clang 7.1-1 6.51 13.09 19.59 NOTE
r-devel-linux-x86_64-debian-gcc 7.1-1 6.44 13.55 19.99 NOTE
r-devel-linux-x86_64-fedora-clang 7.1-1 31.70 NOTE
r-devel-linux-x86_64-fedora-gcc 7.1-1 29.98 NOTE
r-devel-macos-x86_64-clang 7.1-1 26.47 NOTE
r-devel-windows-ix86+x86_64 7.1-1 13.00 37.00 50.00 NOTE
r-patched-linux-x86_64 7.1-1 6.59 12.65 19.24 NOTE
r-patched-solaris-sparc 7.1-1 187.80 NOTE
r-patched-solaris-x86 7.1-1 43.50 NOTE
r-release-linux-x86_64 7.1-1 6.35 12.22 18.57 NOTE
r-release-osx-x86_64-mavericks 7.1-1 NOTE
r-release-windows-ix86+x86_64 7.1-1 10.00 29.00 39.00 NOTE
r-oldrel-windows-ix86+x86_64 7.1-1 10.00 23.00 33.00 NOTE

Check Details

Version: 7.1-1
Check: installed package size
Result: NOTE
     installed size is 7.3Mb
     sub-directories of 1Mb or more:
     data 7.2Mb
Flavors: r-devel-linux-x86_64-debian-clang, r-devel-linux-x86_64-debian-gcc, r-devel-linux-x86_64-fedora-clang, r-devel-linux-x86_64-fedora-gcc, r-devel-macos-x86_64-clang, r-devel-windows-ix86+x86_64, r-patched-linux-x86_64, r-patched-solaris-sparc, r-patched-solaris-x86, r-release-linux-x86_64, r-release-osx-x86_64-mavericks, r-release-windows-ix86+x86_64, r-oldrel-windows-ix86+x86_64