CRAN Package Check Results for Package pwt

Last updated on 2017-04-24 18:47:35.

Flavor Version Tinstall Tcheck Ttotal Status Flags
r-devel-linux-x86_64-debian-clang 7.1-1 5.98 14.06 20.04 OK
r-devel-linux-x86_64-debian-gcc 7.1-1 6.12 13.69 19.81 OK
r-devel-linux-x86_64-fedora-clang 7.1-1 34.37 NOTE --no-stop-on-test-error
r-devel-linux-x86_64-fedora-gcc 7.1-1 32.24 NOTE --no-stop-on-test-error
r-devel-windows-ix86+x86_64 7.1-1 NOTE
r-patched-linux-x86_64 7.1-1 6.20 13.87 20.06 OK
r-patched-solaris-sparc 7.1-1 209.40 NOTE
r-patched-solaris-x86 7.1-1 50.70 NOTE
r-release-linux-x86_64 7.1-1 6.00 13.77 19.77 OK
r-release-windows-ix86+x86_64 7.1-1 10.00 30.00 40.00 NOTE
r-release-osx-x86_64 7.1-1 NOTE
r-oldrel-windows-ix86+x86_64 7.1-1 11.00 29.00 40.00 NOTE
r-oldrel-osx-x86_64 7.1-1 NOTE

Check Details

Version: 7.1-1
Flags: --no-stop-on-test-error
Check: installed package size
Result: NOTE
     installed size is 7.3Mb
     sub-directories of 1Mb or more:
     data 7.2Mb
Flavors: r-devel-linux-x86_64-fedora-clang, r-devel-linux-x86_64-fedora-gcc

Version: 7.1-1
Check: installed package size
Result: NOTE
     installed size is 7.3Mb
     sub-directories of 1Mb or more:
     data 7.2Mb
Flavors: r-devel-windows-ix86+x86_64, r-patched-solaris-sparc, r-patched-solaris-x86, r-release-windows-ix86+x86_64, r-release-osx-x86_64, r-oldrel-windows-ix86+x86_64, r-oldrel-osx-x86_64