CRAN Package Check Results for Package pwt

Last updated on 2017-09-22 11:51:33.

Flavor Version Tinstall Tcheck Ttotal Status Flags
r-devel-linux-x86_64-debian-clang 7.1-1 6.10 14.55 20.64 OK
r-devel-linux-x86_64-debian-gcc 7.1-1 6.13 14.18 20.31 OK
r-devel-linux-x86_64-fedora-clang 7.1-1 33.78 NOTE
r-devel-linux-x86_64-fedora-gcc 7.1-1 32.81 NOTE
r-devel-windows-ix86+x86_64 7.1-1 13.00 48.00 61.00 NOTE
r-patched-linux-x86_64 7.1-1 6.10 14.27 20.37 OK
r-patched-solaris-x86 7.1-1 54.10 NOTE
r-release-linux-x86_64 7.1-1 6.05 14.13 20.18 OK
r-release-windows-ix86+x86_64 7.1-1 11.00 32.00 43.00 NOTE
r-release-osx-x86_64 7.1-1 NOTE
r-oldrel-windows-ix86+x86_64 7.1-1 11.00 29.00 40.00 NOTE
r-oldrel-osx-x86_64 7.1-1 NOTE

Check Details

Version: 7.1-1
Check: installed package size
Result: NOTE
     installed size is 7.3Mb
     sub-directories of 1Mb or more:
     data 7.2Mb
Flavors: r-devel-linux-x86_64-fedora-clang, r-devel-linux-x86_64-fedora-gcc, r-devel-windows-ix86+x86_64, r-patched-solaris-x86, r-release-windows-ix86+x86_64, r-release-osx-x86_64, r-oldrel-windows-ix86+x86_64, r-oldrel-osx-x86_64