CRAN Package Check Results for Package pwt

Last updated on 2017-07-25 17:48:07.

Flavor Version Tinstall Tcheck Ttotal Status Flags
r-devel-linux-x86_64-debian-clang 7.1-1 6.23 20.21 26.44 OK
r-devel-linux-x86_64-debian-gcc 7.1-1 6.12 19.88 26.00 OK
r-devel-linux-x86_64-fedora-clang 7.1-1 34.95 NOTE
r-devel-linux-x86_64-fedora-gcc 7.1-1 36.00 NOTE
r-devel-windows-ix86+x86_64 7.1-1 14.00 31.00 45.00 NOTE
r-patched-linux-x86_64 7.1-1 6.02 20.25 26.27 OK
r-patched-solaris-x86 7.1-1 53.10 NOTE
r-release-linux-x86_64 7.1-1 6.04 20.09 26.12 OK
r-release-windows-ix86+x86_64 7.1-1 10.00 30.00 40.00 NOTE
r-release-osx-x86_64 7.1-1 NOTE
r-oldrel-windows-ix86+x86_64 7.1-1 11.00 29.00 40.00 NOTE
r-oldrel-osx-x86_64 7.1-1 NOTE

Check Details

Version: 7.1-1
Check: installed package size
Result: NOTE
     installed size is 7.3Mb
     sub-directories of 1Mb or more:
     data 7.2Mb
Flavors: r-devel-linux-x86_64-fedora-clang, r-devel-linux-x86_64-fedora-gcc, r-devel-windows-ix86+x86_64, r-patched-solaris-x86, r-release-windows-ix86+x86_64, r-release-osx-x86_64, r-oldrel-windows-ix86+x86_64, r-oldrel-osx-x86_64