CRAN Package Check Results for Package pwt

Last updated on 2018-02-23 18:47:48 CET.

Flavor Version Tinstall Tcheck Ttotal Status Flags
r-devel-linux-x86_64-debian-clang 7.1-1 7.32 20.48 27.80 OK
r-devel-linux-x86_64-debian-gcc 7.1-1 7.12 16.68 23.80 OK
r-devel-linux-x86_64-fedora-clang 7.1-1 34.50 NOTE
r-devel-linux-x86_64-fedora-gcc 7.1-1 33.42 NOTE
r-devel-windows-ix86+x86_64 7.1-1 13.00 29.00 42.00 NOTE
r-patched-linux-x86_64 7.1-1 7.94 19.41 27.35 OK
r-patched-solaris-x86 7.1-1 51.60 NOTE
r-release-linux-x86_64 7.1-1 7.62 19.79 27.41 OK
r-release-windows-ix86+x86_64 7.1-1 11.00 32.00 43.00 NOTE
r-release-osx-x86_64 7.1-1 NOTE
r-oldrel-windows-ix86+x86_64 7.1-1 11.00 29.00 40.00 NOTE
r-oldrel-osx-x86_64 7.1-1 NOTE

Check Details

Version: 7.1-1
Check: installed package size
Result: NOTE
     installed size is 7.3Mb
     sub-directories of 1Mb or more:
     data 7.2Mb
Flavors: r-devel-linux-x86_64-fedora-clang, r-devel-linux-x86_64-fedora-gcc, r-devel-windows-ix86+x86_64, r-patched-solaris-x86, r-release-windows-ix86+x86_64, r-release-osx-x86_64, r-oldrel-windows-ix86+x86_64, r-oldrel-osx-x86_64