CRAN Package Check Results for Package pwt

Last updated on 2019-07-19 12:55:30 CEST.

Flavor Version Tinstall Tcheck Ttotal Status Flags
r-devel-linux-x86_64-debian-clang 7.1-1 7.84 21.47 29.31 OK
r-devel-linux-x86_64-debian-gcc 7.1-1 7.01 18.79 25.80 OK
r-devel-linux-x86_64-fedora-clang 7.1-1 38.30 NOTE
r-devel-linux-x86_64-fedora-gcc 7.1-1 37.09 OK
r-devel-windows-ix86+x86_64 7.1-1 12.00 33.00 45.00 NOTE
r-patched-linux-x86_64 7.1-1 7.48 21.43 28.91 OK
r-patched-solaris-x86 7.1-1 62.20 NOTE
r-release-linux-x86_64 7.1-1 8.48 21.50 29.98 OK
r-release-windows-ix86+x86_64 7.1-1 13.00 47.00 60.00 NOTE
r-release-osx-x86_64 7.1-1 NOTE
r-oldrel-windows-ix86+x86_64 7.1-1 11.00 32.00 43.00 NOTE
r-oldrel-osx-x86_64 7.1-1 NOTE

Check Details

Version: 7.1-1
Check: installed package size
Result: NOTE
     installed size is 7.3Mb
     sub-directories of 1Mb or more:
     data 7.2Mb
Flavors: r-devel-linux-x86_64-fedora-clang, r-devel-windows-ix86+x86_64, r-patched-solaris-x86, r-release-windows-ix86+x86_64, r-release-osx-x86_64, r-oldrel-windows-ix86+x86_64, r-oldrel-osx-x86_64