CRAN Package Check Results for Package pwt

Last updated on 2015-03-02 05:47:48.

Flavor Version Tinstall Tcheck Ttotal Status Flags
r-devel-linux-x86_64-debian-clang 7.1-1 6.23 12.76 19.00 NOTE
r-devel-linux-x86_64-debian-gcc 7.1-1 6.17 12.19 18.36 NOTE
r-devel-linux-x86_64-fedora-clang 7.1-1 33.99 NOTE
r-devel-linux-x86_64-fedora-gcc 7.1-1 32.61 NOTE
r-devel-osx-x86_64-clang 7.1-1 38.88 NOTE
r-devel-windows-ix86+x86_64 7.1-1 15.00 21.00 36.00 NOTE
r-patched-linux-x86_64 7.1-1 6.59 12.96 19.55 NOTE
r-patched-solaris-sparc 7.1-1 217.40 NOTE
r-patched-solaris-x86 7.1-1 58.10 NOTE
r-release-linux-ix86 7.1-1 8.50 20.84 29.34 NOTE
r-release-linux-x86_64 7.1-1 6.57 13.12 19.68 NOTE
r-release-osx-x86_64-mavericks 7.1-1 NOTE
r-release-windows-ix86+x86_64 7.1-1 11.00 21.00 32.00 NOTE
r-oldrel-windows-ix86+x86_64 7.1-1 12.00 29.00 41.00 NOTE

Check Details

Version: 7.1-1
Check: installed package size
Result: NOTE
     installed size is 7.3Mb
     sub-directories of 1Mb or more:
     data 7.2Mb
Flavors: r-devel-linux-x86_64-debian-clang, r-devel-linux-x86_64-debian-gcc, r-devel-linux-x86_64-fedora-clang, r-devel-linux-x86_64-fedora-gcc, r-devel-osx-x86_64-clang, r-devel-windows-ix86+x86_64, r-patched-linux-x86_64, r-patched-solaris-sparc, r-patched-solaris-x86, r-release-linux-ix86, r-release-linux-x86_64, r-release-osx-x86_64-mavericks, r-release-windows-ix86+x86_64, r-oldrel-windows-ix86+x86_64