CRAN Package Check Results for Package pwt

Last updated on 2017-02-20 20:48:09.

Flavor Version Tinstall Tcheck Ttotal Status Flags
r-devel-linux-x86_64-debian-clang 7.1-1 6.04 14.01 20.05 OK
r-devel-linux-x86_64-debian-gcc 7.1-1 6.28 13.87 20.15 OK
r-devel-linux-x86_64-fedora-clang 7.1-1 32.94 NOTE --no-stop-on-test-error
r-devel-linux-x86_64-fedora-gcc 7.1-1 33.25 NOTE --no-stop-on-test-error
r-devel-macos-x86_64-clang 7.1-1 29.59 NOTE --no-stop-on-test-error
r-devel-windows-ix86+x86_64 7.1-1 11.00 40.00 51.00 NOTE
r-patched-linux-x86_64 7.1-1 5.90 12.49 18.39 OK
r-patched-solaris-sparc 7.1-1 188.60 NOTE
r-patched-solaris-x86 7.1-1 49.50 NOTE
r-release-linux-x86_64 7.1-1 5.91 12.08 17.99 OK
r-release-osx-x86_64-mavericks 7.1-1 NOTE
r-release-windows-ix86+x86_64 7.1-1 11.00 29.00 40.00 NOTE
r-oldrel-windows-ix86+x86_64 7.1-1 10.00 27.00 37.00 NOTE

Check Details

Version: 7.1-1
Flags: --no-stop-on-test-error
Check: installed package size
Result: NOTE
     installed size is 7.3Mb
     sub-directories of 1Mb or more:
     data 7.2Mb
Flavors: r-devel-linux-x86_64-fedora-clang, r-devel-linux-x86_64-fedora-gcc, r-devel-macos-x86_64-clang

Version: 7.1-1
Check: installed package size
Result: NOTE
     installed size is 7.3Mb
     sub-directories of 1Mb or more:
     data 7.2Mb
Flavors: r-devel-windows-ix86+x86_64, r-patched-solaris-sparc, r-patched-solaris-x86, r-release-osx-x86_64-mavericks, r-release-windows-ix86+x86_64, r-oldrel-windows-ix86+x86_64