CRAN Package Check Results for Package pwt

Last updated on 2017-03-25 15:48:04.

Flavor Version Tinstall Tcheck Ttotal Status Flags
r-devel-linux-x86_64-debian-clang 7.1-1 6.02 13.93 19.95 OK
r-devel-linux-x86_64-debian-gcc 7.1-1 6.00 13.65 19.66 OK
r-devel-linux-x86_64-fedora-clang 7.1-1 33.44 NOTE --no-stop-on-test-error
r-devel-linux-x86_64-fedora-gcc 7.1-1 31.88 NOTE --no-stop-on-test-error
r-devel-macos-x86_64-clang 7.1-1 29.36 NOTE --no-stop-on-test-error
r-devel-windows-ix86+x86_64 7.1-1 10.00 30.00 40.00 NOTE
r-patched-linux-x86_64 7.1-1 6.45 13.89 20.35 OK
r-patched-solaris-sparc 7.1-1 209.40 NOTE
r-patched-solaris-x86 7.1-1 50.70 NOTE
r-release-linux-x86_64 7.1-1 5.94 12.21 18.15 OK
r-release-osx-x86_64-mavericks 7.1-1 NOTE
r-release-windows-ix86+x86_64 7.1-1 11.00 29.00 40.00 NOTE
r-oldrel-windows-ix86+x86_64 7.1-1 10.00 27.00 37.00 NOTE

Check Details

Version: 7.1-1
Flags: --no-stop-on-test-error
Check: installed package size
Result: NOTE
     installed size is 7.3Mb
     sub-directories of 1Mb or more:
     data 7.2Mb
Flavors: r-devel-linux-x86_64-fedora-clang, r-devel-linux-x86_64-fedora-gcc, r-devel-macos-x86_64-clang

Version: 7.1-1
Check: installed package size
Result: NOTE
     installed size is 7.3Mb
     sub-directories of 1Mb or more:
     data 7.2Mb
Flavors: r-devel-windows-ix86+x86_64, r-patched-solaris-sparc, r-patched-solaris-x86, r-release-osx-x86_64-mavericks, r-release-windows-ix86+x86_64, r-oldrel-windows-ix86+x86_64