CRAN Package Check Results for Package pwt

Last updated on 2014-10-22 15:55:01.

Flavor Version Tinstall Tcheck Ttotal Status Flags
r-devel-linux-x86_64-debian-clang 7.1-1 6.37 13.11 19.48 NOTE
r-devel-linux-x86_64-debian-gcc 7.1-1 6.36 12.72 19.08 NOTE
r-devel-linux-x86_64-fedora-clang 7.1-1 36.53 NOTE
r-devel-linux-x86_64-fedora-gcc 7.1-1 34.63 NOTE
r-devel-osx-x86_64-clang 7.1-1 41.32 NOTE
r-devel-windows-ix86+x86_64 7.1-1 12.00 22.00 34.00 NOTE
r-patched-linux-x86_64 7.1-1 6.32 12.78 19.10 NOTE
r-patched-solaris-sparc 7.1-1 198.40 NOTE
r-patched-solaris-x86 7.1-1 55.70 NOTE
r-release-linux-ix86 7.1-1 8.63 19.88 28.50 NOTE
r-release-linux-x86_64 7.1-1 6.29 12.52 18.81 NOTE
r-release-osx-x86_64-mavericks 7.1-1 NOTE
r-release-windows-ix86+x86_64 7.1-1 14.00 24.00 38.00 NOTE
r-oldrel-windows-ix86+x86_64 7.1-1 12.00 29.00 41.00 NOTE

Check Details

Version: 7.1-1
Check: installed package size
Result: NOTE
     installed size is 7.3Mb
     sub-directories of 1Mb or more:
     data 7.2Mb
Flavors: r-devel-linux-x86_64-debian-clang, r-devel-linux-x86_64-debian-gcc, r-devel-linux-x86_64-fedora-clang, r-devel-linux-x86_64-fedora-gcc, r-devel-osx-x86_64-clang, r-devel-windows-ix86+x86_64, r-patched-linux-x86_64, r-patched-solaris-sparc, r-patched-solaris-x86, r-release-linux-ix86, r-release-linux-x86_64, r-release-osx-x86_64-mavericks, r-release-windows-ix86+x86_64, r-oldrel-windows-ix86+x86_64