CRAN Package Check Results for Package pwt

Last updated on 2018-04-21 16:47:01 CEST.

Flavor Version Tinstall Tcheck Ttotal Status Flags
r-devel-linux-x86_64-debian-clang 7.1-1 7.68 20.42 28.10 OK
r-devel-linux-x86_64-debian-gcc 7.1-1 7.31 16.69 24.00 OK
r-devel-linux-x86_64-fedora-clang 7.1-1 34.79 NOTE
r-devel-linux-x86_64-fedora-gcc 7.1-1 33.61 NOTE
r-devel-windows-ix86+x86_64 7.1-1 12.00 42.00 54.00 NOTE
r-devel-osx-x86_64 7.1-1 NOTE
r-patched-linux-x86_64 7.1-1 8.44 20.53 28.97 OK
r-patched-solaris-x86 7.1-1 57.10 NOTE
r-release-linux-x86_64 7.1-1 8.45 19.41 27.86 OK
r-release-windows-ix86+x86_64 7.1-1 11.00 32.00 43.00 NOTE
r-release-osx-x86_64 7.1-1 NOTE
r-oldrel-windows-ix86+x86_64 7.1-1 11.00 29.00 40.00 NOTE

Check Details

Version: 7.1-1
Check: installed package size
Result: NOTE
     installed size is 7.3Mb
     sub-directories of 1Mb or more:
     data 7.2Mb
Flavors: r-devel-linux-x86_64-fedora-clang, r-devel-linux-x86_64-fedora-gcc, r-devel-windows-ix86+x86_64, r-devel-osx-x86_64, r-patched-solaris-x86, r-release-windows-ix86+x86_64, r-release-osx-x86_64, r-oldrel-windows-ix86+x86_64