CRAN Package Check Results for Package pwt

Last updated on 2017-05-26 14:46:44.

Flavor Version Tinstall Tcheck Ttotal Status Flags
r-devel-linux-x86_64-debian-clang 7.1-1 6.07 14.17 20.23 OK
r-devel-linux-x86_64-debian-gcc 7.1-1 6.40 14.61 21.01 OK
r-devel-linux-x86_64-fedora-clang 7.1-1 33.26 NOTE
r-devel-linux-x86_64-fedora-gcc 7.1-1 32.20 NOTE
r-devel-windows-ix86+x86_64 7.1-1 14.00 31.00 45.00 NOTE
r-patched-linux-x86_64 7.1-1 6.68 14.27 20.96 OK
r-patched-solaris-sparc 7.1-1 209.40 NOTE
r-patched-solaris-x86 7.1-1 50.80 NOTE
r-release-linux-x86_64 7.1-1 6.18 13.69 19.87 OK
r-release-windows-ix86+x86_64 7.1-1 10.00 30.00 40.00 NOTE
r-release-osx-x86_64 7.1-1 NOTE
r-oldrel-windows-ix86+x86_64 7.1-1 11.00 29.00 40.00 NOTE
r-oldrel-osx-x86_64 7.1-1 NOTE

Check Details

Version: 7.1-1
Check: installed package size
Result: NOTE
     installed size is 7.3Mb
     sub-directories of 1Mb or more:
     data 7.2Mb
Flavors: r-devel-linux-x86_64-fedora-clang, r-devel-linux-x86_64-fedora-gcc, r-devel-windows-ix86+x86_64, r-patched-solaris-sparc, r-patched-solaris-x86, r-release-windows-ix86+x86_64, r-release-osx-x86_64, r-oldrel-windows-ix86+x86_64, r-oldrel-osx-x86_64