CRAN Package Check Results for Package pwt

Last updated on 2014-11-24 15:47:21.

Flavor Version Tinstall Tcheck Ttotal Status Flags
r-devel-linux-x86_64-debian-clang 7.1-1 6.41 12.85 19.26 NOTE
r-devel-linux-x86_64-debian-gcc 7.1-1 6.27 12.30 18.58 NOTE
r-devel-linux-x86_64-fedora-clang 7.1-1 38.69 NOTE
r-devel-linux-x86_64-fedora-gcc 7.1-1 35.68 NOTE
r-devel-osx-x86_64-clang 7.1-1 42.03 NOTE
r-devel-windows-ix86+x86_64 7.1-1 13.00 22.00 35.00 NOTE
r-patched-linux-x86_64 7.1-1 6.37 13.01 19.38 NOTE
r-patched-solaris-sparc 7.1-1 198.40 NOTE
r-patched-solaris-x86 7.1-1 56.50 NOTE
r-release-linux-ix86 7.1-1 8.42 19.81 28.23 NOTE
r-release-linux-x86_64 7.1-1 6.34 13.02 19.35 NOTE
r-release-osx-x86_64-mavericks 7.1-1 NOTE
r-release-windows-ix86+x86_64 7.1-1 11.00 21.00 32.00 NOTE
r-oldrel-windows-ix86+x86_64 7.1-1 12.00 29.00 41.00 NOTE

Check Details

Version: 7.1-1
Check: installed package size
Result: NOTE
     installed size is 7.3Mb
     sub-directories of 1Mb or more:
     data 7.2Mb
Flavors: r-devel-linux-x86_64-debian-clang, r-devel-linux-x86_64-debian-gcc, r-devel-linux-x86_64-fedora-clang, r-devel-linux-x86_64-fedora-gcc, r-devel-osx-x86_64-clang, r-devel-windows-ix86+x86_64, r-patched-linux-x86_64, r-patched-solaris-sparc, r-patched-solaris-x86, r-release-linux-ix86, r-release-linux-x86_64, r-release-osx-x86_64-mavericks, r-release-windows-ix86+x86_64, r-oldrel-windows-ix86+x86_64