CRAN Package Check Results for Package pwt

Last updated on 2022-01-25 11:51:19 CET.

Flavor Version Tinstall Tcheck Ttotal Status Flags
r-devel-linux-x86_64-debian-clang 7.1-1 8.20 34.75 42.95 OK
r-devel-linux-x86_64-debian-gcc 7.1-1 8.12 26.95 35.07 OK
r-devel-linux-x86_64-fedora-clang 7.1-1 53.63 NOTE
r-devel-linux-x86_64-fedora-gcc 7.1-1 42.86 OK
r-devel-windows-x86_64-new-UL 7.1-1 23.00 54.00 77.00 NOTE
r-devel-windows-x86_64-new-TK 7.1-1 OK
r-patched-linux-x86_64 7.1-1 8.29 32.78 41.07 OK
r-release-linux-x86_64 7.1-1 8.43 32.71 41.14 OK
r-release-macos-arm64 7.1-1 NOTE
r-release-macos-x86_64 7.1-1 NOTE
r-release-windows-ix86+x86_64 7.1-1 14.00 32.00 46.00 NOTE
r-oldrel-macos-x86_64 7.1-1 NOTE
r-oldrel-windows-ix86+x86_64 7.1-1 11.00 29.00 40.00 NOTE

Check Details

Version: 7.1-1
Check: installed package size
Result: NOTE
     installed size is 7.3Mb
     sub-directories of 1Mb or more:
     data 7.2Mb
Flavors: r-devel-linux-x86_64-fedora-clang, r-devel-windows-x86_64-new-UL, r-release-macos-arm64, r-release-macos-x86_64, r-release-windows-ix86+x86_64, r-oldrel-macos-x86_64, r-oldrel-windows-ix86+x86_64