CRAN Package Check Results for Package pwt

Last updated on 2019-05-24 16:47:47 CEST.

Flavor Version Tinstall Tcheck Ttotal Status Flags
r-devel-linux-x86_64-debian-clang 7.1-1 9.05 21.68 30.73 OK
r-devel-linux-x86_64-debian-gcc 7.1-1 7.93 18.48 26.41 OK
r-devel-linux-x86_64-fedora-clang 7.1-1 38.15 NOTE
r-devel-linux-x86_64-fedora-gcc 7.1-1 35.95 OK
r-devel-windows-ix86+x86_64 7.1-1 15.00 33.00 48.00 NOTE
r-patched-linux-x86_64 7.1-1 9.01 22.09 31.10 OK
r-patched-solaris-x86 7.1-1 59.40 NOTE
r-release-linux-x86_64 7.1-1 9.48 21.89 31.37 OK
r-release-windows-ix86+x86_64 7.1-1 17.00 30.00 47.00 NOTE
r-release-osx-x86_64 7.1-1 NOTE
r-oldrel-windows-ix86+x86_64 7.1-1 11.00 32.00 43.00 NOTE
r-oldrel-osx-x86_64 7.1-1 NOTE

Check Details

Version: 7.1-1
Check: installed package size
Result: NOTE
     installed size is 7.3Mb
     sub-directories of 1Mb or more:
     data 7.2Mb
Flavors: r-devel-linux-x86_64-fedora-clang, r-devel-windows-ix86+x86_64, r-patched-solaris-x86, r-release-windows-ix86+x86_64, r-release-osx-x86_64, r-oldrel-windows-ix86+x86_64, r-oldrel-osx-x86_64