CRAN Package Check Results for Package pwt

Last updated on 2016-04-29 09:47:14.

Flavor Version Tinstall Tcheck Ttotal Status Flags
r-devel-linux-x86_64-debian-gcc 7.1-1 6.38 12.17 18.55 NOTE
r-devel-linux-x86_64-fedora-clang 7.1-1 30.24 NOTE
r-devel-linux-x86_64-fedora-gcc 7.1-1 29.24 NOTE
r-devel-osx-x86_64-clang 7.1-1 35.78 NOTE
r-devel-windows-ix86+x86_64 7.1-1 11.00 30.00 41.00 NOTE
r-patched-linux-x86_64 7.1-1 6.58 12.05 18.63 NOTE
r-patched-solaris-sparc 7.1-1 191.70 NOTE
r-patched-solaris-x86 7.1-1 44.00 NOTE
r-release-linux-x86_64 7.1-1 6.68 12.97 19.65 NOTE
r-release-osx-x86_64-mavericks 7.1-1 NOTE
r-release-windows-ix86+x86_64 7.1-1 10.00 23.00 33.00 NOTE
r-oldrel-windows-ix86+x86_64 7.1-1 14.00 21.00 35.00 NOTE

Check Details

Version: 7.1-1
Check: installed package size
Result: NOTE
     installed size is 7.3Mb
     sub-directories of 1Mb or more:
     data 7.2Mb
Flavors: r-devel-linux-x86_64-debian-gcc, r-devel-linux-x86_64-fedora-clang, r-devel-linux-x86_64-fedora-gcc, r-devel-osx-x86_64-clang, r-devel-windows-ix86+x86_64, r-patched-linux-x86_64, r-patched-solaris-sparc, r-patched-solaris-x86, r-release-linux-x86_64, r-release-osx-x86_64-mavericks, r-release-windows-ix86+x86_64, r-oldrel-windows-ix86+x86_64