CRAN Package Check Results for Package pwt

Last updated on 2016-12-03 23:47:52.

Flavor Version Tinstall Tcheck Ttotal Status Flags
r-devel-linux-x86_64-debian-clang 7.1-1 6.03 13.67 19.70 OK
r-devel-linux-x86_64-debian-gcc 7.1-1 6.10 13.67 19.78 OK
r-devel-linux-x86_64-fedora-clang 7.1-1 33.35 NOTE
r-devel-linux-x86_64-fedora-gcc 7.1-1 33.71 NOTE
r-devel-macos-x86_64-clang 7.1-1 29.27 NOTE
r-devel-windows-ix86+x86_64 7.1-1 14.00 28.00 42.00 NOTE
r-patched-linux-x86_64 7.1-1 8.28 12.29 20.57 OK
r-patched-solaris-sparc 7.1-1 187.80 NOTE
r-patched-solaris-x86 7.1-1 44.20 NOTE
r-release-linux-x86_64 7.1-1 6.17 12.51 18.68 OK
r-release-osx-x86_64-mavericks 7.1-1 NOTE
r-release-windows-ix86+x86_64 7.1-1 11.00 29.00 40.00 NOTE
r-oldrel-windows-ix86+x86_64 7.1-1 10.00 27.00 37.00 NOTE

Check Details

Version: 7.1-1
Check: installed package size
Result: NOTE
     installed size is 7.3Mb
     sub-directories of 1Mb or more:
     data 7.2Mb
Flavors: r-devel-linux-x86_64-fedora-clang, r-devel-linux-x86_64-fedora-gcc, r-devel-macos-x86_64-clang, r-devel-windows-ix86+x86_64, r-patched-solaris-sparc, r-patched-solaris-x86, r-release-osx-x86_64-mavericks, r-release-windows-ix86+x86_64, r-oldrel-windows-ix86+x86_64