CRAN Package Check Results for Package pxR

Last updated on 2014-08-30 04:48:20.

Flavor Version Tinstall Tcheck Ttotal Status Flags
r-devel-linux-x86_64-debian-clang 0.40.0 1.57 17.16 18.73 NOTE
r-devel-linux-x86_64-debian-gcc 0.40.0 1.10 16.88 17.98 NOTE
r-devel-linux-x86_64-fedora-clang 0.40.0 37.94 NOTE
r-devel-linux-x86_64-fedora-gcc 0.40.0 34.84 NOTE
r-devel-osx-x86_64-clang 0.40.0 37.97 NOTE
r-devel-windows-ix86+x86_64 0.40.0 6.00 29.00 35.00 NOTE
r-patched-linux-x86_64 0.40.0 1.18 17.30 18.48 OK
r-patched-solaris-sparc 0.40.0 223.60 OK
r-patched-solaris-x86 0.40.0 52.10 OK
r-release-linux-ix86 0.40.0 1.56 25.10 26.65 OK
r-release-linux-x86_64 0.40.0 1.20 17.72 18.93 OK
r-release-osx-x86_64-mavericks 0.40.0 OK
r-release-osx-x86_64-snowleopard 0.40.0 OK
r-release-windows-ix86+x86_64 0.40.0 5.00 33.00 38.00 OK
r-oldrel-windows-ix86+x86_64 0.40.0 4.00 34.00 38.00 OK

Check Details

Version: 0.40.0
Check: R code for possible problems
Result: NOTE
    read.px : get.attributes: no visible global function definition for
     ‘ldply’
    read.px: no visible global function definition for ‘str_locate_all’
    read.px: no visible global function definition for ‘str_sub’
    read.px: no visible global function definition for ‘str_length’
Flavors: r-devel-linux-x86_64-debian-clang, r-devel-linux-x86_64-debian-gcc, r-devel-linux-x86_64-fedora-clang, r-devel-linux-x86_64-fedora-gcc, r-devel-osx-x86_64-clang, r-devel-windows-ix86+x86_64