CRAN Package Check Results for Package pxR

Last updated on 2014-11-23 03:48:06.

Flavor Version Tinstall Tcheck Ttotal Status Flags
r-devel-linux-x86_64-debian-clang 0.40.0 1.14 17.91 19.05 NOTE
r-devel-linux-x86_64-debian-gcc 0.40.0 1.11 17.67 18.78 NOTE
r-devel-linux-x86_64-fedora-clang 0.40.0 41.72 NOTE
r-devel-linux-x86_64-fedora-gcc 0.40.0 37.89 NOTE
r-devel-osx-x86_64-clang 0.40.0 42.28 NOTE
r-devel-windows-ix86+x86_64 0.40.0 4.00 30.00 34.00 NOTE
r-patched-linux-x86_64 0.40.0 1.15 17.82 18.97 NOTE
r-patched-solaris-sparc 0.40.0 226.00 NOTE
r-patched-solaris-x86 0.40.0 53.10 NOTE
r-release-linux-ix86 0.40.0 1.53 24.49 26.02 NOTE
r-release-linux-x86_64 0.40.0 1.17 17.89 19.06 NOTE
r-release-osx-x86_64-mavericks 0.40.0 OK
r-release-osx-x86_64-snowleopard 0.40.0 OK
r-release-windows-ix86+x86_64 0.40.0 6.00 31.00 37.00 NOTE
r-oldrel-windows-ix86+x86_64 0.40.0 5.00 36.00 41.00 OK

Check Details

Version: 0.40.0
Check: R code for possible problems
Result: NOTE
    read.px : get.attributes: no visible global function definition for
     ‘ldply’
    read.px: no visible global function definition for ‘str_locate_all’
    read.px: no visible global function definition for ‘str_sub’
    read.px: no visible global function definition for ‘str_length’
Flavors: r-devel-linux-x86_64-debian-clang, r-devel-linux-x86_64-debian-gcc, r-devel-linux-x86_64-fedora-clang, r-devel-linux-x86_64-fedora-gcc, r-devel-osx-x86_64-clang, r-devel-windows-ix86+x86_64, r-patched-linux-x86_64, r-patched-solaris-sparc, r-patched-solaris-x86, r-release-linux-ix86, r-release-linux-x86_64, r-release-windows-ix86+x86_64