CRAN Package Check Results for Package pxR

Last updated on 2014-04-20 21:46:53.

Flavor Version Tinstall Tcheck Ttotal Status Flags
r-devel-linux-x86_64-debian-clang 0.29 0.66 9.81 10.47 NOTE
r-devel-linux-x86_64-debian-gcc 0.29 0.63 9.91 10.54 NOTE
r-devel-linux-x86_64-fedora-clang 0.29 20.71 NOTE
r-devel-linux-x86_64-fedora-gcc 0.29 18.77 NOTE
r-devel-macosx-x86_64-clang 0.29 24.66 NOTE
r-devel-macosx-x86_64-gcc 0.29 NOTE
r-devel-windows-ix86+x86_64 0.29 2.00 16.00 18.00 NOTE
r-patched-linux-x86_64 0.29 0.62 9.77 10.39 NOTE
r-patched-solaris-sparc 0.29 118.50 NOTE
r-patched-solaris-x86 0.29 30.30 NOTE
r-release-linux-ix86 NOTE
r-release-linux-x86_64 0.29 0.61 9.96 10.57 NOTE
r-release-macosx-x86_64 0.29 NOTE
r-release-windows-ix86+x86_64 0.29 5.00 22.00 27.00 NOTE
r-oldrel-windows-ix86+x86_64 0.29 2.00 25.00 27.00 NOTE

Check Details

Version: 0.29
Check: dependencies in R code
Result: NOTE
    Package in Depends field not imported from: ‘stringr’
     These packages need to be imported from (in the NAMESPACE file)
     for when this namespace is loaded but not attached.
    See the information on DESCRIPTION files in the chapter ‘Creating R
    packages’ of the ‘Writing R Extensions’ manual.
Flavors: r-devel-linux-x86_64-debian-clang, r-devel-linux-x86_64-debian-gcc, r-devel-linux-x86_64-fedora-clang, r-devel-linux-x86_64-fedora-gcc, r-devel-macosx-x86_64-clang, r-devel-macosx-x86_64-gcc, r-devel-windows-ix86+x86_64, r-patched-linux-x86_64, r-patched-solaris-sparc, r-patched-solaris-x86, r-release-linux-ix86, r-release-linux-x86_64, r-release-windows-ix86+x86_64, r-oldrel-windows-ix86+x86_64

Version: 0.29
Check: R code for possible problems
Result: NOTE
    read.px : make.list: no visible binding for global variable ‘label’
    read.px : make.list: no visible binding for global variable ‘attribute’
    read.px : make.list: no visible binding for global variable ‘value’
Flavors: r-devel-linux-x86_64-debian-clang, r-devel-linux-x86_64-debian-gcc, r-devel-linux-x86_64-fedora-clang, r-devel-linux-x86_64-fedora-gcc, r-devel-macosx-x86_64-clang, r-devel-macosx-x86_64-gcc, r-devel-windows-ix86+x86_64, r-patched-linux-x86_64, r-patched-solaris-sparc, r-patched-solaris-x86, r-release-linux-ix86, r-release-linux-x86_64, r-release-macosx-x86_64, r-release-windows-ix86+x86_64, r-oldrel-windows-ix86+x86_64

Version: 0.29
Check: top-level files
Result: NOTE
    Non-standard file/directory found at top level:
     ‘pxR-Ex.R’
Flavors: r-devel-linux-x86_64-fedora-clang, r-devel-linux-x86_64-fedora-gcc