CRAN Package Check Results for Package pxR

Last updated on 2014-10-24 11:47:22.

Flavor Version Tinstall Tcheck Ttotal Status Flags
r-devel-linux-x86_64-debian-clang 0.40.0 1.12 18.23 19.35 NOTE
r-devel-linux-x86_64-debian-gcc 0.40.0 1.12 18.34 19.46 NOTE
r-devel-linux-x86_64-fedora-clang 0.40.0 39.01 NOTE
r-devel-linux-x86_64-fedora-gcc 0.40.0 35.96 NOTE
r-devel-osx-x86_64-clang 0.40.0 41.16 NOTE
r-devel-windows-ix86+x86_64 0.40.0 4.00 28.00 32.00 NOTE
r-patched-linux-x86_64 0.40.0 1.18 17.96 19.13 NOTE
r-patched-solaris-sparc 0.40.0 226.00 NOTE
r-patched-solaris-x86 0.40.0 53.30 NOTE
r-release-linux-ix86 0.40.0 1.57 25.48 27.04 OK
r-release-linux-x86_64 0.40.0 1.19 18.76 19.94 OK
r-release-osx-x86_64-mavericks 0.40.0 OK
r-release-osx-x86_64-snowleopard 0.40.0 OK
r-release-windows-ix86+x86_64 0.40.0 5.00 31.00 36.00 OK
r-oldrel-windows-ix86+x86_64 0.40.0 5.00 30.00 35.00 OK

Check Details

Version: 0.40.0
Check: R code for possible problems
Result: NOTE
    read.px : get.attributes: no visible global function definition for
     ‘ldply’
    read.px: no visible global function definition for ‘str_locate_all’
    read.px: no visible global function definition for ‘str_sub’
    read.px: no visible global function definition for ‘str_length’
Flavors: r-devel-linux-x86_64-debian-clang, r-devel-linux-x86_64-debian-gcc, r-devel-linux-x86_64-fedora-clang, r-devel-linux-x86_64-fedora-gcc, r-devel-osx-x86_64-clang, r-devel-windows-ix86+x86_64, r-patched-linux-x86_64, r-patched-solaris-sparc, r-patched-solaris-x86