CRAN Package Check Results for Package pxR

Last updated on 2014-09-16 14:47:38.

Flavor Version Tinstall Tcheck Ttotal Status Flags
r-devel-linux-x86_64-debian-clang 0.40.0 1.13 17.95 19.08 NOTE
r-devel-linux-x86_64-debian-gcc 0.40.0 1.10 17.70 18.80 NOTE
r-devel-linux-x86_64-fedora-clang 0.40.0 37.58 NOTE
r-devel-linux-x86_64-fedora-gcc 0.40.0 35.30 NOTE
r-devel-osx-x86_64-clang 0.40.0 38.65 NOTE
r-devel-windows-ix86+x86_64 0.40.0 4.00 30.00 34.00 NOTE
r-patched-linux-x86_64 0.40.0 1.18 17.57 18.75 OK
r-patched-solaris-sparc 0.40.0 223.60 OK
r-patched-solaris-x86 0.40.0 51.70 OK
r-release-linux-ix86 0.40.0 1.59 25.35 26.94 OK
r-release-linux-x86_64 0.40.0 1.23 18.20 19.43 OK
r-release-osx-x86_64-mavericks 0.40.0 OK
r-release-osx-x86_64-snowleopard 0.40.0 OK
r-release-windows-ix86+x86_64 0.40.0 5.00 27.00 32.00 OK
r-oldrel-windows-ix86+x86_64 0.40.0 5.00 29.00 34.00 OK

Check Details

Version: 0.40.0
Check: R code for possible problems
Result: NOTE
    read.px : get.attributes: no visible global function definition for
     ‘ldply’
    read.px: no visible global function definition for ‘str_locate_all’
    read.px: no visible global function definition for ‘str_sub’
    read.px: no visible global function definition for ‘str_length’
Flavors: r-devel-linux-x86_64-debian-clang, r-devel-linux-x86_64-debian-gcc, r-devel-linux-x86_64-fedora-clang, r-devel-linux-x86_64-fedora-gcc, r-devel-osx-x86_64-clang, r-devel-windows-ix86+x86_64