CRAN Package Check Results for Package pxR

Last updated on 2015-04-26 23:46:56.

Flavor Version Tinstall Tcheck Ttotal Status Flags
r-devel-linux-x86_64-debian-clang 0.40.0 0.90 14.94 15.84 NOTE
r-devel-linux-x86_64-debian-gcc 0.40.0 0.93 14.84 15.77 NOTE
r-devel-linux-x86_64-fedora-clang 0.40.0 32.32 NOTE
r-devel-linux-x86_64-fedora-gcc 0.40.0 29.47 NOTE
r-devel-osx-x86_64-clang 0.40.0 32.47 NOTE
r-devel-windows-ix86+x86_64 0.40.0 3.00 26.00 29.00 NOTE
r-patched-linux-x86_64 0.40.0 1.08 15.24 16.32 NOTE
r-patched-solaris-sparc 0.40.0 190.60 NOTE
r-patched-solaris-x86 0.40.0 43.70 NOTE
r-release-linux-x86_64 0.40.0 0.90 14.91 15.81 NOTE
r-release-osx-x86_64-mavericks 0.40.0 NOTE
r-release-osx-x86_64-snowleopard 0.40.0 NOTE
r-release-windows-ix86+x86_64 0.40.0 4.00 23.00 27.00 NOTE
r-oldrel-windows-ix86+x86_64 0.40.0 5.00 32.00 37.00 NOTE

Check Details

Version: 0.40.0
Check: S3 generic/method consistency
Result: NOTE
    Found the following apparent S3 methods exported but not registered:
     as.px.array
    See section ‘Registering S3 methods’ in the ‘Writing R Extensions’
    manual.
Flavors: r-devel-linux-x86_64-debian-clang, r-devel-linux-x86_64-fedora-clang, r-devel-linux-x86_64-fedora-gcc, r-devel-osx-x86_64-clang, r-patched-solaris-x86

Version: 0.40.0
Check: R code for possible problems
Result: NOTE
    read.px : get.attributes: no visible global function definition for
     ‘ldply’
    read.px: no visible global function definition for ‘str_locate_all’
    read.px: no visible global function definition for ‘str_sub’
    read.px: no visible global function definition for ‘str_length’
Flavors: r-devel-linux-x86_64-debian-clang, r-devel-linux-x86_64-fedora-clang, r-devel-linux-x86_64-fedora-gcc, r-devel-osx-x86_64-clang, r-devel-windows-ix86+x86_64, r-patched-solaris-sparc, r-patched-solaris-x86, r-release-osx-x86_64-mavericks, r-release-osx-x86_64-snowleopard, r-release-windows-ix86+x86_64, r-oldrel-windows-ix86+x86_64