CRAN Package Check Results for Package pxR

Last updated on 2014-12-18 03:50:35.

Flavor Version Tinstall Tcheck Ttotal Status Flags
r-devel-linux-x86_64-debian-clang 0.40.0 1.23 17.73 18.96 NOTE
r-devel-linux-x86_64-debian-gcc 0.40.0 1.11 17.58 18.70 NOTE
r-devel-linux-x86_64-fedora-clang 0.40.0 40.47 NOTE
r-devel-linux-x86_64-fedora-gcc 0.40.0 37.41 NOTE
r-devel-osx-x86_64-clang 0.40.0 40.90 NOTE
r-devel-windows-ix86+x86_64 0.40.0 5.00 30.00 35.00 NOTE
r-patched-linux-x86_64 0.40.0 1.18 18.47 19.64 NOTE
r-patched-solaris-sparc 0.40.0 226.00 NOTE
r-patched-solaris-x86 0.40.0 53.50 NOTE
r-release-linux-ix86 0.40.0 1.47 24.29 25.76 NOTE
r-release-linux-x86_64 0.40.0 1.17 18.14 19.31 NOTE
r-release-osx-x86_64-mavericks 0.40.0 OK
r-release-osx-x86_64-snowleopard 0.40.0 OK
r-release-windows-ix86+x86_64 0.40.0 6.00 31.00 37.00 NOTE
r-oldrel-windows-ix86+x86_64 0.40.0 5.00 34.00 39.00 OK

Check Details

Version: 0.40.0
Check: R code for possible problems
Result: NOTE
    read.px : get.attributes: no visible global function definition for
     ‘ldply’
    read.px: no visible global function definition for ‘str_locate_all’
    read.px: no visible global function definition for ‘str_sub’
    read.px: no visible global function definition for ‘str_length’
Flavors: r-devel-linux-x86_64-debian-clang, r-devel-linux-x86_64-debian-gcc, r-devel-linux-x86_64-fedora-clang, r-devel-linux-x86_64-fedora-gcc, r-devel-osx-x86_64-clang, r-devel-windows-ix86+x86_64, r-patched-linux-x86_64, r-patched-solaris-sparc, r-patched-solaris-x86, r-release-linux-ix86, r-release-linux-x86_64, r-release-windows-ix86+x86_64