CRAN Package Check Results for Package pxR

Last updated on 2015-01-26 22:47:40.

Flavor Version Tinstall Tcheck Ttotal Status Flags
r-devel-linux-x86_64-debian-clang 0.40.0 1.02 15.90 16.91 NOTE
r-devel-linux-x86_64-debian-gcc 0.40.0 0.99 15.13 16.12 NOTE
r-devel-linux-x86_64-fedora-clang 0.40.0 41.38 NOTE
r-devel-linux-x86_64-fedora-gcc 0.40.0 37.78 NOTE
r-devel-osx-x86_64-clang 0.40.0 41.88 NOTE
r-devel-windows-ix86+x86_64 0.40.0 6.00 30.00 36.00 NOTE
r-patched-linux-x86_64 0.40.0 1.20 18.14 19.34 NOTE
r-patched-solaris-sparc 0.40.0 220.80 NOTE
r-patched-solaris-x86 0.40.0 54.40 NOTE
r-release-linux-ix86 0.40.0 1.48 24.48 25.96 NOTE
r-release-linux-x86_64 0.40.0 1.15 18.45 19.60 NOTE
r-release-osx-x86_64-mavericks 0.40.0 NOTE
r-release-osx-x86_64-snowleopard 0.40.0 OK
r-release-windows-ix86+x86_64 0.40.0 5.00 37.00 42.00 NOTE
r-oldrel-windows-ix86+x86_64 0.40.0 7.00 39.00 46.00 OK

Check Details

Version: 0.40.0
Check: R code for possible problems
Result: NOTE
    read.px : get.attributes: no visible global function definition for
     ‘ldply’
    read.px: no visible global function definition for ‘str_locate_all’
    read.px: no visible global function definition for ‘str_sub’
    read.px: no visible global function definition for ‘str_length’
Flavors: r-devel-linux-x86_64-debian-clang, r-devel-linux-x86_64-debian-gcc, r-devel-linux-x86_64-fedora-clang, r-devel-linux-x86_64-fedora-gcc, r-devel-osx-x86_64-clang, r-devel-windows-ix86+x86_64, r-patched-linux-x86_64, r-patched-solaris-sparc, r-patched-solaris-x86, r-release-linux-ix86, r-release-linux-x86_64, r-release-osx-x86_64-mavericks, r-release-windows-ix86+x86_64

Version: 0.40.0
Check: S3 generic/method consistency
Result: NOTE
    Found the following apparent S3 methods exported but not registered:
     as.px.array
    See section ‘Registering S3 methods’ in the ‘Writing R Extensions’
    manual.
Flavors: r-devel-linux-x86_64-fedora-clang, r-devel-linux-x86_64-fedora-gcc, r-devel-osx-x86_64-clang