CRAN Package Check Results for Package pxR

Last updated on 2015-05-25 23:47:32.

Flavor Version Tinstall Tcheck Ttotal Status Flags
r-devel-linux-x86_64-debian-clang 0.40.0 0.94 15.44 16.38 NOTE
r-devel-linux-x86_64-debian-gcc 0.40.0 1.14 14.87 16.02 NOTE
r-devel-linux-x86_64-fedora-clang 0.40.0 31.38 NOTE
r-devel-linux-x86_64-fedora-gcc 0.40.0 29.67 NOTE
r-devel-osx-x86_64-clang 0.40.0 33.39 NOTE
r-devel-windows-ix86+x86_64 0.40.0 4.00 27.00 31.00 ERROR
r-patched-linux-x86_64 0.40.0 0.92 15.08 16.00 NOTE
r-patched-solaris-sparc 0.40.0 199.40 NOTE
r-patched-solaris-x86 0.40.0 48.00 NOTE
r-release-linux-x86_64 0.40.0 0.98 15.08 16.06 NOTE
r-release-osx-x86_64-mavericks 0.40.0 NOTE
r-release-osx-x86_64-snowleopard 0.40.0 NOTE
r-release-windows-ix86+x86_64 0.40.0 4.00 26.00 30.00 ERROR
r-oldrel-windows-ix86+x86_64 0.40.0 6.00 29.00 35.00 ERROR

Check Details

Version: 0.40.0
Check: S3 generic/method consistency
Result: NOTE
    Found the following apparent S3 methods exported but not registered:
     as.px.array
    See section ‘Registering S3 methods’ in the ‘Writing R Extensions’
    manual.
Flavors: r-devel-linux-x86_64-debian-clang, r-devel-linux-x86_64-debian-gcc, r-devel-linux-x86_64-fedora-clang, r-devel-linux-x86_64-fedora-gcc, r-devel-osx-x86_64-clang, r-patched-linux-x86_64, r-patched-solaris-sparc, r-patched-solaris-x86, r-release-linux-x86_64

Version: 0.40.0
Check: R code for possible problems
Result: NOTE
    read.px : get.attributes: no visible global function definition for
     ‘ldply’
    read.px: no visible global function definition for ‘str_locate_all’
    read.px: no visible global function definition for ‘str_sub’
    read.px: no visible global function definition for ‘str_length’
Flavors: r-devel-linux-x86_64-debian-clang, r-devel-linux-x86_64-debian-gcc, r-devel-linux-x86_64-fedora-clang, r-devel-linux-x86_64-fedora-gcc, r-devel-osx-x86_64-clang, r-devel-windows-ix86+x86_64, r-patched-linux-x86_64, r-patched-solaris-sparc, r-patched-solaris-x86, r-release-linux-x86_64, r-release-osx-x86_64-mavericks, r-release-osx-x86_64-snowleopard, r-release-windows-ix86+x86_64, r-oldrel-windows-ix86+x86_64

Version: 0.40.0
Check: tests
Result: ERROR
    Running the tests in 'tests/test.R' failed.
    Last 13 lines of output:
     [1] FALSE TRUE TRUE TRUE
     Warning message:
     In file.remove("tmp04.px", "tmp03.px", "tmp02.px", "tmp01.px") :
     cannot remove file 'tmp04.px', reason 'No such file or directory'
     >
     >
     >
     > opx1 <- read.px( system.file( "extdata", "example.px", package = "pxR") )
     > write.px ( opx1, filename = 'opx.px') # write a copy
     > opx2 <- read.px ('opx.px') # read the copy
     Error in read.px("opx.px") :
     The input file is malformed: data and varnames length differ
     Execution halted
Flavors: r-devel-windows-ix86+x86_64, r-release-windows-ix86+x86_64, r-oldrel-windows-ix86+x86_64