CRAN Package Check Results for Package pxR

Last updated on 2015-03-05 08:49:19.

Flavor Version Tinstall Tcheck Ttotal Status Flags
r-devel-linux-x86_64-debian-clang 0.40.0 0.92 15.33 16.25 NOTE
r-devel-linux-x86_64-debian-gcc 0.40.0 0.99 14.50 15.50 NOTE
r-devel-linux-x86_64-fedora-clang 0.40.0 30.42 NOTE
r-devel-linux-x86_64-fedora-gcc 0.40.0 28.91 NOTE
r-devel-osx-x86_64-clang 0.40.0 33.02 NOTE
r-devel-windows-ix86+x86_64 0.40.0 3.00 24.00 27.00 NOTE
r-patched-linux-x86_64 0.40.0 1.50 18.34 19.84 NOTE
r-patched-solaris-sparc 0.40.0 248.60 NOTE
r-patched-solaris-x86 0.40.0 54.90 NOTE
r-release-linux-ix86 0.40.0 1.62 25.06 26.69 NOTE
r-release-linux-x86_64 0.40.0 1.28 19.00 20.28 NOTE
r-release-osx-x86_64-mavericks 0.40.0 NOTE
r-release-osx-x86_64-snowleopard 0.40.0 OK
r-release-windows-ix86+x86_64 0.40.0 5.00 30.00 35.00 NOTE
r-oldrel-windows-ix86+x86_64 0.40.0 5.00 31.00 36.00 OK

Check Details

Version: 0.40.0
Check: S3 generic/method consistency
Result: NOTE
    Found the following apparent S3 methods exported but not registered:
     as.px.array
    See section ‘Registering S3 methods’ in the ‘Writing R Extensions’
    manual.
Flavors: r-devel-linux-x86_64-debian-clang, r-devel-linux-x86_64-debian-gcc, r-devel-linux-x86_64-fedora-clang, r-devel-linux-x86_64-fedora-gcc, r-devel-osx-x86_64-clang

Version: 0.40.0
Check: R code for possible problems
Result: NOTE
    read.px : get.attributes: no visible global function definition for
     ‘ldply’
    read.px: no visible global function definition for ‘str_locate_all’
    read.px: no visible global function definition for ‘str_sub’
    read.px: no visible global function definition for ‘str_length’
Flavors: r-devel-linux-x86_64-debian-clang, r-devel-linux-x86_64-debian-gcc, r-devel-linux-x86_64-fedora-clang, r-devel-linux-x86_64-fedora-gcc, r-devel-osx-x86_64-clang, r-devel-windows-ix86+x86_64, r-patched-linux-x86_64, r-patched-solaris-sparc, r-patched-solaris-x86, r-release-linux-ix86, r-release-linux-x86_64, r-release-osx-x86_64-mavericks, r-release-windows-ix86+x86_64