CRAN Package Check Results for Package pxR

Last updated on 2020-05-25 10:49:06 CEST.

Flavor Version Tinstall Tcheck Ttotal Status Flags
r-devel-linux-x86_64-debian-clang 0.42.3 3.02 28.07 31.09 ERROR
r-devel-linux-x86_64-debian-gcc 0.42.3 2.68 22.59 25.27 OK
r-devel-linux-x86_64-fedora-clang 0.42.3 39.99 OK
r-devel-linux-x86_64-fedora-gcc 0.42.3 38.52 OK
r-devel-windows-ix86+x86_64 0.42.3 10.00 55.00 65.00 OK
r-patched-linux-x86_64 0.42.3 3.63 29.12 32.75 OK
r-patched-solaris-x86 0.42.3 65.80 OK
r-release-linux-x86_64 0.42.3 3.12 28.58 31.70 OK
r-release-osx-x86_64 0.42.3 OK
r-release-windows-ix86+x86_64 0.42.3 7.00 41.00 48.00 OK
r-oldrel-osx-x86_64 0.42.3 OK
r-oldrel-windows-ix86+x86_64 0.42.3 6.00 42.00 48.00 OK

Check Details

Version: 0.42.3
Check: examples
Result: ERROR
    Running examples in 'pxR-Ex.R' failed
    The error most likely occurred in:
    
    > base::assign(".ptime", proc.time(), pos = "CheckExEnv")
    > ### Name: as.array.px
    > ### Title: Extraction of data from px objects into arrays
    > ### Aliases: as.array.px
    > ### Keywords: manip
    >
    > ### ** Examples
    >
    > my.px <- read.px(system.file("extdata", "example.px", package = "pxR"))
    Warning in stri_length(string) :
     invalid UTF-8 byte sequence detected; try calling stri_enc_toutf8()
    Error in read.px(system.file("extdata", "example.px", package = "pxR")) :
     The input file is malformed: data and varnames length differ
    Execution halted
Flavor: r-devel-linux-x86_64-debian-clang