CRAN Package Check Results for Package pycno

Last updated on 2014-08-28 03:49:11.

Flavor Version Tinstall Tcheck Ttotal Status Flags
r-devel-linux-x86_64-debian-clang 1.2 1.30 22.30 23.61 OK
r-devel-linux-x86_64-debian-gcc 1.2 1.28 21.90 23.18 OK
r-devel-linux-x86_64-fedora-clang 1.2 50.41 OK
r-devel-linux-x86_64-fedora-gcc 1.2 47.06 OK
r-devel-osx-x86_64-clang 1.2 47.27 OK
r-devel-windows-ix86+x86_64 1.2 8.00 40.00 48.00 OK
r-patched-linux-x86_64 1.2 1.31 22.44 23.76 OK
r-patched-solaris-sparc 1.2 263.90 OK
r-patched-solaris-x86 1.2 68.00 OK
r-release-linux-ix86 1.2 1.79 30.28 32.07 OK
r-release-linux-x86_64 1.2 1.39 23.74 25.13 OK
r-release-osx-x86_64-mavericks 1.2 ERROR
r-release-osx-x86_64-snowleopard 1.2 OK
r-release-windows-ix86+x86_64 1.2 6.00 40.00 46.00 OK
r-oldrel-windows-ix86+x86_64 1.2 6.00 40.00 46.00 OK

Check Details

Version: 1.2
Check: package dependencies
Result: ERROR
    Package required but not available: ‘rgeos’
    
    See the information on DESCRIPTION files in the chapter ‘Creating R
    packages’ of the ‘Writing R Extensions’ manual.
Flavor: r-release-osx-x86_64-mavericks