CRAN Package Check Results for Package pycno

Last updated on 2017-01-23 18:47:29.

Flavor Version Tinstall Tcheck Ttotal Status Flags
r-devel-linux-x86_64-debian-clang 1.2 1.34 23.44 24.78 NOTE
r-devel-linux-x86_64-debian-gcc 1.2 1.49 23.08 24.56 NOTE
r-devel-linux-x86_64-fedora-clang 1.2 42.16 NOTE --no-stop-on-test-error
r-devel-linux-x86_64-fedora-gcc 1.2 41.58 NOTE --no-stop-on-test-error
r-devel-macos-x86_64-clang 1.2 34.77 NOTE --no-stop-on-test-error
r-devel-windows-ix86+x86_64 1.2 8.00 59.00 67.00 NOTE
r-patched-linux-x86_64 1.2 1.20 19.77 20.97 NOTE
r-patched-solaris-sparc 1.2 242.00 NOTE
r-patched-solaris-x86 1.2 55.50 NOTE
r-release-linux-x86_64 1.2 1.30 20.09 21.38 NOTE
r-release-osx-x86_64-mavericks 1.2 NOTE
r-release-windows-ix86+x86_64 1.2 14.00 51.00 65.00 NOTE
r-oldrel-windows-ix86+x86_64 1.2 13.00 63.00 76.00 OK

Check Details

Version: 1.2
Check: R code for possible problems
Result: NOTE
    .grid.matrix: no visible global function definition for ‘slot’
    .matrix2grid: no visible global function definition for ‘as’
    .poly2grid: no visible global function definition for ‘is’
    .poly2grid: no visible global function definition for ‘slot’
    .poly2grid: no visible global function definition for ‘as’
    .pycno.core : smooth2D : s1d: no visible global function definition for
     ‘filter’
    .pycno.core: no visible global function definition for ‘flush.console’
    .pycno2matrix: no visible global function definition for ‘slot’
    Undefined global functions or variables:
     as filter flush.console is slot
    Consider adding
     importFrom("methods", "as", "is", "slot")
     importFrom("stats", "filter")
     importFrom("utils", "flush.console")
    to your NAMESPACE file (and ensure that your DESCRIPTION Imports field
    contains 'methods').
Flavors: r-devel-linux-x86_64-debian-clang, r-devel-linux-x86_64-debian-gcc, r-devel-windows-ix86+x86_64, r-patched-linux-x86_64, r-patched-solaris-sparc, r-patched-solaris-x86, r-release-linux-x86_64, r-release-osx-x86_64-mavericks, r-release-windows-ix86+x86_64

Version: 1.2
Flags: --no-stop-on-test-error
Check: R code for possible problems
Result: NOTE
    .grid.matrix: no visible global function definition for ‘slot’
    .matrix2grid: no visible global function definition for ‘as’
    .poly2grid: no visible global function definition for ‘is’
    .poly2grid: no visible global function definition for ‘slot’
    .poly2grid: no visible global function definition for ‘as’
    .pycno.core : smooth2D : s1d: no visible global function definition for
     ‘filter’
    .pycno.core: no visible global function definition for ‘flush.console’
    .pycno2matrix: no visible global function definition for ‘slot’
    Undefined global functions or variables:
     as filter flush.console is slot
    Consider adding
     importFrom("methods", "as", "is", "slot")
     importFrom("stats", "filter")
     importFrom("utils", "flush.console")
    to your NAMESPACE file (and ensure that your DESCRIPTION Imports field
    contains 'methods').
Flavors: r-devel-linux-x86_64-fedora-clang, r-devel-linux-x86_64-fedora-gcc, r-devel-macos-x86_64-clang