CRAN Package Check Results for Package pycno

Last updated on 2018-06-25 07:47:46 CEST.

Flavor Version Tinstall Tcheck Ttotal Status Flags
r-devel-linux-x86_64-debian-clang 1.2 2.37 34.29 36.66 NOTE
r-devel-linux-x86_64-debian-gcc 1.2 1.70 29.85 31.55 NOTE
r-devel-linux-x86_64-fedora-clang 1.2 46.69 NOTE
r-devel-linux-x86_64-fedora-gcc 1.2 44.28 NOTE
r-devel-windows-ix86+x86_64 1.2 11.00 63.00 74.00 NOTE
r-patched-linux-x86_64 1.2 1.73 34.58 36.31 NOTE
r-patched-solaris-x86 1.2 73.80 NOTE
r-release-linux-x86_64 1.2 2.21 34.00 36.21 NOTE
r-release-windows-ix86+x86_64 1.2 9.00 79.00 88.00 NOTE
r-release-osx-x86_64 1.2 NOTE
r-oldrel-windows-ix86+x86_64 1.2 9.00 97.00 106.00 NOTE
r-oldrel-osx-x86_64 1.2 NOTE

Check Details

Version: 1.2
Check: R code for possible problems
Result: NOTE
    .grid.matrix: no visible global function definition for ‘slot’
    .matrix2grid: no visible global function definition for ‘as’
    .poly2grid: no visible global function definition for ‘is’
    .poly2grid: no visible global function definition for ‘slot’
    .poly2grid: no visible global function definition for ‘as’
    .pycno.core : smooth2D : s1d: no visible global function definition for
     ‘filter’
    .pycno.core: no visible global function definition for ‘flush.console’
    .pycno2matrix: no visible global function definition for ‘slot’
    Undefined global functions or variables:
     as filter flush.console is slot
    Consider adding
     importFrom("methods", "as", "is", "slot")
     importFrom("stats", "filter")
     importFrom("utils", "flush.console")
    to your NAMESPACE file (and ensure that your DESCRIPTION Imports field
    contains 'methods').
Flavors: r-devel-linux-x86_64-debian-clang, r-devel-linux-x86_64-debian-gcc, r-devel-linux-x86_64-fedora-clang, r-devel-linux-x86_64-fedora-gcc, r-devel-windows-ix86+x86_64, r-patched-linux-x86_64, r-patched-solaris-x86, r-release-linux-x86_64, r-release-windows-ix86+x86_64, r-release-osx-x86_64, r-oldrel-windows-ix86+x86_64, r-oldrel-osx-x86_64