CRAN Package Check Results for Package pycno

Last updated on 2015-02-01 17:50:15.

Flavor Version Tinstall Tcheck Ttotal Status Flags
r-devel-linux-x86_64-debian-clang 1.2 1.22 20.14 21.36 OK
r-devel-linux-x86_64-debian-gcc 1.2 1.16 18.15 19.31 OK
r-devel-linux-x86_64-fedora-clang 1.2 46.56 OK
r-devel-linux-x86_64-fedora-gcc 1.2 38.40 OK
r-devel-osx-x86_64-clang 1.2 48.51 OK
r-devel-windows-ix86+x86_64 1.2 8.00 36.00 44.00 OK
r-patched-linux-x86_64 1.2 1.32 23.31 24.63 OK
r-patched-solaris-sparc 1.2 278.90 OK
r-patched-solaris-x86 1.2 72.10 OK
r-release-linux-ix86 1.2 1.65 29.22 30.86 OK
r-release-linux-x86_64 1.2 1.34 23.36 24.70 OK
r-release-osx-x86_64-mavericks 1.2 ERROR
r-release-osx-x86_64-snowleopard 1.2 OK
r-release-windows-ix86+x86_64 1.2 7.00 48.00 55.00 OK
r-oldrel-windows-ix86+x86_64 1.2 6.00 47.00 53.00 OK

Check Details

Version: 1.2
Check: package dependencies
Result: ERROR
    Package required but not available: ‘rgeos’
    
    See the information on DESCRIPTION files in the chapter ‘Creating R
    packages’ of the ‘Writing R Extensions’ manual.
Flavor: r-release-osx-x86_64-mavericks