CRAN Package Check Results for Package pycno

Last updated on 2014-10-31 08:47:14.

Flavor Version Tinstall Tcheck Ttotal Status Flags
r-devel-linux-x86_64-debian-clang 1.2 1.30 22.86 24.16 OK
r-devel-linux-x86_64-debian-gcc 1.2 1.27 22.60 23.87 OK
r-devel-linux-x86_64-fedora-clang 1.2 50.67 OK
r-devel-linux-x86_64-fedora-gcc 1.2 47.81 OK
r-devel-osx-x86_64-clang 1.2 51.96 OK
r-devel-windows-ix86+x86_64 1.2 5.00 37.00 42.00 OK
r-patched-linux-x86_64 1.2 1.35 23.13 24.48 OK
r-patched-solaris-sparc 1.2 263.90 OK
r-patched-solaris-x86 1.2 71.20 OK
r-release-linux-ix86 1.2 1.82 30.83 32.65 OK
r-release-linux-x86_64 1.2 1.36 23.99 25.35 OK
r-release-osx-x86_64-mavericks 1.2 ERROR
r-release-osx-x86_64-snowleopard 1.2 OK
r-release-windows-ix86+x86_64 1.2 7.00 42.00 49.00 OK
r-oldrel-windows-ix86+x86_64 1.2 6.00 42.00 48.00 OK

Check Details

Version: 1.2
Check: package dependencies
Result: ERROR
    Package required but not available: ‘rgeos’
    
    See the information on DESCRIPTION files in the chapter ‘Creating R
    packages’ of the ‘Writing R Extensions’ manual.
Flavor: r-release-osx-x86_64-mavericks