CRAN Package Check Results for Package pycno

Last updated on 2015-07-07 06:46:46.

Flavor Version Tinstall Tcheck Ttotal Status Flags
r-devel-linux-x86_64-debian-clang 1.2 1.14 18.62 19.76 NOTE
r-devel-linux-x86_64-debian-gcc 1.2 1.13 18.59 19.72 NOTE
r-devel-linux-x86_64-fedora-clang 1.2 38.39 NOTE
r-devel-linux-x86_64-fedora-gcc 1.2 36.91 NOTE
r-devel-osx-x86_64-clang 1.2 37.20 OK
r-devel-windows-ix86+x86_64 1.2 8.00 42.00 50.00 NOTE
r-patched-linux-x86_64 1.2 1.52 18.73 20.25 OK
r-patched-solaris-sparc 1.2 248.50 OK
r-patched-solaris-x86 1.2 59.90 OK
r-release-linux-x86_64 1.2 1.17 18.85 20.02 OK
r-release-osx-x86_64-mavericks 1.2 OK
r-release-windows-ix86+x86_64 1.2 7.00 38.00 45.00 OK
r-oldrel-windows-ix86+x86_64 1.2 7.00 48.00 55.00 OK

Check Details

Version: 1.2
Check: R code for possible problems
Result: NOTE
    .grid.matrix: no visible global function definition for ‘slot’
    .matrix2grid: no visible global function definition for ‘as’
    .poly2grid: no visible global function definition for ‘is’
    .poly2grid: no visible global function definition for ‘slot’
    .poly2grid: no visible global function definition for ‘as’
    .pycno.core : smooth2D : s1d: no visible global function definition for
     ‘filter’
    .pycno.core: no visible global function definition for ‘flush.console’
    .pycno2matrix: no visible global function definition for ‘slot’
    Undefined global functions or variables:
     as filter flush.console is slot
Flavors: r-devel-linux-x86_64-debian-clang, r-devel-linux-x86_64-debian-gcc, r-devel-linux-x86_64-fedora-clang, r-devel-linux-x86_64-fedora-gcc, r-devel-windows-ix86+x86_64