CRAN Package Check Results for Package pycno

Last updated on 2016-02-12 21:47:42.

Flavor Version Tinstall Tcheck Ttotal Status Flags
r-devel-linux-x86_64-debian-gcc 1.2 1.13 17.98 19.11 NOTE
r-devel-linux-x86_64-fedora-clang 1.2 34.96 NOTE
r-devel-linux-x86_64-fedora-gcc 1.2 33.93 NOTE
r-devel-osx-x86_64-clang 1.2 38.98 NOTE
r-devel-windows-ix86+x86_64 1.2 7.00 0.00 7.00 ERROR
r-patched-linux-x86_64 1.2 1.35 19.24 20.59 OK
r-patched-solaris-sparc 1.2 245.30 OK
r-patched-solaris-x86 1.2 56.70 OK
r-release-linux-x86_64 1.2 1.27 19.42 20.69 OK
r-release-osx-x86_64-mavericks 1.2 OK
r-release-windows-ix86+x86_64 1.2 7.00 38.00 45.00 OK
r-oldrel-windows-ix86+x86_64 1.2 10.00 48.00 58.00 OK

Check Details

Version: 1.2
Check: R code for possible problems
Result: NOTE
    .grid.matrix: no visible global function definition for ‘slot’
    .matrix2grid: no visible global function definition for ‘as’
    .poly2grid: no visible global function definition for ‘is’
    .poly2grid: no visible global function definition for ‘slot’
    .poly2grid: no visible global function definition for ‘as’
    .pycno.core : smooth2D : s1d: no visible global function definition for
     ‘filter’
    .pycno.core: no visible global function definition for ‘flush.console’
    .pycno2matrix: no visible global function definition for ‘slot’
    Undefined global functions or variables:
     as filter flush.console is slot
    Consider adding
     importFrom("methods", "as", "is", "slot")
     importFrom("stats", "filter")
     importFrom("utils", "flush.console")
    to your NAMESPACE file (and ensure that your DESCRIPTION Imports field
    contains 'methods').
Flavors: r-devel-linux-x86_64-debian-gcc, r-devel-linux-x86_64-fedora-clang, r-devel-linux-x86_64-fedora-gcc, r-devel-osx-x86_64-clang

Version: 1.2
Check: package dependencies
Result: ERROR
    Check process probably crashed or hung up for 20 minutes ... killed
    Most likely this happened in the example checks (?),
    if not, ignore the following last lines of example output:
    
    ======== End of example output (where/before crash/hang up occured ?) ========
Flavor: r-devel-windows-ix86+x86_64