CRAN Package Check Results for Package pycno

Last updated on 2014-11-27 20:47:02.

Flavor Version Tinstall Tcheck Ttotal Status Flags
r-devel-linux-x86_64-debian-clang 1.2 1.28 22.70 23.98 OK
r-devel-linux-x86_64-debian-gcc 1.2 1.25 22.59 23.84 OK
r-devel-linux-x86_64-fedora-clang 1.2 52.99 OK
r-devel-linux-x86_64-fedora-gcc 1.2 52.37 OK
r-devel-osx-x86_64-clang 1.2 50.86 OK
r-devel-windows-ix86+x86_64 1.2 7.00 40.00 47.00 OK
r-patched-linux-x86_64 1.2 1.40 22.97 24.37 OK
r-patched-solaris-sparc 1.2 263.90 OK
r-patched-solaris-x86 1.2 70.80 OK
r-release-linux-ix86 1.2 1.68 28.35 30.03 OK
r-release-linux-x86_64 1.2 1.31 23.22 24.52 OK
r-release-osx-x86_64-mavericks 1.2 ERROR
r-release-osx-x86_64-snowleopard 1.2 OK
r-release-windows-ix86+x86_64 1.2 6.00 40.00 46.00 OK
r-oldrel-windows-ix86+x86_64 1.2 6.00 40.00 46.00 OK

Check Details

Version: 1.2
Check: package dependencies
Result: ERROR
    Package required but not available: ‘rgeos’
    
    See the information on DESCRIPTION files in the chapter ‘Creating R
    packages’ of the ‘Writing R Extensions’ manual.
Flavor: r-release-osx-x86_64-mavericks