CRAN Package Check Results for Package pycno

Last updated on 2014-12-20 11:49:59.

Flavor Version Tinstall Tcheck Ttotal Status Flags
r-devel-linux-x86_64-debian-clang 1.2 1.30 23.53 24.82 OK
r-devel-linux-x86_64-debian-gcc 1.2 1.26 22.77 24.03 OK
r-devel-linux-x86_64-fedora-clang 1.2 53.66 OK
r-devel-linux-x86_64-fedora-gcc 1.2 49.62 OK
r-devel-osx-x86_64-clang 1.2 51.04 OK
r-devel-windows-ix86+x86_64 1.2 7.00 41.00 48.00 OK
r-patched-linux-x86_64 1.2 1.30 23.87 25.17 OK
r-patched-solaris-sparc 1.2 263.90 OK
r-patched-solaris-x86 1.2 71.00 OK
r-release-linux-ix86 1.2 1.66 28.34 30.00 OK
r-release-linux-x86_64 1.2 1.32 23.77 25.09 OK
r-release-osx-x86_64-mavericks 1.2 ERROR
r-release-osx-x86_64-snowleopard 1.2 OK
r-release-windows-ix86+x86_64 1.2 8.00 43.00 51.00 OK
r-oldrel-windows-ix86+x86_64 1.2 7.00 47.00 54.00 OK

Check Details

Version: 1.2
Check: package dependencies
Result: ERROR
    Package required but not available: ‘rgeos’
    
    See the information on DESCRIPTION files in the chapter ‘Creating R
    packages’ of the ‘Writing R Extensions’ manual.
Flavor: r-release-osx-x86_64-mavericks