CRAN Package Check Results for Package pycno

Last updated on 2015-08-04 08:47:59.

Flavor Version Tinstall Tcheck Ttotal Status Flags
r-devel-linux-x86_64-debian-clang 1.2 1.30 18.89 20.18 NOTE
r-devel-linux-x86_64-debian-gcc 1.2 1.08 19.01 20.10 NOTE
r-devel-linux-x86_64-fedora-clang 1.2 38.64 NOTE
r-devel-linux-x86_64-fedora-gcc 1.2 36.81 NOTE
r-devel-osx-x86_64-clang 1.2 35.66 OK
r-devel-windows-ix86+x86_64 1.2 8.00 38.00 46.00 NOTE
r-patched-linux-x86_64 1.2 1.32 18.65 19.96 OK
r-patched-solaris-sparc 1.2 255.70 OK
r-patched-solaris-x86 1.2 60.70 OK
r-release-linux-x86_64 1.2 1.13 19.05 20.18 OK
r-release-osx-x86_64-mavericks 1.2 OK
r-release-windows-ix86+x86_64 1.2 7.00 39.00 46.00 OK
r-oldrel-windows-ix86+x86_64 1.2 8.00 69.00 77.00 OK

Check Details

Version: 1.2
Check: R code for possible problems
Result: NOTE
    .grid.matrix: no visible global function definition for ‘slot’
    .matrix2grid: no visible global function definition for ‘as’
    .poly2grid: no visible global function definition for ‘is’
    .poly2grid: no visible global function definition for ‘slot’
    .poly2grid: no visible global function definition for ‘as’
    .pycno.core : smooth2D : s1d: no visible global function definition for
     ‘filter’
    .pycno.core: no visible global function definition for ‘flush.console’
    .pycno2matrix: no visible global function definition for ‘slot’
    Undefined global functions or variables:
     as filter flush.console is slot
    Consider adding
     importFrom("methods", "as", "is", "slot")
     importFrom("stats", "filter")
     importFrom("utils", "flush.console")
    to your NAMESPACE.
Flavors: r-devel-linux-x86_64-debian-clang, r-devel-linux-x86_64-debian-gcc, r-devel-linux-x86_64-fedora-clang, r-devel-linux-x86_64-fedora-gcc, r-devel-windows-ix86+x86_64