CRAN Package Check Results for Package pycno

Last updated on 2015-03-06 14:47:05.

Flavor Version Tinstall Tcheck Ttotal Status Flags
r-devel-linux-x86_64-debian-clang 1.2 1.22 19.03 20.26 OK
r-devel-linux-x86_64-debian-gcc 1.2 1.14 19.17 20.31 OK
r-devel-linux-x86_64-fedora-clang 1.2 40.69 OK
r-devel-linux-x86_64-fedora-gcc 1.2 38.37 OK
r-devel-osx-x86_64-clang 1.2 46.99 OK
r-devel-windows-ix86+x86_64 1.2 6.00 32.00 38.00 OK
r-patched-linux-x86_64 1.2 1.43 23.40 24.83 OK
r-patched-solaris-sparc 1.2 315.30 OK
r-patched-solaris-x86 1.2 71.00 OK
r-release-linux-ix86 1.2 1.78 29.24 31.02 OK
r-release-linux-x86_64 1.2 1.55 24.25 25.80 OK
r-release-osx-x86_64-mavericks 1.2 ERROR
r-release-osx-x86_64-snowleopard 1.2 OK
r-release-windows-ix86+x86_64 1.2 8.00 44.00 52.00 OK
r-oldrel-windows-ix86+x86_64 1.2 7.00 43.00 50.00 OK

Check Details

Version: 1.2
Check: package dependencies
Result: ERROR
    Package required but not available: ‘rgeos’
    
    See section ‘The DESCRIPTION file’ in the ‘Writing R Extensions’
    manual.
Flavor: r-release-osx-x86_64-mavericks