CRAN Package Check Results for Package pycno

Last updated on 2014-09-16 14:47:38.

Flavor Version Tinstall Tcheck Ttotal Status Flags
r-devel-linux-x86_64-debian-clang 1.2 1.28 22.69 23.97 OK
r-devel-linux-x86_64-debian-gcc 1.2 1.25 22.40 23.65 OK
r-devel-linux-x86_64-fedora-clang 1.2 50.09 OK
r-devel-linux-x86_64-fedora-gcc 1.2 46.98 OK
r-devel-osx-x86_64-clang 1.2 49.19 OK
r-devel-windows-ix86+x86_64 1.2 6.00 38.00 44.00 OK
r-patched-linux-x86_64 1.2 1.34 22.79 24.12 OK
r-patched-solaris-sparc 1.2 263.90 OK
r-patched-solaris-x86 1.2 67.80 OK
r-release-linux-ix86 1.2 1.88 30.81 32.69 OK
r-release-linux-x86_64 1.2 1.46 23.51 24.97 OK
r-release-osx-x86_64-mavericks 1.2 ERROR
r-release-osx-x86_64-snowleopard 1.2 OK
r-release-windows-ix86+x86_64 1.2 6.00 41.00 47.00 OK
r-oldrel-windows-ix86+x86_64 1.2 7.00 39.00 46.00 OK

Check Details

Version: 1.2
Check: package dependencies
Result: ERROR
    Package required but not available: ‘rgeos’
    
    See the information on DESCRIPTION files in the chapter ‘Creating R
    packages’ of the ‘Writing R Extensions’ manual.
Flavor: r-release-osx-x86_64-mavericks