CRAN Package Check Results for Package pycno

Last updated on 2015-04-27 15:46:41.

Flavor Version Tinstall Tcheck Ttotal Status Flags
r-devel-linux-x86_64-debian-clang 1.2 1.18 19.13 20.31 OK
r-devel-linux-x86_64-debian-gcc 1.2 1.48 18.62 20.10 OK
r-devel-linux-x86_64-fedora-clang 1.2 41.60 OK
r-devel-linux-x86_64-fedora-gcc 1.2 38.49 OK
r-devel-osx-x86_64-clang 1.2 41.60 OK
r-devel-windows-ix86+x86_64 1.2 6.00 34.00 40.00 OK
r-patched-linux-x86_64 1.2 1.14 19.46 20.60 OK
r-patched-solaris-sparc 1.2 276.70 OK
r-patched-solaris-x86 1.2 59.90 OK
r-release-linux-x86_64 1.2 1.14 18.65 19.79 OK
r-release-osx-x86_64-mavericks 1.2 ERROR
r-release-osx-x86_64-snowleopard 1.2 ERROR
r-release-windows-ix86+x86_64 1.2 7.00 49.00 56.00 OK
r-oldrel-windows-ix86+x86_64 1.2 5.00 45.00 50.00 OK

Check Details

Version: 1.2
Check: package dependencies
Result: ERROR
    Package required but not available: ‘rgeos’
    
    See section ‘The DESCRIPTION file’ in the ‘Writing R Extensions’
    manual.
Flavors: r-release-osx-x86_64-mavericks, r-release-osx-x86_64-snowleopard