CRAN Package Check Results for Package pycno

Last updated on 2016-06-25 18:46:51.

Flavor Version Tinstall Tcheck Ttotal Status Flags
r-devel-linux-x86_64-debian-gcc 1.2 1.36 19.56 20.92 NOTE
r-devel-linux-x86_64-fedora-clang 1.2 37.85 NOTE
r-devel-linux-x86_64-fedora-gcc 1.2 33.81 NOTE
r-devel-osx-x86_64-clang 1.2 30.45 NOTE
r-devel-windows-ix86+x86_64 1.2 8.00 50.00 58.00 NOTE
r-patched-linux-x86_64 1.2 1.26 19.30 20.56 NOTE
r-patched-solaris-sparc 1.2 233.60 NOTE
r-patched-solaris-x86 1.2 54.80 NOTE
r-release-linux-x86_64 1.2 1.28 19.79 21.06 NOTE
r-release-osx-x86_64-mavericks 1.2 NOTE
r-release-windows-ix86+x86_64 1.2 7.00 56.00 63.00 NOTE
r-oldrel-windows-ix86+x86_64 1.2 8.00 76.00 84.00 OK

Check Details

Version: 1.2
Check: R code for possible problems
Result: NOTE
    .grid.matrix: no visible global function definition for ‘slot’
    .matrix2grid: no visible global function definition for ‘as’
    .poly2grid: no visible global function definition for ‘is’
    .poly2grid: no visible global function definition for ‘slot’
    .poly2grid: no visible global function definition for ‘as’
    .pycno.core : smooth2D : s1d: no visible global function definition for
     ‘filter’
    .pycno.core: no visible global function definition for ‘flush.console’
    .pycno2matrix: no visible global function definition for ‘slot’
    Undefined global functions or variables:
     as filter flush.console is slot
    Consider adding
     importFrom("methods", "as", "is", "slot")
     importFrom("stats", "filter")
     importFrom("utils", "flush.console")
    to your NAMESPACE file (and ensure that your DESCRIPTION Imports field
    contains 'methods').
Flavors: r-devel-linux-x86_64-debian-gcc, r-devel-linux-x86_64-fedora-clang, r-devel-linux-x86_64-fedora-gcc, r-devel-osx-x86_64-clang, r-devel-windows-ix86+x86_64, r-patched-linux-x86_64, r-patched-solaris-sparc, r-patched-solaris-x86, r-release-linux-x86_64, r-release-osx-x86_64-mavericks, r-release-windows-ix86+x86_64