CRAN Package Check Results for Package pycno

Last updated on 2016-05-27 11:50:18.

Flavor Version Tinstall Tcheck Ttotal Status Flags
r-devel-linux-x86_64-debian-gcc 1.2 1.12 18.81 19.93 NOTE
r-devel-linux-x86_64-fedora-clang 1.2 35.38 NOTE
r-devel-linux-x86_64-fedora-gcc 1.2 33.24 NOTE
r-devel-osx-x86_64-clang 1.2 41.53 NOTE
r-devel-windows-ix86+x86_64 1.2 6.00 49.00 55.00 NOTE
r-patched-linux-x86_64 1.2 1.19 18.88 20.07 NOTE
r-patched-solaris-sparc 1.2 232.80 NOTE
r-patched-solaris-x86 1.2 54.70 NOTE
r-release-linux-x86_64 1.2 1.29 19.10 20.39 NOTE
r-release-osx-x86_64-mavericks 1.2 NOTE
r-release-windows-ix86+x86_64 1.2 8.00 41.00 49.00 NOTE
r-oldrel-windows-ix86+x86_64 1.2 6.00 65.00 71.00 OK

Check Details

Version: 1.2
Check: R code for possible problems
Result: NOTE
    .grid.matrix: no visible global function definition for ‘slot’
    .matrix2grid: no visible global function definition for ‘as’
    .poly2grid: no visible global function definition for ‘is’
    .poly2grid: no visible global function definition for ‘slot’
    .poly2grid: no visible global function definition for ‘as’
    .pycno.core : smooth2D : s1d: no visible global function definition for
     ‘filter’
    .pycno.core: no visible global function definition for ‘flush.console’
    .pycno2matrix: no visible global function definition for ‘slot’
    Undefined global functions or variables:
     as filter flush.console is slot
    Consider adding
     importFrom("methods", "as", "is", "slot")
     importFrom("stats", "filter")
     importFrom("utils", "flush.console")
    to your NAMESPACE file (and ensure that your DESCRIPTION Imports field
    contains 'methods').
Flavors: r-devel-linux-x86_64-debian-gcc, r-devel-linux-x86_64-fedora-clang, r-devel-linux-x86_64-fedora-gcc, r-devel-osx-x86_64-clang, r-devel-windows-ix86+x86_64, r-patched-linux-x86_64, r-patched-solaris-sparc, r-patched-solaris-x86, r-release-linux-x86_64, r-release-osx-x86_64-mavericks, r-release-windows-ix86+x86_64