CRAN Package Check Results for Package pycno

Last updated on 2015-05-23 09:48:32.

Flavor Version Tinstall Tcheck Ttotal Status Flags
r-devel-linux-x86_64-debian-clang 1.2 1.28 19.07 20.36 OK
r-devel-linux-x86_64-debian-gcc 1.2 1.17 19.08 20.24 OK
r-devel-linux-x86_64-fedora-clang 1.2 40.56 OK
r-devel-linux-x86_64-fedora-gcc 1.2 38.07 OK
r-devel-osx-x86_64-clang 1.2 42.51 OK
r-devel-windows-ix86+x86_64 1.2 5.00 35.00 40.00 OK
r-patched-linux-x86_64 1.2 1.17 18.87 20.04 OK
r-patched-solaris-sparc 1.2 248.50 OK
r-patched-solaris-x86 1.2 59.50 OK
r-release-linux-x86_64 1.2 1.16 19.11 20.28 OK
r-release-osx-x86_64-mavericks 1.2 OK
r-release-osx-x86_64-snowleopard 1.2 ERROR
r-release-windows-ix86+x86_64 1.2 5.00 35.00 40.00 OK
r-oldrel-windows-ix86+x86_64 1.2 7.00 41.00 48.00 OK

Check Details

Version: 1.2
Check: package dependencies
Result: ERROR
    Package required but not available: ‘rgeos’
    
    See section ‘The DESCRIPTION file’ in the ‘Writing R Extensions’
    manual.
Flavor: r-release-osx-x86_64-snowleopard