CRAN Package Check Results for Package qat

Last updated on 2015-09-02 22:48:01.

Flavor Version Tinstall Tcheck Ttotal Status Flags
r-devel-linux-x86_64-debian-clang 0.73 3.19 89.33 92.52 NOTE
r-devel-linux-x86_64-debian-gcc 0.73 3.02 87.64 90.66 NOTE
r-devel-linux-x86_64-fedora-clang 0.73 177.51 NOTE
r-devel-linux-x86_64-fedora-gcc 0.73 168.74 NOTE
r-devel-osx-x86_64-clang 0.73 147.55 OK
r-devel-windows-ix86+x86_64 0.73 17.00 152.00 169.00 NOTE
r-patched-linux-x86_64 0.73 3.50 86.58 90.08 OK
r-patched-solaris-sparc 0.73 1161.80 OK
r-patched-solaris-x86 0.73 219.80 OK
r-release-linux-x86_64 0.73 3.40 87.17 90.57 OK
r-release-osx-x86_64-mavericks 0.73 OK
r-release-windows-ix86+x86_64 0.73 15.00 140.00 155.00 OK
r-oldrel-windows-ix86+x86_64 0.73 20.00 200.00 220.00 OK

Check Details

Version: 0.73
Check: R code for possible problems
Result: NOTE
    qat_analyse_block_distribution_1d: no visible global function
     definition for ‘sd’
    qat_analyse_block_distribution_1d: no visible global function
     definition for ‘quantile’
    qat_analyse_block_distribution_2d: no visible global function
     definition for ‘sd’
    qat_analyse_block_distribution_2d: no visible global function
     definition for ‘quantile’
    qat_analyse_boot_distribution_1d : <anonymous>: no visible global
     function definition for ‘sd’
    qat_analyse_boot_distribution_1d : <anonymous>: no visible global
     function definition for ‘quantile’
    qat_analyse_boot_distribution_2d : <anonymous>: no visible global
     function definition for ‘sd’
    qat_analyse_boot_distribution_2d : <anonymous>: no visible global
     function definition for ‘quantile’
    qat_analyse_distribution_1d: no visible global function definition for
     ‘sd’
    qat_analyse_distribution_1d: no visible global function definition for
     ‘quantile’
    qat_analyse_distribution_1d: no visible global function definition for
     ‘hist’
    qat_analyse_distribution_2d: no visible global function definition for
     ‘sd’
    qat_analyse_distribution_2d: no visible global function definition for
     ‘quantile’
    qat_analyse_distribution_2d: no visible global function definition for
     ‘hist’
    qat_analyse_lim_rule_sigma_1d: no visible global function definition
     for ‘sd’
    qat_analyse_lim_rule_sigma_2d: no visible global function definition
     for ‘sd’
    qat_analyse_slide_distribution_1d: no visible global function
     definition for ‘sd’
    qat_analyse_slide_distribution_1d: no visible global function
     definition for ‘quantile’
    qat_analyse_slide_distribution_2d: no visible global function
     definition for ‘sd’
    qat_analyse_slide_distribution_2d: no visible global function
     definition for ‘quantile’
    qat_analyse_trimmed_distribution_1d: no visible global function
     definition for ‘sd’
    qat_analyse_trimmed_distribution_2d: no visible global function
     definition for ‘sd’
    qat_measure_histogram_difference: no visible global function definition
     for ‘hist’
    qat_plot_block_distribution_1d: no visible global function definition
     for ‘png’
    qat_plot_block_distribution_1d: no visible global function definition
     for ‘par’
    qat_plot_block_distribution_1d: no visible global function definition
     for ‘plot’
    qat_plot_block_distribution_1d: no visible global function definition
     for ‘abline’
    qat_plot_block_distribution_1d: no visible global function definition
     for ‘mtext’
    qat_plot_block_distribution_1d: no visible global function definition
     for ‘dev.off’
    qat_plot_block_distribution_2d: no visible global function definition
     for ‘png’
    qat_plot_block_distribution_2d: no visible global function definition
     for ‘par’
    qat_plot_block_distribution_2d: no visible global function definition
     for ‘image’
    qat_plot_block_distribution_2d: no visible global function definition
     for ‘mtext’
    qat_plot_block_distribution_2d: no visible global function definition
     for ‘dev.off’
    qat_plot_boot_distribution_1d: no visible global function definition
     for ‘png’
    qat_plot_boot_distribution_1d: no visible global function definition
     for ‘par’
    qat_plot_boot_distribution_1d: no visible global function definition
     for ‘boxplot’
    qat_plot_boot_distribution_1d: no visible global function definition
     for ‘mtext’
    qat_plot_boot_distribution_1d: no visible global function definition
     for ‘dev.off’
    qat_plot_distribution_1d: no visible global function definition for
     ‘png’
    qat_plot_distribution_1d: no visible global function definition for
     ‘par’
    qat_plot_distribution_1d: no visible global function definition for
     ‘layout’
    qat_plot_distribution_1d: no visible global function definition for
     ‘plot’
    qat_plot_distribution_1d: no visible global function definition for
     ‘dev.off’
    qat_plot_histogram_test: no visible global function definition for
     ‘png’
    qat_plot_histogram_test: no visible global function definition for
     ‘par’
    qat_plot_histogram_test: no visible global function definition for
     ‘image’
    qat_plot_histogram_test: no visible global function definition for
     ‘mtext’
    qat_plot_histogram_test: no visible global function definition for
     ‘dev.off’
    qat_plot_lim_rule_dynamic_1d: no visible global function definition for
     ‘png’
    qat_plot_lim_rule_dynamic_1d: no visible global function definition for
     ‘par’
    qat_plot_lim_rule_dynamic_1d: no visible global function definition for
     ‘plot’
    qat_plot_lim_rule_dynamic_1d: no visible global function definition for
     ‘title’
    qat_plot_lim_rule_dynamic_1d: no visible global function definition for
     ‘dev.off’
    qat_plot_lim_rule_dynamic_1d: no visible global function definition for
     ‘rect’
    qat_plot_lim_rule_dynamic_1d: no visible global function definition for
     ‘points’
    qat_plot_lim_rule_dynamic_1d: no visible global function definition for
     ‘mtext’
    qat_plot_lim_rule_dynamic_2d: no visible global function definition for
     ‘png’
    qat_plot_lim_rule_dynamic_2d: no visible global function definition for
     ‘par’
    qat_plot_lim_rule_dynamic_2d: no visible global function definition for
     ‘image’
    qat_plot_lim_rule_dynamic_2d: no visible global function definition for
     ‘title’
    qat_plot_lim_rule_dynamic_2d: no visible global function definition for
     ‘mtext’
    qat_plot_lim_rule_dynamic_2d: no visible global function definition for
     ‘dev.off’
    qat_plot_lim_rule_sigma_1d: no visible global function definition for
     ‘png’
    qat_plot_lim_rule_sigma_1d: no visible global function definition for
     ‘par’
    qat_plot_lim_rule_sigma_1d: no visible global function definition for
     ‘plot’
    qat_plot_lim_rule_sigma_1d: no visible global function definition for
     ‘title’
    qat_plot_lim_rule_sigma_1d: no visible global function definition for
     ‘dev.off’
    qat_plot_lim_rule_sigma_1d: no visible global function definition for
     ‘rect’
    qat_plot_lim_rule_sigma_1d: no visible global function definition for
     ‘abline’
    qat_plot_lim_rule_sigma_1d: no visible global function definition for
     ‘points’
    qat_plot_lim_rule_sigma_1d: no visible global function definition for
     ‘mtext’
    qat_plot_lim_rule_sigma_2d: no visible global function definition for
     ‘png’
    qat_plot_lim_rule_sigma_2d: no visible global function definition for
     ‘par’
    qat_plot_lim_rule_sigma_2d: no visible global function definition for
     ‘image’
    qat_plot_lim_rule_sigma_2d: no visible global function definition for
     ‘mtext’
    qat_plot_lim_rule_sigma_2d: no visible global function definition for
     ‘title’
    qat_plot_lim_rule_sigma_2d: no visible global function definition for
     ‘dev.off’
    qat_plot_lim_rule_static_1d: no visible global function definition for
     ‘png’
    qat_plot_lim_rule_static_1d: no visible global function definition for
     ‘par’
    qat_plot_lim_rule_static_1d: no visible global function definition for
     ‘plot’
    qat_plot_lim_rule_static_1d: no visible global function definition for
     ‘title’
    qat_plot_lim_rule_static_1d: no visible global function definition for
     ‘dev.off’
    qat_plot_lim_rule_static_1d: no visible global function definition for
     ‘rect’
    qat_plot_lim_rule_static_1d: no visible global function definition for
     ‘abline’
    qat_plot_lim_rule_static_1d: no visible global function definition for
     ‘points’
    qat_plot_lim_rule_static_1d: no visible global function definition for
     ‘mtext’
    qat_plot_lim_rule_static_2d: no visible global function definition for
     ‘png’
    qat_plot_lim_rule_static_2d: no visible global function definition for
     ‘par’
    qat_plot_lim_rule_static_2d: no visible global function definition for
     ‘image’
    qat_plot_lim_rule_static_2d: no visible global function definition for
     ‘mtext’
    qat_plot_lim_rule_static_2d: no visible global function definition for
     ‘title’
    qat_plot_lim_rule_static_2d: no visible global function definition for
     ‘dev.off’
    qat_plot_noc_rule_1d: no visible global function definition for ‘png’
    qat_plot_noc_rule_1d: no visible global function definition for ‘par’
    qat_plot_noc_rule_1d: no visible global function definition for ‘plot’
    qat_plot_noc_rule_1d: no visible global function definition for ‘title’
    qat_plot_noc_rule_1d: no visible global function definition for
     ‘dev.off’
    qat_plot_noc_rule_1d: no visible global function definition for
     ‘points’
    qat_plot_noc_rule_1d: no visible global function definition for ‘mtext’
    qat_plot_noc_rule_2d: no visible global function definition for ‘png’
    qat_plot_noc_rule_2d: no visible global function definition for ‘par’
    qat_plot_noc_rule_2d: no visible global function definition for ‘image’
    qat_plot_noc_rule_2d: no visible global function definition for ‘title’
    qat_plot_noc_rule_2d: no visible global function definition for ‘mtext’
    qat_plot_noc_rule_2d: no visible global function definition for
     ‘dev.off’
    qat_plot_roc_rule_dynamic_1d: no visible global function definition for
     ‘png’
    qat_plot_roc_rule_dynamic_1d: no visible global function definition for
     ‘par’
    qat_plot_roc_rule_dynamic_1d: no visible global function definition for
     ‘plot’
    qat_plot_roc_rule_dynamic_1d: no visible global function definition for
     ‘title’
    qat_plot_roc_rule_dynamic_1d: no visible global function definition for
     ‘dev.off’
    qat_plot_roc_rule_dynamic_1d: no visible global function definition for
     ‘rect’
    qat_plot_roc_rule_dynamic_1d: no visible global function definition for
     ‘points’
    qat_plot_roc_rule_dynamic_1d: no visible global function definition for
     ‘mtext’
    qat_plot_roc_rule_dynamic_2d: no visible global function definition for
     ‘png’
    qat_plot_roc_rule_dynamic_2d: no visible global function definition for
     ‘par’
    qat_plot_roc_rule_dynamic_2d: no visible global function definition for
     ‘image’
    qat_plot_roc_rule_dynamic_2d: no visible global function definition for
     ‘title’
    qat_plot_roc_rule_dynamic_2d: no visible global function definition for
     ‘mtext’
    qat_plot_roc_rule_dynamic_2d: no visible global function definition for
     ‘dev.off’
    qat_plot_roc_rule_static_1d: no visible global function definition for
     ‘png’
    qat_plot_roc_rule_static_1d: no visible global function definition for
     ‘par’
    qat_plot_roc_rule_static_1d: no visible global function definition for
     ‘plot’
    qat_plot_roc_rule_static_1d: no visible global function definition for
     ‘title’
    qat_plot_roc_rule_static_1d: no visible global function definition for
     ‘dev.off’
    qat_plot_roc_rule_static_1d: no visible global function definition for
     ‘rect’
    qat_plot_roc_rule_static_1d: no visible global function definition for
     ‘points’
    qat_plot_roc_rule_static_1d: no visible global function definition for
     ‘mtext’
    qat_plot_roc_rule_static_2d: no visible global function definition for
     ‘png’
    qat_plot_roc_rule_static_2d: no visible global function definition for
     ‘par’
    qat_plot_roc_rule_static_2d: no visible global function definition for
     ‘image’
    qat_plot_roc_rule_static_2d: no visible global function definition for
     ‘title’
    qat_plot_roc_rule_static_2d: no visible global function definition for
     ‘mtext’
    qat_plot_roc_rule_static_2d: no visible global function definition for
     ‘dev.off’
    qat_plot_slide_distribution_1d: no visible global function definition
     for ‘png’
    qat_plot_slide_distribution_1d: no visible global function definition
     for ‘par’
    qat_plot_slide_distribution_1d: no visible global function definition
     for ‘plot’
    qat_plot_slide_distribution_1d: no visible global function definition
     for ‘abline’
    qat_plot_slide_distribution_1d: no visible global function definition
     for ‘mtext’
    qat_plot_slide_distribution_1d: no visible global function definition
     for ‘dev.off’
    qat_plot_slide_distribution_2d: no visible global function definition
     for ‘png’
    qat_plot_slide_distribution_2d: no visible global function definition
     for ‘par’
    qat_plot_slide_distribution_2d: no visible global function definition
     for ‘image’
    qat_plot_slide_distribution_2d: no visible global function definition
     for ‘mtext’
    qat_plot_slide_distribution_2d: no visible global function definition
     for ‘dev.off’
    qat_plot_trimmed_distribution_1d: no visible global function definition
     for ‘png’
    qat_plot_trimmed_distribution_1d: no visible global function definition
     for ‘par’
    qat_plot_trimmed_distribution_1d: no visible global function definition
     for ‘plot’
    qat_plot_trimmed_distribution_1d: no visible global function definition
     for ‘mtext’
    qat_plot_trimmed_distribution_1d: no visible global function definition
     for ‘dev.off’
    qat_plot_trimmed_distribution_2d: no visible global function definition
     for ‘png’
    qat_plot_trimmed_distribution_2d: no visible global function definition
     for ‘par’
    qat_plot_trimmed_distribution_2d: no visible global function definition
     for ‘image’
    qat_plot_trimmed_distribution_2d: no visible global function definition
     for ‘mtext’
    qat_plot_trimmed_distribution_2d: no visible global function definition
     for ‘dev.off’
    Undefined global functions or variables:
     abline boxplot dev.off hist image layout mtext par plot png points
     quantile rect sd title
    Consider adding
     importFrom("grDevices", "dev.off", "png")
     importFrom("graphics", "abline", "boxplot", "hist", "image", "layout",
     "mtext", "par", "plot", "points", "rect", "title")
     importFrom("stats", "quantile", "sd")
    to your NAMESPACE.
Flavors: r-devel-linux-x86_64-debian-clang, r-devel-linux-x86_64-debian-gcc, r-devel-linux-x86_64-fedora-clang, r-devel-linux-x86_64-fedora-gcc, r-devel-windows-ix86+x86_64