CRAN Package Check Results for Package qat

Last updated on 2014-09-01 19:46:32.

Flavor Version Tinstall Tcheck Ttotal Status Flags
r-devel-linux-x86_64-debian-clang 0.72 4.46 114.41 118.86 NOTE
r-devel-linux-x86_64-debian-gcc 0.72 4.41 110.79 115.20 NOTE
r-devel-linux-x86_64-fedora-clang 0.72 236.33 NOTE
r-devel-linux-x86_64-fedora-gcc 0.72 228.71 NOTE
r-devel-osx-x86_64-clang 0.72 199.21 NOTE
r-devel-windows-ix86+x86_64 0.72 14.00 158.00 172.00 NOTE
r-patched-linux-x86_64 0.72 4.34 114.77 119.10 NOTE
r-patched-solaris-sparc 0.72 1379.90 NOTE
r-patched-solaris-x86 0.72 267.10 NOTE
r-release-linux-ix86 0.72 5.87 136.15 142.02 NOTE
r-release-linux-x86_64 0.72 4.38 116.22 120.60 NOTE
r-release-osx-x86_64-mavericks 0.72 NOTE
r-release-osx-x86_64-snowleopard 0.72 NOTE
r-release-windows-ix86+x86_64 0.72 13.00 234.00 247.00 NOTE
r-oldrel-windows-ix86+x86_64 0.72 14.00 161.00 175.00 NOTE

Check Details

Version: 0.72
Check: package dependencies
Result: NOTE
    Depends: includes the non-default packages:
     ‘ncdf’ ‘gplots’ ‘XML’ ‘gdata’ ‘moments’ ‘boot’ ‘fields’
    Adding so many packages to the search path is excessive and importing
    selectively is preferable.
Flavors: r-devel-linux-x86_64-debian-clang, r-devel-linux-x86_64-debian-gcc, r-devel-linux-x86_64-fedora-clang, r-devel-linux-x86_64-fedora-gcc, r-devel-osx-x86_64-clang, r-devel-windows-ix86+x86_64, r-patched-linux-x86_64, r-patched-solaris-sparc, r-patched-solaris-x86, r-release-linux-ix86, r-release-linux-x86_64, r-release-osx-x86_64-mavericks, r-release-osx-x86_64-snowleopard, r-release-windows-ix86+x86_64

Version: 0.72
Check: dependencies in R code
Result: NOTE
    'library' or 'require' calls to packages already attached by Depends:
     ‘XML’ ‘boot’ ‘fields’ ‘gdata’ ‘gplots’ ‘moments’ ‘ncdf’
     Please remove these calls from your code.
    Packages in Depends field not imported from:
     ‘XML’ ‘boot’ ‘fields’ ‘gdata’ ‘gplots’ ‘moments’ ‘ncdf’
     These packages need to be imported from (in the NAMESPACE file)
     for when this namespace is loaded but not attached.
    See the information on DESCRIPTION files in the chapter ‘Creating R
    packages’ of the ‘Writing R Extensions’ manual.
Flavors: r-devel-linux-x86_64-debian-clang, r-devel-linux-x86_64-debian-gcc, r-devel-linux-x86_64-fedora-clang, r-devel-linux-x86_64-fedora-gcc, r-devel-osx-x86_64-clang, r-devel-windows-ix86+x86_64, r-patched-linux-x86_64, r-patched-solaris-sparc, r-patched-solaris-x86, r-release-linux-ix86, r-release-linux-x86_64, r-release-osx-x86_64-mavericks, r-release-windows-ix86+x86_64, r-oldrel-windows-ix86+x86_64

Version: 0.72
Check: R code for possible problems
Result: NOTE
    qat_add_all_algorithms: no visible global function definition for
     ‘trim’
    qat_add_all_descriptions: no visible global function definition for
     ‘trim’
    qat_analyse_block_distribution_1d: no visible global function
     definition for ‘moment’
    qat_analyse_block_distribution_2d: no visible global function
     definition for ‘moment’
    qat_analyse_boot_distribution_1d: no visible global function definition
     for ‘boot’
    qat_analyse_boot_distribution_1d: no visible global function definition
     for ‘boot.array’
    qat_analyse_boot_distribution_1d : <anonymous>: no visible global
     function definition for ‘moment’
    qat_analyse_boot_distribution_2d: no visible global function definition
     for ‘boot’
    qat_analyse_boot_distribution_2d: no visible global function definition
     for ‘boot.array’
    qat_analyse_boot_distribution_2d : <anonymous>: no visible global
     function definition for ‘moment’
    qat_analyse_distribution_1d: no visible global function definition for
     ‘moment’
    qat_analyse_distribution_1d: no visible global function definition for
     ‘skewness’
    qat_analyse_distribution_1d: no visible global function definition for
     ‘kurtosis’
    qat_analyse_distribution_2d: no visible global function definition for
     ‘moment’
    qat_analyse_distribution_2d: no visible global function definition for
     ‘skewness’
    qat_analyse_distribution_2d: no visible global function definition for
     ‘kurtosis’
    qat_analyse_slide_distribution_1d: no visible global function
     definition for ‘moment’
    qat_analyse_slide_distribution_2d: no visible global function
     definition for ‘moment’
    qat_analyse_trimmed_distribution_1d: no visible global function
     definition for ‘moment’
    qat_analyse_trimmed_distribution_2d: no visible global function
     definition for ‘moment’
    qat_config_read_workflow: no visible global function definition for
     ‘xmlTreeParse’
    qat_config_write_workflow: no visible global function definition for
     ‘newXMLDoc’
    qat_config_write_workflow: no visible global function definition for
     ‘newXMLNode’
    qat_config_write_workflow: no visible global function definition for
     ‘xmlTreeParse’
    qat_config_write_workflow: no visible global function definition for
     ‘saveXML’
    qat_data_close_ncdf: no visible global function definition for
     ‘close.ncdf’
    qat_data_read_ncdf: no visible global function definition for
     ‘open.ncdf’
    qat_data_varcontent_ncdf: no visible global function definition for
     ‘get.var.ncdf’
    qat_plot_block_distribution_1d: no visible global function definition
     for ‘textplot’
    qat_plot_block_distribution_2d: no visible global function definition
     for ‘tim.colors’
    qat_plot_block_distribution_2d: no visible global function definition
     for ‘image.plot’
    qat_plot_block_distribution_2d: no visible global function definition
     for ‘textplot’
    qat_plot_boot_distribution_1d: no visible global function definition
     for ‘textplot’
    qat_plot_distribution_1d: no visible global function definition for
     ‘textplot’
    qat_plot_histogram_test: no visible global function definition for
     ‘tim.colors’
    qat_plot_histogram_test: no visible global function definition for
     ‘image.plot’
    qat_plot_histogram_test: no visible global function definition for
     ‘textplot’
    qat_plot_lim_rule_dynamic_2d: no visible global function definition for
     ‘image.plot’
    qat_plot_lim_rule_sigma_2d: no visible global function definition for
     ‘image.plot’
    qat_plot_lim_rule_static_2d: no visible global function definition for
     ‘image.plot’
    qat_plot_noc_rule_2d: no visible global function definition for
     ‘image.plot’
    qat_plot_roc_rule_dynamic_2d: no visible global function definition for
     ‘image.plot’
    qat_plot_roc_rule_static_2d: no visible global function definition for
     ‘image.plot’
    qat_plot_slide_distribution_1d: no visible global function definition
     for ‘textplot’
    qat_plot_slide_distribution_2d: no visible global function definition
     for ‘tim.colors’
    qat_plot_slide_distribution_2d: no visible global function definition
     for ‘image.plot’
    qat_plot_slide_distribution_2d: no visible global function definition
     for ‘textplot’
    qat_plot_trimmed_distribution_1d: no visible global function definition
     for ‘textplot’
    qat_plot_trimmed_distribution_2d: no visible global function definition
     for ‘tim.colors’
    qat_plot_trimmed_distribution_2d: no visible global function definition
     for ‘image.plot’
    qat_plot_trimmed_distribution_2d: no visible global function definition
     for ‘textplot’
    qat_read_parameter: no visible global function definition for
     ‘xmlTreeParse’
    qat_run_workflow_check: no visible global function definition for
     ‘trim’
    qat_run_workflow_plot: no visible global function definition for ‘trim’
    qat_run_workflow_save: no visible global function definition for ‘trim’
    qat_save_result_ncdf: no visible global function definition for
     ‘dim.def.ncdf’
    qat_save_result_ncdf: no visible global function definition for
     ‘var.def.ncdf’
    qat_save_result_ncdf: no visible global function definition for
     ‘create.ncdf’
    qat_save_result_ncdf: no visible global function definition for
     ‘att.put.ncdf’
    qat_save_result_ncdf: no visible global function definition for
     ‘put.var.ncdf’
    qat_save_result_ncdf: no visible global function definition for
     ‘close.ncdf’
    qat_style_plot: no visible global function definition for
     ‘xmlTreeParse’
Flavors: r-devel-linux-x86_64-debian-clang, r-devel-linux-x86_64-debian-gcc, r-devel-linux-x86_64-fedora-clang, r-devel-linux-x86_64-fedora-gcc, r-devel-osx-x86_64-clang, r-devel-windows-ix86+x86_64

Version: 0.72
Check: for old-style vignette sources
Result: NOTE
    Vignette sources only in ‘inst/doc’:
     ‘qatdoku.Rnw’
    A ‘vignettes’ directory is required as from R 3.1.0
    and these will not be indexed nor checked
Flavors: r-devel-linux-x86_64-debian-clang, r-devel-linux-x86_64-debian-gcc, r-devel-linux-x86_64-fedora-clang, r-devel-linux-x86_64-fedora-gcc, r-devel-osx-x86_64-clang, r-devel-windows-ix86+x86_64, r-patched-linux-x86_64, r-patched-solaris-sparc, r-patched-solaris-x86, r-release-linux-ix86, r-release-linux-x86_64, r-release-osx-x86_64-mavericks, r-release-osx-x86_64-snowleopard, r-release-windows-ix86+x86_64

Version: 0.72
Check: top-level files
Result: NOTE
    Non-standard file/directory found at top level:
     ‘ChangeLog.txt’
Flavors: r-devel-linux-x86_64-fedora-clang, r-devel-linux-x86_64-fedora-gcc

Version: 0.72
Check: dependencies in R code
Result: NOTE
    ‘library’ or ‘require’ calls to packages already attached by Depends:
     ‘XML’ ‘boot’ ‘fields’ ‘gdata’ ‘gplots’ ‘moments’ ‘ncdf’
     Please remove these calls from your code.
    See the information on DESCRIPTION files in the chapter ‘Creating R
    packages’ of the ‘Writing R Extensions’ manual.
Flavor: r-release-osx-x86_64-snowleopard

Version: 0.72
Check: for old-style vignette sources
Result: NOTE
    Vignette sources only in 'inst/doc':
     'qatdoku.Rnw'
    A 'vignettes' directory will be required as from R 3.1.0
Flavor: r-oldrel-windows-ix86+x86_64