CRAN Package Check Results for Package qat

Last updated on 2015-04-27 23:47:33.

Flavor Version Tinstall Tcheck Ttotal Status Flags
r-devel-linux-x86_64-debian-clang 0.73 3.31 90.45 93.76 OK
r-devel-linux-x86_64-debian-gcc 0.73 3.61 90.47 94.08 OK
r-devel-linux-x86_64-fedora-clang 0.73 188.90 OK
r-devel-linux-x86_64-fedora-gcc 0.73 173.81 OK
r-devel-osx-x86_64-clang 0.73 151.20 OK
r-devel-windows-ix86+x86_64 0.73 12.00 182.00 194.00 OK
r-patched-linux-x86_64 0.73 3.59 87.67 91.26 OK
r-patched-solaris-sparc 0.73 1152.50 OK
r-patched-solaris-x86 0.73 217.30 OK
r-release-linux-x86_64 0.73 3.24 95.01 98.25 OK
r-release-osx-x86_64-mavericks 0.73 OK
r-release-osx-x86_64-snowleopard 0.73 ERROR
r-release-windows-ix86+x86_64 0.73 16.00 172.00 188.00 OK
r-oldrel-windows-ix86+x86_64 0.73 11.00 212.00 223.00 OK

Check Details

Version: 0.73
Check: package dependencies
Result: ERROR
    Packages required but not available: ‘XML’ ‘fields’
    
    See section ‘The DESCRIPTION file’ in the ‘Writing R Extensions’
    manual.
Flavor: r-release-osx-x86_64-snowleopard