CRAN Package Check Results for Package qat

Last updated on 2014-04-24 03:47:51.

Flavor Version Tinstall Tcheck Ttotal Status Flags
r-devel-linux-x86_64-debian-clang 0.72 4.59 121.77 126.36 NOTE
r-devel-linux-x86_64-debian-gcc 0.72 4.71 116.96 121.67 NOTE
r-devel-linux-x86_64-fedora-clang 0.72 248.15 NOTE
r-devel-linux-x86_64-fedora-gcc 0.72 238.43 NOTE
r-devel-osx-x86_64-clang 0.72 209.15 NOTE
r-devel-osx-x86_64-gcc 0.72 ERROR
r-devel-windows-ix86+x86_64 0.72 13.00 165.00 178.00 NOTE
r-patched-linux-x86_64 0.72 4.79 122.36 127.15 NOTE
r-patched-solaris-sparc 0.72 1319.80 NOTE
r-patched-solaris-x86 0.72 267.50 NOTE
r-release-linux-ix86 0.72 7.00 169.00 176.00 NOTE
r-release-linux-x86_64 0.72 5.01 119.14 124.15 NOTE
r-release-osx-x86_64-mavericks 0.72 ERROR
r-release-osx-x86_64-snowleopard 0.72 NOTE
r-release-windows-ix86+x86_64 0.72 13.00 165.00 178.00 NOTE
r-oldrel-windows-ix86+x86_64 0.72 14.00 169.00 183.00 NOTE

Check Details

Version: 0.72
Check: package dependencies
Result: NOTE
    Depends: includes the non-default packages:
     ‘ncdf’ ‘gplots’ ‘XML’ ‘gdata’ ‘moments’ ‘boot’ ‘fields’
    Adding so many packages to the search path is excessive and importing
    selectively is preferable.
Flavors: r-devel-linux-x86_64-debian-clang, r-devel-linux-x86_64-debian-gcc, r-devel-linux-x86_64-fedora-clang, r-devel-linux-x86_64-fedora-gcc, r-devel-osx-x86_64-clang, r-devel-windows-ix86+x86_64, r-patched-linux-x86_64, r-patched-solaris-sparc, r-patched-solaris-x86, r-release-linux-ix86, r-release-linux-x86_64, r-release-osx-x86_64-snowleopard, r-release-windows-ix86+x86_64

Version: 0.72
Check: dependencies in R code
Result: NOTE
    'library' or 'require' calls to packages already attached by Depends:
     ‘XML’ ‘boot’ ‘fields’ ‘gdata’ ‘gplots’ ‘moments’ ‘ncdf’
     Please remove these calls from your code.
    Packages in Depends field not imported from:
     ‘XML’ ‘boot’ ‘fields’ ‘gdata’ ‘gplots’ ‘moments’ ‘ncdf’
     These packages need to be imported from (in the NAMESPACE file)
     for when this namespace is loaded but not attached.
    See the information on DESCRIPTION files in the chapter ‘Creating R
    packages’ of the ‘Writing R Extensions’ manual.
Flavors: r-devel-linux-x86_64-debian-clang, r-devel-linux-x86_64-debian-gcc, r-devel-linux-x86_64-fedora-clang, r-devel-linux-x86_64-fedora-gcc, r-devel-osx-x86_64-clang, r-devel-windows-ix86+x86_64, r-patched-linux-x86_64, r-patched-solaris-sparc, r-patched-solaris-x86, r-release-linux-ix86, r-release-linux-x86_64, r-release-windows-ix86+x86_64, r-oldrel-windows-ix86+x86_64

Version: 0.72
Check: for old-style vignette sources
Result: NOTE
    Vignette sources only in ‘inst/doc’:
     ‘qatdoku.Rnw’
    A ‘vignettes’ directory is required as from R 3.1.0
    and these will not be indexed nor checked
Flavors: r-devel-linux-x86_64-debian-clang, r-devel-linux-x86_64-debian-gcc, r-devel-linux-x86_64-fedora-clang, r-devel-linux-x86_64-fedora-gcc, r-devel-osx-x86_64-clang, r-devel-windows-ix86+x86_64, r-patched-linux-x86_64, r-patched-solaris-sparc, r-patched-solaris-x86, r-release-linux-ix86, r-release-linux-x86_64, r-release-osx-x86_64-snowleopard, r-release-windows-ix86+x86_64

Version: 0.72
Check: top-level files
Result: NOTE
    Non-standard file/directory found at top level:
     ‘ChangeLog.txt’
Flavors: r-devel-linux-x86_64-fedora-clang, r-devel-linux-x86_64-fedora-gcc

Version: 0.72
Check: package dependencies
Result: ERROR
    Packages required but not available: ‘XML’ ‘fields’
    
    Depends: includes the non-default packages:
     ‘ncdf’ ‘gplots’ ‘XML’ ‘gdata’ ‘moments’ ‘boot’ ‘fields’
    Adding so many packages to the search path is excessive and importing
    selectively is preferable.
    
    See the information on DESCRIPTION files in the chapter ‘Creating R
    packages’ of the ‘Writing R Extensions’ manual.
Flavor: r-devel-osx-x86_64-gcc

Version: 0.72
Check: package dependencies
Result: ERROR
    Package required but not available: ‘ncdf’
    
    Depends: includes the non-default packages:
     ‘ncdf’ ‘gplots’ ‘XML’ ‘gdata’ ‘moments’ ‘boot’ ‘fields’
    Adding so many packages to the search path is excessive and importing
    selectively is preferable.
    
    See the information on DESCRIPTION files in the chapter ‘Creating R
    packages’ of the ‘Writing R Extensions’ manual.
Flavor: r-release-osx-x86_64-mavericks

Version: 0.72
Check: dependencies in R code
Result: NOTE
    ‘library’ or ‘require’ calls to packages already attached by Depends:
     ‘XML’ ‘boot’ ‘fields’ ‘gdata’ ‘gplots’ ‘moments’ ‘ncdf’
     Please remove these calls from your code.
    See the information on DESCRIPTION files in the chapter ‘Creating R
    packages’ of the ‘Writing R Extensions’ manual.
Flavor: r-release-osx-x86_64-snowleopard

Version: 0.72
Check: for old-style vignette sources
Result: NOTE
    Vignette sources only in 'inst/doc':
     'qatdoku.Rnw'
    A 'vignettes' directory will be required as from R 3.1.0
Flavor: r-oldrel-windows-ix86+x86_64