CRAN Package Check Results for Package qbld

Last updated on 2022-11-26 22:04:01 CET.

Flavor Version Tinstall Tcheck Ttotal Status Flags
r-devel-linux-x86_64-debian-clang 1.0.3 192.70 55.89 248.59 OK
r-devel-linux-x86_64-debian-gcc 1.0.3 134.71 41.99 176.70 OK
r-devel-linux-x86_64-fedora-clang 1.0.3 383.18 OK
r-devel-linux-x86_64-fedora-gcc 1.0.3 337.83 OK
r-devel-windows-x86_64 1.0.3 156.00 111.00 267.00 OK
r-patched-linux-x86_64 1.0.3 OK
r-release-linux-x86_64 1.0.3 144.91 52.52 197.43 OK
r-release-macos-arm64 1.0.3 79.00 NOTE
r-release-macos-x86_64 1.0.3 129.00 NOTE
r-release-windows-x86_64 1.0.3 141.00 113.00 254.00 OK
r-oldrel-macos-arm64 1.0.3 77.00 NOTE
r-oldrel-macos-x86_64 1.0.3 103.00 NOTE
r-oldrel-windows-ix86+x86_64 1.0.3 457.00 114.00 571.00 OK

Check Details

Version: 1.0.3
Check: installed package size
Result: NOTE
     installed size is 6.4Mb
     sub-directories of 1Mb or more:
     libs 5.9Mb
Flavors: r-release-macos-arm64, r-release-macos-x86_64, r-oldrel-macos-arm64, r-oldrel-macos-x86_64