CRAN Package Check Results for Package qcapower

Last updated on 2022-11-29 07:54:04 CET.

Flavor Version Tinstall Tcheck Ttotal Status Flags
r-devel-linux-x86_64-debian-clang 0.1.0 6.37 68.28 74.65 OK
r-devel-linux-x86_64-debian-gcc 0.1.0 5.27 51.15 56.42 OK
r-devel-linux-x86_64-fedora-clang 0.1.0 103.53 NOTE
r-devel-linux-x86_64-fedora-gcc 0.1.0 98.21 NOTE
r-devel-windows-x86_64 0.1.0 11.00 97.00 108.00 OK
r-patched-linux-x86_64 0.1.0 6.19 63.52 69.71 OK
r-release-linux-x86_64 0.1.0 7.15 64.37 71.52 OK
r-release-macos-arm64 0.1.0 28.00 NOTE
r-release-macos-x86_64 0.1.0 58.00 NOTE
r-release-windows-x86_64 0.1.0 16.00 97.00 113.00 OK
r-oldrel-macos-arm64 0.1.0 35.00 NOTE
r-oldrel-macos-x86_64 0.1.0 48.00 NOTE
r-oldrel-windows-ix86+x86_64 0.1.0 17.00 91.00 108.00 OK

Check Details

Version: 0.1.0
Check: dependencies in R code
Result: NOTE
    Namespace in Imports field not imported from: ‘devtools’
     All declared Imports should be used.
Flavors: r-devel-linux-x86_64-fedora-clang, r-devel-linux-x86_64-fedora-gcc, r-release-macos-arm64, r-release-macos-x86_64, r-oldrel-macos-arm64, r-oldrel-macos-x86_64