CRAN Package Check Results for Package qcc

Last updated on 2015-03-05 03:48:07.

Flavor Version Tinstall Tcheck Ttotal Status Flags
r-devel-linux-x86_64-debian-clang 2.6 2.61 18.61 21.22 NOTE
r-devel-linux-x86_64-debian-gcc 2.6 2.48 18.52 21.00 NOTE
r-devel-linux-x86_64-fedora-clang 2.6 41.14 NOTE
r-devel-linux-x86_64-fedora-gcc 2.6 37.65 NOTE
r-devel-osx-x86_64-clang 2.6 37.47 NOTE
r-devel-windows-ix86+x86_64 2.6 8.00 28.00 36.00 OK
r-patched-linux-x86_64 2.6 2.90 20.34 23.24 OK
r-patched-solaris-sparc 2.6 275.70 OK
r-patched-solaris-x86 2.6 56.30 OK
r-release-linux-ix86 2.6 3.34 28.52 31.87 OK
r-release-linux-x86_64 2.6 2.85 20.60 23.46 OK
r-release-osx-x86_64-mavericks 2.6 OK
r-release-osx-x86_64-snowleopard 2.6 OK
r-release-windows-ix86+x86_64 2.6 7.00 33.00 40.00 OK
r-oldrel-windows-ix86+x86_64 2.6 8.00 31.00 39.00 OK

Check Details

Version: 2.6
Check: S3 generic/method consistency
Result: NOTE
    Found the following apparent S3 methods exported but not registered:
     plot.cusum.qcc plot.ewma.qcc plot.mqcc plot.qcc print.cusum.qcc
     print.ewma.qcc print.mqcc print.qcc summary.cusum.qcc
     summary.ewma.qcc summary.mqcc summary.qcc
    See section ‘Registering S3 methods’ in the ‘Writing R Extensions’
    manual.
Flavors: r-devel-linux-x86_64-debian-clang, r-devel-linux-x86_64-debian-gcc, r-devel-linux-x86_64-fedora-clang, r-devel-linux-x86_64-fedora-gcc, r-devel-osx-x86_64-clang