CRAN Package Check Results for Package qcc

Last updated on 2015-05-27 05:47:48.

Flavor Version Tinstall Tcheck Ttotal Status Flags
r-devel-linux-x86_64-debian-clang 2.6 2.81 18.61 21.42 NOTE
r-devel-linux-x86_64-debian-gcc 2.6 2.48 18.81 21.29 NOTE
r-devel-linux-x86_64-fedora-clang 2.6 40.86 NOTE
r-devel-linux-x86_64-fedora-gcc 2.6 38.51 NOTE
r-devel-osx-x86_64-clang 2.6 39.85 NOTE
r-devel-windows-ix86+x86_64 2.6 7.00 30.00 37.00 OK
r-patched-linux-x86_64 2.6 2.45 18.82 21.26 NOTE
r-patched-solaris-sparc 2.6 243.20 NOTE
r-patched-solaris-x86 2.6 50.80 NOTE
r-release-linux-x86_64 2.6 2.50 18.64 21.14 NOTE
r-release-osx-x86_64-mavericks 2.6 OK
r-release-osx-x86_64-snowleopard 2.6 OK
r-release-windows-ix86+x86_64 2.6 8.00 29.00 37.00 OK
r-oldrel-windows-ix86+x86_64 2.6 7.00 50.00 57.00 OK

Check Details

Version: 2.6
Check: S3 generic/method consistency
Result: NOTE
    Found the following apparent S3 methods exported but not registered:
     plot.cusum.qcc plot.ewma.qcc plot.mqcc plot.qcc print.cusum.qcc
     print.ewma.qcc print.mqcc print.qcc summary.cusum.qcc
     summary.ewma.qcc summary.mqcc summary.qcc
    See section ‘Registering S3 methods’ in the ‘Writing R Extensions’
    manual.
Flavors: r-devel-linux-x86_64-debian-clang, r-devel-linux-x86_64-debian-gcc, r-devel-linux-x86_64-fedora-clang, r-devel-linux-x86_64-fedora-gcc, r-devel-osx-x86_64-clang, r-patched-linux-x86_64, r-patched-solaris-sparc, r-patched-solaris-x86, r-release-linux-x86_64