CRAN Package Check Results for Package qcc

Last updated on 2015-04-28 16:46:49.

Flavor Version Tinstall Tcheck Ttotal Status Flags
r-devel-linux-x86_64-debian-clang 2.6 2.62 18.87 21.49 NOTE
r-devel-linux-x86_64-debian-gcc 2.6 2.50 19.37 21.87 NOTE
r-devel-linux-x86_64-fedora-clang 2.6 42.18 NOTE
r-devel-linux-x86_64-fedora-gcc 2.6 38.11 NOTE
r-devel-osx-x86_64-clang 2.6 36.30 NOTE
r-devel-windows-ix86+x86_64 2.6 7.00 28.00 35.00 OK
r-patched-linux-x86_64 2.6 2.76 18.66 21.43 NOTE
r-patched-solaris-sparc 2.6 250.10 OK
r-patched-solaris-x86 2.6 50.60 NOTE
r-release-linux-x86_64 2.6 2.51 18.40 20.91 NOTE
r-release-osx-x86_64-mavericks 2.6 OK
r-release-osx-x86_64-snowleopard 2.6 OK
r-release-windows-ix86+x86_64 2.6 8.00 28.00 36.00 OK
r-oldrel-windows-ix86+x86_64 2.6 5.00 30.00 35.00 OK

Check Details

Version: 2.6
Check: S3 generic/method consistency
Result: NOTE
    Found the following apparent S3 methods exported but not registered:
     plot.cusum.qcc plot.ewma.qcc plot.mqcc plot.qcc print.cusum.qcc
     print.ewma.qcc print.mqcc print.qcc summary.cusum.qcc
     summary.ewma.qcc summary.mqcc summary.qcc
    See section ‘Registering S3 methods’ in the ‘Writing R Extensions’
    manual.
Flavors: r-devel-linux-x86_64-debian-clang, r-devel-linux-x86_64-debian-gcc, r-devel-linux-x86_64-fedora-clang, r-devel-linux-x86_64-fedora-gcc, r-devel-osx-x86_64-clang, r-patched-linux-x86_64, r-patched-solaris-x86, r-release-linux-x86_64