CRAN Package Check Results for Package qcc

Last updated on 2015-01-26 16:46:49.

Flavor Version Tinstall Tcheck Ttotal Status Flags
r-devel-linux-x86_64-debian-clang 2.6 2.62 19.27 21.89 OK
r-devel-linux-x86_64-debian-gcc 2.6 2.68 18.56 21.23 OK
r-devel-linux-x86_64-fedora-clang 2.6 44.81 NOTE
r-devel-linux-x86_64-fedora-gcc 2.6 41.91 NOTE
r-devel-osx-x86_64-clang 2.6 39.24 NOTE
r-devel-windows-ix86+x86_64 2.6 10.00 36.00 46.00 OK
r-patched-linux-x86_64 2.6 2.93 20.04 22.97 OK
r-patched-solaris-sparc 2.6 253.00 OK
r-patched-solaris-x86 2.6 56.70 OK
r-release-linux-ix86 2.6 3.40 26.18 29.57 OK
r-release-linux-x86_64 2.6 2.90 20.64 23.54 OK
r-release-osx-x86_64-mavericks 2.6 OK
r-release-osx-x86_64-snowleopard 2.6 OK
r-release-windows-ix86+x86_64 2.6 8.00 33.00 41.00 OK
r-oldrel-windows-ix86+x86_64 2.6 11.00 32.00 43.00 OK

Check Details

Version: 2.6
Check: S3 generic/method consistency
Result: NOTE
    Found the following apparent S3 methods exported but not registered:
     print.cusum.qcc print.ewma.qcc print.mqcc print.qcc summary.cusum.qcc
     summary.ewma.qcc summary.mqcc summary.qcc plot.cusum.qcc
     plot.ewma.qcc plot.mqcc plot.qcc
    See section ‘Registering S3 methods’ in the ‘Writing R Extensions’
    manual.
Flavors: r-devel-linux-x86_64-fedora-clang, r-devel-linux-x86_64-fedora-gcc, r-devel-osx-x86_64-clang