CRAN Package Check Results for Package qdap

Last updated on 2015-08-03 08:48:50.

Flavor Version Tinstall Tcheck Ttotal Status Flags
r-devel-linux-x86_64-debian-clang 2.2.2 9.10 143.24 152.33 OK
r-devel-linux-x86_64-debian-gcc 2.2.2 10.13 136.68 146.81 OK
r-devel-linux-x86_64-fedora-clang 2.2.2 290.78 OK
r-devel-linux-x86_64-fedora-gcc 2.2.2 275.23 OK
r-devel-osx-x86_64-clang 2.2.2 244.91 OK
r-devel-windows-ix86+x86_64 2.2.2 32.00 213.00 245.00 OK
r-patched-linux-x86_64 2.2.2 9.26 134.98 144.25 OK
r-patched-solaris-sparc 2.2.2 1726.60 OK --no-build-vignettes
r-patched-solaris-x86 2.2.2 373.60 OK
r-release-linux-x86_64 2.2.2 9.82 134.28 144.10 OK
r-release-osx-x86_64-mavericks 2.2.2 ERROR
r-release-windows-ix86+x86_64 2.2.2 45.00 237.00 282.00 OK
r-oldrel-windows-ix86+x86_64 2.2.2 48.00 288.00 336.00 OK

Check Details

Version: 2.2.2
Check: package dependencies
Result: ERROR
    Package required and available but unsuitable version: ‘tm’
    
    See section ‘The DESCRIPTION file’ in the ‘Writing R Extensions’
    manual.
Flavor: r-release-osx-x86_64-mavericks