CRAN Package Check Results for Package qdap

Last updated on 2015-01-28 15:47:17.

Flavor Version Tinstall Tcheck Ttotal Status Flags
r-devel-linux-x86_64-debian-clang 2.2.0 9.24 139.61 148.86 OK
r-devel-linux-x86_64-debian-gcc 2.2.0 9.02 135.63 144.65 OK
r-devel-linux-x86_64-fedora-clang 2.2.0 352.25 OK
r-devel-linux-x86_64-fedora-gcc 2.2.0 336.53 OK
r-devel-osx-x86_64-clang 2.2.0 302.79 OK
r-devel-windows-ix86+x86_64 2.2.0 31.00 200.00 231.00 OK
r-patched-linux-x86_64 2.2.0 11.12 161.81 172.92 OK
r-patched-solaris-sparc 2.2.0 1918.40 OK --no-build-vignettes
r-patched-solaris-x86 2.2.0 451.20 OK
r-release-linux-ix86 2.2.0 13.46 170.30 183.75 OK
r-release-linux-x86_64 2.2.0 11.18 165.78 176.95 OK
r-release-osx-x86_64-mavericks 2.2.0 OK
r-release-osx-x86_64-snowleopard 2.2.0 OK
r-release-windows-ix86+x86_64 2.2.0 32.00 256.00 288.00 OK
r-oldrel-windows-ix86+x86_64 2.1.1 2.00 2.00 4.00 ERROR

Check Details

Version: 2.1.1
Check: package dependencies
Result: ERROR
    Package required but not available: 'dplyr'
    
    Package required and available but unsuitable version: 'tm'
    
    See the information on DESCRIPTION files in the chapter 'Creating R
    packages' of the 'Writing R Extensions' manual.
Flavor: r-oldrel-windows-ix86+x86_64