CRAN Package Check Results for Package qdap

Last updated on 2015-07-08 05:47:50.

Flavor Version Tinstall Tcheck Ttotal Status Flags
r-devel-linux-x86_64-debian-clang 2.2.2 8.86 137.72 146.58 OK
r-devel-linux-x86_64-debian-gcc 2.2.2 8.96 135.63 144.59 OK
r-devel-linux-x86_64-fedora-clang 2.2.2 140.87 ERROR
r-devel-linux-x86_64-fedora-gcc 2.2.2 135.26 ERROR
r-devel-osx-x86_64-clang 2.2.2 141.62 ERROR
r-devel-windows-ix86+x86_64 2.2.2 37.00 225.00 262.00 OK
r-patched-linux-x86_64 2.2.2 9.44 140.15 149.59 OK
r-patched-solaris-sparc 2.2.2 1530.80 OK --no-build-vignettes
r-patched-solaris-x86 2.2.2 310.00 OK
r-release-linux-x86_64 2.2.2 9.15 132.69 141.84 OK
r-release-osx-x86_64-mavericks 2.2.2 ERROR
r-release-windows-ix86+x86_64 2.2.2 38.00 219.00 257.00 OK
r-oldrel-windows-ix86+x86_64 2.2.2 43.00 273.00 316.00 OK

Check Details

Version: 2.2.2
Check: examples
Result: ERROR
    Running examples in ‘qdap-Ex.R’ failed
    The error most likely occurred in:
    
    > ### Name: type_token_ratio
    > ### Title: Type-Token Ratio
    > ### Aliases: type_token_ratio
    >
    > ### ** Examples
    >
    > with(raj, type_token_ratio(dialogue, person))
     person wc ttr
    1 Nurse 2206 0.426
    2 Lady Capulet 872 0.436
    3 Juliet 4263 0.454
    4 Romeo 4665 0.462
    5 Friar Laurence 2727 0.470
    6 Abraham 24 0.500
    7 Sampson 259 0.502
    8 Paris 539 0.509
    9 Capulet 2123 0.509
    10 Peter 245 0.510
    11 Prince 585 0.520
    12 Mercutio 2094 0.533
    13 Servant 183 0.573
    14 Tybalt 262 0.574
    15 Balthasar 232 0.575
    16 Benvolio 1153 0.582
    17 Montague 316 0.641
    18 Gregory 149 0.664
    19 First Servant 79 0.679
    20 First Watchman 134 0.679
    21 Second Capulet 17 0.706
    22 Page 81 0.728
    23 Chorus 113 0.730
    24 Friar John 96 0.735
    25 Second Servant 96 0.740
    26 First Citizen 43 0.744
    27 First Musician 62 0.750
    28 Second Musician 34 0.824
    29 Third Watchman 26 0.846
    30 Apothecary 53 0.849
    31 Lady Montague 28 0.897
    32 Musician 8 1.000
    33 Second Watchman 9 1.000
    34 Third Musician 7 1.000
    
    Type-token ratio for entire text: 0.448
    > plot(with(raj, type_token_ratio(dialogue, person)))
    Warning in initialize(value, ...) :
     Class definition for Class "Scales" doesn't have a parent environment for objects defined. Bug??
    Error in match.fun(FUN) : object 'scale_clone' not found
    Calls: plot ... add_ggplot -> plot_clone -> <Anonymous> -> lapply -> match.fun
    Execution halted
Flavors: r-devel-linux-x86_64-fedora-clang, r-devel-linux-x86_64-fedora-gcc, r-devel-osx-x86_64-clang

Version: 2.2.2
Check: tests
Result: ERROR
    Running the tests in ‘tests/testthat.R’ failed.
    Last 13 lines of output:
     >
     >
     > test_check("qdap")
     Error in rep$start_context(desc) : could not find function ".oapply"
     Calls: test_check ... sys.source2 -> eval -> eval -> context -> <Anonymous>
     In addition: Warning messages:
     1: In initialize(value, ...) :
     Class definition for Class "CheckReporter" doesn't have a parent environment for objects defined. Bug??
     2: In initialize(value, ...) :
     Class definition for Class "ListReporter" doesn't have a parent environment for objects defined. Bug??
     3: In initialize(value, ...) :
     Class definition for Class "MultiReporter" doesn't have a parent environment for objects defined. Bug??
     Execution halted
Flavors: r-devel-linux-x86_64-fedora-clang, r-devel-linux-x86_64-fedora-gcc, r-devel-osx-x86_64-clang

Version: 2.2.2
Check: package dependencies
Result: ERROR
    Package required and available but unsuitable version: ‘tm’
    
    See section ‘The DESCRIPTION file’ in the ‘Writing R Extensions’
    manual.
Flavor: r-release-osx-x86_64-mavericks