CRAN Package Check Results for Package qdap

Last updated on 2022-01-22 20:48:45 CET.

Flavor Version Tinstall Tcheck Ttotal Status Flags
r-devel-linux-x86_64-debian-clang 2.4.3 37.63 276.33 313.96 OK
r-devel-linux-x86_64-debian-gcc 2.4.3 33.81 203.63 237.44 OK
r-devel-linux-x86_64-fedora-clang 2.4.3 372.77 NOTE
r-devel-linux-x86_64-fedora-gcc 2.4.3 359.18 OK
r-devel-windows-x86_64-new-UL 2.4.3 402.00 331.00 733.00 OK
r-devel-windows-x86_64-new-TK 2.4.3 OK
r-patched-linux-x86_64 2.4.3 44.66 263.03 307.69 OK
r-release-linux-x86_64 2.4.3 36.93 262.58 299.51 OK
r-release-macos-arm64 2.4.3 OK
r-release-macos-x86_64 2.4.3 OK
r-release-windows-ix86+x86_64 2.4.3 73.00 300.00 373.00 OK
r-oldrel-macos-x86_64 2.4.3 OK
r-oldrel-windows-ix86+x86_64 2.4.3 71.00 293.00 364.00 OK

Check Details

Version: 2.4.3
Check: Rd cross-references
Result: NOTE
    Undeclared package ‘gplots’ in Rd xrefs
Flavor: r-devel-linux-x86_64-fedora-clang