CRAN Package Check Results for Package qdap

Last updated on 2017-09-19 21:48:19.

Flavor Version Tinstall Tcheck Ttotal Status Flags
r-devel-linux-x86_64-debian-clang 2.2.8 8.02 145.86 153.89 OK
r-devel-linux-x86_64-debian-gcc 2.2.8 8.10 143.02 151.12 OK
r-devel-linux-x86_64-fedora-clang 2.2.8 286.65 OK
r-devel-linux-x86_64-fedora-gcc 2.2.8 282.63 OK
r-devel-windows-ix86+x86_64 2.2.8 20.00 334.00 354.00 OK
r-patched-linux-x86_64 2.2.8 8.11 142.93 151.04 OK
r-patched-solaris-x86 2.2.8 352.20 OK
r-release-linux-x86_64 2.2.8 8.45 144.46 152.91 OK
r-release-windows-ix86+x86_64 2.2.8 26.00 238.00 264.00 OK
r-release-osx-x86_64 2.2.8 WARN
r-oldrel-windows-ix86+x86_64 2.2.8 25.00 202.00 227.00 OK
r-oldrel-osx-x86_64 2.2.8 OK

Check Details

Version: 2.2.8
Check: re-building of vignette outputs
Result: WARN
    Error in re-building vignettes:
     ...
    Warning: running command 'kpsewhich framed.sty' had status 1
    Warning in test_latex_pkg("framed", system.file("misc", "framed.sty", package = "knitr")) :
     unable to find LaTeX package 'framed'; will use a copy from knitr
    Error in texi2dvi(file = file, pdf = TRUE, clean = clean, quiet = quiet, :
     Running 'texi2dvi' on 'cleaning_and_debugging.tex' failed.
    LaTeX errors:
    ! LaTeX Error: File `animate.sty' not found.
    
    Type X to quit or <RETURN> to proceed,
    or enter new name. (Default extension: sty)
    
    ! Emergency stop.
    <read *>
    
    l.68 \usepackage
     {setspace}^^M
    ! ==> Fatal error occurred, no output PDF file produced!
    Calls: buildVignettes -> texi2pdf -> texi2dvi
    Execution halted
Flavor: r-release-osx-x86_64