CRAN Package Check Results for Package qdap

Last updated on 2014-04-24 11:48:52.

Flavor Version Tinstall Tcheck Ttotal Status Flags
r-devel-linux-x86_64-debian-clang 1.3.5 9.14 310.79 319.93 OK
r-devel-linux-x86_64-debian-gcc 1.3.5 9.26 305.89 315.15 OK
r-devel-linux-x86_64-fedora-clang 1.3.5 668.92 OK
r-devel-linux-x86_64-fedora-gcc 1.3.5 639.39 OK
r-devel-osx-x86_64-clang 1.3.5 541.87 OK
r-devel-osx-x86_64-gcc 1.3.5 ERROR
r-devel-windows-ix86+x86_64 1.3.5 24.00 432.00 456.00 OK
r-patched-linux-x86_64 1.3.5 9.17 311.00 320.17 OK
r-patched-solaris-sparc 1.3.5 3399.00 NOTE
r-patched-solaris-x86 1.3.5 791.50 NOTE
r-release-linux-ix86 1.3.5 16.00 434.00 450.00 OK
r-release-linux-x86_64 1.3.5 9.27 311.30 320.57 OK
r-release-osx-x86_64-mavericks 1.3.5 NOTE
r-release-osx-x86_64-snowleopard 1.3.5 NOTE
r-release-windows-ix86+x86_64 1.3.5 25.00 460.00 485.00 OK
r-oldrel-windows-ix86+x86_64 1.3.5 26.00 454.00 480.00 OK

Check Details

Version: 1.3.5
Check: package dependencies
Result: ERROR
    Packages required but not available:
     ‘ggplot2’ ‘gridExtra’ ‘igraph’ ‘reports’ ‘scales’ ‘tm’ ‘XML’
    
    Packages suggested but not available for checking:
     ‘knitcitations’ ‘knitr’ ‘proxy’ ‘Rgraphviz’
    
    Files named as vignettes but with no recognized vignette engine:
     ‘inst/doc/tm_package_compatibility.Rnw’
    (Is a VignetteBuilder field missing?)
    
    See the information on DESCRIPTION files in the chapter ‘Creating R
    packages’ of the ‘Writing R Extensions’ manual.
Flavor: r-devel-osx-x86_64-gcc

Version: 1.3.5
Check: installed package size
Result: NOTE
     installed size is 5.3Mb
     sub-directories of 1Mb or more:
     doc 3.0Mb
Flavors: r-patched-solaris-sparc, r-patched-solaris-x86

Version: 1.3.5
Check: package dependencies
Result: NOTE
    Package suggested but not available for checking: ‘Rgraphviz’
Flavors: r-release-osx-x86_64-mavericks, r-release-osx-x86_64-snowleopard

Version: 1.3.5
Check: re-building of vignette outputs
Result: NOTE
    Error in re-building vignettes:
     ...
    Using sex&adult as id variables
    Warning in end_inc(dat, "state") : 3 incomplete sentence items removed
    
    
    Attaching package: 'proxy'
    
    The following objects are masked from 'package:stats':
    
     as.dist, dist
    
    citation already in database
    Warning in test_latex_pkg("framed", system.file("misc", "framed.sty", package = "knitr")) :
     unable to find LaTeX package 'framed'; will use a copy from knitr
    Error in texi2dvi(file = file, pdf = TRUE, clean = clean, quiet = quiet, :
     Running 'texi2dvi' on 'tm_package_compatibility.tex' failed.
    LaTeX errors:
    ! LaTeX Error: File `animate.sty' not found.
    
    Type X to quit or <RETURN> to proceed,
    or enter new name. (Default extension: sty)
    
    st/qdap/vignettes/tm_package_compatibility.tex:66: ==> Fatal error occurred, n
    o output PDF file produced!
    Calls: buildVignettes -> texi2pdf -> texi2dvi
    Execution halted
Flavor: r-release-osx-x86_64-mavericks

Version: 1.3.5
Check: R code for possible problems
Result: NOTE
    edge_apply : <anonymous>: no visible global function definition for
     ‘edge.attributes’
    edge_apply : <anonymous>: no visible global function definition for
     ‘edge.attributes<-’
    vertex_apply : <anonymous>: no visible global function definition for
     ‘vertex.attributes’
    vertex_apply : <anonymous>: no visible global function definition for
     ‘vertex.attributes<-’
Flavor: r-release-osx-x86_64-snowleopard