CRAN Package Check Results for Package qdap

Last updated on 2016-12-02 23:48:15.

Flavor Version Tinstall Tcheck Ttotal Status Flags
r-devel-linux-x86_64-debian-clang 2.2.5 8.49 154.09 162.59 OK
r-devel-linux-x86_64-debian-gcc 2.2.5 9.05 150.93 159.98 OK
r-devel-linux-x86_64-fedora-clang 2.2.5 306.50 OK
r-devel-linux-x86_64-fedora-gcc 2.2.5 313.11 OK
r-devel-macos-x86_64-clang 2.2.5 259.09 NOTE
r-devel-windows-ix86+x86_64 2.2.5 26.00 219.00 245.00 OK
r-patched-linux-x86_64 2.2.5 8.57 140.27 148.83 OK
r-patched-solaris-sparc 2.2.5 1632.30 OK --no-build-vignettes
r-patched-solaris-x86 2.2.5 323.50 OK
r-release-linux-x86_64 2.2.5 8.44 138.38 146.82 OK
r-release-osx-x86_64-mavericks 2.2.5 OK
r-release-windows-ix86+x86_64 2.2.5 41.00 303.00 344.00 OK
r-oldrel-windows-ix86+x86_64 2.2.5 47.00 316.00 363.00 OK

Check Details

Version: 2.2.5
Check: R code for possible problems
Result: NOTE
    
    This data.table install has not detected OpenMP support. It will work but slower in single threaded mode.
Flavor: r-devel-macos-x86_64-clang