CRAN Package Check Results for Package qdap

Last updated on 2017-07-23 04:48:49.

Flavor Version Tinstall Tcheck Ttotal Status Flags
r-devel-linux-x86_64-debian-clang 2.2.5 8.13 176.85 184.98 OK
r-devel-linux-x86_64-debian-gcc 2.2.5 8.07 173.42 181.49 OK
r-devel-linux-x86_64-fedora-clang 2.2.5 296.95 OK
r-devel-linux-x86_64-fedora-gcc 2.2.5 288.69 OK
r-devel-windows-ix86+x86_64 2.2.5 32.00 301.00 333.00 OK
r-patched-linux-x86_64 2.2.5 8.71 181.61 190.32 OK
r-patched-solaris-x86 2.2.5 357.60 OK
r-release-linux-x86_64 2.2.5 9.23 176.23 185.46 OK
r-release-windows-ix86+x86_64 2.2.5 28.00 335.00 363.00 OK
r-release-osx-x86_64 2.2.5 WARN
r-oldrel-windows-ix86+x86_64 2.2.5 44.00 282.00 326.00 OK
r-oldrel-osx-x86_64 2.2.5 OK

Check Details

Version: 2.2.5
Check: re-building of vignette outputs
Result: WARN
    Error in re-building vignettes:
     ...
    Warning: running command 'kpsewhich framed.sty' had status 1
    Warning in test_latex_pkg("framed", system.file("misc", "framed.sty", package = "knitr")) :
     unable to find LaTeX package 'framed'; will use a copy from knitr
    Error in texi2dvi(file = file, pdf = TRUE, clean = clean, quiet = quiet, :
     Running 'texi2dvi' on 'cleaning_and_debugging.tex' failed.
    LaTeX errors:
    ! LaTeX Error: File `animate.sty' not found.
    
    Type X to quit or <RETURN> to proceed,
    or enter new name. (Default extension: sty)
    
    ! Emergency stop.
    <read *>
    
    l.68 \usepackage
     {setspace}^^M
    ! ==> Fatal error occurred, no output PDF file produced!
    Calls: buildVignettes -> texi2pdf -> texi2dvi
    Execution halted
Flavor: r-release-osx-x86_64