CRAN Package Check Results for Package qdap

Last updated on 2014-07-24 03:48:53.

Flavor Version Tinstall Tcheck Ttotal Status Flags
r-devel-linux-x86_64-debian-clang 2.1.0 10.21 153.11 163.32 OK
r-devel-linux-x86_64-debian-gcc 2.1.0 12.31 151.30 163.61 OK
r-devel-linux-x86_64-fedora-clang 2.1.0 356.22 OK
r-devel-linux-x86_64-fedora-gcc 2.1.0 339.57 OK
r-devel-osx-x86_64-clang 2.1.0 284.36 OK
r-devel-windows-ix86+x86_64 2.1.0 28.00 228.00 256.00 OK
r-patched-linux-x86_64 2.1.0 10.44 151.91 162.35 OK
r-patched-solaris-sparc 2.1.0 1722.20 OK --no-build-vignettes
r-patched-solaris-x86 2.1.0 415.70 OK
r-release-linux-ix86 2.1.0 12.63 184.81 197.44 OK
r-release-linux-x86_64 2.1.0 10.00 152.54 162.53 OK
r-release-osx-x86_64-mavericks 2.1.0 NOTE
r-release-osx-x86_64-snowleopard 2.1.0 OK
r-release-windows-ix86+x86_64 2.1.0 25.00 235.00 260.00 OK
r-oldrel-windows-ix86+x86_64 2.1.0 11.00 2.00 13.00 ERROR

Check Details

Version: 2.1.0
Check: re-building of vignette outputs
Result: NOTE
    Error in re-building vignettes:
     ...
    Warning: running command 'kpsewhich framed.sty' had status 1
    Warning in test_latex_pkg("framed", system.file("misc", "framed.sty", package = "knitr")) :
     unable to find LaTeX package 'framed'; will use a copy from knitr
    Error in texi2dvi(file = file, pdf = TRUE, clean = clean, quiet = quiet, :
     Running 'texi2dvi' on 'tm_package_compatibility.tex' failed.
    LaTeX errors:
    ! LaTeX Error: File `animate.sty' not found.
    
    Type X to quit or <RETURN> to proceed,
    or enter new name. (Default extension: sty)
    
    st/qdap/vignettes/tm_package_compatibility.tex:66: ==> Fatal error occurred, n
    o output PDF file produced!
    Calls: buildVignettes -> texi2pdf -> texi2dvi
    Execution halted
Flavor: r-release-osx-x86_64-mavericks

Version: 2.1.0
Check: package dependencies
Result: ERROR
    Package required and available but unsuitable version: 'tm'
    
    See the information on DESCRIPTION files in the chapter 'Creating R
    packages' of the 'Writing R Extensions' manual.
Flavor: r-oldrel-windows-ix86+x86_64