CRAN Package Check Results for Package qdap

Last updated on 2015-03-06 14:47:05.

Flavor Version Tinstall Tcheck Ttotal Status Flags
r-devel-linux-x86_64-debian-clang 2.2.0 9.34 139.26 148.61 OK
r-devel-linux-x86_64-debian-gcc 2.2.0 8.59 138.47 147.06 OK
r-devel-linux-x86_64-fedora-clang 2.2.0 282.35 OK
r-devel-linux-x86_64-fedora-gcc 2.2.0 268.56 OK
r-devel-osx-x86_64-clang 2.2.0 289.28 OK
r-devel-windows-ix86+x86_64 2.2.0 31.00 186.00 217.00 OK
r-patched-linux-x86_64 2.2.0 12.28 178.39 190.67 OK
r-patched-solaris-sparc 2.2.0 1999.50 OK --no-build-vignettes
r-patched-solaris-x86 2.2.0 450.90 OK
r-release-linux-ix86 2.2.0 13.81 180.36 194.18 OK
r-release-linux-x86_64 2.2.0 13.26 175.64 188.90 OK
r-release-osx-x86_64-mavericks 2.2.0 OK
r-release-osx-x86_64-snowleopard 2.2.0 OK
r-release-windows-ix86+x86_64 2.2.0 36.00 257.00 293.00 OK
r-oldrel-windows-ix86+x86_64 2.1.1 2.00 2.00 4.00 ERROR

Check Details

Version: 2.1.1
Check: package dependencies
Result: ERROR
    Package required but not available: 'dplyr'
    
    Package required and available but unsuitable version: 'tm'
    
    See the information on DESCRIPTION files in the chapter 'Creating R
    packages' of the 'Writing R Extensions' manual.
Flavor: r-oldrel-windows-ix86+x86_64