CRAN Package Check Results for Package qdap

Last updated on 2014-10-24 08:49:16.

Flavor Version Tinstall Tcheck Ttotal Status Flags
r-devel-linux-x86_64-debian-clang 2.2.0 10.78 158.25 169.02 OK
r-devel-linux-x86_64-debian-gcc 2.2.0 12.68 159.27 171.95 OK
r-devel-linux-x86_64-fedora-clang 2.2.0 357.40 OK
r-devel-linux-x86_64-fedora-gcc 2.2.0 334.50 OK
r-devel-osx-x86_64-clang 2.2.0 307.53 OK
r-devel-windows-ix86+x86_64 2.2.0 30.00 219.00 249.00 OK
r-patched-linux-x86_64 2.2.0 10.98 164.03 175.00 OK
r-patched-solaris-sparc 2.2.0 1784.40 OK --no-build-vignettes
r-patched-solaris-x86 2.2.0 438.90 OK
r-release-linux-ix86 2.2.0 14.13 180.86 194.99 OK
r-release-linux-x86_64 2.2.0 11.32 166.75 178.07 OK
r-release-osx-x86_64-mavericks 2.2.0 NOTE
r-release-osx-x86_64-snowleopard 2.2.0 OK
r-release-windows-ix86+x86_64 2.2.0 33.00 246.00 279.00 OK
r-oldrel-windows-ix86+x86_64 2.1.1 2.00 2.00 4.00 ERROR

Check Details

Version: 2.2.0
Check: re-building of vignette outputs
Result: NOTE
    Error in re-building vignettes:
     ...
    Warning: running command 'kpsewhich framed.sty' had status 1
    Warning in test_latex_pkg("framed", system.file("misc", "framed.sty", package = "knitr")) :
     unable to find LaTeX package 'framed'; will use a copy from knitr
    Error in texi2dvi(file = file, pdf = TRUE, clean = clean, quiet = quiet, :
     Running 'texi2dvi' on 'cleaning_and_debugging.tex' failed.
    LaTeX errors:
    ! LaTeX Error: File `animate.sty' not found.
    
    Type X to quit or <RETURN> to proceed,
    or enter new name. (Default extension: sty)
    
    st/qdap/vignettes/cleaning_and_debugging.tex:67: ==> Fatal error occurred, no
    output PDF file produced!
    Calls: buildVignettes -> texi2pdf -> texi2dvi
    Execution halted
Flavor: r-release-osx-x86_64-mavericks

Version: 2.1.1
Check: package dependencies
Result: ERROR
    Package required but not available: 'dplyr'
    
    Package required and available but unsuitable version: 'tm'
    
    See the information on DESCRIPTION files in the chapter 'Creating R
    packages' of the 'Writing R Extensions' manual.
Flavor: r-oldrel-windows-ix86+x86_64