CRAN Package Check Results for Package qdap

Last updated on 2014-09-18 18:46:54.

Flavor Version Tinstall Tcheck Ttotal Status Flags
r-devel-linux-x86_64-debian-clang 2.1.1 13.43 152.48 165.91 NOTE
r-devel-linux-x86_64-debian-gcc 2.1.1 10.13 145.07 155.20 NOTE
r-devel-linux-x86_64-fedora-clang 2.1.1 331.33 NOTE
r-devel-linux-x86_64-fedora-gcc 2.1.1 311.29 NOTE
r-devel-osx-x86_64-clang 2.1.1 282.36 NOTE
r-devel-windows-ix86+x86_64 2.1.1 27.00 215.00 242.00 NOTE
r-patched-linux-x86_64 2.1.1 10.45 157.58 168.03 OK
r-patched-solaris-sparc 2.1.1 1674.20 OK --no-build-vignettes
r-patched-solaris-x86 2.1.1 416.80 OK
r-release-linux-ix86 2.1.1 13.22 160.67 173.89 OK
r-release-linux-x86_64 2.1.1 10.68 155.71 166.38 OK
r-release-osx-x86_64-mavericks 2.1.1 NOTE
r-release-osx-x86_64-snowleopard 2.1.1 OK
r-release-windows-ix86+x86_64 2.1.1 26.00 244.00 270.00 OK
r-oldrel-windows-ix86+x86_64 2.1.1 11.00 1.00 12.00 ERROR

Check Details

Version: 2.1.1
Check: R code for possible problems
Result: NOTE
    IMP: no visible binding for global variable ‘NAMES’
    acheck: no visible binding for global variable ‘adverb’
    cumulative.end_mark: no visible global function definition for ‘%lc%’
    ggbar_form: no visible global function definition for
     ‘scale_fill_manual’
    ncheck: no visible binding for global variable ‘NAMES’
    pcheck: no visible binding for global variable ‘preposition’
    plot.end_mark: no visible global function definition for ‘%lc%’
    syllable_count : SYLL: no visible binding for global variable ‘env.syl’
    syllable_count : InDic: no visible binding for global variable
     ‘env.syl’
    syn: no visible global function definition for ‘%hl%’
    synonyms: no visible global function definition for ‘%hl%’
    vcheck: no visible binding for global variable ‘action.verbs’
Flavors: r-devel-linux-x86_64-debian-clang, r-devel-linux-x86_64-debian-gcc, r-devel-linux-x86_64-fedora-clang, r-devel-linux-x86_64-fedora-gcc, r-devel-osx-x86_64-clang, r-devel-windows-ix86+x86_64

Version: 2.1.1
Check: re-building of vignette outputs
Result: NOTE
    Error in re-building vignettes:
     ...
    Warning: running command 'kpsewhich framed.sty' had status 1
    Warning in test_latex_pkg("framed", system.file("misc", "framed.sty", package = "knitr")) :
     unable to find LaTeX package 'framed'; will use a copy from knitr
    Error in texi2dvi(file = file, pdf = TRUE, clean = clean, quiet = quiet, :
     Running 'texi2dvi' on 'cleaning_and_debugging.tex' failed.
    LaTeX errors:
    ! LaTeX Error: File `animate.sty' not found.
    
    Type X to quit or <RETURN> to proceed,
    or enter new name. (Default extension: sty)
    
    st/qdap/vignettes/cleaning_and_debugging.tex:67: ==> Fatal error occurred, no
    output PDF file produced!
    Calls: buildVignettes -> texi2pdf -> texi2dvi
    Execution halted
Flavor: r-release-osx-x86_64-mavericks

Version: 2.1.1
Check: package dependencies
Result: ERROR
    Package required and available but unsuitable version: 'tm'
    
    See the information on DESCRIPTION files in the chapter 'Creating R
    packages' of the 'Writing R Extensions' manual.
Flavor: r-oldrel-windows-ix86+x86_64