CRAN Package Check Results for Package qdap

Last updated on 2018-04-22 23:50:34 CEST.

Flavor Version Tinstall Tcheck Ttotal Status Flags
r-devel-linux-x86_64-debian-clang 2.2.9 34.89 204.34 239.23 OK
r-devel-linux-x86_64-debian-gcc 2.2.9 27.71 170.98 198.69 OK
r-devel-linux-x86_64-fedora-clang 2.2.9 306.12 OK
r-devel-linux-x86_64-fedora-gcc 2.2.9 295.18 OK
r-devel-windows-ix86+x86_64 2.2.9 66.00 210.00 276.00 OK
r-devel-osx-x86_64 2.2.9 OK
r-patched-linux-x86_64 2.2.9 33.35 225.94 259.29 OK
r-patched-solaris-x86 2.2.9 386.20 NOTE
r-release-linux-x86_64 2.2.9 13.49 246.39 259.88 OK
r-release-windows-ix86+x86_64 2.2.9 26.00 220.00 246.00 OK
r-release-osx-x86_64 2.2.9 OK
r-oldrel-windows-ix86+x86_64 2.2.9 38.00 199.00 237.00 OK

Check Details

Version: 2.2.9
Check: installed package size
Result: NOTE
     installed size is 5.2Mb
     sub-directories of 1Mb or more:
     R 1.4Mb
Flavor: r-patched-solaris-x86