CRAN Package Check Results for Package qdap

Last updated on 2017-04-23 15:48:39.

Flavor Version Tinstall Tcheck Ttotal Status Flags
r-devel-linux-x86_64-debian-clang 2.2.5 8.49 148.33 156.83 OK
r-devel-linux-x86_64-debian-gcc 2.2.5 8.65 145.84 154.48 OK
r-devel-linux-x86_64-fedora-clang 2.2.5 307.15 OK --no-stop-on-test-error
r-devel-linux-x86_64-fedora-gcc 2.2.5 284.19 OK --no-stop-on-test-error
r-devel-windows-ix86+x86_64 2.2.5 41.00 312.00 353.00 OK
r-patched-linux-x86_64 2.2.5 8.43 143.80 152.23 OK
r-patched-solaris-sparc 2.2.5 1628.40 OK --no-build-vignettes
r-patched-solaris-x86 2.2.5 344.10 OK
r-release-linux-x86_64 2.2.5 8.71 145.54 154.25 OK
r-release-windows-ix86+x86_64 2.2.5 28.00 216.00 244.00 OK
r-release-osx-x86_64 2.2.5 WARN
r-oldrel-windows-ix86+x86_64 2.2.5 28.00 207.00 235.00 OK
r-oldrel-osx-x86_64 2.2.5 OK

Check Details

Version: 2.2.5
Check: re-building of vignette outputs
Result: WARN
    Error in re-building vignettes:
     ...
    Warning: running command 'kpsewhich framed.sty' had status 1
    Warning in test_latex_pkg("framed", system.file("misc", "framed.sty", package = "knitr")) :
     unable to find LaTeX package 'framed'; will use a copy from knitr
    Error in texi2dvi(file = file, pdf = TRUE, clean = clean, quiet = quiet, :
     Running 'texi2dvi' on 'cleaning_and_debugging.tex' failed.
    LaTeX errors:
    ! LaTeX Error: File `animate.sty' not found.
    
    Type X to quit or <RETURN> to proceed,
    or enter new name. (Default extension: sty)
    
    ! Emergency stop.
    <read *>
    
    l.68 \usepackage
     {setspace}^^M
    ! ==> Fatal error occurred, no output PDF file produced!
    Calls: buildVignettes -> texi2pdf -> texi2dvi
    Execution halted
Flavor: r-release-osx-x86_64