CRAN Package Check Results for Package qdap

Last updated on 2017-05-29 14:50:24.

Flavor Version Tinstall Tcheck Ttotal Status Flags
r-devel-linux-x86_64-debian-clang 2.2.5 8.25 147.43 155.69 OK
r-devel-linux-x86_64-debian-gcc 2.2.5 8.45 145.24 153.69 OK
r-devel-linux-x86_64-fedora-clang 2.2.5 290.89 OK
r-devel-linux-x86_64-fedora-gcc 2.2.5 279.44 OK
r-devel-windows-ix86+x86_64 2.2.5 25.00 304.00 329.00 OK
r-patched-linux-x86_64 2.2.5 8.67 146.15 154.82 OK
r-patched-solaris-sparc 2.2.5 1628.40 OK --no-build-vignettes
r-patched-solaris-x86 2.2.5 350.70 OK
r-release-linux-x86_64 2.2.5 8.74 146.22 154.97 OK
r-release-windows-ix86+x86_64 2.2.5 36.00 321.00 357.00 OK
r-release-osx-x86_64 2.2.5 WARN
r-oldrel-windows-ix86+x86_64 2.2.5 23.00 207.00 230.00 OK
r-oldrel-osx-x86_64 2.2.5 OK

Check Details

Version: 2.2.5
Check: re-building of vignette outputs
Result: WARN
    Error in re-building vignettes:
     ...
    Warning: running command 'kpsewhich framed.sty' had status 1
    Warning in test_latex_pkg("framed", system.file("misc", "framed.sty", package = "knitr")) :
     unable to find LaTeX package 'framed'; will use a copy from knitr
    Error in texi2dvi(file = file, pdf = TRUE, clean = clean, quiet = quiet, :
     Running 'texi2dvi' on 'cleaning_and_debugging.tex' failed.
    LaTeX errors:
    ! LaTeX Error: File `animate.sty' not found.
    
    Type X to quit or <RETURN> to proceed,
    or enter new name. (Default extension: sty)
    
    ! Emergency stop.
    <read *>
    
    l.68 \usepackage
     {setspace}^^M
    ! ==> Fatal error occurred, no output PDF file produced!
    Calls: buildVignettes -> texi2pdf -> texi2dvi
    Execution halted
Flavor: r-release-osx-x86_64