CRAN Package Check Results for Package qdapDictionaries

Last updated on 2022-05-29 03:52:17 CEST.

Flavor Version Tinstall Tcheck Ttotal Status Flags
r-devel-linux-x86_64-debian-clang 1.0.7 3.99 34.89 38.88 OK
r-devel-linux-x86_64-debian-gcc 1.0.7 3.01 27.72 30.73 OK
r-devel-linux-x86_64-fedora-clang 1.0.7 47.86 NOTE
r-devel-linux-x86_64-fedora-gcc 1.0.7 36.30 OK
r-devel-windows-x86_64 1.0.7 169.00 53.00 222.00 OK
r-patched-linux-x86_64 1.0.7 4.01 34.39 38.40 OK
r-release-linux-x86_64 1.0.7 3.72 34.06 37.78 OK
r-release-macos-arm64 1.0.7 16.00 OK
r-release-macos-x86_64 1.0.7 25.00 OK
r-release-windows-x86_64 1.0.7 12.00 54.00 66.00 OK
r-oldrel-macos-arm64 1.0.7 21.00 OK
r-oldrel-macos-x86_64 1.0.7 32.00 OK
r-oldrel-windows-ix86+x86_64 1.0.7 8.00 35.00 43.00 OK

Check Details

Version: 1.0.7
Check: Rd cross-references
Result: NOTE
    Undeclared package ‘qdap’ in Rd xrefs
Flavor: r-devel-linux-x86_64-fedora-clang