CRAN Package Check Results for Package qgg

Last updated on 2023-09-29 06:01:32 CEST.

Flavor Version Tinstall Tcheck Ttotal Status Flags
r-devel-linux-x86_64-debian-clang 1.1.2 132.65 145.17 277.82 OK
r-devel-linux-x86_64-debian-gcc 1.1.2 94.28 105.96 200.24 OK
r-devel-linux-x86_64-fedora-clang 1.1.2 381.34 OK
r-devel-linux-x86_64-fedora-gcc 1.1.2 378.20 OK
r-devel-windows-x86_64 1.1.2 97.00 137.00 234.00 OK
r-patched-linux-x86_64 1.1.2 121.75 134.67 256.42 OK
r-release-linux-x86_64 1.1.2 133.18 134.91 268.09 OK
r-release-macos-arm64 1.1.2 98.00 NOTE
r-release-macos-x86_64 1.1.2 136.00 NOTE
r-release-windows-x86_64 1.1.2 127.00 166.00 293.00 OK
r-oldrel-macos-arm64 1.1.2 78.00 NOTE
r-oldrel-macos-x86_64 1.1.2 107.00 NOTE
r-oldrel-windows-x86_64 1.1.2 118.00 147.00 265.00 OK

Check Details

Version: 1.1.2
Check: installed package size
Result: NOTE
     installed size is 5.1Mb
     sub-directories of 1Mb or more:
     libs 4.2Mb
Flavors: r-release-macos-arm64, r-release-macos-x86_64, r-oldrel-macos-arm64, r-oldrel-macos-x86_64