CRAN Package Check Results for Package qgraph

Last updated on 2014-12-18 21:47:16.

Flavor Version Tinstall Tcheck Ttotal Status Flags
r-devel-linux-x86_64-debian-clang 1.3 13.13 90.36 103.49 OK
r-devel-linux-x86_64-debian-gcc 1.3 13.05 88.34 101.38 OK
r-devel-linux-x86_64-fedora-clang 1.3 224.04 OK
r-devel-linux-x86_64-fedora-gcc 1.3 190.97 OK
r-devel-osx-x86_64-clang 1.3 180.64 OK
r-devel-windows-ix86+x86_64 1.3 35.00 168.00 203.00 NOTE
r-patched-linux-x86_64 1.3 14.74 90.18 104.92 OK
r-patched-solaris-sparc 1.3 1298.60 ERROR
r-patched-solaris-x86 1.3 284.10 OK
r-release-linux-ix86 1.3 15.60 105.40 121.00 OK
r-release-linux-x86_64 1.3 14.97 94.62 109.58 OK
r-release-osx-x86_64-mavericks 1.3 ERROR
r-release-osx-x86_64-snowleopard 1.3 OK
r-release-windows-ix86+x86_64 1.3 36.00 177.00 213.00 NOTE
r-oldrel-windows-ix86+x86_64 1.3 35.00 197.00 232.00 NOTE

Check Details

Version: 1.3
Check: package dependencies
Result: NOTE
    Package suggested but not available for checking: 'RSVGTipsDevice'
Flavors: r-devel-windows-ix86+x86_64, r-release-windows-ix86+x86_64, r-oldrel-windows-ix86+x86_64

Version: 1.3
Check: examples
Result: ERROR
    Running examples in ‘qgraph-Ex.R’ failed
    The error most likely occurred in:
    
    > ### Name: centrality_auto
    > ### Title: Automatic centrality statistics of graphs
    > ### Aliases: centrality_auto
    > ### Keywords: graphs centrality
    >
    > ### ** Examples
    >
    > set.seed(1)
    > adj <- matrix(sample(0:1,10^2,TRUE,prob=c(0.8,0.2)),nrow=10,ncol=10)
    > Q <- qgraph(adj)
    > centrality_auto(Q)
    
     *** caught segfault ***
    address 85000000, cause 'memory not mapped'
    
    Traceback:
     1: base::.Call(.NAME, ...)
     2: .Call("R_igraph_graph_adjacency", adjmatrix, as.numeric(mode), PACKAGE = "igraph")
     3: graph.adjacency.dense(adjmatrix, mode = mode, weighted = weighted, diag = diag)
     4: graph.adjacency(adjmatrix = abs(1/x), mode = ifelse(directed.gr, "directed", "undirected"), weighted = (if (weighted.gr) TRUE), diag = FALSE)
     5: centrality_auto(Q)
    aborting ...
Flavor: r-patched-solaris-sparc

Version: 1.3
Check: package dependencies
Result: ERROR
    Package required but not available: ‘sendplot’
    
    See the information on DESCRIPTION files in the chapter ‘Creating R
    packages’ of the ‘Writing R Extensions’ manual.
Flavor: r-release-osx-x86_64-mavericks