CRAN Package Check Results for Package qgraph

Last updated on 2014-10-25 15:48:33.

Flavor Version Tinstall Tcheck Ttotal Status Flags
r-devel-linux-x86_64-debian-clang 1.2.5 12.94 83.52 96.46 NOTE
r-devel-linux-x86_64-debian-gcc 1.2.5 12.22 84.92 97.14 NOTE
r-devel-linux-x86_64-fedora-clang 1.2.5 211.71 NOTE
r-devel-linux-x86_64-fedora-gcc 1.2.5 194.40 NOTE
r-devel-osx-x86_64-clang 1.2.5 171.68 NOTE
r-devel-windows-ix86+x86_64 1.2.5 27.00 147.00 174.00 NOTE
r-patched-linux-x86_64 1.2.5 13.77 86.47 100.24 NOTE
r-patched-solaris-sparc 1.2.5 1269.60 ERROR
r-patched-solaris-x86 1.2.5 269.90 NOTE
r-release-linux-ix86 1.2.5 15.27 103.75 119.02 OK
r-release-linux-x86_64 1.2.5 13.10 86.68 99.78 OK
r-release-osx-x86_64-mavericks 1.2.5 OK
r-release-osx-x86_64-snowleopard 1.2.5 OK
r-release-windows-ix86+x86_64 1.2.5 34.00 166.00 200.00 NOTE
r-oldrel-windows-ix86+x86_64 1.2.5 31.00 169.00 200.00 NOTE

Check Details

Version: 1.2.5
Check: R code for possible problems
Result: NOTE
    plot.qgraph: no visible global function definition for ‘devSVGTips’
    plot.qgraph: no visible global function definition for
     ‘setSVGShapeToolTip’
    qgraph: no visible global function definition for ‘fdrtool’
    qgraph.loadings: no visible global function definition for ‘devSVGTips’
    qgraph.panel: no visible global function definition for ‘devSVGTips’
    qgraph.svg: no visible global function definition for ‘devSVGTips’
    qgraph.svg: no visible global function definition for
     ‘setSVGShapeToolTip’
    qgraph.svg: no visible global function definition for ‘setSVGShapeURL’
Flavors: r-devel-linux-x86_64-debian-clang, r-devel-linux-x86_64-debian-gcc, r-devel-linux-x86_64-fedora-clang, r-devel-linux-x86_64-fedora-gcc, r-devel-osx-x86_64-clang, r-devel-windows-ix86+x86_64, r-patched-linux-x86_64, r-patched-solaris-sparc, r-patched-solaris-x86

Version: 1.2.5
Check: package dependencies
Result: NOTE
    Package suggested but not available for checking: 'RSVGTipsDevice'
Flavors: r-devel-windows-ix86+x86_64, r-release-windows-ix86+x86_64, r-oldrel-windows-ix86+x86_64

Version: 1.2.5
Check: examples
Result: ERROR
    Running examples in ‘qgraph-Ex.R’ failed
    The error most likely occurred in:
    
    > ### Name: centrality_auto
    > ### Title: Automatic centrality statistics of graphs
    > ### Aliases: centrality_auto
    > ### Keywords: graphs centrality
    >
    > ### ** Examples
    >
    > set.seed(1)
    > adj <- matrix(sample(0:1,10^2,TRUE,prob=c(0.8,0.2)),nrow=10,ncol=10)
    > Q <- qgraph(adj)
    > centrality_auto(Q)
    
     *** caught segfault ***
    address 85000000, cause 'memory not mapped'
    
    Traceback:
     1: base::.Call(.NAME, ...)
     2: .Call("R_igraph_graph_adjacency", adjmatrix, as.numeric(mode), PACKAGE = "igraph")
     3: graph.adjacency.dense(adjmatrix, mode = mode, weighted = weighted, diag = diag)
     4: graph.adjacency(adjmatrix = abs(1/x), mode = ifelse(directed.gr, "directed", "undirected"), weighted = (if (weighted.gr) TRUE), diag = FALSE)
     5: centrality_auto(Q)
    aborting ...
Flavor: r-patched-solaris-sparc

Version: 1.2.5
Check: R code for possible problems
Result: NOTE
    plot.qgraph: no visible global function definition for 'devSVGTips'
    plot.qgraph: no visible global function definition for
     'setSVGShapeToolTip'
    qgraph.loadings: no visible global function definition for 'devSVGTips'
    qgraph.panel: no visible global function definition for 'devSVGTips'
    qgraph.svg: no visible global function definition for 'devSVGTips'
    qgraph.svg: no visible global function definition for
     'setSVGShapeToolTip'
    qgraph.svg: no visible global function definition for 'setSVGShapeURL'
Flavors: r-release-windows-ix86+x86_64, r-oldrel-windows-ix86+x86_64