CRAN Package Check Results for Package qgraph

Last updated on 2016-12-07 17:52:43.

Flavor Version Tinstall Tcheck Ttotal Status Flags
r-devel-linux-x86_64-debian-clang 1.4.1 14.97 89.41 104.37 OK
r-devel-linux-x86_64-debian-gcc 1.4.1 15.28 86.66 101.93 OK
r-devel-linux-x86_64-fedora-clang 1.4.1 215.49 OK --no-stop-on-test-error
r-devel-linux-x86_64-fedora-gcc 1.4.1 215.91 OK --no-stop-on-test-error
r-devel-macos-x86_64-clang 1.4.1 171.24 OK --no-stop-on-test-error
r-devel-windows-ix86+x86_64 1.4.1 47.00 269.00 316.00 WARN
r-patched-linux-x86_64 1.4.1 12.52 83.07 95.59 OK
r-patched-solaris-sparc 1.4.1 1060.50 ERROR
r-patched-solaris-x86 1.4.1 242.90 OK
r-release-linux-x86_64 1.4.1 11.74 83.13 94.87 OK
r-release-osx-x86_64-mavericks 1.4.1 OK
r-release-windows-ix86+x86_64 1.4.1 31.00 180.00 211.00 OK
r-oldrel-windows-ix86+x86_64 1.4.1 46.00 255.00 301.00 NOTE

Check Details

Version: 1.4.1
Check: Rd cross-references
Result: WARN
    Warning in gzfile(file, "rb") :
     cannot open compressed file 'd:/RCompile/CRANpkg/lib/3.4/boot/Meta/Rd.rds', probable reason 'Permission denied'
    Error in gzfile(file, "rb") : cannot open the connection
    Calls: <Anonymous> -> lapply -> FUN -> readRDS -> gzfile
    Execution halted
Flavor: r-devel-windows-ix86+x86_64

Version: 1.4.1
Check: examples
Result: ERROR
    Running examples in ‘qgraph-Ex.R’ failed
    The error most likely occurred in:
    
    > ### Name: centrality_auto
    > ### Title: Automatic centrality statistics of graphs
    > ### Aliases: centrality_auto
    > ### Keywords: graphs centrality
    >
    > ### ** Examples
    >
    > set.seed(1)
    > adj <- matrix(sample(0:1,10^2,TRUE,prob=c(0.8,0.2)),nrow=10,ncol=10)
    > Q <- qgraph(adj)
    > centrality_auto(Q)
    Node 1, Reach 9, Total 9
    Node 2, Reach 9, Total 18
    Node 3, Reach 1, Total 19
    Node 4, Reach 9, Total 28
    Node 5, Reach 9, Total 37
    Node 6, Reach 9, Total 46
    Node 7, Reach 9, Total 55
    Node 8, Reach 9, Total 64
    Node 9, Reach 10, Total 74
    Node 10, Reach 9, Total 83
    
     *** caught segfault ***
    address 86800000, cause 'memory not mapped'
    
    Traceback:
     1: base::.Call(.NAME, ...)
     2: .Call("R_igraph_graph_adjacency", adjmatrix, as.numeric(mode), PACKAGE = "igraph")
     3: graph.adjacency.dense(adjmatrix, mode = mode, weighted = weighted, diag = diag)
     4: graph.adjacency(adjmatrix = abs(1/x), mode = ifelse(directed.gr, "directed", "undirected"), weighted = (if (weighted.gr) TRUE), diag = FALSE)
     5: centrality_auto(Q)
    An irrecoverable exception occurred. R is aborting now ...
Flavor: r-patched-solaris-sparc

Version: 1.4.1
Check: package dependencies
Result: NOTE
    Package suggested but not available for checking: 'RSVGTipsDevice'
Flavor: r-oldrel-windows-ix86+x86_64