CRAN Package Check Results for Package qgraph

Last updated on 2015-04-26 23:46:56.

Flavor Version Tinstall Tcheck Ttotal Status Flags
r-devel-linux-x86_64-debian-clang 1.3.1 10.39 66.28 76.67 OK
r-devel-linux-x86_64-debian-gcc 1.3.1 10.48 66.09 76.57 OK
r-devel-linux-x86_64-fedora-clang 1.3.1 158.45 OK
r-devel-linux-x86_64-fedora-gcc 1.3.1 144.50 OK
r-devel-osx-x86_64-clang 1.3.1 124.94 OK
r-devel-windows-ix86+x86_64 1.3.1 26.00 121.00 147.00 NOTE
r-patched-linux-x86_64 1.3.1 10.18 66.12 76.30 OK
r-patched-solaris-sparc 1.3.1 1039.20 ERROR
r-patched-solaris-x86 1.3.1 197.00 OK
r-release-linux-x86_64 1.3.1 9.87 66.06 75.93 OK
r-release-osx-x86_64-mavericks 1.3.1 OK
r-release-osx-x86_64-snowleopard 1.3.1 ERROR
r-release-windows-ix86+x86_64 1.3.1 24.00 120.00 144.00 NOTE
r-oldrel-windows-ix86+x86_64 1.3.1 34.00 192.00 226.00 NOTE

Check Details

Version: 1.3.1
Check: package dependencies
Result: NOTE
    Package suggested but not available for checking: 'RSVGTipsDevice'
Flavors: r-devel-windows-ix86+x86_64, r-release-windows-ix86+x86_64, r-oldrel-windows-ix86+x86_64

Version: 1.3.1
Check: examples
Result: ERROR
    Running examples in ‘qgraph-Ex.R’ failed
    The error most likely occurred in:
    
    > ### Name: centrality_auto
    > ### Title: Automatic centrality statistics of graphs
    > ### Aliases: centrality_auto
    > ### Keywords: graphs centrality
    >
    > ### ** Examples
    >
    > set.seed(1)
    > adj <- matrix(sample(0:1,10^2,TRUE,prob=c(0.8,0.2)),nrow=10,ncol=10)
    > Q <- qgraph(adj)
    > centrality_auto(Q)
    
     *** caught segfault ***
    address 84c00000, cause 'memory not mapped'
    
    Traceback:
     1: base::.Call(.NAME, ...)
     2: .Call("R_igraph_graph_adjacency", adjmatrix, as.numeric(mode), PACKAGE = "igraph")
     3: graph.adjacency.dense(adjmatrix, mode = mode, weighted = weighted, diag = diag)
     4: graph.adjacency(adjmatrix = abs(1/x), mode = ifelse(directed.gr, "directed", "undirected"), weighted = (if (weighted.gr) TRUE), diag = FALSE)
     5: centrality_auto(Q)
    aborting ...
Flavor: r-patched-solaris-sparc

Version: 1.3.1
Check: package dependencies
Result: ERROR
    Packages required but not available:
     ‘Hmisc’ ‘igraph’ ‘ggplot2’ ‘huge’ ‘ggm’
    
    See section ‘The DESCRIPTION file’ in the ‘Writing R Extensions’
    manual.
Flavor: r-release-osx-x86_64-snowleopard