CRAN Package Check Results for Package qgraph

Last updated on 2014-04-23 07:55:05.

Flavor Version Tinstall Tcheck Ttotal Status Flags
r-devel-linux-x86_64-debian-clang 1.2.4 12.98 83.35 96.33 OK
r-devel-linux-x86_64-debian-gcc 1.2.4 12.26 81.62 93.88 OK
r-devel-linux-x86_64-fedora-clang 1.2.4 203.35 OK
r-devel-linux-x86_64-fedora-gcc 1.2.4 193.94 OK
r-devel-osx-x86_64-clang 1.2.4 165.27 OK
r-devel-osx-x86_64-gcc 1.2.4 ERROR
r-devel-windows-ix86+x86_64 1.2.4 26.00 148.00 174.00 NOTE
r-patched-linux-x86_64 1.2.4 12.74 81.85 94.59 OK
r-patched-solaris-sparc 1.2.4 1220.50 OK
r-patched-solaris-x86 1.2.4 241.90 OK
r-release-linux-ix86 1.2.4 17.00 128.00 145.00 OK
r-release-linux-x86_64 1.2.4 12.32 81.49 93.81 OK
r-release-osx-x86_64-mavericks 1.2.4 WARN
r-release-osx-x86_64-snowleopard 1.2.4 OK
r-release-windows-ix86+x86_64 1.2.4 26.00 149.00 175.00 NOTE
r-oldrel-windows-ix86+x86_64 1.2.4 27.00 162.00 189.00 NOTE

Check Details

Version: 1.2.4
Check: package dependencies
Result: ERROR
    Packages required but not available: ‘Hmisc’ ‘igraph’ ‘BDgraph’
    
    See the information on DESCRIPTION files in the chapter ‘Creating R
    packages’ of the ‘Writing R Extensions’ manual.
Flavor: r-devel-osx-x86_64-gcc

Version: 1.2.4
Check: package dependencies
Result: NOTE
    Package suggested but not available for checking: 'RSVGTipsDevice'
Flavors: r-devel-windows-ix86+x86_64, r-release-windows-ix86+x86_64, r-oldrel-windows-ix86+x86_64

Version: 1.2.4
Check: R code for possible problems
Result: NOTE
    plot.qgraph: no visible global function definition for 'devSVGTips'
    plot.qgraph: no visible global function definition for
     'setSVGShapeToolTip'
    qgraph.loadings: no visible global function definition for 'devSVGTips'
    qgraph.panel: no visible global function definition for 'devSVGTips'
    qgraph.svg: no visible global function definition for 'devSVGTips'
    qgraph.svg: no visible global function definition for
     'setSVGShapeToolTip'
    qgraph.svg: no visible global function definition for 'setSVGShapeURL'
Flavors: r-devel-windows-ix86+x86_64, r-release-windows-ix86+x86_64, r-oldrel-windows-ix86+x86_64

Version: 1.2.4
Check: PDF version of manual
Result: WARNING
    LaTeX errors when creating PDF version.
    This typically indicates Rd problems.
    LaTeX errors found:
    ! LaTeX Error: File `upquote.sty' not found.
    
    Type X to quit or <RETURN> to proceed,
    or enter new name. (Default extension: sty)
    
    6244dc67/Rd2.tex:8: ==> Fatal error occurred, no output PDF file produced!
Flavor: r-release-osx-x86_64-mavericks