CRAN Package Check Results for Package qgraph

Last updated on 2016-08-29 06:47:19.

Flavor Version Tinstall Tcheck Ttotal Status Flags
r-devel-linux-x86_64-debian-clang 1.3.4 12.99 80.87 93.86 OK
r-devel-linux-x86_64-debian-gcc 1.3.4 12.37 78.71 91.09 OK
r-devel-linux-x86_64-fedora-clang 1.3.4 176.67 OK
r-devel-linux-x86_64-fedora-gcc 1.3.4 172.09 OK
r-devel-osx-x86_64-clang 1.3.4 144.25 OK
r-devel-windows-ix86+x86_64 1.3.4 41.00 217.00 258.00 OK
r-patched-linux-x86_64 1.3.4 11.12 78.74 89.86 OK
r-patched-solaris-sparc 1.3.4 1008.80 ERROR
r-patched-solaris-x86 1.3.4 224.00 OK
r-release-linux-x86_64 1.3.4 11.64 78.03 89.67 OK
r-release-osx-x86_64-mavericks 1.3.4 OK
r-release-windows-ix86+x86_64 1.3.4 43.00 216.00 259.00 OK
r-oldrel-windows-ix86+x86_64 1.3.4 44.00 210.00 254.00 NOTE

Check Details

Version: 1.3.4
Check: examples
Result: ERROR
    Running examples in ‘qgraph-Ex.R’ failed
    The error most likely occurred in:
    
    > ### Name: centrality_auto
    > ### Title: Automatic centrality statistics of graphs
    > ### Aliases: centrality_auto
    > ### Keywords: graphs centrality
    >
    > ### ** Examples
    >
    > set.seed(1)
    > adj <- matrix(sample(0:1,10^2,TRUE,prob=c(0.8,0.2)),nrow=10,ncol=10)
    > Q <- qgraph(adj)
    > centrality_auto(Q)
    
     *** caught segfault ***
    address 86800000, cause 'memory not mapped'
    
    Traceback:
     1: base::.Call(.NAME, ...)
     2: .Call("R_igraph_graph_adjacency", adjmatrix, as.numeric(mode), PACKAGE = "igraph")
     3: graph.adjacency.dense(adjmatrix, mode = mode, weighted = weighted, diag = diag)
     4: graph.adjacency(adjmatrix = abs(1/x), mode = ifelse(directed.gr, "directed", "undirected"), weighted = (if (weighted.gr) TRUE), diag = FALSE)
     5: centrality_auto(Q)
    An irrecoverable exception occurred. R is aborting now ...
Flavor: r-patched-solaris-sparc

Version: 1.3.4
Check: package dependencies
Result: NOTE
    Package suggested but not available for checking: 'RSVGTipsDevice'
Flavor: r-oldrel-windows-ix86+x86_64