CRAN Package Check Results for Package qgraph

Last updated on 2015-01-26 01:48:53.

Flavor Version Tinstall Tcheck Ttotal Status Flags
r-devel-linux-x86_64-debian-clang 1.3 11.09 71.64 82.74 OK
r-devel-linux-x86_64-debian-gcc 1.3 12.33 87.51 99.84 OK
r-devel-linux-x86_64-fedora-clang 1.3 221.70 OK
r-devel-linux-x86_64-fedora-gcc 1.3 220.18 OK
r-devel-osx-x86_64-clang 1.3 179.15 OK
r-devel-windows-ix86+x86_64 1.3 31.00 130.00 161.00 NOTE
r-patched-linux-x86_64 1.3 16.59 92.54 109.13 OK
r-patched-solaris-sparc 1.3 1395.30 ERROR
r-patched-solaris-x86 1.3 290.70 OK
r-release-linux-ix86 1.3 15.62 106.29 121.91 OK
r-release-linux-x86_64 1.3 19.86 95.34 115.20 OK
r-release-osx-x86_64-mavericks 1.3 OK
r-release-osx-x86_64-snowleopard 1.3 OK
r-release-windows-ix86+x86_64 1.3 40.00 203.00 243.00 NOTE
r-oldrel-windows-ix86+x86_64 1.3 36.00 199.00 235.00 NOTE

Check Details

Version: 1.3
Check: package dependencies
Result: NOTE
    Package suggested but not available for checking: 'RSVGTipsDevice'
Flavors: r-devel-windows-ix86+x86_64, r-release-windows-ix86+x86_64, r-oldrel-windows-ix86+x86_64

Version: 1.3
Check: examples
Result: ERROR
    Running examples in ‘qgraph-Ex.R’ failed
    The error most likely occurred in:
    
    > ### Name: centrality_auto
    > ### Title: Automatic centrality statistics of graphs
    > ### Aliases: centrality_auto
    > ### Keywords: graphs centrality
    >
    > ### ** Examples
    >
    > set.seed(1)
    > adj <- matrix(sample(0:1,10^2,TRUE,prob=c(0.8,0.2)),nrow=10,ncol=10)
    > Q <- qgraph(adj)
    > centrality_auto(Q)
    
     *** caught segfault ***
    address 85000000, cause 'memory not mapped'
    
    Traceback:
     1: base::.Call(.NAME, ...)
     2: .Call("R_igraph_graph_adjacency", adjmatrix, as.numeric(mode), PACKAGE = "igraph")
     3: graph.adjacency.dense(adjmatrix, mode = mode, weighted = weighted, diag = diag)
     4: graph.adjacency(adjmatrix = abs(1/x), mode = ifelse(directed.gr, "directed", "undirected"), weighted = (if (weighted.gr) TRUE), diag = FALSE)
     5: centrality_auto(Q)
    aborting ...
Flavor: r-patched-solaris-sparc