CRAN Package Check Results for Package qgraph

Last updated on 2014-07-29 22:47:01.

Flavor Version Tinstall Tcheck Ttotal Status Flags
r-devel-linux-x86_64-debian-clang 1.2.5 12.51 83.52 96.03 OK
r-devel-linux-x86_64-debian-gcc 1.2.5 12.36 81.46 93.83 OK
r-devel-linux-x86_64-fedora-clang 1.2.5 213.97 OK
r-devel-linux-x86_64-fedora-gcc 1.2.5 201.32 OK
r-devel-osx-x86_64-clang 1.2.5 164.68 OK
r-devel-windows-ix86+x86_64 1.2.5 29.00 151.00 180.00 NOTE
r-patched-linux-x86_64 1.2.5 12.78 83.42 96.19 OK
r-patched-solaris-sparc 1.2.5 1098.20 OK
r-patched-solaris-x86 1.2.5 257.70 OK
r-release-linux-ix86 1.2.5 14.66 100.80 115.46 OK
r-release-linux-x86_64 1.2.5 12.93 84.14 97.07 OK
r-release-osx-x86_64-mavericks 1.2.5 OK
r-release-osx-x86_64-snowleopard 1.2.5 OK
r-release-windows-ix86+x86_64 1.2.5 30.00 155.00 185.00 NOTE
r-oldrel-windows-ix86+x86_64 1.2.5 28.00 158.00 186.00 NOTE

Check Details

Version: 1.2.5
Check: package dependencies
Result: NOTE
    Package suggested but not available for checking: 'RSVGTipsDevice'
Flavors: r-devel-windows-ix86+x86_64, r-release-windows-ix86+x86_64, r-oldrel-windows-ix86+x86_64

Version: 1.2.5
Check: R code for possible problems
Result: NOTE
    plot.qgraph: no visible global function definition for 'devSVGTips'
    plot.qgraph: no visible global function definition for
     'setSVGShapeToolTip'
    qgraph.loadings: no visible global function definition for 'devSVGTips'
    qgraph.panel: no visible global function definition for 'devSVGTips'
    qgraph.svg: no visible global function definition for 'devSVGTips'
    qgraph.svg: no visible global function definition for
     'setSVGShapeToolTip'
    qgraph.svg: no visible global function definition for 'setSVGShapeURL'
Flavors: r-devel-windows-ix86+x86_64, r-release-windows-ix86+x86_64, r-oldrel-windows-ix86+x86_64