CRAN Package Check Results for Package qgraph

Last updated on 2017-04-24 18:47:35.

Flavor Version Tinstall Tcheck Ttotal Status Flags
r-devel-linux-x86_64-debian-clang 1.4.3 14.72 88.50 103.22 OK
r-devel-linux-x86_64-debian-gcc 1.4.3 14.53 88.01 102.54 OK
r-devel-linux-x86_64-fedora-clang 1.4.3 222.25 OK --no-stop-on-test-error
r-devel-linux-x86_64-fedora-gcc 1.4.3 209.48 OK --no-stop-on-test-error
r-devel-windows-ix86+x86_64 1.4.3 OK
r-patched-linux-x86_64 1.4.3 13.55 86.97 100.52 OK
r-patched-solaris-sparc 1.4.3 1152.20 ERROR
r-patched-solaris-x86 1.4.3 264.80 OK
r-release-linux-x86_64 1.4.3 13.81 88.60 102.41 OK
r-release-windows-ix86+x86_64 1.4.3 37.00 180.00 217.00 OK
r-release-osx-x86_64 1.4.3 OK
r-oldrel-windows-ix86+x86_64 1.4.3 32.00 168.00 200.00 OK
r-oldrel-osx-x86_64 1.4.3 OK

Check Details

Version: 1.4.3
Check: examples
Result: ERROR
    Running examples in ‘qgraph-Ex.R’ failed
    The error most likely occurred in:
    
    > ### Name: centrality_auto
    > ### Title: Automatic centrality statistics of graphs
    > ### Aliases: centrality_auto
    > ### Keywords: graphs centrality
    >
    > ### ** Examples
    >
    > set.seed(1)
    > adj <- matrix(sample(0:1,10^2,TRUE,prob=c(0.8,0.2)),nrow=10,ncol=10)
    > Q <- qgraph(adj)
    > centrality_auto(Q)
    
     *** caught segfault ***
    address 88400000, cause 'memory not mapped'
    
    Traceback:
     1: base::.Call(.NAME, ...)
     2: .Call("R_igraph_graph_adjacency", adjmatrix, as.numeric(mode), PACKAGE = "igraph")
     3: graph.adjacency.dense(adjmatrix, mode = mode, weighted = weighted, diag = diag)
     4: graph.adjacency(adjmatrix = abs(1/x), mode = ifelse(directed.gr, "directed", "undirected"), weighted = (if (weighted.gr) TRUE), diag = FALSE)
     5: centrality_auto(Q)
    An irrecoverable exception occurred. R is aborting now ...
Flavor: r-patched-solaris-sparc