CRAN Package Check Results for Package qgraph

Last updated on 2016-09-25 20:47:29.

Flavor Version Tinstall Tcheck Ttotal Status Flags
r-devel-linux-x86_64-debian-clang 1.3.5 11.01 74.27 85.28 OK
r-devel-linux-x86_64-debian-gcc 1.3.5 11.15 73.41 84.56 OK
r-devel-linux-x86_64-fedora-clang 1.3.5 176.61 OK
r-devel-linux-x86_64-fedora-gcc 1.3.5 166.03 OK
r-devel-macos-x86_64-clang 1.3.5 136.91 OK
r-devel-windows-ix86+x86_64 1.3.5 30.00 199.00 229.00 OK
r-patched-linux-x86_64 1.3.5 11.69 73.33 85.02 OK
r-patched-solaris-sparc 1.3.5 1018.90 ERROR
r-patched-solaris-x86 1.3.5 224.10 OK
r-release-linux-x86_64 1.3.5 11.73 75.14 86.87 OK
r-release-osx-x86_64-mavericks 1.3.5 OK
r-release-windows-ix86+x86_64 1.3.5 29.00 147.00 176.00 OK
r-oldrel-windows-ix86+x86_64 1.3.5 46.00 218.00 264.00 NOTE

Check Details

Version: 1.3.5
Check: examples
Result: ERROR
    Running examples in ‘qgraph-Ex.R’ failed
    The error most likely occurred in:
    
    > ### Name: centrality_auto
    > ### Title: Automatic centrality statistics of graphs
    > ### Aliases: centrality_auto
    > ### Keywords: graphs centrality
    >
    > ### ** Examples
    >
    > set.seed(1)
    > adj <- matrix(sample(0:1,10^2,TRUE,prob=c(0.8,0.2)),nrow=10,ncol=10)
    > Q <- qgraph(adj)
    > centrality_auto(Q)
    Node 1, Reach 9, Total 9
    Node 2, Reach 9, Total 18
    Node 3, Reach 1, Total 19
    Node 4, Reach 9, Total 28
    Node 5, Reach 9, Total 37
    Node 6, Reach 9, Total 46
    Node 7, Reach 9, Total 55
    Node 8, Reach 9, Total 64
    Node 9, Reach 10, Total 74
    Node 10, Reach 9, Total 83
    
     *** caught segfault ***
    address 86800000, cause 'memory not mapped'
    
    Traceback:
     1: base::.Call(.NAME, ...)
     2: .Call("R_igraph_graph_adjacency", adjmatrix, as.numeric(mode), PACKAGE = "igraph")
     3: graph.adjacency.dense(adjmatrix, mode = mode, weighted = weighted, diag = diag)
     4: graph.adjacency(adjmatrix = abs(1/x), mode = ifelse(directed.gr, "directed", "undirected"), weighted = (if (weighted.gr) TRUE), diag = FALSE)
     5: centrality_auto(Q)
    An irrecoverable exception occurred. R is aborting now ...
Flavor: r-patched-solaris-sparc

Version: 1.3.5
Check: package dependencies
Result: NOTE
    Package suggested but not available for checking: 'RSVGTipsDevice'
Flavor: r-oldrel-windows-ix86+x86_64