CRAN Package Check Results for Package qgraph

Last updated on 2017-03-25 17:49:47.

Flavor Version Tinstall Tcheck Ttotal Status Flags
r-devel-linux-x86_64-debian-clang 1.4.2 14.89 90.70 105.58 NOTE
r-devel-linux-x86_64-debian-gcc 1.4.2 13.81 86.75 100.56 NOTE
r-devel-linux-x86_64-fedora-clang 1.4.2 214.05 NOTE --no-stop-on-test-error
r-devel-linux-x86_64-fedora-gcc 1.4.2 205.52 NOTE --no-stop-on-test-error
r-devel-macos-x86_64-clang 1.4.2 164.81 NOTE --no-stop-on-test-error
r-patched-linux-x86_64 1.4.2 13.95 86.05 100.00 NOTE
r-patched-solaris-sparc 1.4.2 1191.90 ERROR
r-patched-solaris-x86 1.4.2 271.60 OK
r-release-linux-x86_64 1.4.2 12.42 84.29 96.71 OK
r-release-osx-x86_64-mavericks 1.4.2 OK
r-release-windows-ix86+x86_64 1.4.2 44.00 168.00 212.00 OK
r-oldrel-windows-ix86+x86_64 1.4.2 30.00 208.00 238.00 NOTE

Check Details

Version: 1.4.2
Check: compiled code
Result: NOTE
    File ‘qgraph/libs/qgraph.so’:
     Found no calls to: ‘R_registerRoutines’, ‘R_useDynamicSymbols’
    
    It is good practice to register native routines and to disable symbol
    search.
    
    See ‘Writing portable packages’ in the ‘Writing R Extensions’ manual.
Flavors: r-devel-linux-x86_64-debian-clang, r-devel-linux-x86_64-debian-gcc, r-patched-linux-x86_64

Version: 1.4.2
Flags: --no-stop-on-test-error
Check: compiled code
Result: NOTE
    File ‘qgraph/libs/qgraph.so’:
     Found no calls to: ‘R_registerRoutines’, ‘R_useDynamicSymbols’
    
    It is good practice to register native routines and to disable symbol
    search.
    
    See ‘Writing portable packages’ in the ‘Writing R Extensions’ manual.
Flavors: r-devel-linux-x86_64-fedora-clang, r-devel-linux-x86_64-fedora-gcc, r-devel-macos-x86_64-clang

Version: 1.4.2
Check: examples
Result: ERROR
    Running examples in ‘qgraph-Ex.R’ failed
    The error most likely occurred in:
    
    > ### Name: centrality_auto
    > ### Title: Automatic centrality statistics of graphs
    > ### Aliases: centrality_auto
    > ### Keywords: graphs centrality
    >
    > ### ** Examples
    >
    > set.seed(1)
    > adj <- matrix(sample(0:1,10^2,TRUE,prob=c(0.8,0.2)),nrow=10,ncol=10)
    > Q <- qgraph(adj)
    > centrality_auto(Q)
    
     *** caught segfault ***
    address 88400000, cause 'memory not mapped'
    
    Traceback:
     1: base::.Call(.NAME, ...)
     2: .Call("R_igraph_graph_adjacency", adjmatrix, as.numeric(mode), PACKAGE = "igraph")
     3: graph.adjacency.dense(adjmatrix, mode = mode, weighted = weighted, diag = diag)
     4: graph.adjacency(adjmatrix = abs(1/x), mode = ifelse(directed.gr, "directed", "undirected"), weighted = (if (weighted.gr) TRUE), diag = FALSE)
     5: centrality_auto(Q)
    An irrecoverable exception occurred. R is aborting now ...
Flavor: r-patched-solaris-sparc

Version: 1.4.2
Check: package dependencies
Result: NOTE
    Package suggested but not available for checking: 'RSVGTipsDevice'
Flavor: r-oldrel-windows-ix86+x86_64