CRAN Package Check Results for Package qgraph

Last updated on 2016-07-30 20:49:51.

Flavor Version Tinstall Tcheck Ttotal Status Flags
r-devel-linux-x86_64-debian-clang 1.3.4 12.21 80.87 93.07 OK
r-devel-linux-x86_64-debian-gcc 1.3.4 11.38 78.78 90.16 OK
r-devel-linux-x86_64-fedora-clang 1.3.4 180.49 OK
r-devel-linux-x86_64-fedora-gcc 1.3.4 170.49 OK
r-devel-osx-x86_64-clang 1.3.4 141.25 OK
r-devel-windows-ix86+x86_64 1.3.4 28.00 171.00 199.00 OK
r-patched-linux-x86_64 1.3.4 11.44 77.42 88.86 OK
r-patched-solaris-sparc 1.3.4 1008.80 ERROR
r-patched-solaris-x86 1.3.4 217.70 OK
r-release-linux-x86_64 1.3.4 13.49 84.86 98.35 OK
r-release-osx-x86_64-mavericks 1.3.4 OK
r-release-windows-ix86+x86_64 1.3.4 39.00 218.00 257.00 OK
r-oldrel-windows-ix86+x86_64 1.3.4 41.00 179.00 220.00 NOTE

Check Details

Version: 1.3.4
Check: examples
Result: ERROR
    Running examples in ‘qgraph-Ex.R’ failed
    The error most likely occurred in:
    
    > ### Name: centrality_auto
    > ### Title: Automatic centrality statistics of graphs
    > ### Aliases: centrality_auto
    > ### Keywords: graphs centrality
    >
    > ### ** Examples
    >
    > set.seed(1)
    > adj <- matrix(sample(0:1,10^2,TRUE,prob=c(0.8,0.2)),nrow=10,ncol=10)
    > Q <- qgraph(adj)
    > centrality_auto(Q)
    
     *** caught segfault ***
    address 86800000, cause 'memory not mapped'
    
    Traceback:
     1: base::.Call(.NAME, ...)
     2: .Call("R_igraph_graph_adjacency", adjmatrix, as.numeric(mode), PACKAGE = "igraph")
     3: graph.adjacency.dense(adjmatrix, mode = mode, weighted = weighted, diag = diag)
     4: graph.adjacency(adjmatrix = abs(1/x), mode = ifelse(directed.gr, "directed", "undirected"), weighted = (if (weighted.gr) TRUE), diag = FALSE)
     5: centrality_auto(Q)
    An irrecoverable exception occurred. R is aborting now ...
Flavor: r-patched-solaris-sparc

Version: 1.3.4
Check: package dependencies
Result: NOTE
    Package suggested but not available for checking: 'RSVGTipsDevice'
Flavor: r-oldrel-windows-ix86+x86_64