CRAN Package Check Results for Package qlcMatrix

Last updated on 2020-01-21 08:48:14 CET.

Flavor Version Tinstall Tcheck Ttotal Status Flags
r-devel-linux-x86_64-debian-clang 0.9.7 7.57 105.02 112.59 OK
r-devel-linux-x86_64-debian-gcc 0.9.7 7.52 79.54 87.06 OK
r-devel-linux-x86_64-fedora-clang 0.9.7 130.11 NOTE
r-devel-linux-x86_64-fedora-gcc 0.9.7 128.53 NOTE
r-devel-windows-ix86+x86_64 0.9.7 22.00 151.00 173.00 OK
r-devel-windows-ix86+x86_64-gcc8 0.9.7 17.00 153.00 170.00 OK
r-patched-linux-x86_64 0.9.7 7.75 91.61 99.36 OK
r-patched-solaris-x86 0.9.7 193.40 NOTE
r-release-linux-x86_64 0.9.7 8.42 89.64 98.06 OK
r-release-windows-ix86+x86_64 0.9.7 16.00 122.00 138.00 OK
r-release-osx-x86_64 0.9.7 NOTE
r-oldrel-windows-ix86+x86_64 0.9.7 9.00 101.00 110.00 OK
r-oldrel-osx-x86_64 0.9.7 NOTE

Check Details

Version: 0.9.7
Check: data for non-ASCII characters
Result: NOTE
     Note: found 76102 marked UTF-8 strings
Flavors: r-devel-linux-x86_64-fedora-clang, r-devel-linux-x86_64-fedora-gcc, r-patched-solaris-x86, r-release-osx-x86_64, r-oldrel-osx-x86_64