Last updated on 2021-02-27 07:53:56 CET.
Flavor | Version | Tinstall | Tcheck | Ttotal | Status | Flags |
---|---|---|---|---|---|---|
r-devel-linux-x86_64-debian-clang | 0.9.7 | 10.49 | 110.07 | 120.56 | OK | |
r-devel-linux-x86_64-debian-gcc | 0.9.7 | 6.97 | 84.10 | 91.07 | OK | |
r-devel-linux-x86_64-fedora-clang | 0.9.7 | 147.76 | NOTE | |||
r-devel-linux-x86_64-fedora-gcc | 0.9.7 | 137.67 | NOTE | |||
r-devel-windows-ix86+x86_64 | 0.9.7 | 13.00 | 98.00 | 111.00 | OK | |
r-patched-linux-x86_64 | 0.9.7 | 8.47 | 99.89 | 108.36 | OK | |
r-patched-solaris-x86 | 0.9.7 | 210.70 | NOTE | |||
r-release-linux-x86_64 | 0.9.7 | 9.29 | 99.34 | 108.63 | OK | |
r-release-macos-x86_64 | 0.9.7 | NOTE | ||||
r-release-windows-ix86+x86_64 | 0.9.7 | 25.00 | 138.00 | 163.00 | OK | |
r-oldrel-macos-x86_64 | 0.9.7 | NOTE | ||||
r-oldrel-windows-ix86+x86_64 | 0.9.7 | 12.00 | 132.00 | 144.00 | OK |
Version: 0.9.7
Check: data for non-ASCII characters
Result: NOTE
Note: found 76102 marked UTF-8 strings
Flavors: r-devel-linux-x86_64-fedora-clang, r-devel-linux-x86_64-fedora-gcc, r-patched-solaris-x86, r-release-macos-x86_64, r-oldrel-macos-x86_64