CRAN Package Check Results for Package qlcMatrix

Last updated on 2019-08-24 11:46:56 CEST.

Flavor Version Tinstall Tcheck Ttotal Status Flags
r-devel-linux-x86_64-debian-clang 0.9.7 7.71 93.89 101.60 OK
r-devel-linux-x86_64-debian-gcc 0.9.7 6.71 75.63 82.34 OK
r-devel-linux-x86_64-fedora-clang 0.9.7 119.56 NOTE
r-devel-linux-x86_64-fedora-gcc 0.9.7 120.55 NOTE
r-devel-windows-ix86+x86_64 0.9.7 14.00 150.00 164.00 OK
r-patched-linux-x86_64 0.9.7 8.10 90.57 98.67 OK
r-patched-solaris-x86 0.9.7 199.80 NOTE
r-release-linux-x86_64 0.9.7 7.73 90.44 98.17 OK
r-release-windows-ix86+x86_64 0.9.7 21.00 134.00 155.00 OK
r-release-osx-x86_64 0.9.7 NOTE
r-oldrel-windows-ix86+x86_64 0.9.7 12.00 137.00 149.00 OK
r-oldrel-osx-x86_64 0.9.7 NOTE

Check Details

Version: 0.9.7
Check: data for non-ASCII characters
Result: NOTE
     Note: found 76102 marked UTF-8 strings
Flavors: r-devel-linux-x86_64-fedora-clang, r-devel-linux-x86_64-fedora-gcc, r-patched-solaris-x86, r-release-osx-x86_64, r-oldrel-osx-x86_64