CRAN Package Check Results for Package qmap

Last updated on 2014-04-24 07:52:34.

Flavor Version Tinstall Tcheck Ttotal Status Flags
r-devel-linux-x86_64-debian-clang 1.0-2 0.96 23.74 24.70 OK
r-devel-linux-x86_64-debian-gcc 1.0-2 1.04 23.97 25.01 OK
r-devel-linux-x86_64-fedora-clang 1.0-2 47.63 OK
r-devel-linux-x86_64-fedora-gcc 1.0-2 46.83 OK
r-devel-osx-x86_64-clang 1.0-2 45.07 OK
r-devel-osx-x86_64-gcc 1.0-2 OK
r-devel-windows-ix86+x86_64 1.0-2 3.00 37.00 40.00 OK
r-patched-linux-x86_64 1.0-2 1.05 23.49 24.54 OK
r-patched-solaris-sparc 1.0-2 307.00 OK
r-patched-solaris-x86 1.0-2 62.00 OK
r-release-linux-ix86 1.0-2 2.00 44.00 46.00 OK
r-release-linux-x86_64 1.0-2 0.94 23.78 24.72 OK
r-release-osx-x86_64-mavericks 1.0-2 WARN
r-release-osx-x86_64-snowleopard 1.0-2 OK
r-release-windows-ix86+x86_64 1.0-2 3.00 40.00 43.00 OK
r-oldrel-windows-ix86+x86_64 1.0-2 4.00 39.00 43.00 OK

Check Details

Version: 1.0-2
Check: PDF version of manual
Result: WARNING
    LaTeX errors when creating PDF version.
    This typically indicates Rd problems.
    LaTeX errors found:
    ! LaTeX Error: File `upquote.sty' not found.
    
    Type X to quit or <RETURN> to proceed,
    or enter new name. (Default extension: sty)
    
    bf5a5ba/Rd2.tex:8: ==> Fatal error occurred, no output PDF file produced!
Flavor: r-release-osx-x86_64-mavericks