CRAN Package Check Results for Package qmap

Last updated on 2015-09-04 11:47:47.

Flavor Version Tinstall Tcheck Ttotal Status Flags
r-devel-linux-x86_64-debian-clang 1.0-3 0.76 20.74 21.50 NOTE
r-devel-linux-x86_64-debian-gcc 1.0-3 0.75 21.54 22.29 NOTE
r-devel-linux-x86_64-fedora-clang 1.0-3 40.08 NOTE
r-devel-linux-x86_64-fedora-gcc 1.0-3 37.77 NOTE
r-devel-osx-x86_64-clang 1.0-3 35.93 NOTE
r-devel-windows-ix86+x86_64 1.0-3 3.00 52.00 55.00 NOTE
r-patched-linux-x86_64 1.0-3 0.79 21.32 22.12 NOTE
r-patched-solaris-sparc 1.0-3 317.40 NOTE
r-patched-solaris-x86 1.0-3 61.10 NOTE
r-release-linux-x86_64 1.0-3 0.80 21.46 22.27 NOTE
r-release-osx-x86_64-mavericks 1.0-3 OK
r-release-windows-ix86+x86_64 1.0-3 4.00 37.00 41.00 OK
r-oldrel-windows-ix86+x86_64 1.0-3 5.00 44.00 49.00 OK

Check Details

Version: 1.0-3
Check: S3 generic/method consistency
Result: NOTE
    Found the following apparent S3 methods exported but not registered:
     doQmapDIST.data.frame doQmapDIST.default doQmapDIST.matrix
     doQmapPTF.data.frame doQmapPTF.default doQmapPTF.matrix
     doQmapQUANT.data.frame doQmapQUANT.default doQmapQUANT.matrix
     doQmapRQUANT.data.frame doQmapRQUANT.default doQmapRQUANT.matrix
     doQmapSSPLIN.data.frame doQmapSSPLIN.default doQmapSSPLIN.matrix
     fitQmapDIST.data.frame fitQmapDIST.default fitQmapDIST.matrix
     fitQmapPTF.data.frame fitQmapPTF.default fitQmapPTF.matrix
     fitQmapQUANT.data.frame fitQmapQUANT.default fitQmapQUANT.matrix
     fitQmapRQUANT.data.frame fitQmapRQUANT.default fitQmapRQUANT.matrix
     fitQmapSSPLIN.data.frame fitQmapSSPLIN.default fitQmapSSPLIN.matrix
    See section ‘Registering S3 methods’ in the ‘Writing R Extensions’
    manual.
Flavors: r-devel-linux-x86_64-debian-clang, r-devel-linux-x86_64-debian-gcc, r-devel-linux-x86_64-fedora-clang, r-devel-linux-x86_64-fedora-gcc, r-devel-osx-x86_64-clang, r-patched-linux-x86_64, r-patched-solaris-sparc, r-patched-solaris-x86, r-release-linux-x86_64

Version: 1.0-3
Check: R code for possible problems
Result: NOTE
    dbernexp: no visible global function definition for ‘dexp’
    dberngamma: no visible global function definition for ‘dgamma’
    dbernlnorm: no visible global function definition for ‘dlnorm’
    dbernweibull: no visible global function definition for ‘dweibull’
    doQmapQUANT.default: no visible global function definition for ‘approx’
    doQmapQUANT.default: no visible global function definition for
     ‘splinefun’
    doQmapRQUANT.default: no visible global function definition for
     ‘approx’
    doQmapRQUANT.default: no visible global function definition for
     ‘splinefun’
    doQmapSSPLIN.default: no visible global function definition for
     ‘predict’
    fitQmapDIST.default: no visible global function definition for
     ‘na.omit’
    fitQmapDIST.default: no visible global function definition for
     ‘quantile’
    fitQmapPTF.default: no visible global function definition for ‘na.omit’
    fitQmapPTF.default: no visible global function definition for
     ‘quantile’
    fitQmapPTF.default: no visible global function definition for ‘coef’
    fitQmapPTF.default: no visible global function definition for ‘lm’
    fitQmapPTF.default: no visible binding for global variable ‘optim’
    fitQmapQUANT.default: no visible global function definition for
     ‘na.omit’
    fitQmapQUANT.default: no visible global function definition for
     ‘quantile’
    fitQmapQUANT.default: no visible binding for global variable ‘quantile’
    fitQmapRQUANT.default: no visible global function definition for
     ‘na.omit’
    fitQmapRQUANT.default: no visible global function definition for
     ‘quantile’
    fitQmapSSPLIN.default: no visible global function definition for
     ‘na.omit’
    fitQmapSSPLIN.default: no visible global function definition for
     ‘quantile’
    fitQmapSSPLIN.default: no visible binding for global variable
     ‘smooth.spline’
    pbernexp: no visible global function definition for ‘pexp’
    pberngamma: no visible global function definition for ‘pgamma’
    pbernlnorm: no visible global function definition for ‘plnorm’
    pbernweibull: no visible global function definition for ‘pweibull’
    qbernexp: no visible global function definition for ‘qexp’
    qberngamma: no visible global function definition for ‘qgamma’
    qbernlnorm: no visible global function definition for ‘qlnorm’
    qbernweibull: no visible global function definition for ‘qweibull’
    rbernexp: no visible global function definition for ‘runif’
    rbernexp: no visible global function definition for ‘rexp’
    rberngamma: no visible global function definition for ‘runif’
    rberngamma: no visible global function definition for ‘rgamma’
    rbernlnorm: no visible global function definition for ‘runif’
    rbernlnorm: no visible global function definition for ‘rlnorm’
    rbernweibull: no visible global function definition for ‘runif’
    rbernweibull: no visible global function definition for ‘rweibull’
    startberngamma: no visible global function definition for ‘var’
    startbernlnorm: no visible global function definition for ‘sd’
    startbernweibull: no visible global function definition for ‘var’
    Undefined global functions or variables:
     approx coef dexp dgamma dlnorm dweibull lm na.omit optim pexp pgamma
     plnorm predict pweibull qexp qgamma qlnorm quantile qweibull rexp
     rgamma rlnorm runif rweibull sd smooth.spline splinefun var
    Consider adding
     importFrom("stats", "approx", "coef", "dexp", "dgamma", "dlnorm",
     "dweibull", "lm", "na.omit", "optim", "pexp", "pgamma",
     "plnorm", "predict", "pweibull", "qexp", "qgamma", "qlnorm",
     "quantile", "qweibull", "rexp", "rgamma", "rlnorm", "runif",
     "rweibull", "sd", "smooth.spline", "splinefun", "var")
    to your NAMESPACE.
Flavors: r-devel-linux-x86_64-debian-clang, r-devel-linux-x86_64-debian-gcc, r-devel-linux-x86_64-fedora-clang, r-devel-linux-x86_64-fedora-gcc, r-devel-windows-ix86+x86_64