CRAN Package Check Results for Package qmap

Last updated on 2015-01-27 05:47:42.

Flavor Version Tinstall Tcheck Ttotal Status Flags
r-devel-linux-x86_64-debian-clang 1.0-3 0.86 22.33 23.20 OK
r-devel-linux-x86_64-debian-gcc 1.0-3 0.88 22.16 23.04 OK
r-devel-linux-x86_64-fedora-clang 1.0-3 49.11 NOTE
r-devel-linux-x86_64-fedora-gcc 1.0-3 46.53 NOTE
r-devel-osx-x86_64-clang 1.0-3 45.38 NOTE
r-devel-windows-ix86+x86_64 1.0-3 4.00 36.00 40.00 OK
r-patched-linux-x86_64 1.0-3 1.00 23.06 24.06 OK
r-patched-solaris-sparc 1.0-3 310.10 OK
r-patched-solaris-x86 1.0-3 64.80 OK
r-release-linux-ix86 1.0-3 1.25 34.48 35.73 OK
r-release-linux-x86_64 1.0-3 0.99 23.68 24.67 OK
r-release-osx-x86_64-mavericks 1.0-3 OK
r-release-osx-x86_64-snowleopard 1.0-3 OK
r-release-windows-ix86+x86_64 1.0-3 6.00 45.00 51.00 OK
r-oldrel-windows-ix86+x86_64 1.0-3 6.00 42.00 48.00 OK

Check Details

Version: 1.0-3
Check: S3 generic/method consistency
Result: NOTE
    Found the following apparent S3 methods exported but not registered:
     doQmapDIST.data.frame doQmapDIST.default doQmapDIST.matrix
     doQmapPTF.data.frame doQmapPTF.default doQmapPTF.matrix
     doQmapQUANT.data.frame doQmapQUANT.default doQmapQUANT.matrix
     doQmapRQUANT.data.frame doQmapRQUANT.default doQmapRQUANT.matrix
     doQmapSSPLIN.data.frame doQmapSSPLIN.default doQmapSSPLIN.matrix
     fitQmapDIST.data.frame fitQmapDIST.default fitQmapDIST.matrix
     fitQmapPTF.data.frame fitQmapPTF.default fitQmapPTF.matrix
     fitQmapQUANT.data.frame fitQmapQUANT.default fitQmapQUANT.matrix
     fitQmapRQUANT.data.frame fitQmapRQUANT.default fitQmapRQUANT.matrix
     fitQmapSSPLIN.data.frame fitQmapSSPLIN.default fitQmapSSPLIN.matrix
    See section ‘Registering S3 methods’ in the ‘Writing R Extensions’
    manual.
Flavors: r-devel-linux-x86_64-fedora-clang, r-devel-linux-x86_64-fedora-gcc, r-devel-osx-x86_64-clang