CRAN Package Check Results for Package qmrparser

Last updated on 2016-09-26 13:48:02.

Flavor Version Tinstall Tcheck Ttotal Status Flags
r-devel-linux-x86_64-debian-clang 0.1.5 0.92 24.83 25.76 NOTE
r-devel-linux-x86_64-debian-gcc 0.1.5 0.97 25.46 26.43 NOTE
r-devel-linux-x86_64-fedora-clang 0.1.5 48.14 NOTE
r-devel-linux-x86_64-fedora-gcc 0.1.5 46.31 NOTE
r-devel-macos-x86_64-clang 0.1.5 30.41 NOTE
r-devel-windows-ix86+x86_64 0.1.5 7.00 56.00 63.00 NOTE
r-patched-linux-x86_64 0.1.5 0.93 25.35 26.28 NOTE
r-patched-solaris-sparc 0.1.5 213.60 NOTE
r-patched-solaris-x86 0.1.5 42.10 NOTE
r-release-linux-x86_64 0.1.5 0.84 25.08 25.92 NOTE
r-release-osx-x86_64-mavericks 0.1.5 NOTE
r-release-windows-ix86+x86_64 0.1.5 3.00 41.00 44.00 NOTE
r-oldrel-windows-ix86+x86_64 0.1.5 4.00 45.00 49.00 OK

Check Details

Version: 0.1.5
Check: R code for possible problems
Result: NOTE
    pcAxisCubeMake: no visible global function definition for ‘aggregate’
    pcAxisCubeToCSV: no visible global function definition for ‘write.csv’
    Undefined global functions or variables:
     aggregate write.csv
    Consider adding
     importFrom("stats", "aggregate")
     importFrom("utils", "write.csv")
    to your NAMESPACE file.
Flavors: r-devel-linux-x86_64-debian-clang, r-devel-linux-x86_64-debian-gcc, r-devel-linux-x86_64-fedora-clang, r-devel-linux-x86_64-fedora-gcc, r-devel-macos-x86_64-clang, r-devel-windows-ix86+x86_64, r-patched-linux-x86_64, r-patched-solaris-sparc, r-patched-solaris-x86, r-release-linux-x86_64, r-release-osx-x86_64-mavericks, r-release-windows-ix86+x86_64