CRAN Package Check Results for Package qmrparser

Last updated on 2018-06-25 07:47:46 CEST.

Flavor Version Tinstall Tcheck Ttotal Status Flags
r-devel-linux-x86_64-debian-clang 0.1.5 2.28 44.65 46.93 NOTE
r-devel-linux-x86_64-debian-gcc 0.1.5 2.06 35.98 38.04 NOTE
r-devel-linux-x86_64-fedora-clang 0.1.5 60.37 NOTE
r-devel-linux-x86_64-fedora-gcc 0.1.5 57.77 NOTE
r-devel-windows-ix86+x86_64 0.1.5 10.00 56.00 66.00 NOTE
r-patched-linux-x86_64 0.1.5 2.78 44.47 47.25 NOTE
r-patched-solaris-x86 0.1.5 57.10 NOTE
r-release-linux-x86_64 0.1.5 1.92 43.44 45.36 NOTE
r-release-windows-ix86+x86_64 0.1.5 6.00 79.00 85.00 NOTE
r-release-osx-x86_64 0.1.5 NOTE
r-oldrel-windows-ix86+x86_64 0.1.5 4.00 68.00 72.00 NOTE
r-oldrel-osx-x86_64 0.1.5 NOTE

Check Details

Version: 0.1.5
Check: R code for possible problems
Result: NOTE
    pcAxisCubeMake: no visible global function definition for ‘aggregate’
    pcAxisCubeToCSV: no visible global function definition for ‘write.csv’
    Undefined global functions or variables:
     aggregate write.csv
    Consider adding
     importFrom("stats", "aggregate")
     importFrom("utils", "write.csv")
    to your NAMESPACE file.
Flavors: r-devel-linux-x86_64-debian-clang, r-devel-linux-x86_64-debian-gcc, r-devel-linux-x86_64-fedora-clang, r-devel-linux-x86_64-fedora-gcc, r-devel-windows-ix86+x86_64, r-patched-linux-x86_64, r-patched-solaris-x86, r-release-linux-x86_64, r-release-windows-ix86+x86_64, r-release-osx-x86_64, r-oldrel-windows-ix86+x86_64, r-oldrel-osx-x86_64