CRAN Package Check Results for Package qmrparser

Last updated on 2014-07-24 14:48:47.

Flavor Version Tinstall Tcheck Ttotal Status Flags
r-devel-linux-x86_64-debian-clang 0.1.4 0.97 17.60 18.57 OK
r-devel-linux-x86_64-debian-gcc 0.1.4 0.92 17.88 18.80 OK
r-devel-linux-x86_64-fedora-clang 0.1.4 52.77 OK
r-devel-linux-x86_64-fedora-gcc 0.1.4 49.38 OK
r-devel-osx-x86_64-clang 0.1.4 41.39 OK
r-devel-windows-ix86+x86_64 0.1.4 3.00 29.00 32.00 OK
r-patched-linux-x86_64 0.1.4 0.90 17.36 18.26 OK
r-patched-solaris-sparc 0.1.4 226.80 OK
r-patched-solaris-x86 0.1.4 65.00 OK
r-release-linux-ix86 0.1.4 1.31 26.54 27.85 OK
r-release-linux-x86_64 0.1.4 1.29 17.89 19.18 OK
r-release-osx-x86_64-mavericks 0.1.4 OK
r-release-osx-x86_64-snowleopard 0.1.4 WARN
r-release-windows-ix86+x86_64 0.1.4 4.00 40.00 44.00 OK
r-oldrel-windows-ix86+x86_64 0.1.4 3.00 46.00 49.00 OK

Check Details

Version: 0.1.4
Check: examples
Result: WARNING
    checking a package with encoding 'UTF-8' in an ASCII locale
    
     OK
Flavor: r-release-osx-x86_64-snowleopard

Version: 0.1.4
Check: re-building of vignette outputs
Result: NOTE
    Error in re-building vignettes:
     ...
    Error in texi2dvi(file = file, pdf = TRUE, clean = clean, quiet = quiet, :
     Running 'texi2dvi' on 'qmrparser-vignette.tex' failed.
    Messages:
    /usr/bin/texi2dvi: pdflatex exited with bad status, quitting.
    /usr/bin/texi2dvi: see qmrparser-vignette.log for errors.
    Calls: buildVignettes -> texi2pdf -> texi2dvi
    Execution halted
Flavor: r-release-osx-x86_64-snowleopard