CRAN Package Check Results for Package qmrparser

Last updated on 2017-02-27 23:03:48.

Flavor Version Tinstall Tcheck Ttotal Status Flags
r-devel-linux-x86_64-debian-clang 0.1.5 0.96 30.16 31.12 NOTE
r-devel-linux-x86_64-debian-gcc 0.1.5 0.90 30.46 31.35 NOTE
r-devel-linux-x86_64-fedora-clang 0.1.5 56.04 NOTE --no-stop-on-test-error
r-devel-linux-x86_64-fedora-gcc 0.1.5 53.78 NOTE --no-stop-on-test-error
r-devel-macos-x86_64-clang 0.1.5 37.90 NOTE --no-stop-on-test-error
r-devel-windows-ix86+x86_64 0.1.5 4.00 126.00 130.00 NOTE
r-patched-linux-x86_64 0.1.5 0.90 25.95 26.85 NOTE
r-patched-solaris-sparc 0.1.5 213.50 NOTE
r-patched-solaris-x86 0.1.5 42.70 NOTE
r-release-linux-x86_64 0.1.5 0.91 26.19 27.10 NOTE
r-release-osx-x86_64-mavericks 0.1.5 NOTE
r-release-windows-ix86+x86_64 0.1.5 9.00 57.00 66.00 NOTE
r-oldrel-windows-ix86+x86_64 0.1.5 10.00 87.00 97.00 OK

Check Details

Version: 0.1.5
Check: R code for possible problems
Result: NOTE
    pcAxisCubeMake: no visible global function definition for ‘aggregate’
    pcAxisCubeToCSV: no visible global function definition for ‘write.csv’
    Undefined global functions or variables:
     aggregate write.csv
    Consider adding
     importFrom("stats", "aggregate")
     importFrom("utils", "write.csv")
    to your NAMESPACE file.
Flavors: r-devel-linux-x86_64-debian-clang, r-devel-linux-x86_64-debian-gcc, r-devel-windows-ix86+x86_64, r-patched-linux-x86_64, r-patched-solaris-sparc, r-patched-solaris-x86, r-release-linux-x86_64, r-release-osx-x86_64-mavericks, r-release-windows-ix86+x86_64

Version: 0.1.5
Flags: --no-stop-on-test-error
Check: R code for possible problems
Result: NOTE
    pcAxisCubeMake: no visible global function definition for ‘aggregate’
    pcAxisCubeToCSV: no visible global function definition for ‘write.csv’
    Undefined global functions or variables:
     aggregate write.csv
    Consider adding
     importFrom("stats", "aggregate")
     importFrom("utils", "write.csv")
    to your NAMESPACE file.
Flavors: r-devel-linux-x86_64-fedora-clang, r-devel-linux-x86_64-fedora-gcc, r-devel-macos-x86_64-clang