CRAN Package Check Results for Package qmrparser

Last updated on 2014-04-23 12:48:25.

Flavor Version Tinstall Tcheck Ttotal Status Flags
r-devel-linux-x86_64-debian-clang 0.1.4 1.00 18.08 19.08 OK
r-devel-linux-x86_64-debian-gcc 0.1.4 0.96 18.17 19.14 OK
r-devel-linux-x86_64-fedora-clang 0.1.4 51.30 OK
r-devel-linux-x86_64-fedora-gcc 0.1.4 48.98 OK
r-devel-osx-x86_64-clang 0.1.4 40.60 OK
r-devel-osx-x86_64-gcc 0.1.4 OK
r-devel-windows-ix86+x86_64 0.1.4 3.00 30.00 33.00 OK
r-patched-linux-x86_64 0.1.4 0.98 18.08 19.06 OK
r-patched-solaris-sparc 0.1.4 226.80 OK
r-patched-solaris-x86 0.1.4 50.70 OK
r-release-linux-ix86 0.1.4 1.00 36.00 37.00 OK
r-release-linux-x86_64 0.1.4 0.97 18.24 19.21 OK
r-release-osx-x86_64-mavericks 0.1.4 WARN
r-release-osx-x86_64-snowleopard 0.1.4 WARN
r-release-windows-ix86+x86_64 0.1.4 6.00 39.00 45.00 OK
r-oldrel-windows-ix86+x86_64 0.1.4 3.00 46.00 49.00 OK

Check Details

Version: 0.1.4
Check: PDF version of manual
Result: WARNING
    LaTeX errors when creating PDF version.
    This typically indicates Rd problems.
    LaTeX errors found:
    ! LaTeX Error: File `upquote.sty' not found.
    
    Type X to quit or <RETURN> to proceed,
    or enter new name. (Default extension: sty)
    
    8a0495b/Rd2.tex:8: ==> Fatal error occurred, no output PDF file produced!
Flavor: r-release-osx-x86_64-mavericks

Version: 0.1.4
Check: examples
Result: WARNING
    checking a package with encoding 'UTF-8' in an ASCII locale
    
     OK
Flavor: r-release-osx-x86_64-snowleopard

Version: 0.1.4
Check: re-building of vignette outputs
Result: NOTE
    Error in re-building vignettes:
     ...
    Error in texi2dvi(file = file, pdf = TRUE, clean = clean, quiet = quiet, :
     Running 'texi2dvi' on 'qmrparser-vignette.tex' failed.
    Messages:
    /usr/bin/texi2dvi: pdflatex exited with bad status, quitting.
    /usr/bin/texi2dvi: see qmrparser-vignette.log for errors.
    Calls: buildVignettes -> texi2pdf -> texi2dvi
    Execution halted
Flavor: r-release-osx-x86_64-snowleopard