CRAN Package Check Results for Package qmrparser

Last updated on 2016-07-25 05:48:50.

Flavor Version Tinstall Tcheck Ttotal Status Flags
r-devel-linux-x86_64-debian-clang 0.1.5 1.10 31.32 32.42 NOTE
r-devel-linux-x86_64-debian-gcc 0.1.5 1.05 29.60 30.65 NOTE
r-devel-linux-x86_64-fedora-clang 0.1.5 46.77 NOTE
r-devel-linux-x86_64-fedora-gcc 0.1.5 45.30 NOTE
r-devel-osx-x86_64-clang 0.1.5 30.11 NOTE
r-devel-windows-ix86+x86_64 0.1.5 3.00 46.00 49.00 NOTE
r-patched-linux-x86_64 0.1.5 0.98 30.56 31.53 NOTE
r-patched-solaris-sparc 0.1.5 213.60 NOTE
r-patched-solaris-x86 0.1.5 41.70 NOTE
r-release-linux-x86_64 0.1.5 1.04 29.81 30.86 NOTE
r-release-osx-x86_64-mavericks 0.1.5 NOTE
r-release-windows-ix86+x86_64 0.1.5 4.00 57.00 61.00 NOTE
r-oldrel-windows-ix86+x86_64 0.1.5 4.00 45.00 49.00 OK

Check Details

Version: 0.1.5
Check: R code for possible problems
Result: NOTE
    pcAxisCubeMake: no visible global function definition for ‘aggregate’
    pcAxisCubeToCSV: no visible global function definition for ‘write.csv’
    Undefined global functions or variables:
     aggregate write.csv
    Consider adding
     importFrom("stats", "aggregate")
     importFrom("utils", "write.csv")
    to your NAMESPACE file.
Flavors: r-devel-linux-x86_64-debian-clang, r-devel-linux-x86_64-debian-gcc, r-devel-linux-x86_64-fedora-clang, r-devel-linux-x86_64-fedora-gcc, r-devel-osx-x86_64-clang, r-devel-windows-ix86+x86_64, r-patched-linux-x86_64, r-patched-solaris-sparc, r-patched-solaris-x86, r-release-linux-x86_64, r-release-osx-x86_64-mavericks, r-release-windows-ix86+x86_64