CRAN Package Check Results for Package qmrparser

Last updated on 2015-09-02 16:49:37.

Flavor Version Tinstall Tcheck Ttotal Status Flags
r-devel-linux-x86_64-debian-clang 0.1.5 0.86 23.56 24.42 NOTE
r-devel-linux-x86_64-debian-gcc 0.1.5 0.84 23.00 23.84 NOTE
r-devel-linux-x86_64-fedora-clang 0.1.5 49.01 NOTE
r-devel-linux-x86_64-fedora-gcc 0.1.5 46.58 NOTE
r-devel-osx-x86_64-clang 0.1.5 35.80 OK
r-devel-windows-ix86+x86_64 0.1.5 5.00 36.00 41.00 NOTE
r-patched-linux-x86_64 0.1.5 0.88 26.00 26.89 OK
r-patched-solaris-sparc 0.1.5 236.10 OK
r-patched-solaris-x86 0.1.5 48.50 OK
r-release-linux-x86_64 0.1.5 0.88 23.47 24.35 OK
r-release-osx-x86_64-mavericks 0.1.5 OK
r-release-windows-ix86+x86_64 0.1.5 8.00 36.00 44.00 OK
r-oldrel-windows-ix86+x86_64 0.1.5 7.00 38.00 45.00 OK

Check Details

Version: 0.1.5
Check: R code for possible problems
Result: NOTE
    pcAxisCubeMake: no visible global function definition for ‘aggregate’
    pcAxisCubeToCSV: no visible global function definition for ‘write.csv’
    Undefined global functions or variables:
     aggregate write.csv
    Consider adding
     importFrom("stats", "aggregate")
     importFrom("utils", "write.csv")
    to your NAMESPACE.
Flavors: r-devel-linux-x86_64-debian-clang, r-devel-linux-x86_64-debian-gcc, r-devel-linux-x86_64-fedora-clang, r-devel-linux-x86_64-fedora-gcc, r-devel-windows-ix86+x86_64