CRAN Package Check Results for Package qmrparser

Last updated on 2014-11-01 01:48:04.

Flavor Version Tinstall Tcheck Ttotal Status Flags
r-devel-linux-x86_64-debian-clang 0.1.4 0.98 28.04 29.02 OK
r-devel-linux-x86_64-debian-gcc 0.1.4 0.96 26.16 27.12 OK
r-devel-linux-x86_64-fedora-clang 0.1.4 51.45 OK
r-devel-linux-x86_64-fedora-gcc 0.1.4 51.11 OK
r-devel-osx-x86_64-clang 0.1.4 45.05 OK
r-devel-windows-ix86+x86_64 0.1.4 3.00 31.00 34.00 OK
r-patched-linux-x86_64 0.1.4 1.45 25.91 27.36 OK
r-patched-solaris-sparc 0.1.4 233.50 OK
r-patched-solaris-x86 0.1.4 53.10 OK
r-release-linux-ix86 0.1.4 1.35 28.88 30.23 OK
r-release-linux-x86_64 0.1.4 0.94 25.32 26.26 OK
r-release-osx-x86_64-mavericks 0.1.4 OK
r-release-osx-x86_64-snowleopard 0.1.4 WARN
r-release-windows-ix86+x86_64 0.1.4 3.00 28.00 31.00 OK
r-oldrel-windows-ix86+x86_64 0.1.4 4.00 30.00 34.00 OK

Check Details

Version: 0.1.4
Check: examples
Result: WARN
    checking a package with encoding 'UTF-8' in an ASCII locale
    
     OK
Flavor: r-release-osx-x86_64-snowleopard

Version: 0.1.4
Check: re-building of vignette outputs
Result: NOTE
    Error in re-building vignettes:
     ...
    Error in texi2dvi(file = file, pdf = TRUE, clean = clean, quiet = quiet, :
     Running 'texi2dvi' on 'qmrparser-vignette.tex' failed.
    Messages:
    /usr/bin/texi2dvi: pdflatex exited with bad status, quitting.
    /usr/bin/texi2dvi: see qmrparser-vignette.log for errors.
    Calls: buildVignettes -> texi2pdf -> texi2dvi
    Execution halted
Flavor: r-release-osx-x86_64-snowleopard