CRAN Package Check Results for Package qmrparser

Last updated on 2014-09-01 21:48:58.

Flavor Version Tinstall Tcheck Ttotal Status Flags
r-devel-linux-x86_64-debian-clang 0.1.4 0.90 16.99 17.89 OK
r-devel-linux-x86_64-debian-gcc 0.1.4 0.88 17.93 18.81 OK
r-devel-linux-x86_64-fedora-clang 0.1.4 50.63 OK
r-devel-linux-x86_64-fedora-gcc 0.1.4 48.66 OK
r-devel-osx-x86_64-clang 0.1.4 39.63 OK
r-devel-windows-ix86+x86_64 0.1.4 3.00 27.00 30.00 OK
r-patched-linux-x86_64 0.1.4 0.90 17.54 18.44 OK
r-patched-solaris-sparc 0.1.4 233.50 OK
r-patched-solaris-x86 0.1.4 65.30 OK
r-release-linux-ix86 0.1.4 1.33 26.36 27.69 OK
r-release-linux-x86_64 0.1.4 0.94 18.00 18.95 OK
r-release-osx-x86_64-mavericks 0.1.4 OK
r-release-osx-x86_64-snowleopard 0.1.4 WARN
r-release-windows-ix86+x86_64 0.1.4 4.00 40.00 44.00 OK
r-oldrel-windows-ix86+x86_64 0.1.4 3.00 46.00 49.00 OK

Check Details

Version: 0.1.4
Check: examples
Result: WARN
    checking a package with encoding 'UTF-8' in an ASCII locale
    
     OK
Flavor: r-release-osx-x86_64-snowleopard

Version: 0.1.4
Check: re-building of vignette outputs
Result: NOTE
    Error in re-building vignettes:
     ...
    Error in texi2dvi(file = file, pdf = TRUE, clean = clean, quiet = quiet, :
     Running 'texi2dvi' on 'qmrparser-vignette.tex' failed.
    Messages:
    /usr/bin/texi2dvi: pdflatex exited with bad status, quitting.
    /usr/bin/texi2dvi: see qmrparser-vignette.log for errors.
    Calls: buildVignettes -> texi2pdf -> texi2dvi
    Execution halted
Flavor: r-release-osx-x86_64-snowleopard