CRAN Package Check Results for Package qmrparser

Last updated on 2016-12-11 03:47:34.

Flavor Version Tinstall Tcheck Ttotal Status Flags
r-devel-linux-x86_64-debian-clang 0.1.5 0.94 29.25 30.19 NOTE
r-devel-linux-x86_64-debian-gcc 0.1.5 1.00 28.32 29.32 NOTE
r-devel-linux-x86_64-fedora-clang 0.1.5 55.66 NOTE --no-stop-on-test-error
r-devel-linux-x86_64-fedora-gcc 0.1.5 53.20 NOTE --no-stop-on-test-error
r-devel-macos-x86_64-clang 0.1.5 36.39 NOTE --no-stop-on-test-error
r-devel-windows-ix86+x86_64 0.1.5 5.00 48.00 53.00 NOTE
r-patched-linux-x86_64 0.1.5 0.89 25.31 26.20 NOTE
r-patched-solaris-sparc 0.1.5 213.60 NOTE
r-patched-solaris-x86 0.1.5 42.70 NOTE
r-release-linux-x86_64 0.1.5 0.89 25.55 26.44 NOTE
r-release-osx-x86_64-mavericks 0.1.5 NOTE
r-release-windows-ix86+x86_64 0.1.5 9.00 57.00 66.00 NOTE
r-oldrel-windows-ix86+x86_64 0.1.5 10.00 87.00 97.00 OK

Check Details

Version: 0.1.5
Check: R code for possible problems
Result: NOTE
    pcAxisCubeMake: no visible global function definition for ‘aggregate’
    pcAxisCubeToCSV: no visible global function definition for ‘write.csv’
    Undefined global functions or variables:
     aggregate write.csv
    Consider adding
     importFrom("stats", "aggregate")
     importFrom("utils", "write.csv")
    to your NAMESPACE file.
Flavors: r-devel-linux-x86_64-debian-clang, r-devel-linux-x86_64-debian-gcc, r-devel-windows-ix86+x86_64, r-patched-linux-x86_64, r-patched-solaris-sparc, r-patched-solaris-x86, r-release-linux-x86_64, r-release-osx-x86_64-mavericks, r-release-windows-ix86+x86_64

Version: 0.1.5
Flags: --no-stop-on-test-error
Check: R code for possible problems
Result: NOTE
    pcAxisCubeMake: no visible global function definition for ‘aggregate’
    pcAxisCubeToCSV: no visible global function definition for ‘write.csv’
    Undefined global functions or variables:
     aggregate write.csv
    Consider adding
     importFrom("stats", "aggregate")
     importFrom("utils", "write.csv")
    to your NAMESPACE file.
Flavors: r-devel-linux-x86_64-fedora-clang, r-devel-linux-x86_64-fedora-gcc, r-devel-macos-x86_64-clang