CRAN Package Check Results for Package qmrparser

Last updated on 2017-05-25 13:47:16.

Flavor Version Tinstall Tcheck Ttotal Status Flags
r-devel-linux-x86_64-debian-clang 0.1.5 1.02 29.52 30.54 NOTE
r-devel-linux-x86_64-debian-gcc 0.1.5 0.94 29.86 30.81 NOTE
r-devel-linux-x86_64-fedora-clang 0.1.5 56.30 NOTE --no-stop-on-test-error
r-devel-linux-x86_64-fedora-gcc 0.1.5 54.36 NOTE --no-stop-on-test-error
r-devel-windows-ix86+x86_64 0.1.5 7.00 45.00 52.00 NOTE
r-patched-linux-x86_64 0.1.5 0.91 29.15 30.06 NOTE
r-patched-solaris-sparc 0.1.5 246.50 NOTE
r-patched-solaris-x86 0.1.5 50.40 NOTE
r-release-linux-x86_64 0.1.5 0.96 29.46 30.42 NOTE
r-release-windows-ix86+x86_64 0.1.5 4.00 65.00 69.00 NOTE
r-release-osx-x86_64 0.1.5 NOTE
r-oldrel-windows-ix86+x86_64 0.1.5 5.00 58.00 63.00 NOTE
r-oldrel-osx-x86_64 0.1.5 NOTE

Check Details

Version: 0.1.5
Check: R code for possible problems
Result: NOTE
    pcAxisCubeMake: no visible global function definition for ‘aggregate’
    pcAxisCubeToCSV: no visible global function definition for ‘write.csv’
    Undefined global functions or variables:
     aggregate write.csv
    Consider adding
     importFrom("stats", "aggregate")
     importFrom("utils", "write.csv")
    to your NAMESPACE file.
Flavors: r-devel-linux-x86_64-debian-clang, r-devel-linux-x86_64-debian-gcc, r-devel-windows-ix86+x86_64, r-patched-linux-x86_64, r-patched-solaris-sparc, r-patched-solaris-x86, r-release-linux-x86_64, r-release-windows-ix86+x86_64, r-release-osx-x86_64, r-oldrel-windows-ix86+x86_64, r-oldrel-osx-x86_64

Version: 0.1.5
Flags: --no-stop-on-test-error
Check: R code for possible problems
Result: NOTE
    pcAxisCubeMake: no visible global function definition for ‘aggregate’
    pcAxisCubeToCSV: no visible global function definition for ‘write.csv’
    Undefined global functions or variables:
     aggregate write.csv
    Consider adding
     importFrom("stats", "aggregate")
     importFrom("utils", "write.csv")
    to your NAMESPACE file.
Flavors: r-devel-linux-x86_64-fedora-clang, r-devel-linux-x86_64-fedora-gcc