CRAN Package Check Results for Package qmrparser

Last updated on 2017-11-23 00:47:36 CET.

Flavor Version Tinstall Tcheck Ttotal Status Flags
r-devel-linux-x86_64-debian-clang 0.1.5 0.92 45.57 46.49 NOTE
r-devel-linux-x86_64-debian-gcc 0.1.5 1.15 74.07 75.23 NOTE
r-devel-linux-x86_64-fedora-clang 0.1.5 54.25 NOTE
r-devel-linux-x86_64-fedora-gcc 0.1.5 55.45 NOTE
r-devel-windows-ix86+x86_64 0.1.5 7.00 52.00 59.00 NOTE
r-patched-linux-x86_64 0.1.5 1.01 28.67 29.68 NOTE
r-patched-solaris-x86 0.1.5 51.90 NOTE
r-release-linux-x86_64 0.1.5 0.98 29.28 30.26 NOTE
r-release-windows-ix86+x86_64 0.1.5 4.00 53.00 57.00 NOTE
r-release-osx-x86_64 0.1.5 NOTE
r-oldrel-windows-ix86+x86_64 0.1.5 6.00 55.00 61.00 NOTE
r-oldrel-osx-x86_64 0.1.5 NOTE

Check Details

Version: 0.1.5
Check: R code for possible problems
Result: NOTE
    pcAxisCubeMake: no visible global function definition for ‘aggregate’
    pcAxisCubeToCSV: no visible global function definition for ‘write.csv’
    Undefined global functions or variables:
     aggregate write.csv
    Consider adding
     importFrom("stats", "aggregate")
     importFrom("utils", "write.csv")
    to your NAMESPACE file.
Flavors: r-devel-linux-x86_64-debian-clang, r-devel-linux-x86_64-debian-gcc, r-devel-linux-x86_64-fedora-clang, r-devel-linux-x86_64-fedora-gcc, r-devel-windows-ix86+x86_64, r-patched-linux-x86_64, r-patched-solaris-x86, r-release-linux-x86_64, r-release-windows-ix86+x86_64, r-release-osx-x86_64, r-oldrel-windows-ix86+x86_64, r-oldrel-osx-x86_64