CRAN Package Check Results for Package qmrparser

Last updated on 2016-04-29 06:47:34.

Flavor Version Tinstall Tcheck Ttotal Status Flags
r-devel-linux-x86_64-debian-gcc 0.1.5 0.84 24.80 25.63 NOTE
r-devel-linux-x86_64-fedora-clang 0.1.5 47.06 NOTE
r-devel-linux-x86_64-fedora-gcc 0.1.5 46.17 NOTE
r-devel-osx-x86_64-clang 0.1.5 38.45 NOTE
r-devel-windows-ix86+x86_64 0.1.5 3.00 45.00 48.00 NOTE
r-patched-linux-x86_64 0.1.5 0.87 24.57 25.44 NOTE
r-patched-solaris-sparc 0.1.5 211.20 NOTE
r-patched-solaris-x86 0.1.5 44.60 NOTE
r-release-linux-x86_64 0.1.5 1.06 26.26 27.32 OK
r-release-osx-x86_64-mavericks 0.1.5 OK
r-release-windows-ix86+x86_64 0.1.5 4.00 45.00 49.00 OK
r-oldrel-windows-ix86+x86_64 0.1.5 7.00 38.00 45.00 OK

Check Details

Version: 0.1.5
Check: R code for possible problems
Result: NOTE
    pcAxisCubeMake: no visible global function definition for ‘aggregate’
    pcAxisCubeToCSV: no visible global function definition for ‘write.csv’
    Undefined global functions or variables:
     aggregate write.csv
    Consider adding
     importFrom("stats", "aggregate")
     importFrom("utils", "write.csv")
    to your NAMESPACE file.
Flavors: r-devel-linux-x86_64-debian-gcc, r-devel-linux-x86_64-fedora-clang, r-devel-linux-x86_64-fedora-gcc, r-devel-osx-x86_64-clang, r-devel-windows-ix86+x86_64, r-patched-linux-x86_64, r-patched-solaris-sparc, r-patched-solaris-x86