CRAN Package Check Results for Package qmrparser

Last updated on 2018-04-24 04:49:07 CEST.

Flavor Version Tinstall Tcheck Ttotal Status Flags
r-devel-linux-x86_64-debian-clang 0.1.5 1.91 39.04 40.95 NOTE
r-devel-linux-x86_64-debian-gcc 0.1.5 1.93 32.78 34.71 NOTE
r-devel-linux-x86_64-fedora-clang 0.1.5 56.60 NOTE
r-devel-linux-x86_64-fedora-gcc 0.1.5 54.71 NOTE
r-devel-windows-ix86+x86_64 0.1.5 8.00 47.00 55.00 NOTE
r-devel-osx-x86_64 0.1.5 NOTE
r-patched-linux-x86_64 0.1.5 2.80 42.64 45.44 NOTE
r-patched-solaris-x86 0.1.5 57.70 NOTE
r-release-linux-x86_64 0.1.5 2.50 42.93 45.43 NOTE
r-release-windows-ix86+x86_64 0.1.5 4.00 55.00 59.00 NOTE
r-release-osx-x86_64 0.1.5 NOTE
r-oldrel-windows-ix86+x86_64 0.1.5 6.00 68.00 74.00 NOTE

Check Details

Version: 0.1.5
Check: R code for possible problems
Result: NOTE
    pcAxisCubeMake: no visible global function definition for ‘aggregate’
    pcAxisCubeToCSV: no visible global function definition for ‘write.csv’
    Undefined global functions or variables:
     aggregate write.csv
    Consider adding
     importFrom("stats", "aggregate")
     importFrom("utils", "write.csv")
    to your NAMESPACE file.
Flavors: r-devel-linux-x86_64-debian-clang, r-devel-linux-x86_64-debian-gcc, r-devel-linux-x86_64-fedora-clang, r-devel-linux-x86_64-fedora-gcc, r-devel-windows-ix86+x86_64, r-devel-osx-x86_64, r-patched-linux-x86_64, r-patched-solaris-x86, r-release-linux-x86_64, r-release-windows-ix86+x86_64, r-release-osx-x86_64, r-oldrel-windows-ix86+x86_64