CRAN Package Check Results for Package qmrparser

Last updated on 2015-07-04 11:49:57.

Flavor Version Tinstall Tcheck Ttotal Status Flags
r-devel-linux-x86_64-debian-clang 0.1.5 0.89 23.44 24.32 NOTE
r-devel-linux-x86_64-debian-gcc 0.1.5 0.86 23.35 24.21 NOTE
r-devel-linux-x86_64-fedora-clang 0.1.5 49.37 NOTE
r-devel-linux-x86_64-fedora-gcc 0.1.5 46.36 NOTE
r-devel-osx-x86_64-clang 0.1.5 35.41 OK
r-devel-windows-ix86+x86_64 0.1.5 5.00 41.00 46.00 OK
r-patched-linux-x86_64 0.1.5 0.87 23.98 24.86 OK
r-patched-solaris-sparc 0.1.5 260.70 OK
r-patched-solaris-x86 0.1.5 48.60 OK
r-release-linux-x86_64 0.1.5 0.87 24.49 25.36 OK
r-release-osx-x86_64-mavericks 0.1.5 OK
r-release-windows-ix86+x86_64 0.1.5 5.00 35.00 40.00 OK
r-oldrel-windows-ix86+x86_64 0.1.5 6.00 34.00 40.00 OK

Check Details

Version: 0.1.5
Check: R code for possible problems
Result: NOTE
    pcAxisCubeMake: no visible global function definition for ‘aggregate’
    pcAxisCubeToCSV: no visible global function definition for ‘write.csv’
    Undefined global functions or variables:
     aggregate write.csv
Flavors: r-devel-linux-x86_64-debian-clang, r-devel-linux-x86_64-debian-gcc, r-devel-linux-x86_64-fedora-clang, r-devel-linux-x86_64-fedora-gcc