CRAN Package Check Results for Package qmrparser

Last updated on 2016-05-24 08:48:51.

Flavor Version Tinstall Tcheck Ttotal Status Flags
r-devel-linux-x86_64-debian-gcc 0.1.5 0.83 24.87 25.70 NOTE
r-devel-linux-x86_64-fedora-clang 0.1.5 47.70 NOTE
r-devel-linux-x86_64-fedora-gcc 0.1.5 44.89 NOTE
r-devel-osx-x86_64-clang 0.1.5 39.70 NOTE
r-devel-windows-ix86+x86_64 0.1.5 4.00 57.00 61.00 NOTE
r-patched-linux-x86_64 0.1.5 0.84 24.67 25.51 NOTE
r-patched-solaris-sparc 0.1.5 212.20 NOTE
r-patched-solaris-x86 0.1.5 44.80 NOTE
r-release-linux-x86_64 0.1.5 0.84 24.70 25.54 NOTE
r-release-osx-x86_64-mavericks 0.1.5 NOTE
r-release-windows-ix86+x86_64 0.1.5 4.00 57.00 61.00 NOTE
r-oldrel-windows-ix86+x86_64 0.1.5 4.00 45.00 49.00 OK

Check Details

Version: 0.1.5
Check: R code for possible problems
Result: NOTE
    pcAxisCubeMake: no visible global function definition for ‘aggregate’
    pcAxisCubeToCSV: no visible global function definition for ‘write.csv’
    Undefined global functions or variables:
     aggregate write.csv
    Consider adding
     importFrom("stats", "aggregate")
     importFrom("utils", "write.csv")
    to your NAMESPACE file.
Flavors: r-devel-linux-x86_64-debian-gcc, r-devel-linux-x86_64-fedora-clang, r-devel-linux-x86_64-fedora-gcc, r-devel-osx-x86_64-clang, r-devel-windows-ix86+x86_64, r-patched-linux-x86_64, r-patched-solaris-sparc, r-patched-solaris-x86, r-release-linux-x86_64, r-release-osx-x86_64-mavericks, r-release-windows-ix86+x86_64