CRAN Package Check Results for Package qmrparser

Last updated on 2015-08-02 23:48:15.

Flavor Version Tinstall Tcheck Ttotal Status Flags
r-devel-linux-x86_64-debian-clang 0.1.5 0.88 24.92 25.80 NOTE
r-devel-linux-x86_64-debian-gcc 0.1.5 0.86 24.25 25.11 NOTE
r-devel-linux-x86_64-fedora-clang 0.1.5 50.51 NOTE
r-devel-linux-x86_64-fedora-gcc 0.1.5 47.66 NOTE
r-devel-osx-x86_64-clang 0.1.5 35.68 OK
r-devel-windows-ix86+x86_64 0.1.5 5.00 33.00 38.00 NOTE
r-patched-linux-x86_64 0.1.5 0.98 23.59 24.57 OK
r-patched-solaris-sparc 0.1.5 236.10 OK
r-patched-solaris-x86 0.1.5 48.00 OK
r-release-linux-x86_64 0.1.5 0.93 23.76 24.68 OK
r-release-osx-x86_64-mavericks 0.1.5 OK
r-release-windows-ix86+x86_64 0.1.5 5.00 35.00 40.00 OK
r-oldrel-windows-ix86+x86_64 0.1.5 6.00 34.00 40.00 OK

Check Details

Version: 0.1.5
Check: R code for possible problems
Result: NOTE
    pcAxisCubeMake: no visible global function definition for ‘aggregate’
    pcAxisCubeToCSV: no visible global function definition for ‘write.csv’
    Undefined global functions or variables:
     aggregate write.csv
    Consider adding
     importFrom("stats", "aggregate")
     importFrom("utils", "write.csv")
    to your NAMESPACE.
Flavors: r-devel-linux-x86_64-debian-clang, r-devel-linux-x86_64-debian-gcc, r-devel-linux-x86_64-fedora-clang, r-devel-linux-x86_64-fedora-gcc, r-devel-windows-ix86+x86_64