CRAN Package Check Results for Package qmrparser

Last updated on 2016-02-09 12:47:49.

Flavor Version Tinstall Tcheck Ttotal Status Flags
r-devel-linux-x86_64-debian-gcc 0.1.5 0.93 22.91 23.84 NOTE
r-devel-linux-x86_64-fedora-clang 0.1.5 47.14 NOTE
r-devel-linux-x86_64-fedora-gcc 0.1.5 45.02 NOTE
r-devel-osx-x86_64-clang 0.1.5 37.83 NOTE
r-devel-windows-ix86+x86_64 0.1.5 7.00 36.00 43.00 NOTE
r-patched-linux-x86_64 0.1.5 1.08 24.20 25.28 OK
r-patched-solaris-sparc 0.1.5 214.20 OK
r-patched-solaris-x86 0.1.5 43.20 OK
r-release-linux-x86_64 0.1.5 0.94 24.94 25.88 OK
r-release-osx-x86_64-mavericks 0.1.5 OK
r-release-windows-ix86+x86_64 0.1.5 5.00 34.00 39.00 OK
r-oldrel-windows-ix86+x86_64 0.1.5 7.00 36.00 43.00 OK

Check Details

Version: 0.1.5
Check: R code for possible problems
Result: NOTE
    pcAxisCubeMake: no visible global function definition for ‘aggregate’
    pcAxisCubeToCSV: no visible global function definition for ‘write.csv’
    Undefined global functions or variables:
     aggregate write.csv
    Consider adding
     importFrom("stats", "aggregate")
     importFrom("utils", "write.csv")
    to your NAMESPACE file.
Flavors: r-devel-linux-x86_64-debian-gcc, r-devel-linux-x86_64-fedora-clang, r-devel-linux-x86_64-fedora-gcc, r-devel-osx-x86_64-clang, r-devel-windows-ix86+x86_64