CRAN Package Check Results for Package qpcR

Last updated on 2020-08-10 17:48:14 CEST.

Flavor Version Tinstall Tcheck Ttotal Status Flags
r-devel-linux-x86_64-debian-clang 1.4-1 18.05 148.75 166.80 OK
r-devel-linux-x86_64-debian-gcc 1.4-1 15.02 109.57 124.59 OK
r-devel-linux-x86_64-fedora-clang 1.4-1 200.85 NOTE
r-devel-linux-x86_64-fedora-gcc 1.4-1 192.61 OK
r-devel-windows-ix86+x86_64 1.4-1 41.00 287.00 328.00 OK
r-patched-linux-x86_64 1.4-1 15.82 143.11 158.93 OK
r-patched-solaris-x86 1.4-1 263.00 NOTE
r-release-linux-x86_64 1.4-1 17.75 143.47 161.22 OK
r-release-macos-x86_64 1.4-1 OK
r-release-windows-ix86+x86_64 1.4-1 55.00 286.00 341.00 OK
r-oldrel-macos-x86_64 1.4-1 WARN
r-oldrel-windows-ix86+x86_64 1.4-1 33.00 219.00 252.00 OK

Check Details

Version: 1.4-1
Check: installed package size
Result: NOTE
     installed size is 5.0Mb
     sub-directories of 1Mb or more:
     data 3.7Mb
Flavors: r-devel-linux-x86_64-fedora-clang, r-patched-solaris-x86, r-oldrel-macos-x86_64

Version: 1.4-1
Check: whether package can be installed
Result: WARN
    Found the following significant warnings:
     Warning: 'rgl_init' failed, running with rgl.useNULL = TRUE
Flavor: r-oldrel-macos-x86_64