CRAN Package Check Results for Package qpcR

Last updated on 2017-12-15 08:48:56 CET.

Flavor Version Tinstall Tcheck Ttotal Status Flags
r-devel-linux-x86_64-debian-clang 1.4-0 5.97 67.29 73.26 FAIL
r-devel-linux-x86_64-debian-gcc 1.4-0 4.99 97.98 102.97 NOTE
r-devel-linux-x86_64-fedora-clang 1.4-0 157.52 NOTE
r-devel-linux-x86_64-fedora-gcc 1.4-0 154.09 NOTE
r-devel-windows-ix86+x86_64 1.4-0 16.00 249.00 265.00 NOTE
r-patched-linux-x86_64 1.4-0 7.03 137.12 144.15 NOTE
r-patched-solaris-x86 1.4-0 224.10 NOTE
r-release-linux-x86_64 1.4-0 6.58 142.54 149.12 NOTE
r-release-windows-ix86+x86_64 1.4-0 13.00 191.00 204.00 NOTE
r-release-osx-x86_64 1.4-0 NOTE
r-oldrel-windows-ix86+x86_64 1.4-0 12.00 229.00 241.00 NOTE
r-oldrel-osx-x86_64 1.4-0 WARN

Check Details

Version: 1.4-0
Check: R code for possible problems
Result: NOTE
    AICc: no visible global function definition for ‘AIC’
    AICc: no visible global function definition for ‘coef’
    AICc: no visible global function definition for ‘residuals’
    Cy0: no visible global function definition for ‘predict’
    Cy0: no visible global function definition for ‘coef’
    Cy0: no visible global function definition for ‘points’
    Cy0: no visible global function definition for ‘abline’
    KOD: no visible global function definition for ‘qchisq’
    KOD: no visible global function definition for ‘flush.console’
    LOF.test: no visible global function definition for ‘lm’
    LOF.test: no visible global function definition for ‘formula’
    LOF.test: no visible global function definition for ‘logLik’
    LOF.test: no visible global function definition for ‘df.residual’
    LOF.test: no visible global function definition for ‘pchisq’
    LOF.test: no visible global function definition for ‘anova’
    LRE: no visible global function definition for ‘sd’
    LRE: no visible global function definition for ‘tail’
    LRE: no visible global function definition for ‘head’
    LRE: no visible global function definition for ‘lm’
    LRE: no visible global function definition for ‘coef’
    LRE: no visible global function definition for ‘points’
    LRE: no visible global function definition for ‘abline’
    LRE: no visible global function definition for ‘na.omit’
    LRE: no visible global function definition for ‘predict’
    PRESS: no visible global function definition for ‘flush.console’
    PRESS: no visible global function definition for ‘update’
    PRESS: no visible global function definition for ‘predict’
    PRESS: no visible global function definition for ‘residuals’
    PRESS: no visible global function definition for ‘fitted’
    RMSE: no visible global function definition for ‘residuals’
    RSS: no visible global function definition for ‘residuals’
    Rsq: no visible global function definition for ‘residuals’
    Rsq: no visible global function definition for ‘fitted’
    Rsq.ad: no visible global function definition for ‘residuals’
    Rsq.ad: no visible global function definition for ‘coef’
    TmFind: no visible global function definition for ‘splinefun’
    TmFind: no visible global function definition for ‘supsmu’
    aq.plot: no visible global function definition for ‘qchisq’
    aq.plot: no visible global function definition for ‘mahalanobis’
    aq.plot: no visible global function definition for ‘princomp’
    aq.plot: no visible global function definition for ‘pchisq’
    aq.plot: no visible global function definition for ‘text’
    aq.plot: no visible global function definition for ‘points’
    arw: no visible global function definition for ‘qchisq’
    arw: no visible global function definition for ‘mahalanobis’
    arw: no visible global function definition for ‘pchisq’
    baseline: no visible global function definition for ‘median’
    baseline: no visible global function definition for ‘lm’
    baseline: no visible global function definition for ‘predict’
    baseline: no visible global function definition for ‘coef’
    bubbleplot: no visible global function definition for ‘heat.colors’
    bubbleplot: no visible global function definition for ‘symbols’
    calib: no visible global function definition for ‘rainbow’
    calib : LMFCT: no visible global function definition for ‘lm’
    calib : LMFCT: no visible global function definition for ‘predict’
    calib : LMFCT: no visible global function definition for ‘coef’
    calib : LMFCT: no visible global function definition for ‘AIC’
    calib : LMFCT : <anonymous>: no visible global function definition for
     ‘predict’
    calib: no visible global function definition for ‘flush.console’
    calib : <anonymous>: no visible global function definition for
     ‘predict’
    calib: no visible global function definition for ‘par’
    calib: no visible global function definition for ‘points’
    calib: no visible global function definition for ‘abline’
    calib: no visible global function definition for ‘lines’
    calib: no visible global function definition for ‘arrows’
    calib : CONFINT: no visible global function definition for ‘quantile’
    calib: no visible global function definition for ‘boxplot’
    cbind.na: no visible global function definition for ‘cbind2’
    counter: no visible global function definition for ‘flush.console’
    eff: no visible global function definition for ‘coef’
    eff: no visible global function definition for ‘tail’
    eff: no visible global function definition for ‘filter’
    eff: no visible global function definition for ‘head’
    eff: no visible global function definition for ‘splinefun’
    eff: no visible global function definition for ‘abline’
    eff: no visible global function definition for ‘mtext’
    efficiency: no visible global function definition for ‘coef’
    efficiency: no visible global function definition for ‘predict’
    efficiency: no visible global function definition for ‘par’
    efficiency: no visible global function definition for ‘points’
    efficiency: no visible global function definition for ‘lines’
    efficiency: no visible global function definition for ‘abline’
    efficiency: no visible global function definition for ‘axis’
    efficiency: no visible global function definition for ‘mtext’
    efficiency: no visible global function definition for ‘AIC’
    evidence: no visible global function definition for ‘AIC’
    evidence: no visible global function definition for ‘BIC’
    expcomp: no visible global function definition for ‘flush.console’
    expcomp: no visible global function definition for ‘plot’
    expfit: no visible global function definition for ‘coef’
    expfit: no visible global function definition for ‘points’
    expfit: no visible global function definition for ‘lines’
    expfit: no visible global function definition for ‘fitted’
    expfit: no visible global function definition for ‘AIC’
    fetchData: no visible global function definition for ‘na.omit’
    fitchisq : <anonymous>: no visible global function definition for ‘sd’
    fitchisq: no visible global function definition for ‘residuals’
    fitchisq: no visible global function definition for ‘coef’
    fitchisq: no visible global function definition for ‘pchisq’
    getPar : <anonymous>: no visible global function definition for ‘coef’
    getPar: no visible global function definition for ‘na.omit’
    getPar: no visible global function definition for ‘flush.console’
    getPar: no visible global function definition for ‘coef’
    llratio: no visible global function definition for ‘logLik’
    llratio: no visible global function definition for ‘pchisq’
    makeStat: no visible global function definition for ‘sd’
    maxRatio: no visible global function definition for ‘rainbow’
    maxRatio: no visible global function definition for ‘par’
    maxRatio : <anonymous>: no visible global function definition for
     ‘lines’
    maxRatio: no visible global function definition for ‘abline’
    meltcurve: no visible global function definition for ‘par’
    meltcurve: no visible global function definition for ‘abline’
    meltcurve: no visible global function definition for ‘segments’
    midpoint: no visible global function definition for ‘sd’
    midpoint: no visible global function definition for ‘predict’
    modlist: no visible global function definition for ‘flush.console’
    mselect: no visible global function definition for ‘logLik’
    mselect: no visible global function definition for ‘AIC’
    mselect: no visible global function definition for ‘anova’
    multi1: no visible global function definition for ‘lm’
    multi1: no visible global function definition for ‘residuals’
    multi2: no visible global function definition for ‘coef’
    multi3: no visible global function definition for ‘coef’
    multi3: no visible global function definition for ‘predict’
    pcrGOF: no visible global function definition for ‘AIC’
    pcrGOF: no visible global function definition for ‘BIC’
    pcrbatch: no visible global function definition for ‘flush.console’
    pcrbatch: no visible global function definition for ‘coef’
    pcrboot: no visible global function definition for ‘fitted’
    pcrboot: no visible global function definition for ‘residuals’
    pcrboot: no visible global function definition for ‘flush.console’
    pcrboot: no visible global function definition for ‘coef’
    pcrboot : <anonymous> : <anonymous>: no visible global function
     definition for ‘quantile’
    pcrboot: no visible global function definition for ‘par’
    pcrboot: no visible global function definition for ‘boxplot’
    pcrboot: no visible global function definition for ‘abline’
    pcrfit: no visible global function definition for ‘stack’
    pcrfit: no visible global function definition for ‘na.omit’
    pcrfit: no visible global function definition for ‘as.formula’
    pcrfit: no visible global function definition for ‘coef’
    pcrimport: no visible global function definition for ‘flush.console’
    pcrimport: no visible global function definition for ‘read.delim’
    pcrimport: no visible global function definition for ‘View’
    pcrimport2: no visible global function definition for ‘read.delim’
    pcrpred: no visible global function definition for ‘predict’
    pcrsim: no visible global function definition for ‘fitted’
    pcrsim : <anonymous>: no visible global function definition for ‘rnorm’
    pcrsim : <anonymous>: no visible global function definition for
     ‘points’
    pcrsim: no visible global function definition for ‘rainbow’
    pcrsim: no visible global function definition for ‘lines’
    pcrsim: no visible global function definition for ‘coef’
    peakArea: no visible global function definition for ‘head’
    peakArea: no visible global function definition for ‘tail’
    peakArea: no visible global function definition for ‘lm’
    peakArea: no visible global function definition for ‘predict’
    peakArea: no visible global function definition for ‘splinefun’
    peakArea: no visible global function definition for ‘integrate’
    peaks: no visible global function definition for ‘embed’
    plot.pcrfit: no visible global function definition for ‘rainbow’
    plot.pcrfit: no visible global function definition for ‘modifyList’
    plot.pcrfit: no visible binding for global variable ‘plot’
    plot.pcrfit: no visible global function definition for ‘par’
    plot.pcrfit: no visible global function definition for ‘image’
    plot.pcrfit: no visible global function definition for ‘heat.colors’
    plot.pcrfit: no visible global function definition for ‘axis’
    plot.pcrfit: no visible global function definition for ‘na.omit’
    plot.pcrfit: no visible binding for global variable ‘points’
    plot.pcrfit: no visible binding for global variable ‘lines’
    plot.pcrfit: no visible global function definition for ‘predict’
    plot.pcrfit : <anonymous>: no visible global function definition for
     ‘sd’
    plot.pcrfit : <anonymous>: no visible global function definition for
     ‘na.omit’
    plot.pcrfit: no visible binding for global variable ‘arrows’
    predict.pcrfit: no visible global function definition for ‘coef’
    predict.pcrfit : <anonymous>: no visible global function definition for
     ‘D’
    predict.pcrfit: no visible global function definition for ‘qt’
    predict.pcrfit: no visible global function definition for ‘df.residual’
    predict.pcrfit: no visible global function definition for ‘vcov’
    propagate : <anonymous>: no visible global function definition for ‘sd’
    propagate: no visible global function definition for ‘cov’
    propagate : <anonymous>: no visible global function definition for
     ‘quantile’
    propagate: no visible global function definition for ‘quantile’
    propagate: no visible global function definition for ‘deriv’
    propagate: no visible global function definition for ‘qnorm’
    propagate: no visible global function definition for ‘rnorm’
    propagate: no visible global function definition for ‘par’
    propagate: no visible global function definition for ‘hist’
    propagate: no visible global function definition for ‘axTicks’
    propagate: no visible global function definition for ‘axis’
    propagate: no visible global function definition for ‘rug’
    propagate: no visible global function definition for ‘boxplot’
    propagate: no visible global function definition for ‘median’
    propagate: no visible global function definition for ‘abline’
    propagate: no visible global function definition for ‘sd’
    propagate: no visible global function definition for ‘mad’
    ratiobatch: no visible global function definition for ‘na.omit’
    ratiobatch: no visible global function definition for ‘flush.console’
    ratiobatch: no visible global function definition for ‘complete.cases’
    ratiobatch: no visible global function definition for ‘par’
    ratiobatch: no visible global function definition for ‘boxplot’
    ratiobatch : <anonymous>: no visible global function definition for
     ‘quantile’
    ratiobatch: no visible global function definition for ‘segments’
    ratiobatch: no visible global function definition for ‘legend’
    ratiobatch: no visible global function definition for ‘write.table’
    ratiocalc : <anonymous>: no visible global function definition for
     ‘median’
    ratiocalc: no visible global function definition for ‘median’
    rbind.na: no visible global function definition for ‘rbind2’
    refmean: no visible global function definition for ‘na.omit’
    refmean : <anonymous> : <anonymous>: no visible global function
     definition for ‘sd’
    replist: no visible global function definition for ‘flush.console’
    resVar: no visible global function definition for ‘residuals’
    resVar: no visible global function definition for ‘coef’
    resplot: no visible global function definition for ‘residuals’
    resplot: no visible global function definition for ‘barplot’
    resplot: no visible global function definition for ‘heat.colors’
    resplot: no visible global function definition for ‘par’
    resplot: no visible global function definition for ‘plot’
    resplot: no visible global function definition for ‘axis’
    resplot: no visible global function definition for ‘mtext’
    savgol: no visible global function definition for ‘head’
    savgol: no visible global function definition for ‘tail’
    savgol: no visible global function definition for ‘convolve’
    sliwin: no visible global function definition for ‘sd’
    sliwin: no visible global function definition for ‘lm’
    sliwin: no visible global function definition for ‘coef’
    sliwin: no visible global function definition for ‘points’
    sliwin: no visible global function definition for ‘abline’
    sliwin : <anonymous>: no visible global function definition for ‘sd’
    smoothit : <anonymous>: no visible global function definition for
     ‘lowess’
    smoothit : <anonymous>: no visible global function definition for
     ‘supsmu’
    smoothit : <anonymous>: no visible global function definition for
     ‘smooth.spline’
    smoothit : <anonymous>: no visible global function definition for
     ‘arima’
    takeoff: no visible global function definition for ‘lm’
    takeoff: no visible binding for global variable ‘na.exclude’
    takeoff: no visible global function definition for ‘rstudent’
    takeoff: no visible global function definition for ‘tail’
    takeoff: no visible global function definition for ‘pt’
    takeoff: no visible global function definition for ‘predict’
    uni1 : baretal : <anonymous>: no visible global function definition for
     ‘sd’
    uni1 : baretal: no visible global function definition for ‘pnorm’
    wfct : <anonymous>: no visible global function definition for ‘sd’
    wfct: no visible global function definition for ‘residuals’
    xyy.plot: no visible global function definition for ‘par’
    xyy.plot: no visible binding for global variable ‘plot’
    xyy.plot: no visible global function definition for ‘modifyList’
    xyy.plot: no visible binding for global variable ‘axis’
    xyy.plot: no visible binding for global variable ‘mtext’
    Undefined global functions or variables:
     AIC BIC D View abline anova arima arrows as.formula axTicks axis
     barplot boxplot cbind2 coef complete.cases convolve cov deriv
     df.residual embed filter fitted flush.console formula head
     heat.colors hist image integrate legend lines lm logLik lowess mad
     mahalanobis median modifyList mtext na.exclude na.omit par pchisq
     plot pnorm points predict princomp pt qchisq qnorm qt quantile
     rainbow rbind2 read.delim residuals rnorm rstudent rug sd segments
     smooth.spline splinefun stack supsmu symbols tail text update vcov
     write.table
    Consider adding
     importFrom("grDevices", "heat.colors", "rainbow")
     importFrom("graphics", "abline", "arrows", "axTicks", "axis",
     "barplot", "boxplot", "hist", "image", "legend", "lines",
     "mtext", "par", "plot", "points", "rug", "segments",
     "symbols", "text")
     importFrom("methods", "cbind2", "rbind2")
     importFrom("stats", "AIC", "BIC", "D", "anova", "arima", "as.formula",
     "coef", "complete.cases", "convolve", "cov", "deriv",
     "df.residual", "embed", "filter", "fitted", "formula",
     "integrate", "lm", "logLik", "lowess", "mad", "mahalanobis",
     "median", "na.exclude", "na.omit", "pchisq", "pnorm",
     "predict", "princomp", "pt", "qchisq", "qnorm", "qt",
     "quantile", "residuals", "rnorm", "rstudent", "sd",
     "smooth.spline", "splinefun", "supsmu", "update", "vcov")
     importFrom("utils", "View", "flush.console", "head", "modifyList",
     "read.delim", "stack", "tail", "write.table")
    to your NAMESPACE file (and ensure that your DESCRIPTION Imports field
    contains 'methods').
Flavors: r-devel-linux-x86_64-debian-clang, r-devel-linux-x86_64-debian-gcc, r-devel-linux-x86_64-fedora-clang, r-devel-linux-x86_64-fedora-gcc, r-devel-windows-ix86+x86_64, r-patched-linux-x86_64, r-patched-solaris-x86, r-release-linux-x86_64, r-release-windows-ix86+x86_64, r-release-osx-x86_64, r-oldrel-windows-ix86+x86_64

Version: 1.4-0
Check: pragmas in C/C++ headers and code
Result: FAIL
    
Flavor: r-devel-linux-x86_64-debian-clang

Version: 1.4-0
Check: compiled code
Result: NOTE
    File ‘qpcR/libs/qpcR.so’:
     Found no calls to: ‘R_registerRoutines’, ‘R_useDynamicSymbols’
    
    It is good practice to register native routines and to disable symbol
    search.
    
    See ‘Writing portable packages’ in the ‘Writing R Extensions’ manual.
Flavors: r-devel-linux-x86_64-debian-gcc, r-devel-linux-x86_64-fedora-clang, r-devel-linux-x86_64-fedora-gcc, r-patched-linux-x86_64, r-release-linux-x86_64

Version: 1.4-0
Check: installed package size
Result: NOTE
     installed size is 5.2Mb
     sub-directories of 1Mb or more:
     data 3.8Mb
Flavor: r-patched-solaris-x86

Version: 1.4-0
Check: whether package can be installed
Result: WARN
    Found the following significant warnings:
     Warning: 'rgl_init' failed, running with rgl.useNULL = TRUE
Flavor: r-oldrel-osx-x86_64

Version: 1.4-0
Check: dependencies in R code
Result: NOTE
    Invalid MIT-MAGIC-COOKIE-1 key
Flavor: r-oldrel-osx-x86_64

Version: 1.4-0
Check: S3 generic/method consistency
Result: WARN
    Invalid MIT-MAGIC-COOKIE-1 key
    See section ‘Generic functions and methods’ in the ‘Writing R
    Extensions’ manual.
Flavor: r-oldrel-osx-x86_64

Version: 1.4-0
Check: replacement functions
Result: WARN
    Invalid MIT-MAGIC-COOKIE-1 key
    The argument of a replacement function which corresponds to the right
    hand side must be named ‘value’.
Flavor: r-oldrel-osx-x86_64

Version: 1.4-0
Check: foreign function calls
Result: NOTE
    Invalid MIT-MAGIC-COOKIE-1 key
    See chapter ‘System and foreign language interfaces’ in the ‘Writing R
    Extensions’ manual.
Flavor: r-oldrel-osx-x86_64

Version: 1.4-0
Check: R code for possible problems
Result: NOTE
    Invalid MIT-MAGIC-COOKIE-1 keyAICc: no visible global function definition for ‘AIC’
    AICc: no visible global function definition for ‘coef’
    AICc: no visible global function definition for ‘residuals’
    Cy0: no visible global function definition for ‘predict’
    Cy0: no visible global function definition for ‘coef’
    Cy0: no visible global function definition for ‘points’
    Cy0: no visible global function definition for ‘abline’
    KOD: no visible global function definition for ‘qchisq’
    KOD: no visible global function definition for ‘flush.console’
    LOF.test: no visible global function definition for ‘lm’
    LOF.test: no visible global function definition for ‘formula’
    LOF.test: no visible global function definition for ‘logLik’
    LOF.test: no visible global function definition for ‘df.residual’
    LOF.test: no visible global function definition for ‘pchisq’
    LOF.test: no visible global function definition for ‘anova’
    LRE: no visible global function definition for ‘sd’
    LRE: no visible global function definition for ‘tail’
    LRE: no visible global function definition for ‘head’
    LRE: no visible global function definition for ‘lm’
    LRE: no visible global function definition for ‘coef’
    LRE: no visible global function definition for ‘points’
    LRE: no visible global function definition for ‘abline’
    LRE: no visible global function definition for ‘na.omit’
    LRE: no visible global function definition for ‘predict’
    PRESS: no visible global function definition for ‘flush.console’
    PRESS: no visible global function definition for ‘update’
    PRESS: no visible global function definition for ‘predict’
    PRESS: no visible global function definition for ‘residuals’
    PRESS: no visible global function definition for ‘fitted’
    RMSE: no visible global function definition for ‘residuals’
    RSS: no visible global function definition for ‘residuals’
    Rsq: no visible global function definition for ‘residuals’
    Rsq: no visible global function definition for ‘fitted’
    Rsq.ad: no visible global function definition for ‘residuals’
    Rsq.ad: no visible global function definition for ‘coef’
    TmFind: no visible global function definition for ‘splinefun’
    TmFind: no visible global function definition for ‘supsmu’
    aq.plot: no visible global function definition for ‘qchisq’
    aq.plot: no visible global function definition for ‘mahalanobis’
    aq.plot: no visible global function definition for ‘princomp’
    aq.plot: no visible global function definition for ‘pchisq’
    aq.plot: no visible global function definition for ‘text’
    aq.plot: no visible global function definition for ‘points’
    arw: no visible global function definition for ‘qchisq’
    arw: no visible global function definition for ‘mahalanobis’
    arw: no visible global function definition for ‘pchisq’
    baseline: no visible global function definition for ‘median’
    baseline: no visible global function definition for ‘lm’
    baseline: no visible global function definition for ‘predict’
    baseline: no visible global function definition for ‘coef’
    bubbleplot: no visible global function definition for ‘heat.colors’
    bubbleplot: no visible global function definition for ‘symbols’
    calib: no visible global function definition for ‘rainbow’
    calib : LMFCT: no visible global function definition for ‘lm’
    calib : LMFCT: no visible global function definition for ‘predict’
    calib : LMFCT: no visible global function definition for ‘coef’
    calib : LMFCT: no visible global function definition for ‘AIC’
    calib : LMFCT : <anonymous>: no visible global function definition for
     ‘predict’
    calib: no visible global function definition for ‘flush.console’
    calib : <anonymous>: no visible global function definition for
     ‘predict’
    calib: no visible global function definition for ‘par’
    calib: no visible global function definition for ‘points’
    calib: no visible global function definition for ‘abline’
    calib: no visible global function definition for ‘lines’
    calib: no visible global function definition for ‘arrows’
    calib : CONFINT: no visible global function definition for ‘quantile’
    calib: no visible global function definition for ‘boxplot’
    cbind.na: no visible global function definition for ‘cbind2’
    counter: no visible global function definition for ‘flush.console’
    eff: no visible global function definition for ‘coef’
    eff: no visible global function definition for ‘tail’
    eff: no visible global function definition for ‘filter’
    eff: no visible global function definition for ‘head’
    eff: no visible global function definition for ‘splinefun’
    eff: no visible global function definition for ‘abline’
    eff: no visible global function definition for ‘mtext’
    efficiency: no visible global function definition for ‘coef’
    efficiency: no visible global function definition for ‘predict’
    efficiency: no visible global function definition for ‘par’
    efficiency: no visible global function definition for ‘points’
    efficiency: no visible global function definition for ‘lines’
    efficiency: no visible global function definition for ‘abline’
    efficiency: no visible global function definition for ‘axis’
    efficiency: no visible global function definition for ‘mtext’
    efficiency: no visible global function definition for ‘AIC’
    evidence: no visible global function definition for ‘AIC’
    evidence: no visible global function definition for ‘BIC’
    expcomp: no visible global function definition for ‘flush.console’
    expcomp: no visible global function definition for ‘plot’
    expfit: no visible global function definition for ‘coef’
    expfit: no visible global function definition for ‘points’
    expfit: no visible global function definition for ‘lines’
    expfit: no visible global function definition for ‘fitted’
    expfit: no visible global function definition for ‘AIC’
    fetchData: no visible global function definition for ‘na.omit’
    fitchisq : <anonymous>: no visible global function definition for ‘sd’
    fitchisq: no visible global function definition for ‘residuals’
    fitchisq: no visible global function definition for ‘coef’
    fitchisq: no visible global function definition for ‘pchisq’
    getPar : <anonymous>: no visible global function definition for ‘coef’
    getPar: no visible global function definition for ‘na.omit’
    getPar: no visible global function definition for ‘flush.console’
    getPar: no visible global function definition for ‘coef’
    llratio: no visible global function definition for ‘logLik’
    llratio: no visible global function definition for ‘pchisq’
    makeStat: no visible global function definition for ‘sd’
    maxRatio: no visible global function definition for ‘rainbow’
    maxRatio: no visible global function definition for ‘par’
    maxRatio : <anonymous>: no visible global function definition for
     ‘lines’
    maxRatio: no visible global function definition for ‘abline’
    meltcurve: no visible global function definition for ‘par’
    meltcurve: no visible global function definition for ‘abline’
    meltcurve: no visible global function definition for ‘segments’
    midpoint: no visible global function definition for ‘sd’
    midpoint: no visible global function definition for ‘predict’
    modlist: no visible global function definition for ‘flush.console’
    mselect: no visible global function definition for ‘logLik’
    mselect: no visible global function definition for ‘AIC’
    mselect: no visible global function definition for ‘anova’
    multi1: no visible global function definition for ‘lm’
    multi1: no visible global function definition for ‘residuals’
    multi2: no visible global function definition for ‘coef’
    multi3: no visible global function definition for ‘coef’
    multi3: no visible global function definition for ‘predict’
    pcrGOF: no visible global function definition for ‘AIC’
    pcrGOF: no visible global function definition for ‘BIC’
    pcrbatch: no visible global function definition for ‘flush.console’
    pcrbatch: no visible global function definition for ‘coef’
    pcrboot: no visible global function definition for ‘fitted’
    pcrboot: no visible global function definition for ‘residuals’
    pcrboot: no visible global function definition for ‘flush.console’
    pcrboot: no visible global function definition for ‘coef’
    pcrboot : <anonymous> : <anonymous>: no visible global function
     definition for ‘quantile’
    pcrboot: no visible global function definition for ‘par’
    pcrboot: no visible global function definition for ‘boxplot’
    pcrboot: no visible global function definition for ‘abline’
    pcrfit: no visible global function definition for ‘stack’
    pcrfit: no visible global function definition for ‘na.omit’
    pcrfit: no visible global function definition for ‘as.formula’
    pcrfit: no visible global function definition for ‘coef’
    pcrimport: no visible global function definition for ‘flush.console’
    pcrimport: no visible global function definition for ‘read.delim’
    pcrimport: no visible global function definition for ‘View’
    pcrimport2: no visible global function definition for ‘read.delim’
    pcrpred: no visible global function definition for ‘predict’
    pcrsim: no visible global function definition for ‘fitted’
    pcrsim : <anonymous>: no visible global function definition for ‘rnorm’
    pcrsim : <anonymous>: no visible global function definition for
     ‘points’
    pcrsim: no visible global function definition for ‘rainbow’
    pcrsim: no visible global function definition for ‘lines’
    pcrsim: no visible global function definition for ‘coef’
    peakArea: no visible global function definition for ‘head’
    peakArea: no visible global function definition for ‘tail’
    peakArea: no visible global function definition for ‘lm’
    peakArea: no visible global function definition for ‘predict’
    peakArea: no visible global function definition for ‘splinefun’
    peakArea: no visible global function definition for ‘integrate’
    peaks: no visible global function definition for ‘embed’
    plot.pcrfit: no visible global function definition for ‘rainbow’
    plot.pcrfit: no visible global function definition for ‘modifyList’
    plot.pcrfit: no visible binding for global variable ‘plot’
    plot.pcrfit: no visible global function definition for ‘par’
    plot.pcrfit: no visible global function definition for ‘image’
    plot.pcrfit: no visible global function definition for ‘heat.colors’
    plot.pcrfit: no visible global function definition for ‘axis’
    plot.pcrfit: no visible global function definition for ‘na.omit’
    plot.pcrfit: no visible binding for global variable ‘points’
    plot.pcrfit: no visible binding for global variable ‘lines’
    plot.pcrfit: no visible global function definition for ‘predict’
    plot.pcrfit : <anonymous>: no visible global function definition for
     ‘sd’
    plot.pcrfit : <anonymous>: no visible global function definition for
     ‘na.omit’
    plot.pcrfit: no visible binding for global variable ‘arrows’
    predict.pcrfit: no visible global function definition for ‘coef’
    predict.pcrfit : <anonymous>: no visible global function definition for
     ‘D’
    predict.pcrfit: no visible global function definition for ‘qt’
    predict.pcrfit: no visible global function definition for ‘df.residual’
    predict.pcrfit: no visible global function definition for ‘vcov’
    propagate : <anonymous>: no visible global function definition for ‘sd’
    propagate: no visible global function definition for ‘cov’
    propagate : <anonymous>: no visible global function definition for
     ‘quantile’
    propagate: no visible global function definition for ‘quantile’
    propagate: no visible global function definition for ‘deriv’
    propagate: no visible global function definition for ‘qnorm’
    propagate: no visible global function definition for ‘rnorm’
    propagate: no visible global function definition for ‘par’
    propagate: no visible global function definition for ‘hist’
    propagate: no visible global function definition for ‘axTicks’
    propagate: no visible global function definition for ‘axis’
    propagate: no visible global function definition for ‘rug’
    propagate: no visible global function definition for ‘boxplot’
    propagate: no visible global function definition for ‘median’
    propagate: no visible global function definition for ‘abline’
    propagate: no visible global function definition for ‘sd’
    propagate: no visible global function definition for ‘mad’
    ratiobatch: no visible global function definition for ‘na.omit’
    ratiobatch: no visible global function definition for ‘flush.console’
    ratiobatch: no visible global function definition for ‘complete.cases’
    ratiobatch: no visible global function definition for ‘par’
    ratiobatch: no visible global function definition for ‘boxplot’
    ratiobatch : <anonymous>: no visible global function definition for
     ‘quantile’
    ratiobatch: no visible global function definition for ‘segments’
    ratiobatch: no visible global function definition for ‘legend’
    ratiobatch: no visible global function definition for ‘write.table’
    ratiocalc : <anonymous>: no visible global function definition for
     ‘median’
    ratiocalc: no visible global function definition for ‘median’
    rbind.na: no visible global function definition for ‘rbind2’
    refmean: no visible global function definition for ‘na.omit’
    refmean : <anonymous> : <anonymous>: no visible global function
     definition for ‘sd’
    replist: no visible global function definition for ‘flush.console’
    resVar: no visible global function definition for ‘residuals’
    resVar: no visible global function definition for ‘coef’
    resplot: no visible global function definition for ‘residuals’
    resplot: no visible global function definition for ‘barplot’
    resplot: no visible global function definition for ‘heat.colors’
    resplot: no visible global function definition for ‘par’
    resplot: no visible global function definition for ‘plot’
    resplot: no visible global function definition for ‘axis’
    resplot: no visible global function definition for ‘mtext’
    savgol: no visible global function definition for ‘head’
    savgol: no visible global function definition for ‘tail’
    savgol: no visible global function definition for ‘convolve’
    sliwin: no visible global function definition for ‘sd’
    sliwin: no visible global function definition for ‘lm’
    sliwin: no visible global function definition for ‘coef’
    sliwin: no visible global function definition for ‘points’
    sliwin: no visible global function definition for ‘abline’
    sliwin : <anonymous>: no visible global function definition for ‘sd’
    smoothit : <anonymous>: no visible global function definition for
     ‘lowess’
    smoothit : <anonymous>: no visible global function definition for
     ‘supsmu’
    smoothit : <anonymous>: no visible global function definition for
     ‘smooth.spline’
    smoothit : <anonymous>: no visible global function definition for
     ‘arima’
    takeoff: no visible global function definition for ‘lm’
    takeoff: no visible binding for global variable ‘na.exclude’
    takeoff: no visible global function definition for ‘rstudent’
    takeoff: no visible global function definition for ‘tail’
    takeoff: no visible global function definition for ‘pt’
    takeoff: no visible global function definition for ‘predict’
    uni1 : baretal : <anonymous>: no visible global function definition for
     ‘sd’
    uni1 : baretal: no visible global function definition for ‘pnorm’
    wfct : <anonymous>: no visible global function definition for ‘sd’
    wfct: no visible global function definition for ‘residuals’
    xyy.plot: no visible global function definition for ‘par’
    xyy.plot: no visible binding for global variable ‘plot’
    xyy.plot: no visible global function definition for ‘modifyList’
    xyy.plot: no visible binding for global variable ‘axis’
    xyy.plot: no visible binding for global variable ‘mtext’
    Undefined global functions or variables:
     AIC BIC D View abline anova arima arrows as.formula axTicks axis
     barplot boxplot cbind2 coef complete.cases convolve cov deriv
     df.residual embed filter fitted flush.console formula head
     heat.colors hist image integrate legend lines lm logLik lowess mad
     mahalanobis median modifyList mtext na.exclude na.omit par pchisq
     plot pnorm points predict princomp pt qchisq qnorm qt quantile
     rainbow rbind2 read.delim residuals rnorm rstudent rug sd segments
     smooth.spline splinefun stack supsmu symbols tail text update vcov
     write.table
    Consider adding
     importFrom("grDevices", "heat.colors", "rainbow")
     importFrom("graphics", "abline", "arrows", "axTicks", "axis",
     "barplot", "boxplot", "hist", "image", "legend", "lines",
     "mtext", "par", "plot", "points", "rug", "segments",
     "symbols", "text")
     importFrom("methods", "cbind2", "rbind2")
     importFrom("stats", "AIC", "BIC", "D", "anova", "arima", "as.formula",
     "coef", "complete.cases", "convolve", "cov", "deriv",
     "df.residual", "embed", "filter", "fitted", "formula",
     "integrate", "lm", "logLik", "lowess", "mad", "mahalanobis",
     "median", "na.exclude", "na.omit", "pchisq", "pnorm",
     "predict", "princomp", "pt", "qchisq", "qnorm", "qt",
     "quantile", "residuals", "rnorm", "rstudent", "sd",
     "smooth.spline", "splinefun", "supsmu", "update", "vcov")
     importFrom("utils", "View", "flush.console", "head", "modifyList",
     "read.delim", "stack", "tail", "write.table")
    to your NAMESPACE file (and ensure that your DESCRIPTION Imports field
    contains 'methods').
Flavor: r-oldrel-osx-x86_64

Version: 1.4-0
Check: for missing documentation entries
Result: WARN
    Invalid MIT-MAGIC-COOKIE-1 key
    All user-level objects in a package should have documentation entries.
    See chapter ‘Writing R documentation files’ in the ‘Writing R
    Extensions’ manual.
Flavor: r-oldrel-osx-x86_64

Version: 1.4-0
Check: for code/documentation mismatches
Result: WARN
    Invalid MIT-MAGIC-COOKIE-1 key
    Invalid MIT-MAGIC-COOKIE-1 key
    Invalid MIT-MAGIC-COOKIE-1 key
Flavor: r-oldrel-osx-x86_64

Version: 1.4-0
Check: Rd \usage sections
Result: NOTE
    Invalid MIT-MAGIC-COOKIE-1 key
    The \usage entries for S3 methods should use the \method markup and not
    their full name.
    See chapter ‘Writing R documentation files’ in the ‘Writing R
    Extensions’ manual.
Flavor: r-oldrel-osx-x86_64