Last updated on 2022-05-18 03:53:46 CEST.
Flavor | Version | Tinstall | Tcheck | Ttotal | Status | Flags |
---|---|---|---|---|---|---|
r-devel-linux-x86_64-debian-clang | 1.4-1 | 20.21 | 169.94 | 190.15 | OK | |
r-devel-linux-x86_64-debian-gcc | 1.4-1 | 16.15 | 126.01 | 142.16 | OK | |
r-devel-linux-x86_64-fedora-clang | 1.4-1 | 217.97 | NOTE | |||
r-devel-linux-x86_64-fedora-gcc | 1.4-1 | 216.72 | OK | |||
r-devel-windows-x86_64 | 1.4-1 | 40.00 | 203.00 | 243.00 | OK | |
r-patched-linux-x86_64 | 1.4-1 | 23.72 | 162.27 | 185.99 | OK | |
r-release-linux-x86_64 | 1.4-1 | 16.46 | 162.39 | 178.85 | OK | |
r-release-macos-arm64 | 1.4-1 | 58.00 | NOTE | |||
r-release-macos-x86_64 | 1.4-1 | 82.00 | OK | |||
r-release-windows-x86_64 | 1.4-1 | 50.00 | 201.00 | 251.00 | OK | |
r-oldrel-macos-arm64 | 1.4-1 | 67.00 | NOTE | |||
r-oldrel-macos-x86_64 | 1.4-1 | 119.00 | OK | |||
r-oldrel-windows-ix86+x86_64 | 1.4-1 | 47.00 | 257.00 | 304.00 | OK |
Version: 1.4-1
Check: installed package size
Result: NOTE
installed size is 5.0Mb
sub-directories of 1Mb or more:
data 3.7Mb
Flavors: r-devel-linux-x86_64-fedora-clang, r-release-macos-arm64, r-oldrel-macos-arm64