CRAN Package Check Results for Package qpcR

Last updated on 2018-07-23 01:51:54 CEST.

Flavor Version Tinstall Tcheck Ttotal Status Flags
r-devel-linux-x86_64-debian-clang 1.4-1 12.73 124.14 136.87 OK
r-devel-linux-x86_64-debian-gcc 1.4-1 10.84 104.43 115.27 OK
r-devel-linux-x86_64-fedora-clang 1.4-1 174.33 NOTE
r-devel-linux-x86_64-fedora-gcc 1.4-1 170.59 OK
r-devel-windows-ix86+x86_64 1.4-1 39.00 183.00 222.00 OK
r-patched-linux-x86_64 1.4-1 OK
r-patched-solaris-x86 1.4-1 241.10 NOTE
r-release-linux-x86_64 1.4-1 12.00 130.15 142.15 OK
r-release-windows-ix86+x86_64 1.4-1 24.00 185.00 209.00 OK
r-release-osx-x86_64 1.4-1 WARN
r-oldrel-windows-ix86+x86_64 1.4-1 22.00 262.00 284.00 OK
r-oldrel-osx-x86_64 1.4-1 WARN

Check Details

Version: 1.4-1
Check: installed package size
Result: NOTE
     installed size is 5.0Mb
     sub-directories of 1Mb or more:
     data 3.7Mb
Flavors: r-devel-linux-x86_64-fedora-clang, r-patched-solaris-x86

Version: 1.4-1
Check: whether package can be installed
Result: WARN
    Found the following significant warnings:
     Warning: 'rgl_init' failed, running with rgl.useNULL = TRUE
Flavors: r-release-osx-x86_64, r-oldrel-osx-x86_64