Last updated on 2023-09-28 15:58:30 CEST.
Flavor | Version | Tinstall | Tcheck | Ttotal | Status | Flags |
---|---|---|---|---|---|---|
r-devel-linux-x86_64-debian-clang | 1.3.2 | 149.76 | 29.40 | 179.16 | OK | |
r-devel-linux-x86_64-debian-gcc | 1.3.2 | 123.58 | 23.29 | 146.87 | OK | |
r-devel-linux-x86_64-fedora-clang | 1.3.2 | 377.38 | OK | |||
r-devel-linux-x86_64-fedora-gcc | 1.3.2 | 308.08 | OK | |||
r-devel-windows-x86_64 | 1.3.2 | 127.00 | 79.00 | 206.00 | OK | |
r-patched-linux-x86_64 | 1.3.2 | 154.98 | 28.54 | 183.52 | OK | |
r-release-linux-x86_64 | 1.3.2 | 164.09 | 29.27 | 193.36 | OK | |
r-release-macos-arm64 | 1.3.2 | 89.00 | NOTE | |||
r-release-macos-x86_64 | 1.3.2 | 127.00 | NOTE | |||
r-release-windows-x86_64 | 1.3.2 | 165.00 | 82.00 | 247.00 | OK | |
r-oldrel-macos-arm64 | 1.3.2 | 85.00 | NOTE | |||
r-oldrel-macos-x86_64 | 1.3.2 | 92.00 | NOTE | |||
r-oldrel-windows-x86_64 | 1.3.2 | 151.00 | 82.00 | 233.00 | OK |
Version: 1.3.2
Check: installed package size
Result: NOTE
installed size is 17.7Mb
sub-directories of 1Mb or more:
libs 17.6Mb
Flavors: r-release-macos-arm64, r-release-macos-x86_64, r-oldrel-macos-arm64, r-oldrel-macos-x86_64