Last updated on 2023-03-31 10:51:27 CEST.
Flavor | Version | Tinstall | Tcheck | Ttotal | Status | Flags |
---|---|---|---|---|---|---|
r-devel-linux-x86_64-debian-clang | 1.3.2 | 134.31 | 28.98 | 163.29 | OK | |
r-devel-linux-x86_64-debian-gcc | 1.3.2 | 135.64 | 22.97 | 158.61 | OK | |
r-devel-linux-x86_64-fedora-clang | 1.3.2 | 367.19 | OK | |||
r-devel-linux-x86_64-fedora-gcc | 1.3.2 | 264.44 | OK | |||
r-devel-windows-x86_64 | 1.3.2 | 169.00 | 0.00 | 169.00 | OK | |
r-patched-linux-x86_64 | 1.3.2 | 136.60 | 28.93 | 165.53 | OK | |
r-release-linux-x86_64 | 1.3.2 | 129.29 | 29.44 | 158.73 | OK | |
r-release-macos-arm64 | 1.3.2 | 69.00 | NOTE | |||
r-release-macos-x86_64 | 1.3.2 | 92.00 | NOTE | |||
r-release-windows-x86_64 | 1.3.2 | 151.00 | 94.00 | 245.00 | OK | |
r-oldrel-macos-arm64 | 1.3.2 | 65.00 | NOTE | |||
r-oldrel-macos-x86_64 | 1.3.2 | 97.00 | NOTE | |||
r-oldrel-windows-ix86+x86_64 | 1.3.2 | 370.00 | 93.00 | 463.00 | NOTE |
Version: 1.3.2
Check: installed package size
Result: NOTE
installed size is 16.1Mb
sub-directories of 1Mb or more:
libs 16.0Mb
Flavors: r-release-macos-arm64, r-release-macos-x86_64, r-oldrel-macos-arm64, r-oldrel-macos-x86_64, r-oldrel-windows-ix86+x86_64
Version: 1.3.2
Check: dependencies in R code
Result: NOTE
Initiating curl with CURL_SSL_BACKEND: openssl
Flavor: r-oldrel-windows-ix86+x86_64