CRAN Package Check Results for Package qrNLMM

Last updated on 2019-08-21 03:50:55 CEST.

Flavor Version Tinstall Tcheck Ttotal Status Flags
r-devel-linux-x86_64-debian-clang 1.4 10.91 69.49 80.40 OK
r-devel-linux-x86_64-debian-gcc 1.4 8.96 56.63 65.59 OK
r-devel-linux-x86_64-fedora-clang 1.4 98.64 OK
r-devel-linux-x86_64-fedora-gcc 1.4 99.66 OK
r-devel-windows-ix86+x86_64 1.4 23.00 78.00 101.00 OK
r-patched-linux-x86_64 1.4 9.04 70.31 79.35 OK
r-patched-solaris-x86 1.4 169.90 OK
r-release-linux-x86_64 1.4 9.99 70.11 80.10 OK
r-release-windows-ix86+x86_64 1.4 16.00 73.00 89.00 OK
r-release-osx-x86_64 1.4 FAIL
r-oldrel-windows-ix86+x86_64 1.4 14.00 100.00 114.00 OK
r-oldrel-osx-x86_64 1.4 OK

Check Details

Version: 1.4
Check: whether package can be installed
Result: FAIL
    
Flavor: r-release-osx-x86_64